287
CDUS43 KAPX 160539
CLIANJ


CLIMATE REPORT
NATIONAL WEATHER SERVICE GAYLORD MI
1239 AM EST SAT DEC 16 2017


...................................

...THE SAULT STE MARIE MI CLIMATE SUMMARY FOR DECEMBER 15 2017...

CLIMATE NORMAL PERIOD 1981 TO 2010
CLIMATE RECORD PERIOD 1888 TO 2017


WEATHER ITEM   OBSERVED TIME   RECORD YEAR NORMAL DEPARTURE LAST
                VALUE   (LST)  VALUE       VALUE  FROM      YEAR
                                                  NORMAL
..................................................................
TEMPERATURE (F)
 YESTERDAY
  MAXIMUM         25    250 PM  44    1998  29     -4       20
                                      1993
                                      1894
  MINIMUM         12   1159 PM -14    1926  16     -4        1
  AVERAGE         19                        22     -3       11

PRECIPITATION (IN)
  YESTERDAY        0.19          0.90 1971   0.09   0.10     0.60
  MONTH TO DATE    2.51                      1.46   1.05     2.18
  SINCE DEC 1      2.51                      1.46   1.05     2.18
  SINCE JAN 1     41.82                     31.62  10.20    32.93

SNOWFALL (IN)
  YESTERDAY        2.9           9.6  2016   1.2    1.7      9.6
  MONTH TO DATE   21.6                      15.6    6.0     28.2
  SINCE OCT 1     36.6                      32.3    4.3     35.1
  SINCE JUL 1     36.6                      32.3    4.3     35.1
  SNOW DEPTH       9

DEGREE DAYS
 HEATING
  YESTERDAY       46                        43      3       54
  MONTH TO DATE  624                       600     24      593
  SINCE DEC 1    624                       600     24      593
  SINCE JUL 1   2209                      2532   -323     1863
..................................................................


WIND (MPH)
  HIGHEST WIND SPEED    18   HIGHEST WIND DIRECTION    NW (310)
  HIGHEST GUST SPEED    26   HIGHEST GUST DIRECTION    NW (330)
  AVERAGE WIND SPEED     4.8




RELATIVE HUMIDITY (PERCENT)
 HIGHEST    88
 LOWEST     74
 AVERAGE    81

..........................................................


THE SAULT STE MARIE MI CLIMATE NORMALS FOR TODAY
                         NORMAL    RECORD    YEAR
 MAXIMUM TEMPERATURE (F)   28        49      1984
 MINIMUM TEMPERATURE (F)   16       -18      1919


SUNRISE AND SUNSET
DECEMBER 16 2017......SUNRISE   815 AM EST   SUNSET   451 PM EST
DECEMBER 17 2017......SUNRISE   816 AM EST   SUNSET   451 PM EST


-  INDICATES NEGATIVE NUMBERS.
R  INDICATES RECORD WAS SET OR TIED.
MM INDICATES DATA IS MISSING.
T  INDICATES TRACE AMOUNT.




$$
