000
CDUS43 KAPX 222230
CLIANJ


CLIMATE REPORT
NATIONAL WEATHER SERVICE GAYLORD MI
530 PM EST MON DEC 22 2014


...................................

...THE SAULT STE MARIE MI CLIMATE SUMMARY FOR DECEMBER 22 2014...
VALID TODAY AS OF 0500 PM LOCAL TIME.

CLIMATE NORMAL PERIOD 1981 TO 2010
CLIMATE RECORD PERIOD 1888 TO 2014


WEATHER ITEM   OBSERVED TIME   RECORD YEAR NORMAL DEPARTURE LAST
                VALUE   (LST)  VALUE       VALUE  FROM      YEAR
                                                  NORMAL
..................................................................
TEMPERATURE (F)
 TODAY
  MAXIMUM         35    245 PM  45    1891  27      8       20
  MINIMUM         31    711 AM -10    1924  13     18        5
  AVERAGE         33                        20     13       13

PRECIPITATION (IN)
  TODAY            0.03          0.49 2006   0.09  -0.06     0.22
  MONTH TO DATE    1.83                      2.06  -0.23     2.15
  SINCE DEC 1      1.83                      2.06  -0.23     2.15
  SINCE JAN 1     39.01                     32.22   6.79    48.13

SNOWFALL (IN)
  TODAY            0.6           4.5  2004   1.2             2.6
  MONTH TO DATE   18.8                      23.5            23.9
  SINCE OCT 1     84.2                      40.2            45.6
  SINCE JUL 1     84.2                      40.2            45.6

DEGREE DAYS
 HEATING
  TODAY           32                        45    -13       52
  MONTH TO DATE  875                       908    -33     1112
  SINCE DEC 1    875                       908    -33     1112
  SINCE JUL 1   3037                      2840    197     3005
..................................................................


WIND (MPH)
  RESULTANT WIND SPEED  10   RESULTANT WIND DIRECTION  SE (130)
  HIGHEST WIND SPEED    18   HIGHEST WIND DIRECTION    SE (130)
  HIGHEST GUST SPEED    24   HIGHEST GUST DIRECTION     E (110)
  AVERAGE WIND SPEED    10.6


SKY COVER
  POSSIBLE SUNSHINE  MM
  AVERAGE SKY COVER 1.0


WEATHER CONDITIONS
 THE FOLLOWING WEATHER WAS RECORDED TODAY.
  LIGHT SNOW
  FOG
  HAZE


RELATIVE HUMIDITY (PERCENT)
 HIGHEST    92           600 AM
 LOWEST     75          1200 PM
 AVERAGE    84

..........................................................


THE SAULT STE MARIE MI CLIMATE NORMALS FOR TOMORROW
                         NORMAL    RECORD    YEAR
 MAXIMUM TEMPERATURE (F)   26        46      1957
 MINIMUM TEMPERATURE (F)   13       -14      1943


SUNRISE AND SUNSET
DECEMBER 22 2014......SUNRISE   819 AM EST   SUNSET   453 PM EST
DECEMBER 23 2014......SUNRISE   819 AM EST   SUNSET   454 PM EST


-  INDICATES NEGATIVE NUMBERS.
R  INDICATES RECORD WAS SET OR TIED.
MM INDICATES DATA IS MISSING.
T  INDICATES TRACE AMOUNT.




$$
