000
CDUS43 KAPX 250601
CLIANJ


CLIMATE REPORT
NATIONAL WEATHER SERVICE GAYLORD MI
201 AM EDT TUE APR 25 2017


...................................

...THE SAULT STE MARIE MI CLIMATE SUMMARY FOR APRIL 24 2017...

CLIMATE NORMAL PERIOD 1981 TO 2010
CLIMATE RECORD PERIOD 1888 TO 2017


WEATHER ITEM   OBSERVED TIME   RECORD YEAR NORMAL DEPARTURE LAST
                VALUE   (LST)  VALUE       VALUE  FROM      YEAR
                                                  NORMAL
..................................................................
TEMPERATURE (F)
 YESTERDAY
  MAXIMUM         51    409 PM  83    1915  54     -3       41
  MINIMUM         35   1200 AM  13    1892  35      0       37
  AVERAGE         43                        44     -1       39

PRECIPITATION (IN)
  YESTERDAY        0.00          0.74 1897   0.07  -0.07     0.10
  MONTH TO DATE    2.40                      1.94   0.46     1.67
  SINCE MAR 1      4.35                      3.89   0.46     4.32
  SINCE JAN 1     10.31                      7.42   2.89     8.03

SNOWFALL (IN)
  YESTERDAY        0.0           2.1  1996   0.1   -0.1      0.0
  MONTH TO DATE    0.5                       6.1   -5.6     16.8
  SINCE OCT 1    137.4                     119.7   17.7     91.1
  SINCE JUL 1    137.4                     119.7   17.7     91.1
  SNOW DEPTH       0

DEGREE DAYS
 HEATING
  YESTERDAY       22                        21      1       26
  MONTH TO DATE  543                       626    -83      708
  SINCE MAR 1   1741                      1826    -85     1716
  SINCE JUL 1   6615                      7952  -1337     6857

 COOLING
  YESTERDAY        0                         0      0        0
  MONTH TO DATE    0                         0      0        0
  SINCE MAR 1      0                         0      0        0
  SINCE JAN 1      0                         0      0        0
..................................................................


WIND (MPH)
  HIGHEST WIND SPEED    21   HIGHEST WIND DIRECTION    SE (120)
  HIGHEST GUST SPEED    29   HIGHEST GUST DIRECTION    SE (130)
  AVERAGE WIND SPEED    10.8




RELATIVE HUMIDITY (PERCENT)
 HIGHEST    70
 LOWEST     45
 AVERAGE    58

..........................................................


THE SAULT STE MARIE MI CLIMATE NORMALS FOR TODAY
                         NORMAL    RECORD    YEAR
 MAXIMUM TEMPERATURE (F)   55        85      1990
 MINIMUM TEMPERATURE (F)   35        18      1892


SUNRISE AND SUNSET
APRIL 25 2017.........SUNRISE   632 AM EDT   SUNSET   839 PM EDT
APRIL 26 2017.........SUNRISE   631 AM EDT   SUNSET   840 PM EDT


-  INDICATES NEGATIVE NUMBERS.
R  INDICATES RECORD WAS SET OR TIED.
MM INDICATES DATA IS MISSING.
T  INDICATES TRACE AMOUNT.




$$
