000
CDUS43 KAPX 260625
CLIANJ

CLIMATE REPORT
NATIONAL WEATHER SERVICE GAYLORD MI
102 AM EST SUN FEB 26 2017


...................................

...THE SAULT STE MARIE MI CLIMATE SUMMARY FOR FEBRUARY 25 2017...

CLIMATE NORMAL PERIOD 1981 TO 2010
CLIMATE RECORD PERIOD 1888 TO 2017


WEATHER ITEM   OBSERVED TIME   RECORD YEAR NORMAL DEPARTURE LAST
                VALUE   (LST)  VALUE       VALUE  FROM      YEAR
                                                  NORMAL
..................................................................
TEMPERATURE (F)
 YESTERDAY
  MAXIMUM         24    850 PM  46    1911  28     -4       33
  MINIMUM         21   1159 PM -30    1928  12      9       16
  AVERAGE         23                        20      3       25

PRECIPITATION (IN)
  YESTERDAY        0.14          0.55 1908   0.05   0.09     0.00
  MONTH TO DATE    3.18                      1.19   1.99     1.47
  SINCE DEC 1     10.09                      6.17   3.92     8.43
  SINCE JAN 1      5.84                      3.38   2.46     3.02

SNOWFALL (IN)
  YESTERDAY        3.7           5.0  1908   0.6    3.1      0.0
  MONTH TO DATE   36.7                      17.0   19.7     16.6
  SINCE OCT 1    121.7                      98.6   23.1     55.6
  SINCE JUL 1    121.7                      98.6   23.1     55.6
  SNOW DEPTH      14

DEGREE DAYS
 HEATING
  YESTERDAY       42                        45     -3       40
  MONTH TO DATE  992                      1192   -200     1123
  SINCE DEC 1   3490                      4060   -570     3488
  SINCE JUL 1   4760                      5992  -1232     4979
..................................................................


WIND (MPH)
  HIGHEST WIND SPEED    24   HIGHEST WIND DIRECTION     W (290)
  HIGHEST GUST SPEED    36   HIGHEST GUST DIRECTION     W (280)
  AVERAGE WIND SPEED    11.5




RELATIVE HUMIDITY (PERCENT)
 HIGHEST    88
 LOWEST     55
 AVERAGE    72

..........................................................


THE SAULT STE MARIE MI CLIMATE NORMALS FOR TODAY
                         NORMAL    RECORD    YEAR
 MAXIMUM TEMPERATURE (F)   29        46      2000
 MINIMUM TEMPERATURE (F)   12       -22      1934


SUNRISE AND SUNSET
FEBRUARY 26 2017......SUNRISE   722 AM EST   SUNSET   619 PM EST
FEBRUARY 27 2017......SUNRISE   720 AM EST   SUNSET   621 PM EST


-  INDICATES NEGATIVE NUMBERS.
R  INDICATES RECORD WAS SET OR TIED.
MM INDICATES DATA IS MISSING.
T  INDICATES TRACE AMOUNT.




$$
