000
CDUS43 KAPX 030538
CLIANJ


CLIMATE REPORT
NATIONAL WEATHER SERVICE GAYLORD MI
138 AM EDT FRI JUL 3 2015


...................................

...THE SAULT STE MARIE MI CLIMATE SUMMARY FOR JULY 2 2015...

CLIMATE NORMAL PERIOD 1981 TO 2010
CLIMATE RECORD PERIOD 1888 TO 2015


WEATHER ITEM   OBSERVED TIME   RECORD YEAR NORMAL DEPARTURE LAST
                VALUE   (LST)  VALUE       VALUE  FROM      YEAR
                                                  NORMAL
..................................................................
TEMPERATURE (F)
 YESTERDAY
  MAXIMUM         72    353 PM  97    1911  75     -3       63
  MINIMUM         43    515 AM  38    1942  53    -10       48
                                      1918
  AVERAGE         58                        64     -6       56

PRECIPITATION (IN)
  YESTERDAY        0.00          1.52 1957   0.08  -0.08     0.00
  MONTH TO DATE    T                         0.16  -0.16     0.39
  SINCE JUN 1      2.73                      2.86  -0.13     3.31
  SINCE JAN 1     11.43                     13.30  -1.87    15.35

DEGREE DAYS
 HEATING
  YESTERDAY        7                         3      4        9
  MONTH TO DATE   17                         6     11        9
  SINCE JUN 1    205                       186     19      118
  SINCE JUL 1     17                         6     11        9

 COOLING
  YESTERDAY        0                         2     -2        0
  MONTH TO DATE    0                         4     -4        4
  SINCE JUN 1      7                        34    -27       41
  SINCE JAN 1      9                        39    -30       43
..................................................................


WIND (MPH)
  HIGHEST WIND SPEED    13   HIGHEST WIND DIRECTION     W (290)
  HIGHEST GUST SPEED    16   HIGHEST GUST DIRECTION     W (290)
  AVERAGE WIND SPEED     4.1




RELATIVE HUMIDITY (PERCENT)
 HIGHEST    92
 LOWEST     40
 AVERAGE    66

..........................................................


THE SAULT STE MARIE MI CLIMATE NORMALS FOR TODAY
                         NORMAL    RECORD    YEAR
 MAXIMUM TEMPERATURE (F)   75        98      1921
 MINIMUM TEMPERATURE (F)   53        38      1968
                                             1951
                                             1945


SUNRISE AND SUNSET
JULY  3 2015..........SUNRISE   550 AM EDT   SUNSET   933 PM EDT
JULY  4 2015..........SUNRISE   550 AM EDT   SUNSET   933 PM EDT


-  INDICATES NEGATIVE NUMBERS.
R  INDICATES RECORD WAS SET OR TIED.
MM INDICATES DATA IS MISSING.
T  INDICATES TRACE AMOUNT.




$$
