000
CDUS43 KAPX 230527
CLIANJ


CLIMATE REPORT
NATIONAL WEATHER SERVICE GAYLORD MI
126 AM EDT SUN JUL 23 2017


...................................

...THE SAULT STE MARIE MI CLIMATE SUMMARY FOR JULY 22 2017...

CLIMATE NORMAL PERIOD 1981 TO 2010
CLIMATE RECORD PERIOD 1888 TO 2017


WEATHER ITEM   OBSERVED TIME   RECORD YEAR NORMAL DEPARTURE LAST
                VALUE   (LST)  VALUE       VALUE  FROM      YEAR
                                                  NORMAL
..................................................................
TEMPERATURE (F)
 YESTERDAY
  MAXIMUM         76   1158 AM  90    1940  77     -1       82
                                      1917
  MINIMUM         58    513 AM  42    1992  55      3       65
                                      1981
  AVERAGE         67                        66      1       74

PRECIPITATION (IN)
  YESTERDAY        0.00          1.58 1994   0.10  -0.10     0.00
  MONTH TO DATE    2.20                      1.95   0.25     2.72
  SINCE JUN 1      5.92                      4.65   1.27     4.60
  SINCE JAN 1     19.36                     15.09   4.27    15.15

DEGREE DAYS
 HEATING
  YESTERDAY        0                         2     -2        0
  MONTH TO DATE   26                        54    -28       23
  SINCE JUN 1    138                       234    -96      186
  SINCE JUL 1     26                        54    -28       23

 COOLING
  YESTERDAY        2                         3     -1        9
  MONTH TO DATE   44                        57    -13       81
  SINCE JUN 1     62                        87    -25      117
  SINCE JAN 1     63                        92    -29      128
..................................................................


WIND (MPH)
  HIGHEST WIND SPEED     9   HIGHEST WIND DIRECTION     E (70)
  HIGHEST GUST SPEED    13   HIGHEST GUST DIRECTION     E (80)
  AVERAGE WIND SPEED     4.6




RELATIVE HUMIDITY (PERCENT)
 HIGHEST    84
 LOWEST     60
 AVERAGE    72

..........................................................


THE SAULT STE MARIE MI CLIMATE NORMALS FOR TODAY
                         NORMAL    RECORD    YEAR
 MAXIMUM TEMPERATURE (F)   77        92      1989
 MINIMUM TEMPERATURE (F)   55        39      1981


SUNRISE AND SUNSET
JULY 23 2017..........SUNRISE   608 AM EDT   SUNSET   919 PM EDT
JULY 24 2017..........SUNRISE   609 AM EDT   SUNSET   918 PM EDT


-  INDICATES NEGATIVE NUMBERS.
R  INDICATES RECORD WAS SET OR TIED.
MM INDICATES DATA IS MISSING.
T  INDICATES TRACE AMOUNT.




$$
