000
CDUS43 KAPX 290527
CLIANJ


CLIMATE REPORT
NATIONAL WEATHER SERVICE GAYLORD MI
126 AM EDT SAT AUG 29 2015


...................................

...THE SAULT STE MARIE MI CLIMATE SUMMARY FOR AUGUST 28 2015...

CLIMATE NORMAL PERIOD 1981 TO 2010
CLIMATE RECORD PERIOD 1888 TO 2015


WEATHER ITEM   OBSERVED TIME   RECORD YEAR NORMAL DEPARTURE LAST
                VALUE   (LST)  VALUE       VALUE  FROM      YEAR
                                                  NORMAL
..................................................................
TEMPERATURE (F)
 YESTERDAY
  MAXIMUM         75    207 PM  93    1973  73      2       69
  MINIMUM         53   1203 AM  37    1982  53      0       44
                                      1941
  AVERAGE         64                        63      1       57

PRECIPITATION (IN)
  YESTERDAY        0.00          1.94 1960   0.11  -0.11     0.00
  MONTH TO DATE    2.50                      2.84  -0.34     1.84
  SINCE JUN 1      8.28                      8.40  -0.12     6.24
  SINCE JAN 1     16.98                     18.84  -1.86    18.28

DEGREE DAYS
 HEATING
  YESTERDAY        1                         4     -3        8
  MONTH TO DATE   47                        65    -18       62
  SINCE JUN 1    289                       314    -25      282
  SINCE JUL 1    101                       134    -33      173

 COOLING
  YESTERDAY        0                         1     -1        0
  MONTH TO DATE   82                        64     18       42
  SINCE JUN 1    181                       172      9      100
  SINCE JAN 1    183                       177      6      102
..................................................................


WIND (MPH)
  HIGHEST WIND SPEED    18   HIGHEST WIND DIRECTION     S (200)
  HIGHEST GUST SPEED    24   HIGHEST GUST DIRECTION    SW (210)
  AVERAGE WIND SPEED     6.2




RELATIVE HUMIDITY (PERCENT)
 HIGHEST   100
 LOWEST     60
 AVERAGE    80

..........................................................


THE SAULT STE MARIE MI CLIMATE NORMALS FOR TODAY
                         NORMAL    RECORD    YEAR
 MAXIMUM TEMPERATURE (F)   73        92      1991
 MINIMUM TEMPERATURE (F)   53        29      1982


SUNRISE AND SUNSET
AUGUST 29 2015........SUNRISE   653 AM EDT   SUNSET   823 PM EDT
AUGUST 30 2015........SUNRISE   655 AM EDT   SUNSET   821 PM EDT


-  INDICATES NEGATIVE NUMBERS.
R  INDICATES RECORD WAS SET OR TIED.
MM INDICATES DATA IS MISSING.
T  INDICATES TRACE AMOUNT.




$$
