000
CDAK47 PANT 300912
CLIANN

CLIMATE REPORT
NATIONAL WEATHER SERVICE ANNETTE, AK
112 AM AKDT WED JUL 30 2014

...................................
...THE ANNETTE WSO AP CLIMATE SUMMARY FOR JULY 29 2014...

CLIMATE NORMAL PERIOD  1981 TO  2010
CLIMATE RECORD PERIOD  1948 TO  2014

WEATHER ITEM   OBSERVED TIME    RECORD YEAR NORMAL DEPARTURE LAST
               VALUE    (LST)   VALUE       VALUE  FROM      YEAR
                                                   NORMAL
...................................................................
TEMPERATURE
YESTERDAY
 MAXIMUM            61  1255 PM    88  2009     66      -5     85
 MINIMUM            53  1104 AM    44  1999     54      -1     55
 AVERAGE            57                          60      -3     70

PRECIPITATION
(INCHES)
 YESTERDAY        0.65           1.30  1984   0.16    0.49   0.00
 MONTH TO DATE    7.60                        4.33    3.27   3.60
 SINCE JUN 1     15.35                        9.21    6.14   7.58
 SINCE JAN 1     56.15                       47.63    8.52  46.89

SNOWFALL
(INCHES)
 YESTERDAY         0.0            0.0  2014    0.0     0.0    0.0
 MONTH TO DATE     0.0                         0.0     0.0    0.0
 SINCE JUN 1       0.0                         0.0     0.0    0.0
 SINCE JUL 1       0.0                         0.0     0.0    0.0
 SNOW DEPTH (IN)     0                                          0

DEGREE DAYS
 HEATING
  YESTERDAY          8                           6       2      0
  MONTH TO DATE    187                         196      -9    150
  SINCE JUN 1      514                         494      20    370
  SINCE JUL 1      187                         196      -9    150

 COOLING
  YESTERDAY          0                           0       0      5
  MONTH TO DATE      8                           0       8     12
  SINCE JUN 1        8                           0       8     18
  SINCE JAN 1        8                           0       8     18
...................................................................

WIND (MPH)
 HIGHEST WIND SPEED    22     HIGHEST WIND DIRECTION    140
 HIGHEST GUST SPEED    33     HIGHEST GUST DIRECTION    130
 AVERAGE WIND SPEED   9.3

SKY COVER
  POSSIBLE SUNSHINE    MM          AVERAGE SKY COVER     MM

WEATHER CONDITIONS
 THE FOLLOWING WEATHER WAS RECORDED YESTERDAY.
  FOG
RAIN


RELATIVE HUMIDITY
 HIGHEST RH     MM PERCENT       MM
 LOWEST  RH     MM PERCENT       MM
 AVERAGE RH     MM PERCENT       MM
...................................................................

THE ANNETTE CLIMATE NORMALS FOR TODAY
                           NORMAL    RECORD   YEAR
 MAXIMUM TEMPERATURE (F)     66        89     1976
 MINIMUM TEMPERATURE (F)     54        46     1986

SUNRISE AND SUNSET
 JUL 30 2014..........SUNRISE  4:52 AM      SUNSET  8:53 PM
 JUL 31 2014..........SUNRISE  4:54 AM      SUNSET  8:51 PM

-  INDICATES NEGATIVE NUMBERS.
R  INDICATES RECORD HAS BEEN SET OR TIED.
MM INDICATES DATA IS MISSING.
T  INDICATES TRACE OF PRECIPITATION.

&&
-------------------------------------------------------------------

AMOUNT OF DAYLIGHT TODAY  (HOUR:MIN)........16 HOURS 1 MINUTES
GAIN/LOSS SINCE YESTERDAY (HOUR:MIN:SEC)....-0:03:35

$$
LTB JUL 14
