000
CDAK47 PANT 280903
CLIANN

CLIMATE REPORT
NATIONAL WEATHER SERVICE ANNETTE, AK
104 AM AKDT SAT MAY 28 2016

...................................
...THE ANNETTE WSO AP CLIMATE SUMMARY FOR MAY 27 2016...

CLIMATE NORMAL PERIOD  1981 TO  2010
CLIMATE RECORD PERIOD  1948 TO  2016

WEATHER ITEM   OBSERVED TIME    RECORD YEAR NORMAL DEPARTURE LAST
               VALUE    (LST)   VALUE       VALUE  FROM      YEAR
                                                   NORMAL
...................................................................
TEMPERATURE
YESTERDAY
 MAXIMUM            54  0524 PM    84  1998     59      -5     70
 MINIMUM            49  0445 AM    38  1966     46       3     51
 AVERAGE            52                          52       0     61

PRECIPITATION
(INCHES)
 YESTERDAY        0.10           1.46  1957   0.16   -0.06   0.00
 MONTH TO DATE    6.29                        4.89    1.40   0.50
 SINCE MAR 1     24.70                       19.71    4.99  22.42
 SINCE JAN 1     49.74                       37.75   11.99  43.48

SNOWFALL
(INCHES)
 YESTERDAY         0.0            0.0  2016    0.0     0.0    0.0
 MONTH TO DATE     0.0                         0.1    -0.1    0.0
 SINCE MAR 1       0.0                         8.4    -8.4    0.0
 SINCE JUL 1       5.0                        34.9   -29.9   10.2
 SNOW DEPTH (IN)     0                                          0

DEGREE DAYS
 HEATING
  YESTERDAY         13                          13       0      4
  MONTH TO DATE    264                         413    -149    271
  SINCE MAR 1     1526                        1820    -294   1507
  SINCE JUL 1     5604                        6358    -754     MM

 COOLING
  YESTERDAY          0                           0       0      0
  MONTH TO DATE      2                           0       2      0
  SINCE MAR 1        2                           0       2      0
  SINCE JAN 1        2                           0       2      0
...................................................................

WIND (MPH)
 HIGHEST WIND SPEED     9     HIGHEST WIND DIRECTION    160
 HIGHEST GUST SPEED    13     HIGHEST GUST DIRECTION    160
 AVERAGE WIND SPEED   2.1

SKY COVER
  POSSIBLE SUNSHINE    MM          AVERAGE SKY COVER     MM

WEATHER CONDITIONS
 THE FOLLOWING WEATHER WAS RECORDED YESTERDAY.
  RAIN


RELATIVE HUMIDITY
 HIGHEST RH     MM PERCENT       MM
 LOWEST  RH     MM PERCENT       MM
 AVERAGE RH     MM PERCENT       MM
...................................................................

THE ANNETTE CLIMATE NORMALS FOR TODAY
                           NORMAL    RECORD   YEAR
 MAXIMUM TEMPERATURE (F)     59        79     1964
 MINIMUM TEMPERATURE (F)     47        37     1977

SUNRISE AND SUNSET
 MAY 28 2016..........SUNRISE  4:19 AM      SUNSET  9:11 PM
 MAY 29 2016..........SUNRISE  4:18 AM      SUNSET  9:12 PM

-  INDICATES NEGATIVE NUMBERS.
R  INDICATES RECORD HAS BEEN SET OR TIED.
MM INDICATES DATA IS MISSING.
T  INDICATES TRACE OF PRECIPITATION.

&&
-------------------------------------------------------------------

AMOUNT OF DAYLIGHT TODAY  (HOUR:MIN)........16 HOURS 52 MINUTES
GAIN/LOSS SINCE YESTERDAY (HOUR:MIN:SEC)....+0:02:36

$$
MM MAY 16
