000
CDAK47 PANT 250930
CLIANN

CLIMATE REPORT
NATIONAL WEATHER SERVICE ANNETTE, AK
130 AM AKDT MON JUL 25 2016

...................................
...THE ANNETTE WSO AP CLIMATE SUMMARY FOR JULY 24 2016...

CLIMATE NORMAL PERIOD  1981 TO  2010
CLIMATE RECORD PERIOD  1948 TO  2016

WEATHER ITEM   OBSERVED TIME    RECORD YEAR NORMAL DEPARTURE LAST
               VALUE    (LST)   VALUE       VALUE  FROM      YEAR
                                                   NORMAL
...................................................................
TEMPERATURE
YESTERDAY
 MAXIMUM            63  0317 PM    80  1971     65      -2     57
 MINIMUM            56  1159 PM    47  1999     54       2     54
 AVERAGE            60                          60       0     56

PRECIPITATION
(INCHES)
 YESTERDAY        0.00           2.16  2015   0.15   -0.15   2.16
 MONTH TO DATE    3.52                        3.55   -0.03   4.69
 SINCE JUN 1      7.77                        8.43   -0.66   8.68
 SINCE JAN 1     57.51                       46.85   10.66  52.16

SNOWFALL
(INCHES)
 YESTERDAY         0.0            9.3  1993    0.0     0.0    0.0
 MONTH TO DATE     0.0                         0.0     0.0    0.0
 SINCE JUN 1       0.0                         0.0     0.0    0.0
 SINCE JUL 1       0.0                         0.0     0.0    0.0
 SNOW DEPTH (IN)     0                                          0

DEGREE DAYS
 HEATING
  YESTERDAY          5                           6      -1      9
  MONTH TO DATE    101                         166     -65     76
  SINCE JUN 1      370                         464     -94    264
  SINCE JUL 1      101                         166     -65     76

 COOLING
  YESTERDAY          0                           0       0      0
  MONTH TO DATE     20                           0      20     35
  SINCE JUN 1       20                           0      20     37
  SINCE JAN 1       22                           0      22     37
...................................................................

WIND (MPH)
 HIGHEST WIND SPEED    10     HIGHEST WIND DIRECTION    160
 HIGHEST GUST SPEED    14     HIGHEST GUST DIRECTION    150
 AVERAGE WIND SPEED   4.0

SKY COVER
  POSSIBLE SUNSHINE    MM          AVERAGE SKY COVER     MM

WEATHER CONDITIONS
 THE FOLLOWING WEATHER WAS RECORDED YESTERDAY.
  NO SIGNIFICANT WEATHER WAS OBSERVED.

RELATIVE HUMIDITY
 HIGHEST RH     MM PERCENT       MM
 LOWEST  RH     MM PERCENT       MM
 AVERAGE RH     MM PERCENT       MM
...................................................................

THE ANNETTE CLIMATE NORMALS FOR TODAY
                           NORMAL    RECORD   YEAR
 MAXIMUM TEMPERATURE (F)     65        83     1971
 MINIMUM TEMPERATURE (F)     54        47     1965

SUNRISE AND SUNSET
 JUL 25 2016..........SUNRISE  4:45 AM      SUNSET  9:01 PM
 JUL 26 2016..........SUNRISE  4:46 AM      SUNSET  8:59 PM

-  INDICATES NEGATIVE NUMBERS.
R  INDICATES RECORD HAS BEEN SET OR TIED.
MM INDICATES DATA IS MISSING.
T  INDICATES TRACE OF PRECIPITATION.

&&
-------------------------------------------------------------------

AMOUNT OF DAYLIGHT TODAY  (HOUR:MIN)........16 HOURS 16 MINUTES
GAIN/LOSS SINCE YESTERDAY (HOUR:MIN:SEC)....-0:03:21

$$
JH JUL 16
