000
CDAK47 PANT 232307
CLIANN

CLIMATE REPORT
NATIONAL WEATHER SERVICE ANNETTE, AK
307 PM AKDT WED APR 23 2014

...................................
...THE ANNETTE WSO AP CLIMATE SUMMARY FOR APRIL 23 2014...
VALID TODAY AS OF 2:00 PM LOCAL TIME

CLIMATE NORMAL PERIOD  1981 TO  2010
CLIMATE RECORD PERIOD  1948 TO  2014

WEATHER ITEM   OBSERVED TIME    RECORD YEAR NORMAL DEPARTURE LAST
               VALUE    (LST)   VALUE       VALUE  FROM      YEAR
                                                   NORMAL
...................................................................
TEMPERATURE
TODAY
 MAXIMUM            53  0148 PM    76  2005     52       1     58
 MINIMUM            33  0417 AM    30  1984     39      -6     39
 AVERAGE            43                          46      -3     49

PRECIPITATION
(INCHES)
 TODAY            0.00           2.74  1965   0.21   -0.21   0.00
 MONTH TO DATE   10.40                        5.38    5.02   4.66
 SINCE MAR 1     18.54                       13.43    5.11   9.02
 SINCE JAN 1     30.64                       31.47   -0.83  30.58

SNOWFALL
(INCHES)
 TODAY             0.0              T  1986    0.0     0.0    0.0
 MONTH TO DATE     0.0                         1.3    -1.3      T
 SINCE MAR 1       0.3                         8.2    -7.9    0.9
 SINCE JUL 1      25.4                        34.7    -9.3   12.8
 SNOW DEPTH (IN)     0                                          0

DEGREE DAYS
 HEATING
  TODAY             22                          20       2     16
  MONTH TO DATE    505                         492      13    498
  SINCE MAR 1     1372                        1276      96   1310
  SINCE JUL 1     5861                        5814      47   5836

 COOLING
  TODAY              0                           0       0      0
  MONTH TO DATE      0                           0       0      0
  SINCE MAR 1        0                           0       0      0
  SINCE JAN 1        0                           0       0      0
...................................................................

WIND (MPH)
 HIGHEST WIND SPEED     8     HIGHEST WIND DIRECTION    330
 HIGHEST GUST SPEED    11     HIGHEST GUST DIRECTION    280
 AVERAGE WIND SPEED    MM

WEATHER CONDITIONS
 THE FOLLOWING WEATHER WAS RECORDED TODAY.
NO SIGNIFICANT WEATHER WAS OBSERVED.

RELATIVE HUMIDITY
 HIGHEST RH     MM PERCENT       MM
 LOWEST  RH     MM PERCENT       MM
 AVERAGE RH     MM PERCENT       MM
...................................................................

THE ANNETTE CLIMATE NORMALS FOR TOMORROW
                        NORMAL    RECORD   YEAR
 MAXIMUM TEMPERATURE      52        74     2005
 MINIMUM TEMPERATURE      40        30     1954

SUNRISE AND SUNSET
 APR 23 2014..........SUNRISE  5:24 AM      SUNSET  8:07 PM
 APR 24 2014..........SUNRISE  5:22 AM      SUNSET  8:09 PM

-  INDICATES NEGATIVE NUMBERS.
R  INDICATES RECORD HAS BEEN SET OR TIED.
MM INDICATES DATA IS MISSING.
T  INDICATES TRACE OF PRECIPITATION.

&&
-------------------------------------------------------------------

AMOUNT OF DAYLIGHT TODAY  (HOUR:MIN)........14 HOURS 43 MINUTES
GAIN/LOSS SINCE YESTERDAY (HOUR:MIN:SEC)....+0:04:16

$$
CRG APR 14
