000
CDAK47 PANT 240002
CLIANN

CLIMATE REPORT
NATIONAL WEATHER SERVICE ANNETTE, AK
402 PM AKDT WED JUL 23 2014

...................................
...THE ANNETTE WSO AP CLIMATE SUMMARY FOR JULY 23 2014...
VALID TODAY AS OF 2:00 PM LOCAL TIME

CLIMATE NORMAL PERIOD  1981 TO  2010
CLIMATE RECORD PERIOD  1948 TO  2014

WEATHER ITEM   OBSERVED TIME    RECORD YEAR NORMAL DEPARTURE LAST
               VALUE    (LST)   VALUE       VALUE  FROM      YEAR
                                                   NORMAL
...................................................................
TEMPERATURE
TODAY
 MAXIMUM            70  1118 AM    84  1966     65       5     58
 MINIMUM            47  0356 AM    43  1965     54      -7     55
 AVERAGE            59                          59       0     57

PRECIPITATION
(INCHES)
 TODAY            0.00           2.11  1988   0.16   -0.16   0.92
 MONTH TO DATE    3.51                        3.40    0.11   2.99
 SINCE JUN 1     11.26                        8.28    2.98   6.97
 SINCE JAN 1     52.06                       46.70    5.36  46.28

SNOWFALL
(INCHES)
 TODAY             0.0            0.0  2014    0.0     0.0    0.0
 MONTH TO DATE     0.0                         0.0     0.0    0.0
 SINCE JUN 1       0.0                         0.0     0.0    0.0
 SINCE JUL 1       0.0                         0.0     0.0    0.0
 SNOW DEPTH (IN)     0                                          0

DEGREE DAYS
 HEATING
  TODAY              6                           6       0      8
  MONTH TO DATE    133                         160     -27    129
  SINCE JUN 1      460                         458       2    349
  SINCE JUL 1      133                         160     -27    129

 COOLING
  TODAY              0                           0       0      0
  MONTH TO DATE      8                           0       8      4
  SINCE JUN 1        8                           0       8     10
  SINCE JAN 1        8                           0       8     10
...................................................................

WIND (MPH)
 HIGHEST WIND SPEED     9     HIGHEST WIND DIRECTION    240
 HIGHEST GUST SPEED    11     HIGHEST GUST DIRECTION    220
 AVERAGE WIND SPEED   0.0

WEATHER CONDITIONS
 THE FOLLOWING WEATHER WAS RECORDED TODAY.
NO SIGNIFICANT WEATHER WAS OBSERVED.

...................................................................

THE ANNETTE CLIMATE NORMALS FOR TOMORROW
                        NORMAL    RECORD   YEAR
 MAXIMUM TEMPERATURE      65        80     1971
 MINIMUM TEMPERATURE      54        47     1999

SUNRISE AND SUNSET
 JUL 23 2014..........SUNRISE  4:40 AM      SUNSET  9:05 PM
 JUL 24 2014..........SUNRISE  4:42 AM      SUNSET  9:03 PM

-  INDICATES NEGATIVE NUMBERS.
R  INDICATES RECORD HAS BEEN SET OR TIED.
MM INDICATES DATA IS MISSING.
T  INDICATES TRACE OF PRECIPITATION.

&&
-------------------------------------------------------------------

AMOUNT OF DAYLIGHT TODAY  (HOUR:MIN)........16 HOURS 25 MINUTES
GAIN/LOSS SINCE YESTERDAY (HOUR:MIN:SEC)....-0:03:12

$$
TR JUL 14
