000
CDAK47 PANT 060935
CLIANN

CLIMATE REPORT
NATIONAL WEATHER SERVICE ANNETTE, AK
1235 AM AKST SAT FEB 6 2016

...................................
...THE ANNETTE WSO AP CLIMATE SUMMARY FOR FEBRUARY 5 2016...

CLIMATE NORMAL PERIOD  1981 TO  2010
CLIMATE RECORD PERIOD  1948 TO  2016

WEATHER ITEM   OBSERVED TIME    RECORD YEAR NORMAL DEPARTURE LAST
               VALUE    (LST)   VALUE       VALUE  FROM      YEAR
                                                   NORMAL
...................................................................
TEMPERATURE
YESTERDAY
 MAXIMUM            46  0123 AM    57  1995     43       3     44
 MINIMUM            31  1057 PM    15  1971     33      -2     37
 AVERAGE            39                          38       1     41

PRECIPITATION
(INCHES)
 YESTERDAY        0.38           1.38  1967   0.29    0.09   0.76
 MONTH TO DATE    2.84                        1.43    1.41   1.45
 SINCE DEC 1     19.27                       22.88   -3.61  29.12
 SINCE JAN 1     12.34                       12.16    0.18  16.16

SNOWFALL
(INCHES)
 YESTERDAY         0.0            6.6  1950    0.3    -0.3    0.0
 MONTH TO DATE     0.0                         1.3    -1.3    1.3
 SINCE DEC 1       4.1                        17.0   -12.9    5.0
 SINCE JUL 1       5.0                        20.6   -15.6    9.2
 SNOW DEPTH (IN)     0                                          0

DEGREE DAYS
 HEATING
  YESTERDAY         26                          27      -1     24
  MONTH TO DATE    127                         138     -11    131
  SINCE DEC 1     1760                        1867    -107   1550
  SINCE JUL 1     3533                        3917    -384     MM

 COOLING
  YESTERDAY          0                           0       0      0
  MONTH TO DATE      0                           0       0      0
  SINCE DEC 1        0                           0       0      0
  SINCE JAN 1        0                           0       0      0
...................................................................

WIND (MPH)
 HIGHEST WIND SPEED    29     HIGHEST WIND DIRECTION    150
 HIGHEST GUST SPEED    42     HIGHEST GUST DIRECTION    150
 AVERAGE WIND SPEED   3.2

SKY COVER
  POSSIBLE SUNSHINE    MM          AVERAGE SKY COVER     MM

WEATHER CONDITIONS
 THE FOLLOWING WEATHER WAS RECORDED YESTERDAY.
  FOG
RAIN


RELATIVE HUMIDITY
 HIGHEST RH     MM PERCENT       MM
 LOWEST  RH     MM PERCENT       MM
 AVERAGE RH     MM PERCENT       MM
...................................................................

THE ANNETTE CLIMATE NORMALS FOR TODAY
                           NORMAL    RECORD   YEAR
 MAXIMUM TEMPERATURE (F)     43        52     2010
 MINIMUM TEMPERATURE (F)     33        13     2014

SUNRISE AND SUNSET
 FEB 6 2016..........SUNRISE  7:29 AM      SUNSET  4:34 PM
 FEB 7 2016..........SUNRISE  7:27 AM      SUNSET  4:36 PM

-  INDICATES NEGATIVE NUMBERS.
R  INDICATES RECORD HAS BEEN SET OR TIED.
MM INDICATES DATA IS MISSING.
T  INDICATES TRACE OF PRECIPITATION.

&&
-------------------------------------------------------------------

AMOUNT OF DAYLIGHT TODAY  (HOUR:MIN)........9 HOURS 5 MINUTES
GAIN/LOSS SINCE YESTERDAY (HOUR:MIN:SEC)....+0:04:03

$$
JH FEB 16
