000
CDAK47 PAJK 201140
CLIANN
CLIMATE REPORT
NATIONAL WEATHER SERVICE JUNEAU, AK
338 AM AKDT FRI OCT 20 2017


...................................

...THE ANNETTE ISLAND CLIMATE SUMMARY FOR OCTOBER 19 2017...

CLIMATE NORMAL PERIOD 1981 TO 2010
CLIMATE RECORD PERIOD 1941 TO 2017


WEATHER ITEM   OBSERVED RECORD YEAR NORMAL DEPARTURE LAST
                VALUE   VALUE       VALUE  FROM      YEAR
                                           NORMAL
...........................................................
TEMPERATURE (F)
 YESTERDAY
  MAXIMUM         47     58    2015  51     -4       53
                               2002
                               1952
  MINIMUM         42     31    2012  41      1       48
                               1996
  AVERAGE         45                 46     -1       51

PRECIPITATION (IN)
  YESTERDAY        0.78   2.95 1955   0.48   0.30     1.53
  MONTH TO DATE    4.52               8.20  -3.68     2.67
  SINCE JAN 1     74.85              72.90   1.95    74.45

SNOWFALL (IN)
  YESTERDAY       MM      T    1995   0.0   MM        0.0
  MONTH TO DATE    0.0                0.0    0.0      0.0
  SINCE JUL 1      0.0                0.0    0.0      0.0
  SNOW DEPTH       0

DEGREE DAYS
 HEATING
  YESTERDAY       20                 19      1       14
  MONTH TO DATE  132                316   -184      274
...........................................................


WIND (MPH)
  HIGHEST WIND SPEED    16   HIGHEST WIND DIRECTION    SE (120)
  HIGHEST GUST SPEED    24   HIGHEST GUST DIRECTION    SE (120)
  AVERAGE WIND SPEED     5.1


SKY COVER
  AVERAGE SKY COVER 1.0


WEATHER CONDITIONS
 THE FOLLOWING WEATHER WAS RECORDED YESTERDAY.
  HEAVY RAIN
  RAIN
  LIGHT RAIN


..........................................................


THE ANNETTE ISLAND CLIMATE NORMALS FOR TODAY
                         NORMAL    RECORD    YEAR
 MAXIMUM TEMPERATURE (F)   51        61      2003
 MINIMUM TEMPERATURE (F)   41        31      2004


SUNRISE AND SUNSET
OCTOBER 20 2017.......SUNRISE   727 AM AKDT  SUNSET   534 PM AKDT
OCTOBER 21 2017.......SUNRISE   729 AM AKDT  SUNSET   532 PM AKDT


-  INDICATES NEGATIVE NUMBERS.
R  INDICATES RECORD WAS SET OR TIED.
MM INDICATES DATA IS MISSING.
T  INDICATES TRACE AMOUNT.




$$
--------------------------------------------------------------

AMOUNT OF DAYLIGHT TODAY (HOUR:MIN)......... 10 HOURS 07 MINUTES
GAIN/LOSS SINCE YESTERDAY (HOUR:MIN:SEC).... -0:04:20

$$
