000
CDUS41 KCTP 290642
CLIAOO


CLIMATE REPORT
NATIONAL WEATHER SERVICE STATE COLLEGE PA
141 AM EST THU JAN 29 2015


...................................

...THE ALTOONA CLIMATE SUMMARY FOR JANUARY 28 2015...

CLIMATE NORMAL PERIOD 1981 TO 2010
CLIMATE RECORD PERIOD 1948 TO 2015


WEATHER ITEM   OBSERVED TIME   RECORD YEAR NORMAL DEPARTURE LAST
                VALUE   (LST)  VALUE       VALUE  FROM      YEAR
                                                  NORMAL
..................................................................
TEMPERATURE (F)
 YESTERDAY
  MAXIMUM         25    412 PM  62    2002  34     -9        8
  MINIMUM          1   1155 PM  -7    2014  20    -19       -7
  AVERAGE         13                        27    -14        1

PRECIPITATION (IN)
  YESTERDAY        0.00          0.62 1994   0.08  -0.08      T
  MONTH TO DATE    1.50                      1.95  -0.45     0.84
  SINCE DEC 1      3.36                      4.37  -1.01     3.43
  SINCE JAN 1      1.50                      1.95  -0.45     0.84

DEGREE DAYS
 HEATING
  YESTERDAY       52                        38     14       64
  MONTH TO DATE 1110                      1064     46     1208
  SINCE DEC 1   2064                      2129    -65     2153
  SINCE JUL 1   3366                      3439    -73     3463

 COOLING
  YESTERDAY        0                         0      0        0
  MONTH TO DATE    0                         0      0        0
  SINCE DEC 1      0                         0      0        0
  SINCE JAN 1      0                         0      0        0
..................................................................


WIND (MPH)
  HIGHEST WIND SPEED    17   HIGHEST WIND DIRECTION    NW (320)
  HIGHEST GUST SPEED    22   HIGHEST GUST DIRECTION    NW (320)
  AVERAGE WIND SPEED     8.5


SKY COVER
  POSSIBLE SUNSHINE  MM
  AVERAGE SKY COVER 0.0


WEATHER CONDITIONS
 THE FOLLOWING WEATHER WAS RECORDED YESTERDAY.
  NO SIGNIFICANT WEATHER WAS OBSERVED.


RELATIVE HUMIDITY (PERCENT)
 HIGHEST    76           500 AM
 LOWEST     46           300 PM
 AVERAGE    61

..........................................................


THE ALTOONA CLIMATE NORMALS FOR TODAY
                         NORMAL    RECORD    YEAR
 MAXIMUM TEMPERATURE (F)   35        65      1975
 MINIMUM TEMPERATURE (F)   20        -8      1963


SUNRISE AND SUNSET
JANUARY 29 2015.......SUNRISE   725 AM EST   SUNSET   528 PM EST
JANUARY 30 2015.......SUNRISE   724 AM EST   SUNSET   529 PM EST


-  INDICATES NEGATIVE NUMBERS.
R  INDICATES RECORD WAS SET OR TIED.
MM INDICATES DATA IS MISSING.
T  INDICATES TRACE AMOUNT.




$$
