000
CDUS41 KCTP 250626
CLIAOO


CLIMATE REPORT
NATIONAL WEATHER SERVICE STATE COLLEGE PA
225 AM EDT TUE APR 25 2017


...................................

...THE ALTOONA CLIMATE SUMMARY FOR APRIL 24 2017...

CLIMATE NORMAL PERIOD 1981 TO 2010
CLIMATE RECORD PERIOD 1948 TO 2017


WEATHER ITEM   OBSERVED TIME   RECORD YEAR NORMAL DEPARTURE LAST
                VALUE   (LST)  VALUE       VALUE  FROM      YEAR
                                                  NORMAL
..................................................................
TEMPERATURE (F)
 YESTERDAY
  MAXIMUM         58    409 PM  86    1960  63     -5       69
  MINIMUM         41    307 AM  28    1956  41      0       35
  AVERAGE         50                        52     -2       52

PRECIPITATION (IN)
  YESTERDAY        0.01          1.64 1983   0.11  -0.10     0.00
  MONTH TO DATE    1.76                      2.55  -0.79     1.01
  SINCE MAR 1      6.09                      5.62   0.47     2.26
  SINCE JAN 1     10.72                      9.83   0.89     6.10

DEGREE DAYS
 HEATING
  YESTERDAY       15                        13      2       13
  MONTH TO DATE  242                       415   -173      420
  SINCE MAR 1   1078                      1274   -196     1020
  SINCE JUL 1   4745                      5829  -1084     4844

 COOLING
  YESTERDAY        0                         0      0        0
  MONTH TO DATE    8                         0      8        0
  SINCE MAR 1      8                         1      7        0
  SINCE JAN 1      8                         1      7        0
..................................................................


WIND (MPH)
  HIGHEST WIND SPEED    16   HIGHEST WIND DIRECTION     E (100)
  HIGHEST GUST SPEED    22   HIGHEST GUST DIRECTION     E (100)
  AVERAGE WIND SPEED     6.8


SKY COVER
  POSSIBLE SUNSHINE  MM
  AVERAGE SKY COVER 0.8


WEATHER CONDITIONS
 THE FOLLOWING WEATHER WAS RECORDED YESTERDAY.
  LIGHT RAIN
  FOG


RELATIVE HUMIDITY (PERCENT)
 HIGHEST    89           400 AM
 LOWEST     51           200 PM
 AVERAGE    70

..........................................................


THE ALTOONA CLIMATE NORMALS FOR TODAY
                         NORMAL    RECORD    YEAR
 MAXIMUM TEMPERATURE (F)   63        85      2011
 MINIMUM TEMPERATURE (F)   41        25      1956


SUNRISE AND SUNSET
APRIL 25 2017.........SUNRISE   620 AM EDT   SUNSET   803 PM EDT
APRIL 26 2017.........SUNRISE   619 AM EDT   SUNSET   804 PM EDT


-  INDICATES NEGATIVE NUMBERS.
R  INDICATES RECORD WAS SET OR TIED.
MM INDICATES DATA IS MISSING.
T  INDICATES TRACE AMOUNT.




$$
