000
CDUS41 KCTP 190645
CLIAOO


CLIMATE REPORT
NATIONAL WEATHER SERVICE STATE COLLEGE PA
144 AM EST SUN NOV 19 2017


...................................

...THE ALTOONA CLIMATE SUMMARY FOR NOVEMBER 18 2017...

CLIMATE NORMAL PERIOD 1981 TO 2010
CLIMATE RECORD PERIOD 1948 TO 2017


WEATHER ITEM   OBSERVED TIME   RECORD YEAR NORMAL DEPARTURE LAST
                VALUE   (LST)  VALUE       VALUE  FROM      YEAR
                                                  NORMAL
..................................................................
TEMPERATURE (F)
 YESTERDAY
  MAXIMUM         51   1159 PM  75    1958  49      2       72
  MINIMUM         32    139 AM  10    1959  33     -1       33
  AVERAGE         42                        41      1       53

PRECIPITATION (IN)
  YESTERDAY        0.97R         0.65 1986   0.11   0.86     0.00
  MONTH TO DATE    1.82                      1.92  -0.10     0.56
  SINCE SEP 1      8.36                      7.98   0.38     5.41
  SINCE JAN 1     38.78                     31.91   6.87    23.07

DEGREE DAYS
 HEATING
  YESTERDAY       23                        24     -1       12
  MONTH TO DATE  415                       381     34      292
  SINCE SEP 1    762                       964   -202      681
  SINCE JUL 1    796                       996   -200      685

 COOLING
  YESTERDAY        0                         0      0        0
  MONTH TO DATE    0                         0      0        0
  SINCE SEP 1    113                        52     61      129
  SINCE JAN 1    655                       531    124      873
..................................................................


WIND (MPH)
  HIGHEST WIND SPEED    14   HIGHEST WIND DIRECTION     S (180)
  HIGHEST GUST SPEED    19   HIGHEST GUST DIRECTION     S (180)
  AVERAGE WIND SPEED     3.1


SKY COVER
  POSSIBLE SUNSHINE  MM
  AVERAGE SKY COVER 0.7


WEATHER CONDITIONS
 THE FOLLOWING WEATHER WAS RECORDED YESTERDAY.
  HEAVY RAIN
  RAIN
  LIGHT RAIN
  FOG


RELATIVE HUMIDITY (PERCENT)
 HIGHEST    92          1000 AM
 LOWEST     59           300 AM
 AVERAGE    76

..........................................................


THE ALTOONA CLIMATE NORMALS FOR TODAY
                         NORMAL    RECORD    YEAR
 MAXIMUM TEMPERATURE (F)   48        72      1985
 MINIMUM TEMPERATURE (F)   33        12      2014


SUNRISE AND SUNSET
NOVEMBER 19 2017......SUNRISE   704 AM EST   SUNSET   453 PM EST
NOVEMBER 20 2017......SUNRISE   705 AM EST   SUNSET   452 PM EST


-  INDICATES NEGATIVE NUMBERS.
R  INDICATES RECORD WAS SET OR TIED.
MM INDICATES DATA IS MISSING.
T  INDICATES TRACE AMOUNT.




$$
