000
CDUS41 KCTP 280626
CLIAOO


CLIMATE REPORT
NATIONAL WEATHER SERVICE STATE COLLEGE PA
226 AM EDT SUN MAY 28 2017


...................................

...THE ALTOONA CLIMATE SUMMARY FOR MAY 27 2017...

CLIMATE NORMAL PERIOD 1981 TO 2010
CLIMATE RECORD PERIOD 1948 TO 2017


WEATHER ITEM   OBSERVED TIME   RECORD YEAR NORMAL DEPARTURE LAST
                VALUE   (LST)  VALUE       VALUE  FROM      YEAR
                                                  NORMAL
..................................................................
TEMPERATURE (F)
 YESTERDAY
  MAXIMUM         68    617 PM  89    1991  72     -4       85
  MINIMUM         53    419 AM  36    1961  51      2       61
  AVERAGE         61                        61      0       73

PRECIPITATION (IN)
  YESTERDAY        0.01          1.56 2011   0.12  -0.11     0.15
  MONTH TO DATE    4.77                      3.23   1.54     3.23
  SINCE MAR 1     11.38                      9.49   1.89     6.14
  SINCE JAN 1     16.01                     13.70   2.31     9.98

DEGREE DAYS
 HEATING
  YESTERDAY        4                         5     -1        0
  MONTH TO DATE  209                       223    -14      249
  SINCE MAR 1   1299                      1571   -272     1344
  SINCE JUL 1   4966                      6127  -1161     5168

 COOLING
  YESTERDAY        0                         2     -2        8
  MONTH TO DATE   41                        18     23       19
  SINCE MAR 1     61                        24     37       19
  SINCE JAN 1     61                        24     37       19
..................................................................


WIND (MPH)
  HIGHEST WIND SPEED     8   HIGHEST WIND DIRECTION    SW (230)
  HIGHEST GUST SPEED    10   HIGHEST GUST DIRECTION    SW (220)
  AVERAGE WIND SPEED     2.3


SKY COVER
  POSSIBLE SUNSHINE  MM
  AVERAGE SKY COVER 0.8


WEATHER CONDITIONS
 THE FOLLOWING WEATHER WAS RECORDED YESTERDAY.
  LIGHT RAIN
  FOG
  FOG W/VISIBILITY <= 1/4 MILE


RELATIVE HUMIDITY (PERCENT)
 HIGHEST   100          1100 PM
 LOWEST     76           500 PM
 AVERAGE    88

..........................................................


THE ALTOONA CLIMATE NORMALS FOR TODAY
                         NORMAL    RECORD    YEAR
 MAXIMUM TEMPERATURE (F)   72        88      2016
 MINIMUM TEMPERATURE (F)   51        35      1992


SUNRISE AND SUNSET
MAY 28 2017...........SUNRISE   547 AM EDT   SUNSET   834 PM EDT
MAY 29 2017...........SUNRISE   547 AM EDT   SUNSET   835 PM EDT


-  INDICATES NEGATIVE NUMBERS.
R  INDICATES RECORD WAS SET OR TIED.
MM INDICATES DATA IS MISSING.
T  INDICATES TRACE AMOUNT.




$$
