000
CDUS41 KCTP 250657
CLIAOO


CLIMATE REPORT
NATIONAL WEATHER SERVICE STATE COLLEGE PA
256 AM EDT TUE JUL 25 2017


...................................

...THE ALTOONA CLIMATE SUMMARY FOR JULY 24 2017...

CLIMATE NORMAL PERIOD 1981 TO 2010
CLIMATE RECORD PERIOD 1948 TO 2017


WEATHER ITEM   OBSERVED TIME   RECORD YEAR NORMAL DEPARTURE LAST
                VALUE   (LST)  VALUE       VALUE  FROM      YEAR
                                                  NORMAL
..................................................................
TEMPERATURE (F)
 YESTERDAY
  MAXIMUM         82    106 PM  95    2016  82      0       95
  MINIMUM         63   1116 PM  50    1957  60      3       60
  AVERAGE         73                        71      2       78

PRECIPITATION (IN)
  YESTERDAY        0.32          0.72 1955   0.10   0.22     0.09
  MONTH TO DATE    3.62                      2.55   1.07     0.91
  SINCE JUN 1      7.74                      6.03   1.71     3.42
  SINCE JAN 1     25.03                     20.21   4.82    13.40

DEGREE DAYS
 HEATING
  YESTERDAY        0                         0      0        0
  MONTH TO DATE    0                         1     -1        4
  SINCE JUN 1     31                        59    -28       27
  SINCE JUL 1      0                         1     -1        4

 COOLING
  YESTERDAY        8                         6      2       13
  MONTH TO DATE  202                       143     59      211
  SINCE JUN 1    358                       252    106      344
  SINCE JAN 1    431                       285    146      395
..................................................................


WIND (MPH)
  HIGHEST WIND SPEED    23   HIGHEST WIND DIRECTION    NW (310)
  HIGHEST GUST SPEED    32   HIGHEST GUST DIRECTION    NW (310)
  AVERAGE WIND SPEED     7.8


SKY COVER
  POSSIBLE SUNSHINE  MM
  AVERAGE SKY COVER 0.6


WEATHER CONDITIONS
 THE FOLLOWING WEATHER WAS RECORDED YESTERDAY.
  HEAVY RAIN
  RAIN
  LIGHT RAIN
  FOG
  HAZE


RELATIVE HUMIDITY (PERCENT)
 HIGHEST   100           100 AM
 LOWEST     67           100 PM
 AVERAGE    84

..........................................................


THE ALTOONA CLIMATE NORMALS FOR TODAY
                         NORMAL    RECORD    YEAR
 MAXIMUM TEMPERATURE (F)   82        96      2001
 MINIMUM TEMPERATURE (F)   60        48      1957


SUNRISE AND SUNSET
JULY 25 2017..........SUNRISE   605 AM EDT   SUNSET   834 PM EDT
JULY 26 2017..........SUNRISE   606 AM EDT   SUNSET   833 PM EDT


-  INDICATES NEGATIVE NUMBERS.
R  INDICATES RECORD WAS SET OR TIED.
MM INDICATES DATA IS MISSING.
T  INDICATES TRACE AMOUNT.




$$
