000
CDUS41 KCTP 262221
CLIAOO


CLIMATE REPORT
NATIONAL WEATHER SERVICE STATE COLLEGE PA
521 PM EST SUN FEB 26 2017


...................................

...THE ALTOONA CLIMATE SUMMARY FOR FEBRUARY 26 2017...
VALID TODAY AS OF 0500 PM LOCAL TIME.

CLIMATE NORMAL PERIOD 1981 TO 2010
CLIMATE RECORD PERIOD 1948 TO 2017


WEATHER ITEM   OBSERVED TIME   RECORD YEAR NORMAL DEPARTURE LAST
                VALUE   (LST)  VALUE       VALUE  FROM      YEAR
                                                  NORMAL
..................................................................
TEMPERATURE (F)
 TODAY
  MAXIMUM         36    459 PM  66    1951  40     -4       30
  MINIMUM         27    808 AM  -2    1963  23      4       21
  AVERAGE         32                        31      1       26

PRECIPITATION (IN)
  TODAY            T             0.60 1957   0.07  -0.07      T
  MONTH TO DATE    1.41                      1.88  -0.47     2.18
  SINCE DEC 1      6.92                      6.47   0.45     7.56
  SINCE JAN 1      4.60                      4.05   0.55     3.82

DEGREE DAYS
 HEATING
  TODAY           33                        34     -1       39
  MONTH TO DATE  661                       936   -275      906
  SINCE DEC 1   2629                      3183   -554     2761
  SINCE JUL 1   3620                      4489   -869     3754

 COOLING
  TODAY            0                         0      0        0
  MONTH TO DATE    0                         0      0        0
  SINCE DEC 1      0                         0      0        0
  SINCE JAN 1      0                         0      0        0
..................................................................


WIND (MPH)
  HIGHEST WIND SPEED    26   HIGHEST WIND DIRECTION     W (290)
  HIGHEST GUST SPEED    38   HIGHEST GUST DIRECTION     W (280)
  AVERAGE WIND SPEED    16.2


SKY COVER
  POSSIBLE SUNSHINE  MM
  AVERAGE SKY COVER 0.9


WEATHER CONDITIONS
 THE FOLLOWING WEATHER WAS RECORDED TODAY.
  LIGHT SNOW


RELATIVE HUMIDITY (PERCENT)
 HIGHEST    68           800 AM
 LOWEST     47           400 PM
 AVERAGE    58

..........................................................


THE ALTOONA CLIMATE NORMALS FOR TOMORROW
                         NORMAL    RECORD    YEAR
 MAXIMUM TEMPERATURE (F)   40        74      1997
 MINIMUM TEMPERATURE (F)   23         0      1963


SUNRISE AND SUNSET
FEBRUARY 26 2017......SUNRISE   651 AM EST   SUNSET   602 PM EST
FEBRUARY 27 2017......SUNRISE   649 AM EST   SUNSET   603 PM EST


-  INDICATES NEGATIVE NUMBERS.
R  INDICATES RECORD WAS SET OR TIED.
MM INDICATES DATA IS MISSING.
T  INDICATES TRACE AMOUNT.




$$
