000
CDUS41 KCTP 232220
CLIAOO


CLIMATE REPORT
NATIONAL WEATHER SERVICE STATE COLLEGE PA
520 PM EST TUE JAN 23 2018


...................................

...THE ALTOONA CLIMATE SUMMARY FOR JANUARY 23 2018...
VALID TODAY AS OF 0500 PM LOCAL TIME.

CLIMATE NORMAL PERIOD 1981 TO 2010
CLIMATE RECORD PERIOD 1948 TO 2018


WEATHER ITEM   OBSERVED TIME   RECORD YEAR NORMAL DEPARTURE LAST
                VALUE   (LST)  VALUE       VALUE  FROM      YEAR
                                                  NORMAL
..................................................................
TEMPERATURE (F)
 TODAY
  MAXIMUM         52    245 AM  62    1967  34     18       48
  MINIMUM         41    459 PM  -1    2014  20     21       33
                                      1963
  AVERAGE         47                        27     20       41

PRECIPITATION (IN)
  TODAY            0.19          1.02 1982   0.07   0.12     0.91
  MONTH TO DATE    1.19                      1.59  -0.40     2.77
  SINCE DEC 1      2.14                      4.01  -1.87     5.09
  SINCE JAN 1      1.19                      1.59  -0.40     2.77

DEGREE DAYS
 HEATING
  TODAY           18                        38    -20       24
  MONTH TO DATE  897                       874     23      723
  SINCE DEC 1   1976                      1939     37     1722
  SINCE JUL 1   3041                      3258   -217     2713

 COOLING
  TODAY            0                         0      0        0
  MONTH TO DATE    0                         0      0        0
  SINCE DEC 1      0                         0      0        0
  SINCE JAN 1      0                         0      0        0
..................................................................


WIND (MPH)
  HIGHEST WIND SPEED    31   HIGHEST WIND DIRECTION     W (250)
  HIGHEST GUST SPEED    41   HIGHEST GUST DIRECTION     W (270)
  AVERAGE WIND SPEED    13.2


SKY COVER
  POSSIBLE SUNSHINE  MM
  AVERAGE SKY COVER 0.8


WEATHER CONDITIONS
 THE FOLLOWING WEATHER WAS RECORDED TODAY.
  RAIN
  LIGHT RAIN
  FOG


RELATIVE HUMIDITY (PERCENT)
 HIGHEST   100           800 AM
 LOWEST     53           200 PM
 AVERAGE    77

..........................................................


THE ALTOONA CLIMATE NORMALS FOR TOMORROW
                         NORMAL    RECORD    YEAR
 MAXIMUM TEMPERATURE (F)   34        66      1967
 MINIMUM TEMPERATURE (F)   20       -12      1963


SUNRISE AND SUNSET
JANUARY 23 2018.......SUNRISE   730 AM EST   SUNSET   521 PM EST
JANUARY 24 2018.......SUNRISE   729 AM EST   SUNSET   522 PM EST


-  INDICATES NEGATIVE NUMBERS.
R  INDICATES RECORD WAS SET OR TIED.
MM INDICATES DATA IS MISSING.
T  INDICATES TRACE AMOUNT.




$$
