000
CDUS41 KCTP 240642
CLIAOO


CLIMATE REPORT
NATIONAL WEATHER SERVICE STATE COLLEGE PA
142 AM EST MON NOV 24 2014


...................................

...THE ALTOONA CLIMATE SUMMARY FOR NOVEMBER 23 2014...

CLIMATE NORMAL PERIOD 1981 TO 2010
CLIMATE RECORD PERIOD 1948 TO 2014


WEATHER ITEM   OBSERVED TIME   RECORD YEAR NORMAL DEPARTURE LAST
                VALUE   (LST)  VALUE       VALUE  FROM      YEAR
                                                  NORMAL
..................................................................
TEMPERATURE (F)
 YESTERDAY
  MAXIMUM         60    203 PM  70    1979  46     14       40
  MINIMUM         39    148 AM  12    2000  31      8       20
  AVERAGE         50                        39     11       30

PRECIPITATION (IN)
  YESTERDAY        0.21          1.09 1961   0.10   0.11      T
  MONTH TO DATE    1.03                      2.48  -1.45     0.93
  SINCE SEP 1      4.82                      8.54  -3.72     6.90
  SINCE JAN 1     33.44                     29.46   3.98    25.91

DEGREE DAYS
 HEATING
  YESTERDAY       15                        26    -11       35
  MONTH TO DATE  619                       508    111      524
  SINCE SEP 1   1081                      1091    -10     1010
  SINCE JUL 1   1115                      1115      0     1031

 COOLING
  YESTERDAY        0                         0      0        0
  MONTH TO DATE    0                         0      0        0
  SINCE SEP 1     69                        52     17       87
  SINCE JAN 1    521                       522     -1      695
..................................................................


WIND (MPH)
  HIGHEST WIND SPEED    21   HIGHEST WIND DIRECTION    SE (140)
  HIGHEST GUST SPEED    29   HIGHEST GUST DIRECTION    SE (150)
  AVERAGE WIND SPEED     8.1


SKY COVER
  POSSIBLE SUNSHINE  MM
  AVERAGE SKY COVER 0.5


WEATHER CONDITIONS
 THE FOLLOWING WEATHER WAS RECORDED YESTERDAY.
  RAIN
  LIGHT RAIN
  FOG


RELATIVE HUMIDITY (PERCENT)
 HIGHEST    93          1100 PM
 LOWEST     35           500 PM
 AVERAGE    64

..........................................................


THE ALTOONA CLIMATE NORMALS FOR TODAY
                         NORMAL    RECORD    YEAR
 MAXIMUM TEMPERATURE (F)   46        67      1968
 MINIMUM TEMPERATURE (F)   31        12      2005


SUNRISE AND SUNSET
NOVEMBER 24 2014......SUNRISE   709 AM EST   SUNSET   450 PM EST
NOVEMBER 25 2014......SUNRISE   710 AM EST   SUNSET   450 PM EST


-  INDICATES NEGATIVE NUMBERS.
R  INDICATES RECORD WAS SET OR TIED.
MM INDICATES DATA IS MISSING.
T  INDICATES TRACE AMOUNT.




$$
