000
CDUS41 KCTP 220617
CLIAOO


CLIMATE REPORT
NATIONAL WEATHER SERVICE STATE COLLEGE PA
217 AM EDT FRI AUG 22 2014


...................................

...THE ALTOONA CLIMATE SUMMARY FOR AUGUST 21 2014...

CLIMATE NORMAL PERIOD 1981 TO 2010
CLIMATE RECORD PERIOD 1948 TO 2014


WEATHER ITEM   OBSERVED TIME   RECORD YEAR NORMAL DEPARTURE LAST
                VALUE   (LST)  VALUE       VALUE  FROM      YEAR
                                                  NORMAL
..................................................................
TEMPERATURE (F)
 YESTERDAY
  MAXIMUM         82    134 PM  91    1955  80      2       82
  MINIMUM         63    548 AM  44    2000  58      5       57
  AVERAGE         73                        69      4       70

PRECIPITATION (IN)
  YESTERDAY        0.00          1.43 2007   0.10  -0.10     0.01
  MONTH TO DATE    3.98                      2.00   1.98     2.39
  SINCE JUN 1     14.15                      8.74   5.41     7.79
  SINCE JAN 1     27.65                     22.92   4.73    18.64

DEGREE DAYS
 HEATING
  YESTERDAY        0                         1     -1        0
  MONTH TO DATE   16                        13      3       16
  SINCE JUN 1     45                        81    -36       41
  SINCE JUL 1     30                        23      7       21

 COOLING
  YESTERDAY        8                         5      3        5
  MONTH TO DATE   69                       116    -47       72
  SINCE JUN 1    373                       410    -37      460
  SINCE JAN 1    420                       443    -23      534
..................................................................


WIND (MPH)
  HIGHEST WIND SPEED    14   HIGHEST WIND DIRECTION     W (250)
  HIGHEST GUST SPEED    18   HIGHEST GUST DIRECTION    SW (230)
  AVERAGE WIND SPEED     5.6


SKY COVER
  POSSIBLE SUNSHINE  MM
  AVERAGE SKY COVER 0.4


WEATHER CONDITIONS
 THE FOLLOWING WEATHER WAS RECORDED YESTERDAY.
  FOG
  FOG W/VISIBILITY <= 1/4 MILE


RELATIVE HUMIDITY (PERCENT)
 HIGHEST   100          1200 AM
 LOWEST     62           100 PM
 AVERAGE    81

..........................................................


THE ALTOONA CLIMATE NORMALS FOR TODAY
                         NORMAL    RECORD    YEAR
 MAXIMUM TEMPERATURE (F)   80        95      1983
 MINIMUM TEMPERATURE (F)   58        41      1982


SUNRISE AND SUNSET
AUGUST 22 2014........SUNRISE   631 AM EDT   SUNSET   800 PM EDT
AUGUST 23 2014........SUNRISE   632 AM EDT   SUNSET   759 PM EDT


-  INDICATES NEGATIVE NUMBERS.
R  INDICATES RECORD WAS SET OR TIED.
MM INDICATES DATA IS MISSING.
T  INDICATES TRACE AMOUNT.




$$
