000
CDUS41 KCTP 242218
CLIAOO


CLIMATE REPORT
NATIONAL WEATHER SERVICE STATE COLLEGE PA
518 PM EST WED DEC 24 2014


...................................

...THE ALTOONA CLIMATE SUMMARY FOR DECEMBER 24 2014...
VALID TODAY AS OF 0500 PM LOCAL TIME.

CLIMATE NORMAL PERIOD 1981 TO 2010
CLIMATE RECORD PERIOD 1948 TO 2014


WEATHER ITEM   OBSERVED TIME   RECORD YEAR NORMAL DEPARTURE LAST
                VALUE   (LST)  VALUE       VALUE  FROM      YEAR
                                                  NORMAL
..................................................................
TEMPERATURE (F)
 TODAY
  MAXIMUM         47    459 PM  62    1955  35     12       32
  MINIMUM         37    114 AM  -8    1983  21     16       14
  AVERAGE         42                        28     14       23

PRECIPITATION (IN)
  TODAY            0.31          1.31 1956   0.08   0.23      T
  MONTH TO DATE    1.86                      1.96  -0.10     1.84
  SINCE DEC 1      1.86                      1.96  -0.10     1.84
  SINCE JAN 1     35.85                     32.17   3.68    29.13

DEGREE DAYS
 HEATING
  TODAY           23                        37    -14       42
  MONTH TO DATE  753                       804    -51      713
  SINCE DEC 1    753                       804    -51      713
  SINCE JUL 1   2055                      2114    -59     2023

 COOLING
  TODAY            0                         0      0        0
  MONTH TO DATE    0                         0      0        0
  SINCE DEC 1      0                         0      0        0
  SINCE JAN 1    521                       522     -1      695
..................................................................


WIND (MPH)
  HIGHEST WIND SPEED    12   HIGHEST WIND DIRECTION    SW (210)
  HIGHEST GUST SPEED    14   HIGHEST GUST DIRECTION     S (200)
  AVERAGE WIND SPEED     0.7


SKY COVER
  POSSIBLE SUNSHINE  MM
  AVERAGE SKY COVER 1.0


WEATHER CONDITIONS
 THE FOLLOWING WEATHER WAS RECORDED TODAY.
  RAIN
  LIGHT RAIN
  FOG
  FOG W/VISIBILITY <= 1/4 MILE


RELATIVE HUMIDITY (PERCENT)
 HIGHEST   100          1200 AM
 LOWEST    100          1200 AM
 AVERAGE   100

..........................................................


THE ALTOONA CLIMATE NORMALS FOR TOMORROW
                         NORMAL    RECORD    YEAR
 MAXIMUM TEMPERATURE (F)   35        63      1982
 MINIMUM TEMPERATURE (F)   21       -11      1983


SUNRISE AND SUNSET
DECEMBER 24 2014......SUNRISE   734 AM EST   SUNSET   452 PM EST
DECEMBER 25 2014......SUNRISE   734 AM EST   SUNSET   453 PM EST


-  INDICATES NEGATIVE NUMBERS.
R  INDICATES RECORD WAS SET OR TIED.
MM INDICATES DATA IS MISSING.
T  INDICATES TRACE AMOUNT.




$$
