000
CDUS41 KCTP 230618
CLIAOO


CLIMATE REPORT
NATIONAL WEATHER SERVICE STATE COLLEGE PA
218 AM EDT SAT SEP 23 2017


...................................

...THE ALTOONA CLIMATE SUMMARY FOR SEPTEMBER 22 2017...

CLIMATE NORMAL PERIOD 1981 TO 2010
CLIMATE RECORD PERIOD 1948 TO 2017


WEATHER ITEM   OBSERVED TIME   RECORD YEAR NORMAL DEPARTURE LAST
                VALUE   (LST)  VALUE       VALUE  FROM      YEAR
                                                  NORMAL
..................................................................
TEMPERATURE (F)
 YESTERDAY
  MAXIMUM         86    335 PM  90    2005  70     16       84
  MINIMUM         54    555 AM  36    1991  49      5       53
  AVERAGE         70                        59     11       69

PRECIPITATION (IN)
  YESTERDAY        0.00          2.40 2002   0.12  -0.12     0.00
  MONTH TO DATE    1.47                      2.59  -1.12     0.72
  SINCE SEP 1      1.47                      2.59  -1.12     0.72
  SINCE JAN 1     31.89                     23.51   8.38    18.38

DEGREE DAYS
 HEATING
  YESTERDAY        0                         7     -7        0
  MONTH TO DATE   87                        82      5        8
  SINCE SEP 1     87                        82      5        8
  SINCE JUL 1    121                       106     15       12

 COOLING
  YESTERDAY        5                         1      4        4
  MONTH TO DATE   29                        41    -12      112
  SINCE SEP 1     29                        41    -12      112
  SINCE JAN 1    571                       514     57      856
..................................................................


WIND (MPH)
  HIGHEST WIND SPEED    10   HIGHEST WIND DIRECTION     N (20)
  HIGHEST GUST SPEED    14   HIGHEST GUST DIRECTION     N (20)
  AVERAGE WIND SPEED     2.7


SKY COVER
  POSSIBLE SUNSHINE  MM
  AVERAGE SKY COVER 0.0


WEATHER CONDITIONS
 THE FOLLOWING WEATHER WAS RECORDED YESTERDAY.
  FOG


RELATIVE HUMIDITY (PERCENT)
 HIGHEST   100           300 AM
 LOWEST     34           300 PM
 AVERAGE    67

..........................................................


THE ALTOONA CLIMATE NORMALS FOR TODAY
                         NORMAL    RECORD    YEAR
 MAXIMUM TEMPERATURE (F)   69        90      1970
 MINIMUM TEMPERATURE (F)   48        31      1974


SUNRISE AND SUNSET
SEPTEMBER 23 2017.....SUNRISE   702 AM EDT   SUNSET   708 PM EDT
SEPTEMBER 24 2017.....SUNRISE   703 AM EDT   SUNSET   707 PM EDT


-  INDICATES NEGATIVE NUMBERS.
R  INDICATES RECORD WAS SET OR TIED.
MM INDICATES DATA IS MISSING.
T  INDICATES TRACE AMOUNT.




$$
