000
CDUS41 KCTP 030646
CLIAOO


CLIMATE REPORT
NATIONAL WEATHER SERVICE STATE COLLEGE PA
146 AM EST SAT DEC 3 2016


...................................

...THE ALTOONA CLIMATE SUMMARY FOR DECEMBER 2 2016...

CLIMATE NORMAL PERIOD 1981 TO 2010
CLIMATE RECORD PERIOD 1948 TO 2016


WEATHER ITEM   OBSERVED TIME   RECORD YEAR NORMAL DEPARTURE LAST
                VALUE   (LST)  VALUE       VALUE  FROM      YEAR
                                                  NORMAL
..................................................................
TEMPERATURE (F)
 YESTERDAY
  MAXIMUM         39    236 PM  67    1998  42     -3       50
  MINIMUM         35    654 AM   5    1976  28      7       42
  AVERAGE         37                        35      2       46

PRECIPITATION (IN)
  YESTERDAY        T             0.79 2015   0.09  -0.09     0.79
  MONTH TO DATE    T                         0.18  -0.18     1.09
  SINCE DEC 1      T                         0.18  -0.18     1.09
  SINCE JAN 1     24.14                     30.39  -6.25    32.17

DEGREE DAYS
 HEATING
  YESTERDAY       28                        30     -2       19
  MONTH TO DATE   48                        60    -12       45
  SINCE DEC 1     48                        60    -12       45
  SINCE JUL 1   1039                      1370   -331     1038

 COOLING
  YESTERDAY        0                         0      0        0
  MONTH TO DATE    0                         0      0        0
  SINCE DEC 1      0                         0      0        0
  SINCE JAN 1    873                       522    351      696
..................................................................


WIND (MPH)
  HIGHEST WIND SPEED    28   HIGHEST WIND DIRECTION     W (290)
  HIGHEST GUST SPEED    38   HIGHEST GUST DIRECTION     W (270)
  AVERAGE WIND SPEED    13.8


SKY COVER
  POSSIBLE SUNSHINE  MM
  AVERAGE SKY COVER 1.0


WEATHER CONDITIONS
 THE FOLLOWING WEATHER WAS RECORDED YESTERDAY.
  LIGHT SNOW


RELATIVE HUMIDITY (PERCENT)
 HIGHEST    76          1100 PM
 LOWEST     64          1200 AM
 AVERAGE    70

..........................................................


THE ALTOONA CLIMATE NORMALS FOR TODAY
                         NORMAL    RECORD    YEAR
 MAXIMUM TEMPERATURE (F)   42        67      1998
 MINIMUM TEMPERATURE (F)   28         2      1976


SUNRISE AND SUNSET
DECEMBER  3 2016......SUNRISE   719 AM EST   SUNSET   447 PM EST
DECEMBER  4 2016......SUNRISE   720 AM EST   SUNSET   447 PM EST


-  INDICATES NEGATIVE NUMBERS.
R  INDICATES RECORD WAS SET OR TIED.
MM INDICATES DATA IS MISSING.
T  INDICATES TRACE AMOUNT.




$$
