000
CDUS41 KCTP 220618
CLIAOO


CLIMATE REPORT
NATIONAL WEATHER SERVICE STATE COLLEGE PA
218 AM EDT WED OCT 22 2014


...................................

...THE ALTOONA CLIMATE SUMMARY FOR OCTOBER 21 2014...

CLIMATE NORMAL PERIOD 1981 TO 2010
CLIMATE RECORD PERIOD 1948 TO 2014


WEATHER ITEM   OBSERVED TIME   RECORD YEAR NORMAL DEPARTURE LAST
                VALUE   (LST)  VALUE       VALUE  FROM      YEAR
                                                  NORMAL
..................................................................
TEMPERATURE (F)
 YESTERDAY
  MAXIMUM         58    212 PM  79    1984  60     -2       64
  MINIMUM         47    334 AM  22    1952  40      7       37
  AVERAGE         53                        50      3       51

PRECIPITATION (IN)
  YESTERDAY        0.01          1.12 1970   0.08  -0.07     0.00
  MONTH TO DATE    2.91                      1.72   1.19     3.67
  SINCE SEP 1      3.67                      5.18  -1.51     5.71
  SINCE JAN 1     32.29                     26.10   6.19    24.72

DEGREE DAYS
 HEATING
  YESTERDAY       12                        15     -3       14
  MONTH TO DATE  211                       266    -55      147
  SINCE SEP 1    335                       414    -79      295
  SINCE JUL 1    369                       437    -68      316

 COOLING
  YESTERDAY        0                         0      0        0
  MONTH TO DATE    2                         0      2       32
  SINCE SEP 1     69                        47     22       87
  SINCE JAN 1    521                       522     -1      695
..................................................................


WIND (MPH)
  HIGHEST WIND SPEED    15   HIGHEST WIND DIRECTION    NW (320)
  HIGHEST GUST SPEED    19   HIGHEST GUST DIRECTION    NW (320)
  AVERAGE WIND SPEED     4.7


SKY COVER
  POSSIBLE SUNSHINE  MM
  AVERAGE SKY COVER 1.0


WEATHER CONDITIONS
 THE FOLLOWING WEATHER WAS RECORDED YESTERDAY.
  LIGHT RAIN
  FOG


RELATIVE HUMIDITY (PERCENT)
 HIGHEST    93           700 AM
 LOWEST     66           300 PM
 AVERAGE    80

..........................................................


THE ALTOONA CLIMATE NORMALS FOR TODAY
                         NORMAL    RECORD    YEAR
 MAXIMUM TEMPERATURE (F)   59        77      1979
 MINIMUM TEMPERATURE (F)   39        29      1992


SUNRISE AND SUNSET
OCTOBER 22 2014.......SUNRISE   732 AM EDT   SUNSET   623 PM EDT
OCTOBER 23 2014.......SUNRISE   733 AM EDT   SUNSET   622 PM EDT


-  INDICATES NEGATIVE NUMBERS.
R  INDICATES RECORD WAS SET OR TIED.
MM INDICATES DATA IS MISSING.
T  INDICATES TRACE AMOUNT.




$$
