000
CDUS41 KCTP 180625
CLIAOO


CLIMATE REPORT
NATIONAL WEATHER SERVICE STATE COLLEGE PA
225 AM EDT THU SEP 18 2014


...................................

...THE ALTOONA CLIMATE SUMMARY FOR SEPTEMBER 17 2014...

CLIMATE NORMAL PERIOD 1981 TO 2010
CLIMATE RECORD PERIOD 1948 TO 2014


WEATHER ITEM   OBSERVED TIME   RECORD YEAR NORMAL DEPARTURE LAST
                VALUE   (LST)  VALUE       VALUE  FROM      YEAR
                                                  NORMAL
..................................................................
TEMPERATURE (F)
 YESTERDAY
  MAXIMUM         74    303 PM  89    1991  72      2       67
  MINIMUM         44    353 AM  33    1959  51     -7       40
  AVERAGE         59                        61     -2       54

PRECIPITATION (IN)
  YESTERDAY        0.00          5.28 2004   0.13  -0.13     0.00
  MONTH TO DATE    0.17                      2.00  -1.83     1.22
  SINCE SEP 1      0.17                      2.00  -1.83     1.22
  SINCE JAN 1     28.79                     22.92   5.87    20.23

DEGREE DAYS
 HEATING
  YESTERDAY        6                         5      1       11
  MONTH TO DATE   57                        52      5       58
  SINCE SEP 1     57                        52      5       58
  SINCE JUL 1     91                        76     15       79

 COOLING
  YESTERDAY        0                         1     -1        0
  MONTH TO DATE   61                        36     25       55
  SINCE SEP 1     61                        36     25       55
  SINCE JAN 1    513                       509      4      663
..................................................................


WIND (MPH)
  HIGHEST WIND SPEED    10   HIGHEST WIND DIRECTION    SW (210)
  HIGHEST GUST SPEED    14   HIGHEST GUST DIRECTION    SW (240)
  AVERAGE WIND SPEED     1.2


SKY COVER
  POSSIBLE SUNSHINE  MM
  AVERAGE SKY COVER 0.4


WEATHER CONDITIONS
 THE FOLLOWING WEATHER WAS RECORDED YESTERDAY.
  FOG


RELATIVE HUMIDITY (PERCENT)
 HIGHEST   100          1200 AM
 LOWEST     41           300 PM
 AVERAGE    71

..........................................................


THE ALTOONA CLIMATE NORMALS FOR TODAY
                         NORMAL    RECORD    YEAR
 MAXIMUM TEMPERATURE (F)   71        87      1965
 MINIMUM TEMPERATURE (F)   50        34      1959


SUNRISE AND SUNSET
SEPTEMBER 18 2014.....SUNRISE   657 AM EDT   SUNSET   717 PM EDT
SEPTEMBER 19 2014.....SUNRISE   658 AM EDT   SUNSET   715 PM EDT


-  INDICATES NEGATIVE NUMBERS.
R  INDICATES RECORD WAS SET OR TIED.
MM INDICATES DATA IS MISSING.
T  INDICATES TRACE AMOUNT.




$$
