191
CDUS41 KCTP 110623
CLIAOO


CLIMATE REPORT
NATIONAL WEATHER SERVICE STATE COLLEGE PA
123 AM EST THU FEB 11 2016


...................................

...THE ALTOONA CLIMATE SUMMARY FOR FEBRUARY 10 2016...

CLIMATE NORMAL PERIOD 1981 TO 2010
CLIMATE RECORD PERIOD 1948 TO 2016


WEATHER ITEM   OBSERVED TIME   RECORD YEAR NORMAL DEPARTURE LAST
                VALUE   (LST)  VALUE       VALUE  FROM      YEAR
                                                  NORMAL
..................................................................
TEMPERATURE (F)
 YESTERDAY
  MAXIMUM         25    308 AM  60    1959  36    -11       31
  MINIMUM         16   1159 PM  -3    1975  20     -4       27
  AVERAGE         21                        28     -7       29

PRECIPITATION (IN)
  YESTERDAY        T             0.74 1970   0.07  -0.07     0.00
  MONTH TO DATE    0.68                      0.72  -0.04     0.70
  SINCE DEC 1      6.06                      5.31   0.75     4.16
  SINCE JAN 1      2.32                      2.89  -0.57     2.30

DEGREE DAYS
 HEATING
  YESTERDAY       44                        37      7       36
  MONTH TO DATE  315                       372    -57      373
  SINCE DEC 1   2170                      2619   -449     2569
  SINCE JUL 1   3163                      3925   -762     3871

 COOLING
  YESTERDAY        0                         0      0        0
  MONTH TO DATE    0                         0      0        0
  SINCE DEC 1      0                         0      0        0
  SINCE JAN 1      0                         0      0        0
..................................................................


WIND (MPH)
  HIGHEST WIND SPEED    24   HIGHEST WIND DIRECTION     W (270)
  HIGHEST GUST SPEED    31   HIGHEST GUST DIRECTION     W (260)
  AVERAGE WIND SPEED    16.0


SKY COVER
  POSSIBLE SUNSHINE  MM
  AVERAGE SKY COVER 1.0


WEATHER CONDITIONS
 THE FOLLOWING WEATHER WAS RECORDED YESTERDAY.
  LIGHT SNOW


RELATIVE HUMIDITY (PERCENT)
 HIGHEST    81          1200 AM
 LOWEST     57           300 PM
 AVERAGE    69

..........................................................


THE ALTOONA CLIMATE NORMALS FOR TODAY
                         NORMAL    RECORD    YEAR
 MAXIMUM TEMPERATURE (F)   36        62      2009
 MINIMUM TEMPERATURE (F)   21        -5      1962


SUNRISE AND SUNSET
FEBRUARY 11 2016......SUNRISE   712 AM EST   SUNSET   543 PM EST
FEBRUARY 12 2016......SUNRISE   711 AM EST   SUNSET   545 PM EST


-  INDICATES NEGATIVE NUMBERS.
R  INDICATES RECORD WAS SET OR TIED.
MM INDICATES DATA IS MISSING.
T  INDICATES TRACE AMOUNT.




$$
