000
CDUS45 KBOU 162104
CLIAPA


CLIMATE REPORT
NATIONAL WEATHER SERVICE DENVER/BOULDER CO
302 PM MDT WED AUG 16 2017


...................................

...THE CENTENNIAL CO CLIMATE SUMMARY FOR AUGUST 15 2017...

CLIMATE NORMAL PERIOD 1981 TO 2010
CLIMATE RECORD PERIOD 9999 TO 9999


WEATHER ITEM   OBSERVED RECORD YEAR NORMAL DEPARTURE LAST
                VALUE   VALUE       VALUE  FROM      YEAR
                                           NORMAL
...........................................................
TEMPERATURE (F)
 YESTERDAY
  MAXIMUM         82     MM      MM  84     -2       90
  MINIMUM         56     MM      MM  57     -1       60
  AVERAGE         69                 70     -1       75

PRECIPITATION (IN)
  YESTERDAY        T     MM      MM   0.10  -0.10     0.00
  MONTH TO DATE    0.77               1.41  -0.64     0.10
  SINCE JUN 1      3.53               5.57  -2.04     3.37
  SINCE JAN 1     10.24              12.15  -1.91     9.01

DEGREE DAYS
 HEATING
  YESTERDAY        0
  MONTH TO DATE    9

 COOLING
  YESTERDAY        4
  MONTH TO DATE   50
...........................................................


WIND (MPH)
  RESULTANT WIND SPEED   2   RESULTANT WIND DIRECTION   W (280)
  HIGHEST WIND SPEED    30   HIGHEST WIND DIRECTION     S (170)
  HIGHEST GUST SPEED    37   HIGHEST GUST DIRECTION     S (170)


SKY COVER
  POSSIBLE SUNSHINE  MM
  AVERAGE SKY COVER 0.6


WEATHER CONDITIONS
 THE FOLLOWING WEATHER WAS RECORDED YESTERDAY.
  THUNDERSTORM
  LIGHT RAIN


RELATIVE HUMIDITY (PERCENT)
 HIGHEST    86
 LOWEST     33
 AVERAGE    60

..........................................................


THE CENTENNIAL CO CLIMATE NORMALS FOR TODAY
                         NORMAL    RECORD    YEAR
 MAXIMUM TEMPERATURE (F)   83        MM        MM
 MINIMUM TEMPERATURE (F)   57        MM        MM


SUNRISE AND SUNSET
AUGUST 16 2017........SUNRISE   613 AM MDT   SUNSET   753 PM MDT
AUGUST 17 2017........SUNRISE   614 AM MDT   SUNSET   752 PM MDT


-  INDICATES NEGATIVE NUMBERS.
R  INDICATES RECORD WAS SET OR TIED.
MM INDICATES DATA IS MISSING.
T  INDICATES TRACE AMOUNT.




$$
