000
CDUS45 KBOU 310725
CLIAPA


CLIMATE REPORT
NATIONAL WEATHER SERVICE BOULDER, CO
125 AM MDT SUN AUG 31 2014


...................................

...THE CENTENNIAL CO CLIMATE SUMMARY FOR AUGUST 30 2014...

CLIMATE NORMAL PERIOD 1981 TO 2010
CLIMATE RECORD PERIOD 9999 TO 9999


WEATHER ITEM   OBSERVED RECORD YEAR NORMAL DEPARTURE LAST
                VALUE   VALUE       VALUE  FROM      YEAR
                                           NORMAL
...........................................................
TEMPERATURE (F)
 YESTERDAY
  MAXIMUM         85     MM      MM  81      4       92
  MINIMUM         51     MM      MM  54     -3       64
  AVERAGE         68                 67      1       78

PRECIPITATION (IN)
  YESTERDAY        T     MM      MM   0.06  -0.06      T
  MONTH TO DATE    1.79               2.53  -0.74     3.24
  SINCE JUN 1      6.82               6.69   0.13     5.05
  SINCE JAN 1     11.30              13.27  -1.97     9.81

DEGREE DAYS
 HEATING
  YESTERDAY        0
  MONTH TO DATE   13

 COOLING
  YESTERDAY        3
  MONTH TO DATE  114
...........................................................


WIND (MPH)
  RESULTANT WIND SPEED   5   RESULTANT WIND DIRECTION   S (190)
  HIGHEST WIND SPEED    18   HIGHEST WIND DIRECTION     S (200)
  HIGHEST GUST SPEED    21   HIGHEST GUST DIRECTION     E (100)


SKY COVER
  POSSIBLE SUNSHINE  MM
  AVERAGE SKY COVER 0.4


WEATHER CONDITIONS
 THE FOLLOWING WEATHER WAS RECORDED YESTERDAY.
  LIGHT RAIN


RELATIVE HUMIDITY (PERCENT)
 HIGHEST    66
 LOWEST     16
 AVERAGE    41

..........................................................


THE CENTENNIAL CO CLIMATE NORMALS FOR TODAY
                         NORMAL    RECORD    YEAR
 MAXIMUM TEMPERATURE (F)   81        MM        MM
 MINIMUM TEMPERATURE (F)   53        MM        MM


SUNRISE AND SUNSET
AUGUST 31 2014........SUNRISE   627 AM MDT   SUNSET   732 PM MDT
SEPTEMBER  1 2014.....SUNRISE   628 AM MDT   SUNSET   730 PM MDT


-  INDICATES NEGATIVE NUMBERS.
R  INDICATES RECORD WAS SET OR TIED.
MM INDICATES DATA IS MISSING.
T  INDICATES TRACE AMOUNT.




$$
