000
CDUS42 KMFL 280825
CLIAPF


CLIMATE REPORT
NATIONAL WEATHER SERVICE MIAMI, FL
424 AM EDT FRI APR 28 2017


...................................

...THE NAPLES CLIMATE SUMMARY FOR APRIL 27 2017...

CLIMATE NORMAL PERIOD 1981 TO 2010
CLIMATE RECORD PERIOD 1942 TO 2017


WEATHER ITEM   OBSERVED TIME   RECORD YEAR NORMAL DEPARTURE LAST
                VALUE   (LST)  VALUE       VALUE  FROM      YEAR
                                                  NORMAL
..................................................................
TEMPERATURE (F)
 YESTERDAY
  MAXIMUM         89    322 PM  93    2011  85      4       86
  MINIMUM         73    652 AM  51    1983  65      8       69
  AVERAGE         81                        75      6       78

PRECIPITATION (IN)
  YESTERDAY        0.00          2.50 1982   0.06  -0.06     0.00
  MONTH TO DATE    0.89                      2.18  -1.29     0.47
  SINCE NOV 1      3.30                     12.00  -8.70    14.24
  SINCE JAN 1      2.95                      8.51  -5.56     9.62

SNOWFALL (IN)
  YESTERDAY        0.0
  MONTH TO DATE    0.0
  SINCE MAR 1      0.0
  SINCE JUL 1      0.0
  SNOW DEPTH       0

DEGREE DAYS
 HEATING
  YESTERDAY        0                         0      0        0
  MONTH TO DATE    0                         0      0        0
  SINCE MAR 1     11                        23    -12        4
  SINCE JUL 1     67                       256   -189      142

 COOLING
  YESTERDAY       16                        10      6       13
  MONTH TO DATE  297                       221     76      278
  SINCE MAR 1    494                       397     97      538
  SINCE JAN 1    817                       588    229      700
..................................................................


WIND (MPH)
  HIGHEST WIND SPEED    20   HIGHEST WIND DIRECTION    SW (210)
  HIGHEST GUST SPEED    23   HIGHEST GUST DIRECTION     S (200)
  AVERAGE WIND SPEED     8.8


SKY COVER
  AVERAGE SKY COVER 0.3


WEATHER CONDITIONS
 THE FOLLOWING WEATHER WAS RECORDED YESTERDAY.
  FOG
  HAZE


RELATIVE HUMIDITY (PERCENT)
 HIGHEST   100
 LOWEST     46
 AVERAGE    73

..........................................................


THE NAPLES CLIMATE NORMALS FOR TODAY
                         NORMAL    RECORD    YEAR
 MAXIMUM TEMPERATURE (F)   85        91      2011
 MINIMUM TEMPERATURE (F)   65        49      1978


SUNRISE AND SUNSET
APRIL 28 2017.........SUNRISE   652 AM EDT   SUNSET   757 PM EDT
APRIL 29 2017.........SUNRISE   651 AM EDT   SUNSET   758 PM EDT


-  INDICATES NEGATIVE NUMBERS.
R  INDICATES RECORD WAS SET OR TIED.
MM INDICATES DATA IS MISSING.
T  INDICATES TRACE AMOUNT.




$$
