000
CDUS42 KMFL 232025
CLIAPF


CLIMATE REPORT
NATIONAL WEATHER SERVICE MIAMI, FL
425 PM EDT TUE SEP 23 2014


...................................

...THE NAPLES CLIMATE SUMMARY FOR SEPTEMBER 23 2014...
VALID TODAY AS OF 0400 PM LOCAL TIME.

CLIMATE NORMAL PERIOD 1981 TO 2010
CLIMATE RECORD PERIOD 1942 TO 2014


WEATHER ITEM   OBSERVED TIME   RECORD YEAR NORMAL DEPARTURE LAST
                VALUE   (LST)  VALUE       VALUE  FROM      YEAR
                                                  NORMAL
..................................................................
TEMPERATURE (F)
 TODAY
  MAXIMUM         82    320 PM  98    1946  90     -8       87
  MINIMUM         72   1130 AM  67    1961  74     -2       76
  AVERAGE         77                        82     -5       82

PRECIPITATION (IN)
  TODAY            0.48          1.43 1955   0.28   0.20     0.13
  MONTH TO DATE    6.52                      6.02   0.50    10.05
  SINCE JUN 1     35.54                     30.69   4.85    35.72
  SINCE JAN 1     44.37                     42.54   1.83    46.06

SNOWFALL (IN)
  TODAY            0.0
  MONTH TO DATE    0.0
  SINCE SEP 1      0.0
  SINCE JUL 1      0.0
  SNOW DEPTH       0

DEGREE DAYS
 HEATING
  TODAY            0                         0      0
  MONTH TO DATE    0                         0      0
  SINCE SEP 1      0                         0      0
  SINCE JUL 1      0                         0      0

 COOLING
  TODAY           12                        17     -5
  MONTH TO DATE  391                       406    -15
  SINCE SEP 1    391                       406    -15
  SINCE JAN 1   3261                      3063    198
..................................................................


WIND (MPH)
  HIGHEST WIND SPEED     9   HIGHEST WIND DIRECTION     S (160)
  HIGHEST GUST SPEED    MM   HIGHEST GUST DIRECTION    MM
  AVERAGE WIND SPEED     5.7


SKY COVER
  AVERAGE SKY COVER 0.3


WEATHER CONDITIONS
 THE FOLLOWING WEATHER WAS RECORDED TODAY.
  THUNDERSTORM
  HEAVY RAIN
  RAIN
  LIGHT RAIN
  FOG
  HAZE


RELATIVE HUMIDITY (PERCENT)
 HIGHEST    94
 LOWEST     63
 AVERAGE    79

..........................................................


THE NAPLES CLIMATE NORMALS FOR TOMORROW
                         NORMAL    RECORD    YEAR
 MAXIMUM TEMPERATURE (F)   90        97      1946
 MINIMUM TEMPERATURE (F)   74        59      1993


SUNRISE AND SUNSET
SEPTEMBER 23 2014.....SUNRISE   716 AM EDT   SUNSET   722 PM EDT
SEPTEMBER 24 2014.....SUNRISE   716 AM EDT   SUNSET   721 PM EDT


-  INDICATES NEGATIVE NUMBERS.
R  INDICATES RECORD WAS SET OR TIED.
MM INDICATES DATA IS MISSING.
T  INDICATES TRACE AMOUNT.




$$
