157
CDUS42 KMFL 251016
CLIAPF


CLIMATE REPORT
NATIONAL WEATHER SERVICE MIAMI, FL
516 AM EST SAT FEB 25 2017


...................................

...THE NAPLES CLIMATE SUMMARY FOR FEBRUARY 24 2017...

CLIMATE NORMAL PERIOD 1981 TO 2010
CLIMATE RECORD PERIOD 1942 TO 2017


WEATHER ITEM   OBSERVED TIME   RECORD YEAR NORMAL DEPARTURE LAST
                VALUE   (LST)  VALUE       VALUE  FROM      YEAR
                                                  NORMAL
..................................................................
TEMPERATURE (F)
 YESTERDAY
  MAXIMUM         79   1245 PM  87    1997  78      1       81
  MINIMUM         66    703 AM  36    1964  58      8       65
  AVERAGE         73                        68      5       73

PRECIPITATION (IN)
  YESTERDAY        0.00          1.15 1979   0.08  -0.08     0.43
  MONTH TO DATE    1.13                      1.80  -0.67     1.16
  SINCE NOV 1      2.27                      7.14  -4.87    13.32
  SINCE JAN 1      1.92                      3.65  -1.73     8.70

SNOWFALL (IN)
  YESTERDAY        0.0
  MONTH TO DATE    0.0
  SINCE DEC 1      0.0
  SINCE JUL 1      0.0
  SNOW DEPTH       0

DEGREE DAYS
 HEATING
  YESTERDAY        0                         1     -1        0
  MONTH TO DATE    3                        45    -42       51
  SINCE DEC 1     52                       211   -159      118
  SINCE JUL 1     56                       225   -169      118

 COOLING
  YESTERDAY        8                         5      3        8
  MONTH TO DATE  129                        87     42       79
  SINCE DEC 1    550                       293    257      515
  SINCE JAN 1    283                       173    110      159
..................................................................


WIND (MPH)
  HIGHEST WIND SPEED    14   HIGHEST WIND DIRECTION     W (270)
  HIGHEST GUST SPEED    17   HIGHEST GUST DIRECTION     N (20)
  AVERAGE WIND SPEED     7.4


SKY COVER
  AVERAGE SKY COVER 0.6


WEATHER CONDITIONS
 THE FOLLOWING WEATHER WAS RECORDED YESTERDAY.
  NO SIGNIFICANT WEATHER WAS OBSERVED.


RELATIVE HUMIDITY (PERCENT)
 HIGHEST    97
 LOWEST     67
 AVERAGE    82

..........................................................


THE NAPLES CLIMATE NORMALS FOR TODAY
                         NORMAL    RECORD    YEAR
 MAXIMUM TEMPERATURE (F)   78        86      1971
                                             1962
 MINIMUM TEMPERATURE (F)   58        35      1989


SUNRISE AND SUNSET
FEBRUARY 25 2017......SUNRISE   654 AM EST   SUNSET   626 PM EST
FEBRUARY 26 2017......SUNRISE   653 AM EST   SUNSET   627 PM EST


-  INDICATES NEGATIVE NUMBERS.
R  INDICATES RECORD WAS SET OR TIED.
MM INDICATES DATA IS MISSING.
T  INDICATES TRACE AMOUNT.




$$
