000
CDUS42 KMFL 200839
CLIAPF


CLIMATE REPORT
NATIONAL WEATHER SERVICE MIAMI, FL
438 AM EDT SUN APR 20 2014


...................................

...THE NAPLES CLIMATE SUMMARY FOR APRIL 19 2014...

CLIMATE NORMAL PERIOD 1981 TO 2010
CLIMATE RECORD PERIOD 1942 TO 2014


WEATHER ITEM   OBSERVED TIME   RECORD YEAR NORMAL DEPARTURE LAST
                VALUE   (LST)  VALUE       VALUE  FROM      YEAR
                                                  NORMAL
..................................................................
TEMPERATURE (F)
 YESTERDAY
  MAXIMUM         78    144 PM  93    2011  84     -6       89
  MINIMUM         69   1126 PM  48    1997  64      5       73
  AVERAGE         74                        74      0

PRECIPITATION (IN)
  YESTERDAY        0.54          1.96 1989   0.09   0.45     0.00
  MONTH TO DATE    1.73                      1.59   0.14     2.47
  SINCE OCT 1      9.13                     15.60  -6.47    10.01
  SINCE JAN 1      6.79                      7.92  -1.13     4.91

SNOWFALL (IN)
  YESTERDAY        0.0
  MONTH TO DATE    0.0
  SINCE MAR 1      0.0
  SINCE JUL 1      0.0
  SNOW DEPTH       0

DEGREE DAYS
 HEATING
  YESTERDAY        0                         0      0
  MONTH TO DATE    0                         0      0
  SINCE MAR 1      7                        23    -16
  SINCE JUL 1    149                       256   -107

 COOLING
  YESTERDAY        9                         9      0
  MONTH TO DATE  189                       145     44
  SINCE MAR 1    347                       321     26
  SINCE JAN 1    620                       512    108
..................................................................


WIND (MPH)
  HIGHEST WIND SPEED    30   HIGHEST WIND DIRECTION    SW (220)
  HIGHEST GUST SPEED    41   HIGHEST GUST DIRECTION    SW (210)
  AVERAGE WIND SPEED    11.7


SKY COVER
  AVERAGE SKY COVER 0.4


WEATHER CONDITIONS
 THE FOLLOWING WEATHER WAS RECORDED YESTERDAY.
  THUNDERSTORM
  HEAVY RAIN
  RAIN
  LIGHT RAIN
  HAZE


RELATIVE HUMIDITY (PERCENT)
 HIGHEST    94
 LOWEST     64
 AVERAGE    79

..........................................................


THE NAPLES CLIMATE NORMALS FOR TODAY
                         NORMAL    RECORD    YEAR
 MAXIMUM TEMPERATURE (F)   84        91      1976
 MINIMUM TEMPERATURE (F)   64        48      1997


SUNRISE AND SUNSET
APRIL 20 2014.........SUNRISE   659 AM EDT   SUNSET   753 PM EDT
APRIL 21 2014.........SUNRISE   658 AM EDT   SUNSET   754 PM EDT


-  INDICATES NEGATIVE NUMBERS.
R  INDICATES RECORD WAS SET OR TIED.
MM INDICATES DATA IS MISSING.
T  INDICATES TRACE AMOUNT.




$$
