000
CDUS42 KMFL 080924
CLIAPF


CLIMATE REPORT
NATIONAL WEATHER SERVICE MIAMI, FL
424 AM EST THU DEC 8 2016


...................................

...THE NAPLES CLIMATE SUMMARY FOR DECEMBER 7 2016...

CLIMATE NORMAL PERIOD 1981 TO 2010
CLIMATE RECORD PERIOD 1942 TO 2016


WEATHER ITEM   OBSERVED TIME   RECORD YEAR NORMAL DEPARTURE LAST
                VALUE   (LST)  VALUE       VALUE  FROM      YEAR
                                                  NORMAL
..................................................................
TEMPERATURE (F)
 YESTERDAY
  MAXIMUM         82    318 PM  89    1978  78      4       76
                                      1972
  MINIMUM         71   1159 PM  39    2010  59     12       66
  AVERAGE         77                        68      9       71

PRECIPITATION (IN)
  YESTERDAY        0.00          1.73 1979   0.05  -0.05     0.48
  MONTH TO DATE    0.10                      0.32  -0.22     1.53
  SINCE NOV 1      0.10                      2.36  -2.26     4.51
  SINCE JAN 1     44.30                     50.76  -6.46    39.59

SNOWFALL (IN)
  YESTERDAY        0.0
  MONTH TO DATE    0.0
  SINCE DEC 1      0.0
  SINCE JUL 1      0.0
  SNOW DEPTH       0

DEGREE DAYS
 HEATING
  YESTERDAY        0                         2     -2        0
  MONTH TO DATE    0                         9     -9        0
  SINCE DEC 1      0                         9     -9        0
  SINCE JUL 1      4                        23    -19        0

 COOLING
  YESTERDAY       12                         5      7        6
  MONTH TO DATE   78                        35     43       74
  SINCE DEC 1     78                        35     43       74
  SINCE JAN 1   4230                      3854    376     4556
..................................................................


WIND (MPH)
  HIGHEST WIND SPEED    12   HIGHEST WIND DIRECTION    NE (60)
  HIGHEST GUST SPEED    17   HIGHEST GUST DIRECTION     N (360)
  AVERAGE WIND SPEED     4.5


SKY COVER
  AVERAGE SKY COVER 0.6


WEATHER CONDITIONS
 THE FOLLOWING WEATHER WAS RECORDED YESTERDAY.
  FOG
  FOG W/VISIBILITY <= 1/4 MILE
  HAZE


RELATIVE HUMIDITY (PERCENT)
 HIGHEST   100
 LOWEST     62
 AVERAGE    81

..........................................................


THE NAPLES CLIMATE NORMALS FOR TODAY
                         NORMAL    RECORD    YEAR
 MAXIMUM TEMPERATURE (F)   78        89      1972
 MINIMUM TEMPERATURE (F)   58        39      2010


SUNRISE AND SUNSET
DECEMBER  8 2016......SUNRISE   703 AM EST   SUNSET   536 PM EST
DECEMBER  9 2016......SUNRISE   703 AM EST   SUNSET   536 PM EST


-  INDICATES NEGATIVE NUMBERS.
R  INDICATES RECORD WAS SET OR TIED.
MM INDICATES DATA IS MISSING.
T  INDICATES TRACE AMOUNT.




$$
