000
CDUS42 KMFL 122116
CLIAPF


CLIMATE REPORT
NATIONAL WEATHER SERVICE MIAMI, FL
415 PM EST TUE DEC 12 2017


...................................

...THE NAPLES CLIMATE SUMMARY FOR DECEMBER 12 2017...
VALID TODAY AS OF 0400 PM LOCAL TIME.

CLIMATE NORMAL PERIOD 1981 TO 2010
CLIMATE RECORD PERIOD 1942 TO 2017


WEATHER ITEM   OBSERVED TIME   RECORD YEAR NORMAL DEPARTURE LAST
                VALUE   (LST)  VALUE       VALUE  FROM      YEAR
                                                  NORMAL
..................................................................
TEMPERATURE (F)
 TODAY
  MAXIMUM         74    320 PM  87    2001  77     -3       85
                                      1964
  MINIMUM         46    717 AM  30    1957  58    -12       67
  AVERAGE         60                        67     -7       76

PRECIPITATION (IN)
  TODAY            0.00          1.47 1967   0.05  -0.05     0.00
  MONTH TO DATE    1.06                      0.56   0.50     0.12
  SINCE NOV 1      1.15                      2.60  -1.45     0.12
  SINCE JAN 1     69.52                     51.00  18.52    44.32

SNOWFALL (IN)
  TODAY            0.0
  MONTH TO DATE    0.0
  SINCE DEC 1      0.0
  SINCE JUL 1      0.0
  SNOW DEPTH       0

DEGREE DAYS
 HEATING
  TODAY            5                         2      3        0
  MONTH TO DATE   28                        19      9        0
  SINCE DEC 1     28                        19      9        0
  SINCE JUL 1     32                        33     -1        4

 COOLING
  TODAY            0                         4     -4       11
  MONTH TO DATE   73                        58     15      110
  SINCE DEC 1     73                        58     15      110
  SINCE JAN 1   4273                      3877    396     4262
..................................................................


WIND (MPH)
  HIGHEST WIND SPEED    22   HIGHEST WIND DIRECTION     W (280)
  HIGHEST GUST SPEED    27   HIGHEST GUST DIRECTION     W (280)
  AVERAGE WIND SPEED     6.0


SKY COVER
  AVERAGE SKY COVER 0.1


WEATHER CONDITIONS
 THE FOLLOWING WEATHER WAS RECORDED TODAY.
  NO SIGNIFICANT WEATHER WAS OBSERVED.


RELATIVE HUMIDITY (PERCENT)
 HIGHEST    93
 LOWEST     49
 AVERAGE    71

..........................................................


THE NAPLES CLIMATE NORMALS FOR TOMORROW
                         NORMAL    RECORD    YEAR
 MAXIMUM TEMPERATURE (F)   77        88      1972
 MINIMUM TEMPERATURE (F)   57        27      1962


SUNRISE AND SUNSET
DECEMBER 12 2017......SUNRISE   705 AM EST   SUNSET   537 PM EST
DECEMBER 13 2017......SUNRISE   706 AM EST   SUNSET   537 PM EST


-  INDICATES NEGATIVE NUMBERS.
R  INDICATES RECORD WAS SET OR TIED.
MM INDICATES DATA IS MISSING.
T  INDICATES TRACE AMOUNT.




$$
