000
CDUS42 KMFL 282119
CLIAPF


CLIMATE REPORT
NATIONAL WEATHER SERVICE MIAMI, FL
419 PM EST SUN DEC 28 2014


...................................

...THE NAPLES CLIMATE SUMMARY FOR DECEMBER 28 2014...
VALID TODAY AS OF 0400 PM LOCAL TIME.

CLIMATE NORMAL PERIOD 1981 TO 2010
CLIMATE RECORD PERIOD 1942 TO 2014


WEATHER ITEM   OBSERVED TIME   RECORD YEAR NORMAL DEPARTURE LAST
                VALUE   (LST)  VALUE       VALUE  FROM      YEAR
                                                  NORMAL
..................................................................
TEMPERATURE (F)
 TODAY
  MAXIMUM         81    353 PM  88    1990  75      6       82
  MINIMUM         64   1153 AM  33    1977  55      9       67
  AVERAGE         73                        65      8       75

PRECIPITATION (IN)
  TODAY            0.00          2.23 1978   0.04  -0.04     0.00
  MONTH TO DATE    0.25                      1.34  -1.09     0.09
  SINCE NOV 1      1.30                      3.38  -2.08     0.87
  SINCE JAN 1     50.66                     51.78  -1.12    49.09

SNOWFALL (IN)
  TODAY            0.0
  MONTH TO DATE    0.0
  SINCE DEC 1      0.0
  SINCE JUL 1      0.0
  SNOW DEPTH       0

DEGREE DAYS
 HEATING
  TODAY            0                         3     -3
  MONTH TO DATE   51                        52     -1
  SINCE DEC 1     51                        52     -1
  SINCE JUL 1     80                        66     14

 COOLING
  TODAY            8                         3      5
  MONTH TO DATE  124                       113     11
  SINCE DEC 1    124                       113     11
  SINCE JAN 1   4072                      3932    140
..................................................................


WIND (MPH)
  HIGHEST WIND SPEED    13   HIGHEST WIND DIRECTION     S (200)
  HIGHEST GUST SPEED    18   HIGHEST GUST DIRECTION    SE (150)
  AVERAGE WIND SPEED     4.6


SKY COVER
  AVERAGE SKY COVER 0.5


WEATHER CONDITIONS
 THE FOLLOWING WEATHER WAS RECORDED TODAY.
  FOG
  FOG W/VISIBILITY <= 1/4 MILE
  HAZE


RELATIVE HUMIDITY (PERCENT)
 HIGHEST   100
 LOWEST     58
 AVERAGE    79

..........................................................


THE NAPLES CLIMATE NORMALS FOR TOMORROW
                         NORMAL    RECORD    YEAR
 MAXIMUM TEMPERATURE (F)   75        88      1990
 MINIMUM TEMPERATURE (F)   55        38      2010
                                             1977


SUNRISE AND SUNSET
DECEMBER 28 2014......SUNRISE   713 AM EST   SUNSET   544 PM EST
DECEMBER 29 2014......SUNRISE   714 AM EST   SUNSET   545 PM EST


-  INDICATES NEGATIVE NUMBERS.
R  INDICATES RECORD WAS SET OR TIED.
MM INDICATES DATA IS MISSING.
T  INDICATES TRACE AMOUNT.




$$
