000
CDUS43 KAPX 160527
CLIAPN


CLIMATE REPORT
NATIONAL WEATHER SERVICE GAYLORD MI
127 AM EDT WED AUG 16 2017


...................................

...THE ALPENA MI CLIMATE SUMMARY FOR AUGUST 15 2017...

CLIMATE NORMAL PERIOD 1981 TO 2010
CLIMATE RECORD PERIOD 1916 TO 2017


WEATHER ITEM   OBSERVED TIME   RECORD YEAR NORMAL DEPARTURE LAST
                VALUE   (LST)  VALUE       VALUE  FROM      YEAR
                                                  NORMAL
..................................................................
TEMPERATURE (F)
 YESTERDAY
  MAXIMUM         79    416 PM  94    1991  77      2       84
  MINIMUM         59   1158 PM  36    1968  54      5       60
  AVERAGE         69                        66      3       72

PRECIPITATION (IN)
  YESTERDAY        T             1.20 1938   0.11  -0.11     0.00
  MONTH TO DATE    1.98                      1.50   0.48     0.59
  SINCE JUN 1     10.39                      7.15   3.24     4.57
  SINCE JAN 1     25.70                     17.05   8.65    19.30

DEGREE DAYS
 HEATING
  YESTERDAY        0                         2     -2        0
  MONTH TO DATE    4                        26    -22        0
  SINCE JUN 1     94                       213   -119      125
  SINCE JUL 1     11                        70    -59       17

 COOLING
  YESTERDAY        4                         3      1        7
  MONTH TO DATE   43                        46     -3      120
  SINCE JUN 1    226                       218      8      376
  SINCE JAN 1    232                       231      1      408
..................................................................


WIND (MPH)
  HIGHEST WIND SPEED    14   HIGHEST WIND DIRECTION     N (350)
  HIGHEST GUST SPEED    18   HIGHEST GUST DIRECTION     N (350)
  AVERAGE WIND SPEED     5.3




RELATIVE HUMIDITY (PERCENT)
 HIGHEST   100
 LOWEST     47
 AVERAGE    74

..........................................................


THE ALPENA MI CLIMATE NORMALS FOR TODAY
                         NORMAL    RECORD    YEAR
 MAXIMUM TEMPERATURE (F)   77        93      2015
                                             1955
 MINIMUM TEMPERATURE (F)   54        35      1963
                                             1960


SUNRISE AND SUNSET
AUGUST 16 2017........SUNRISE   637 AM EDT   SUNSET   839 PM EDT
AUGUST 17 2017........SUNRISE   639 AM EDT   SUNSET   837 PM EDT


-  INDICATES NEGATIVE NUMBERS.
R  INDICATES RECORD WAS SET OR TIED.
MM INDICATES DATA IS MISSING.
T  INDICATES TRACE AMOUNT.




$$
