000
CDUS43 KAPX 030533
CLIAPN


CLIMATE REPORT
NATIONAL WEATHER SERVICE GAYLORD MI
1232 AM EST SAT DEC 3 2016


...................................

...THE ALPENA MI CLIMATE SUMMARY FOR DECEMBER 2 2016...

CLIMATE NORMAL PERIOD 1981 TO 2010
CLIMATE RECORD PERIOD 1916 TO 2016


WEATHER ITEM   OBSERVED TIME   RECORD YEAR NORMAL DEPARTURE LAST
                VALUE   (LST)  VALUE       VALUE  FROM      YEAR
                                                  NORMAL
..................................................................
TEMPERATURE (F)
 YESTERDAY
  MAXIMUM         39    703 PM  60    1982  36      3       39
  MINIMUM         34    506 AM  -6    1930  23     11       23
  AVERAGE         37                        30      7       31

PRECIPITATION (IN)
  YESTERDAY        0.03          0.86 1921   0.07  -0.04     0.01
  MONTH TO DATE    0.07                      0.13  -0.06     0.07
  SINCE DEC 1      0.07                      0.13  -0.06     0.07
  SINCE JAN 1     27.91                     26.54   1.37    20.36

SNOWFALL (IN)
  YESTERDAY        T            11.9  1980   0.6   -0.6      0.0
  MONTH TO DATE    T                         1.1   -1.1      0.0
  SINCE OCT 1      1.8                       9.2   -7.4      1.7
  SINCE JUL 1      1.8                       9.2   -7.4      1.7
  SNOW DEPTH       0

DEGREE DAYS
 HEATING
  YESTERDAY       28                        35     -7       34
  MONTH TO DATE   53                        70    -17       58
  SINCE DEC 1     53                        70    -17       58
  SINCE JUL 1   1262                      1893   -631     1431
..................................................................


WIND (MPH)
  HIGHEST WIND SPEED    15   HIGHEST WIND DIRECTION     W (290)
  HIGHEST GUST SPEED    24   HIGHEST GUST DIRECTION    NW (300)
  AVERAGE WIND SPEED     9.2




RELATIVE HUMIDITY (PERCENT)
 HIGHEST    92
 LOWEST     75
 AVERAGE    84

..........................................................


THE ALPENA MI CLIMATE NORMALS FOR TODAY
                         NORMAL    RECORD    YEAR
 MAXIMUM TEMPERATURE (F)   36        64      1982
 MINIMUM TEMPERATURE (F)   23        -9      1940


SUNRISE AND SUNSET
DECEMBER  3 2016......SUNRISE   755 AM EST   SUNSET   453 PM EST
DECEMBER  4 2016......SUNRISE   756 AM EST   SUNSET   453 PM EST


-  INDICATES NEGATIVE NUMBERS.
R  INDICATES RECORD WAS SET OR TIED.
MM INDICATES DATA IS MISSING.
T  INDICATES TRACE AMOUNT.




$$
