000
CDUS43 KAPX 250540
CLIAPN


CLIMATE REPORT
NATIONAL WEATHER SERVICE GAYLORD MI
138 AM EDT MON MAY 25 2015


...................................

...THE ALPENA MI CLIMATE SUMMARY FOR MAY 24 2015...

CLIMATE NORMAL PERIOD 1981 TO 2010
CLIMATE RECORD PERIOD 1916 TO 2015


WEATHER ITEM   OBSERVED TIME   RECORD YEAR NORMAL DEPARTURE LAST
                VALUE   (LST)  VALUE       VALUE  FROM      YEAR
                                                  NORMAL
..................................................................
TEMPERATURE (F)
 YESTERDAY
  MAXIMUM         79   1251 PM  88    2007  67     12       77
  MINIMUM         45    129 AM  24    1963  43      2       48
  AVERAGE         62                        55      7       63

PRECIPITATION (IN)
  YESTERDAY        0.05          0.80 2003   0.09  -0.04     0.00
  MONTH TO DATE    1.83                      2.02  -0.19     2.31
  SINCE MAR 1      4.93                      6.27  -1.34     8.97
  SINCE JAN 1      6.72                      9.25  -2.53    11.50

DEGREE DAYS
 HEATING
  YESTERDAY        3                        11     -8        2
  MONTH TO DATE  263                       333    -70      359
  SINCE MAR 1   2141                      2160    -19     2539
  SINCE JUL 1   8404                      7892    512     9028

 COOLING
  YESTERDAY        0                         1     -1        0
  MONTH TO DATE    8                         1      7        0
  SINCE MAR 1      8                         3      5        0
  SINCE JAN 1      8                         3      5        0
..................................................................


WIND (MPH)
  HIGHEST WIND SPEED    16   HIGHEST WIND DIRECTION    SW (210)
  HIGHEST GUST SPEED    21   HIGHEST GUST DIRECTION    SW (220)
  AVERAGE WIND SPEED     5.8




RELATIVE HUMIDITY (PERCENT)
 HIGHEST    87
 LOWEST     28
 AVERAGE    58

..........................................................


THE ALPENA MI CLIMATE NORMALS FOR TODAY
                         NORMAL    RECORD    YEAR
 MAXIMUM TEMPERATURE (F)   68        87      1965
 MINIMUM TEMPERATURE (F)   43        26      1934


SUNRISE AND SUNSET
MAY 25 2015...........SUNRISE   556 AM EDT   SUNSET   907 PM EDT
MAY 26 2015...........SUNRISE   555 AM EDT   SUNSET   908 PM EDT


-  INDICATES NEGATIVE NUMBERS.
R  INDICATES RECORD WAS SET OR TIED.
MM INDICATES DATA IS MISSING.
T  INDICATES TRACE AMOUNT.




$$
