000
CDUS43 KAPX 200528
CLIAPN


CLIMATE REPORT
NATIONAL WEATHER SERVICE GAYLORD MI
128 AM EDT SUN APR 20 2014


...................................

...THE ALPENA MI CLIMATE SUMMARY FOR APRIL 19 2014...

CLIMATE NORMAL PERIOD 1981 TO 2010
CLIMATE RECORD PERIOD 1916 TO 2014


WEATHER ITEM   OBSERVED TIME   RECORD YEAR NORMAL DEPARTURE LAST
                VALUE   (LST)  VALUE       VALUE  FROM      YEAR
                                                  NORMAL
..................................................................
TEMPERATURE (F)
 YESTERDAY
  MAXIMUM         43    145 PM  83    2005  54    -11       56
  MINIMUM         25    628 AM   9    1918  32     -7       29
  AVERAGE         34                        43     -9       43

PRECIPITATION (IN)
  YESTERDAY        0.00          1.64 1955   0.07  -0.07     0.11
  MONTH TO DATE    3.22                      1.54   1.68     3.94
  SINCE MAR 1      4.39                      3.40   0.99     5.32
  SINCE JAN 1      6.92                      6.38   0.54     9.80

SNOWFALL (IN)
  YESTERDAY        0.0           5.4  2011   0.1   -0.1       T
  MONTH TO DATE    1.2                       4.8   -3.6      2.8
  SINCE OCT 1     64.0                      83.1  -19.1     48.3
  SINCE JUL 1     64.0                      83.1  -19.1     48.3
  SNOW DEPTH       0

DEGREE DAYS
 HEATING
  YESTERDAY       31                        22      9       22
  MONTH TO DATE  535                       487     48      562
  SINCE MAR 1   1933                      1611    322     1703
  SINCE JUL 1   8422                      7343   1079     7013

 COOLING
  YESTERDAY        0                         0      0        0
  MONTH TO DATE    0                         0      0        0
  SINCE MAR 1      0                         0      0        0
  SINCE JAN 1      0                         0      0        0
..................................................................


WIND (MPH)
  HIGHEST WIND SPEED    16   HIGHEST WIND DIRECTION    SE (130)
  HIGHEST GUST SPEED    19   HIGHEST GUST DIRECTION    SE (120)
  AVERAGE WIND SPEED     7.6




RELATIVE HUMIDITY (PERCENT)
 HIGHEST   100
 LOWEST     55
 AVERAGE    78

..........................................................


THE ALPENA MI CLIMATE NORMALS FOR TODAY
                         NORMAL    RECORD    YEAR
 MAXIMUM TEMPERATURE (F)   55        86      1987
 MINIMUM TEMPERATURE (F)   33        18      1928


SUNRISE AND SUNSET
APRIL 20 2014.........SUNRISE   641 AM EDT   SUNSET   826 PM EDT
APRIL 21 2014.........SUNRISE   639 AM EDT   SUNSET   827 PM EDT


-  INDICATES NEGATIVE NUMBERS.
R  INDICATES RECORD WAS SET OR TIED.
MM INDICATES DATA IS MISSING.
T  INDICATES TRACE AMOUNT.




$$
