000
CDUS43 KAPX 152232
CLIAPN


CLIMATE REPORT
NATIONAL WEATHER SERVICE GAYLORD MI
532 PM EST FRI DEC 15 2017


...................................

...THE ALPENA MI CLIMATE SUMMARY FOR DECEMBER 15 2017...
VALID TODAY AS OF 0500 PM LOCAL TIME.

CLIMATE NORMAL PERIOD 1981 TO 2010
CLIMATE RECORD PERIOD 1916 TO 2017


WEATHER ITEM   OBSERVED TIME   RECORD YEAR NORMAL DEPARTURE LAST
                VALUE   (LST)  VALUE       VALUE  FROM      YEAR
                                                  NORMAL
..................................................................
TEMPERATURE (F)
 TODAY
  MAXIMUM         27    312 PM  59    1997  32     -5       19
  MINIMUM         18   1254 AM  -7    1917  19     -1        6
  AVERAGE         23                        25     -2       13

PRECIPITATION (IN)
  TODAY            0.06          1.19 1971   0.05   0.01     0.01
  MONTH TO DATE    0.61                      0.91  -0.30     0.72
  SINCE DEC 1      0.61                      0.91  -0.30     0.72
  SINCE JAN 1     39.52                     27.32  12.20    28.56

SNOWFALL (IN)
  TODAY            0.5           8.4  2005   0.7             0.5
  MONTH TO DATE    6.3                       8.9            10.8
  SINCE OCT 1      6.8                      17.0            12.6
  SINCE JUL 1      6.8                      17.0            12.6

DEGREE DAYS
 HEATING
  TODAY           42                        40      2       52
  MONTH TO DATE  583                       563     20      555
  SINCE DEC 1    583                       563     20      555
  SINCE JUL 1   2087                      2386   -299     1764
..................................................................


WIND (MPH)
  RESULTANT WIND SPEED   6   RESULTANT WIND DIRECTION   S (200)
  HIGHEST WIND SPEED    14   HIGHEST WIND DIRECTION    SW (210)
  HIGHEST GUST SPEED    18   HIGHEST GUST DIRECTION     W (260)
  AVERAGE WIND SPEED     7.5


SKY COVER
  POSSIBLE SUNSHINE  MM
  AVERAGE SKY COVER 1.0


WEATHER CONDITIONS
 THE FOLLOWING WEATHER WAS RECORDED TODAY.
  LIGHT SNOW
  FOG


RELATIVE HUMIDITY (PERCENT)
 HIGHEST    91
 LOWEST     73
 AVERAGE    82

..........................................................


THE ALPENA MI CLIMATE NORMALS FOR TOMORROW
                         NORMAL    RECORD    YEAR
 MAXIMUM TEMPERATURE (F)   31        57      1984
 MINIMUM TEMPERATURE (F)   18       -12      1980


SUNRISE AND SUNSET
DECEMBER 15 2017......SUNRISE   806 AM EST   SUNSET   453 PM EST
DECEMBER 16 2017......SUNRISE   807 AM EST   SUNSET   453 PM EST


-  INDICATES NEGATIVE NUMBERS.
R  INDICATES RECORD WAS SET OR TIED.
MM INDICATES DATA IS MISSING.
T  INDICATES TRACE AMOUNT.




$$
