000
CDUS43 KAPX 300527
CLIAPN


CLIMATE REPORT
NATIONAL WEATHER SERVICE GAYLORD MI
127 AM EDT SAT AUG 30 2014


...................................

...THE ALPENA MI CLIMATE SUMMARY FOR AUGUST 29 2014...

CLIMATE NORMAL PERIOD 1981 TO 2010
CLIMATE RECORD PERIOD 1916 TO 2014


WEATHER ITEM   OBSERVED TIME   RECORD YEAR NORMAL DEPARTURE LAST
                VALUE   (LST)  VALUE       VALUE  FROM      YEAR
                                                  NORMAL
..................................................................
TEMPERATURE (F)
 YESTERDAY
  MAXIMUM         70    522 PM  95    1991  75     -5       89
                                      1953
  MINIMUM         48   1206 AM  30    1982  52     -4       59
  AVERAGE         59                        63     -4       74

PRECIPITATION (IN)
  YESTERDAY        0.29          1.71 2009   0.10   0.19     0.00
  MONTH TO DATE    4.46                      3.01   1.45     1.05
  SINCE JUN 1      9.55                      8.66   0.89     6.61
  SINCE JAN 1     21.05                     18.56   2.49    21.54

DEGREE DAYS
 HEATING
  YESTERDAY        6                         4      2        0
  MONTH TO DATE   55                        64     -9       58
  SINCE JUN 1    236                       251    -15      247
  SINCE JUL 1    124                       108     16      111

 COOLING
  YESTERDAY        0                         2     -2        9
  MONTH TO DATE   30                        76    -46       92
  SINCE JUN 1    136                       248   -112      285
  SINCE JAN 1    141                       261   -120      298
..................................................................


WIND (MPH)
  HIGHEST WIND SPEED    18   HIGHEST WIND DIRECTION    SE (150)
  HIGHEST GUST SPEED    25   HIGHEST GUST DIRECTION    SE (150)
  AVERAGE WIND SPEED     7.8




RELATIVE HUMIDITY (PERCENT)
 HIGHEST    97
 LOWEST     73
 AVERAGE    85

..........................................................


THE ALPENA MI CLIMATE NORMALS FOR TODAY
                         NORMAL    RECORD    YEAR
 MAXIMUM TEMPERATURE (F)   75        96      1925
 MINIMUM TEMPERATURE (F)   51        29      1934


SUNRISE AND SUNSET
AUGUST 30 2014........SUNRISE   654 AM EDT   SUNSET   815 PM EDT
AUGUST 31 2014........SUNRISE   655 AM EDT   SUNSET   813 PM EDT


-  INDICATES NEGATIVE NUMBERS.
R  INDICATES RECORD WAS SET OR TIED.
MM INDICATES DATA IS MISSING.
T  INDICATES TRACE AMOUNT.




$$
