000
CDUS43 KAPX 250529
CLIAPN


CLIMATE REPORT
NATIONAL WEATHER SERVICE GAYLORD MI
128 AM EDT SAT MAR 25 2017


...................................

...THE ALPENA MI CLIMATE SUMMARY FOR MARCH 24 2017...

CLIMATE NORMAL PERIOD 1981 TO 2010
CLIMATE RECORD PERIOD 1916 TO 2017


WEATHER ITEM   OBSERVED TIME   RECORD YEAR NORMAL DEPARTURE LAST
                VALUE   (LST)  VALUE       VALUE  FROM      YEAR
                                                  NORMAL
..................................................................
TEMPERATURE (F)
 YESTERDAY
  MAXIMUM         40    134 PM  66    1976  42     -2       30
                                      1963
  MINIMUM         32    512 AM  -4    1965  22     10       25
  AVERAGE         36                        32      4       28

PRECIPITATION (IN)
  YESTERDAY        0.58          0.95 1951   0.07   0.51     0.91
  MONTH TO DATE    1.72                      1.41   0.31     3.21
  SINCE MAR 1      1.72                      1.41   0.31     3.21
  SINCE JAN 1      7.21                      4.39   2.82     7.69

SNOWFALL (IN)
  YESTERDAY        T            10.1  2016   0.3   -0.3     10.1
  MONTH TO DATE   10.0                      10.1   -0.1     19.2
  SINCE OCT 1     63.5                      76.2  -12.7     66.6
  SINCE JUL 1     63.5                      76.2  -12.7     66.6
  SNOW DEPTH       0

DEGREE DAYS
 HEATING
  YESTERDAY       29                        33     -4       37
  MONTH TO DATE  934                       903     31      782
  SINCE MAR 1    934                       903     31      782
  SINCE JUL 1   5565                      6635  -1070     5564

 COOLING
  YESTERDAY        0                         0      0        0
  MONTH TO DATE    0                         0      0        0
  SINCE MAR 1      0                         0      0        0
  SINCE JAN 1      0                         0      0        0
..................................................................


WIND (MPH)
  HIGHEST WIND SPEED    16   HIGHEST WIND DIRECTION    SE (130)
  HIGHEST GUST SPEED    21   HIGHEST GUST DIRECTION    SE (130)
  AVERAGE WIND SPEED     6.1




RELATIVE HUMIDITY (PERCENT)
 HIGHEST   100
 LOWEST     75
 AVERAGE    88

..........................................................


THE ALPENA MI CLIMATE NORMALS FOR TODAY
                         NORMAL    RECORD    YEAR
 MAXIMUM TEMPERATURE (F)   42        69      1986
                                             1945
 MINIMUM TEMPERATURE (F)   23       -14      1960


SUNRISE AND SUNSET
MARCH 25 2017.........SUNRISE   728 AM EDT   SUNSET   754 PM EDT
MARCH 26 2017.........SUNRISE   726 AM EDT   SUNSET   755 PM EDT


-  INDICATES NEGATIVE NUMBERS.
R  INDICATES RECORD WAS SET OR TIED.
MM INDICATES DATA IS MISSING.
T  INDICATES TRACE AMOUNT.




$$
