000
CDUS44 KLCH 202216
CLIARA


CLIMATE REPORT
NATIONAL WEATHER SERVICE LAKE CHARLES, LA
516 PM CDT SUN AUG 20 2017


...................................

...THE NEW IBERIA CLIMATE SUMMARY FOR AUGUST 20 2017...
VALID TODAY AS OF 0500 PM LOCAL TIME.

CLIMATE NORMAL PERIOD 1981 TO 2010
CLIMATE RECORD PERIOD 1948 TO 2017


WEATHER ITEM   OBSERVED TIME   RECORD YEAR NORMAL DEPARTURE LAST
                VALUE   (LST)  VALUE       VALUE  FROM      YEAR
                                                  NORMAL
..................................................................
TEMPERATURE (F)
 TODAY
  MAXIMUM         94    343 PM  98    1948  92      2       90
  MINIMUM         73    534 AM  62    1976  74     -1       75
  AVERAGE         84                        83      1       83

PRECIPITATION (IN)
  TODAY            0.00          2.29 1969   0.16  -0.16     0.01
  MONTH TO DATE    7.11                      3.12   3.99    28.09
  SINCE JUN 1     24.86                     16.66   8.20    40.24
  SINCE JAN 1     43.10                     38.89   4.21    65.77

SNOWFALL (IN)
  TODAY            0.0           0.0    MM  MM               0.0
  MONTH TO DATE    0.0                      MM               0.0
  SINCE JUN 1      0.0                      MM               0.0
  SINCE JUL 1      0.0                      MM               0.0

DEGREE DAYS
 HEATING
  TODAY            0                         0      0        0
  MONTH TO DATE    0                         0      0        0
  SINCE JUN 1      0                         0      0        0
  SINCE JUL 1      0                         0      0        0

 COOLING
  TODAY           19                        18      1       18
  MONTH TO DATE  366                       360      6      353
  SINCE JUN 1   1382                      1378      4     1454
  SINCE JAN 1   2129                      1948    181     2080
..................................................................


WIND (MPH)
  RESULTANT WIND SPEED   3   RESULTANT WIND DIRECTION   E (100)
  HIGHEST WIND SPEED    10   HIGHEST WIND DIRECTION     E (110)
  HIGHEST GUST SPEED    13   HIGHEST GUST DIRECTION     E (80)
  AVERAGE WIND SPEED     3.4


SKY COVER
  POSSIBLE SUNSHINE  MM
  AVERAGE SKY COVER 0.0


WEATHER CONDITIONS
 THE FOLLOWING WEATHER WAS RECORDED TODAY.
  FOG


RELATIVE HUMIDITY (PERCENT)
 HIGHEST    93           200 AM
 LOWEST     46           300 PM
 AVERAGE    70

..........................................................


THE NEW IBERIA CLIMATE NORMALS FOR TOMORROW
                         NORMAL    RECORD    YEAR
 MAXIMUM TEMPERATURE (F)   92        98      1948
 MINIMUM TEMPERATURE (F)   74        65      1957


SUNRISE AND SUNSET
AUGUST 20 2017........SUNRISE   638 AM CDT   SUNSET   743 PM CDT
AUGUST 21 2017........SUNRISE   639 AM CDT   SUNSET   742 PM CDT


-  INDICATES NEGATIVE NUMBERS.
R  INDICATES RECORD WAS SET OR TIED.
MM INDICATES DATA IS MISSING.
T  INDICATES TRACE AMOUNT.




$$
