000
CDUS44 KLCH 180814
CLIARA


CLIMATE REPORT
NATIONAL WEATHER SERVICE LAKE CHARLES, LA
212 AM CST MON DEC 18 2017


...................................

...THE NEW IBERIA CLIMATE SUMMARY FOR DECEMBER 17 2017...

CLIMATE NORMAL PERIOD 1981 TO 2010
CLIMATE RECORD PERIOD 1948 TO 2017


WEATHER ITEM   OBSERVED TIME   RECORD YEAR NORMAL DEPARTURE LAST
                VALUE   (LST)  VALUE       VALUE  FROM      YEAR
                                                  NORMAL
..................................................................
TEMPERATURE (F)
 YESTERDAY
  MAXIMUM         69    435 AM  81    1956  64      5       79
  MINIMUM         59   1210 AM  26    1963  44     15       70
  AVERAGE         64                        54     10       75

PRECIPITATION (IN)
  YESTERDAY        1.52          2.80 2009   0.17   1.35     0.00
  MONTH TO DATE    7.06                      3.02   4.04     5.24
  SINCE DEC 1      7.06                      3.02   4.04     5.24
  SINCE JAN 1     66.81                     57.71   9.10    82.52

SNOWFALL (IN)
  YESTERDAY        0.0           0.0    MM  MM               0.0
  MONTH TO DATE    2.4                      MM               0.0
  SINCE DEC 1      2.4                      MM               0.0
  SINCE JUL 1      2.4                      MM               0.0

DEGREE DAYS
 HEATING
  YESTERDAY        1                        12    -11        0
  MONTH TO DATE  217                       179     38      141
  SINCE DEC 1    217                       179     38      141
  SINCE JUL 1    396                       374     22      236

 COOLING
  YESTERDAY        0                         1     -1       10
  MONTH TO DATE    4                        17    -13       23
  SINCE DEC 1      4                        17    -13       23
  SINCE JAN 1   3091                      2809    282     3166
..................................................................


WIND (MPH)
  RESULTANT WIND SPEED   5   RESULTANT WIND DIRECTION   S (170)
  HIGHEST WIND SPEED    23   HIGHEST WIND DIRECTION    SE (150)
  HIGHEST GUST SPEED    29   HIGHEST GUST DIRECTION     S (160)
  AVERAGE WIND SPEED     6.3


SKY COVER
  POSSIBLE SUNSHINE  MM
  AVERAGE SKY COVER 1.0


WEATHER CONDITIONS
 THE FOLLOWING WEATHER WAS RECORDED YESTERDAY.
  HEAVY RAIN
  RAIN
  LIGHT RAIN
  FOG


RELATIVE HUMIDITY (PERCENT)
 HIGHEST   100           700 PM
 LOWEST     80          1200 AM
 AVERAGE    90

..........................................................


THE NEW IBERIA CLIMATE NORMALS FOR TODAY
                         NORMAL    RECORD    YEAR
 MAXIMUM TEMPERATURE (F)   64        77      2008
                                             1990
 MINIMUM TEMPERATURE (F)   44        24      1979


SUNRISE AND SUNSET
DECEMBER 18 2017......SUNRISE   658 AM CST   SUNSET   511 PM CST
DECEMBER 19 2017......SUNRISE   658 AM CST   SUNSET   511 PM CST


-  INDICATES NEGATIVE NUMBERS.
R  INDICATES RECORD WAS SET OR TIED.
MM INDICATES DATA IS MISSING.
T  INDICATES TRACE AMOUNT.




$$
