740
CDUS44 KLCH 222230
CLIARA


CLIMATE REPORT
NATIONAL WEATHER SERVICE LAKE CHARLES, LA
429 PM CST WED FEB 22 2017


...................................

...THE NEW IBERIA CLIMATE SUMMARY FOR FEBRUARY 22 2017...
VALID TODAY AS OF 0400 PM LOCAL TIME.

CLIMATE NORMAL PERIOD 1981 TO 2010
CLIMATE RECORD PERIOD 1948 TO 2017


WEATHER ITEM   OBSERVED TIME   RECORD YEAR NORMAL DEPARTURE LAST
                VALUE   (LST)  VALUE       VALUE  FROM      YEAR
                                                  NORMAL
..................................................................
TEMPERATURE (F)
 TODAY
  MAXIMUM         74    359 PM  82    2005  67      7       69
  MINIMUM         58   1207 AM  23    1978  47     11       59
  AVERAGE         66                        57      9       64

PRECIPITATION (IN)
  TODAY            0.02          1.81 1952   0.16  -0.14     1.15
  MONTH TO DATE    0.30                      3.28  -2.98     3.04
  SINCE DEC 1     11.44                     13.50  -2.06    12.33
  SINCE JAN 1      2.74                      8.50  -5.76     9.31

SNOWFALL (IN)
  TODAY            0.0           T    1963  MM               0.0
  MONTH TO DATE    0.0                      MM               0.0
  SINCE DEC 1      0.0                      MM               0.0
  SINCE JUL 1      0.0                      MM               0.0

DEGREE DAYS
 HEATING
  TODAY            0                         9     -9        1
  MONTH TO DATE   73                       232   -159      193
  SINCE DEC 1    521                       974   -453      779
  SINCE JUL 1    616                      1169   -553      850

 COOLING
  TODAY            1                         1      0        0
  MONTH TO DATE   52                        18     34        9
  SINCE DEC 1    183                        52    131       93
  SINCE JAN 1    116                        30     86       10
..................................................................


WIND (MPH)
  RESULTANT WIND SPEED   6   RESULTANT WIND DIRECTION   N (350)
  HIGHEST WIND SPEED    13   HIGHEST WIND DIRECTION     N (360)
  HIGHEST GUST SPEED    17   HIGHEST GUST DIRECTION     W (270)
  AVERAGE WIND SPEED     7.4


SKY COVER
  POSSIBLE SUNSHINE  MM
  AVERAGE SKY COVER 0.7


WEATHER CONDITIONS
 THE FOLLOWING WEATHER WAS RECORDED TODAY.
  LIGHT RAIN
  FOG


RELATIVE HUMIDITY (PERCENT)
 HIGHEST    90           200 AM
 LOWEST     49           200 PM
 AVERAGE    70

..........................................................


THE NEW IBERIA CLIMATE NORMALS FOR TOMORROW
                         NORMAL    RECORD    YEAR
 MAXIMUM TEMPERATURE (F)   68        81      2011
 MINIMUM TEMPERATURE (F)   47        28      1989


SUNRISE AND SUNSET
FEBRUARY 22 2017......SUNRISE   640 AM CST   SUNSET   602 PM CST
FEBRUARY 23 2017......SUNRISE   639 AM CST   SUNSET   603 PM CST


-  INDICATES NEGATIVE NUMBERS.
R  INDICATES RECORD WAS SET OR TIED.
MM INDICATES DATA IS MISSING.
T  INDICATES TRACE AMOUNT.




$$
