000
CDUS44 KLCH 290920
CLIARA


CLIMATE REPORT
NATIONAL WEATHER SERVICE LAKE CHARLES, LA
320 AM CST THU JAN 29 2015


...................................

...THE NEW IBERIA CLIMATE SUMMARY FOR JANUARY 28 2015...

CLIMATE NORMAL PERIOD 1981 TO 2010
CLIMATE RECORD PERIOD 1948 TO 2015


WEATHER ITEM   OBSERVED TIME   RECORD YEAR NORMAL DEPARTURE LAST
                VALUE   (LST)  VALUE       VALUE  FROM      YEAR
                                                  NORMAL
..................................................................
TEMPERATURE (F)
 YESTERDAY
  MAXIMUM         72    251 PM  80    1957  63      9       40
  MINIMUM         45    542 AM  26    2014  43      2       26
                                      2004
  AVERAGE         59                        53      6       33

PRECIPITATION (IN)
  YESTERDAY        0.00          1.14 1997   0.17  -0.17     0.07
  MONTH TO DATE    4.37                      4.67  -0.30     2.35
  SINCE DEC 1      6.08                      9.67  -3.59     4.91
  SINCE JAN 1      4.37                      4.67  -0.30     2.35

SNOWFALL (IN)
  YESTERDAY        0.0           0.1  2014  MM               0.1
  MONTH TO DATE    0.0                      MM               0.1
  SINCE DEC 1      0.0                      MM               0.1
  SINCE JUL 1      0.0                      MM               0.1

DEGREE DAYS
 HEATING
  YESTERDAY        6                        12     -6       32
  MONTH TO DATE  415                       357     58      497
  SINCE DEC 1    659                       709    -50      899
  SINCE JUL 1    946                       904     42     1132

 COOLING
  YESTERDAY        0                         0      0        0
  MONTH TO DATE    2                         9     -7        0
  SINCE DEC 1     24                        31     -7       41
  SINCE JAN 1      2                         9     -7        0
..................................................................


WIND (MPH)
  RESULTANT WIND SPEED   4   RESULTANT WIND DIRECTION  SE (130)
  HIGHEST WIND SPEED    15   HIGHEST WIND DIRECTION    SE (120)
  HIGHEST GUST SPEED    18   HIGHEST GUST DIRECTION    SE (120)
  AVERAGE WIND SPEED     6.2


SKY COVER
  POSSIBLE SUNSHINE  MM
  AVERAGE SKY COVER 0.0


WEATHER CONDITIONS
 THE FOLLOWING WEATHER WAS RECORDED YESTERDAY.
  NO SIGNIFICANT WEATHER WAS OBSERVED.


RELATIVE HUMIDITY (PERCENT)
 HIGHEST    86           200 AM
 LOWEST     57           900 AM
 AVERAGE    72

..........................................................


THE NEW IBERIA CLIMATE NORMALS FOR TODAY
                         NORMAL    RECORD    YEAR
 MAXIMUM TEMPERATURE (F)   63        82      1999
 MINIMUM TEMPERATURE (F)   43        24      2014
                                             1961


SUNRISE AND SUNSET
JANUARY 29 2015.......SUNRISE   700 AM CST   SUNSET   542 PM CST
JANUARY 30 2015.......SUNRISE   659 AM CST   SUNSET   543 PM CST


-  INDICATES NEGATIVE NUMBERS.
R  INDICATES RECORD WAS SET OR TIED.
MM INDICATES DATA IS MISSING.
T  INDICATES TRACE AMOUNT.




$$
