053
CDUS44 KLCH 290806
CLIARA


CLIMATE REPORT
NATIONAL WEATHER SERVICE LAKE CHARLES, LA
305 AM CDT WED MAR 29 2017


...................................

...THE NEW IBERIA CLIMATE SUMMARY FOR MARCH 28 2017...

CLIMATE NORMAL PERIOD 1981 TO 2010
CLIMATE RECORD PERIOD 1948 TO 2017


WEATHER ITEM   OBSERVED TIME   RECORD YEAR NORMAL DEPARTURE LAST
                VALUE   (LST)  VALUE       VALUE  FROM      YEAR
                                                  NORMAL
..................................................................
TEMPERATURE (F)
 YESTERDAY
  MAXIMUM         83    142 PM  84    1961  75      8       81
  MINIMUM         68    642 AM  40    2013  53     15       61
                                      1958
  AVERAGE         76                        64     12       71

PRECIPITATION (IN)
  YESTERDAY        0.00          2.70 2001   0.13  -0.13      T
  MONTH TO DATE    1.43                      3.42  -1.99     3.71
  SINCE MAR 1      1.43                      3.42  -1.99     3.71
  SINCE JAN 1      4.23                     12.83  -8.60    13.94

SNOWFALL (IN)
  YESTERDAY        0.0           0.0    MM  MM               0.0
  MONTH TO DATE    0.0                      MM               0.0
  SINCE MAR 1      0.0                      MM               0.0
  SINCE JUL 1      0.0                      MM               0.0

DEGREE DAYS
 HEATING
  YESTERDAY        0                         3     -3        0
  MONTH TO DATE   71                       138    -67       65
  SINCE MAR 1     71                       138    -67       65
  SINCE JUL 1    700                      1354   -654      981

 COOLING
  YESTERDAY       11                         2      9        6
  MONTH TO DATE  110                        41     69       82
  SINCE MAR 1    110                        41     69       82
  SINCE JAN 1    245                        72    173       92
..................................................................


WIND (MPH)
  RESULTANT WIND SPEED   9   RESULTANT WIND DIRECTION   S (170)
  HIGHEST WIND SPEED    20   HIGHEST WIND DIRECTION     S (160)
  HIGHEST GUST SPEED    26   HIGHEST GUST DIRECTION    SE (150)
  AVERAGE WIND SPEED     9.9


SKY COVER
  POSSIBLE SUNSHINE  MM
  AVERAGE SKY COVER 0.3


WEATHER CONDITIONS
 THE FOLLOWING WEATHER WAS RECORDED YESTERDAY.
  FOG
  HAZE


RELATIVE HUMIDITY (PERCENT)
 HIGHEST    90          1200 AM
 LOWEST     55           100 PM
 AVERAGE    73

..........................................................


THE NEW IBERIA CLIMATE NORMALS FOR TODAY
                         NORMAL    RECORD    YEAR
 MAXIMUM TEMPERATURE (F)   75        86      2011
 MINIMUM TEMPERATURE (F)   53        29      1955


SUNRISE AND SUNSET
MARCH 29 2017.........SUNRISE   700 AM CDT   SUNSET   725 PM CDT
MARCH 30 2017.........SUNRISE   659 AM CDT   SUNSET   725 PM CDT


-  INDICATES NEGATIVE NUMBERS.
R  INDICATES RECORD WAS SET OR TIED.
MM INDICATES DATA IS MISSING.
T  INDICATES TRACE AMOUNT.




$$
