000
CDUS44 KLCH 251245
CLIARA


CLIMATE REPORT
NATIONAL WEATHER SERVICE LAKE CHARLES, LA
745 AM CDT SUN SEP 25 2016


...................................

...THE NEW IBERIA CLIMATE SUMMARY FOR SEPTEMBER 24 2016...

CLIMATE NORMAL PERIOD 1981 TO 2010
CLIMATE RECORD PERIOD 1948 TO 2016


WEATHER ITEM   OBSERVED TIME   RECORD YEAR NORMAL DEPARTURE LAST
                VALUE   (LST)  VALUE       VALUE  FROM      YEAR
                                                  NORMAL
..................................................................
TEMPERATURE (F)
 YESTERDAY
  MAXIMUM         92    115 PM  94    2013  87      5       90
                                      2012
                                      1998
  MINIMUM         72    530 AM  50    1975  67      5       70
  AVERAGE         82                        77      5       80

PRECIPITATION (IN)
  YESTERDAY        T             4.47 2005   0.15  -0.15     0.00
  MONTH TO DATE    7.75                      3.57   4.18     3.14
  SINCE SEP 1      7.75                      3.57   4.18     3.14
  SINCE JAN 1     75.10                     44.42  30.68    46.05

SNOWFALL (IN)
  YESTERDAY        0.0           0.0    MM  MM               0.0
  MONTH TO DATE    0.0                      MM               0.0
  SINCE SEP 1      0.0                      MM               0.0
  SINCE JUL 1      0.0                      MM               0.0

DEGREE DAYS
 HEATING
  YESTERDAY        0                         0      0        0
  MONTH TO DATE    0                         0      0        0
  SINCE SEP 1      0                         0      0        0
  SINCE JUL 1      0                         0      0        0

 COOLING
  YESTERDAY       17                        12      5       15
  MONTH TO DATE  438                       350     88      371
  SINCE SEP 1    438                       350     88      371
  SINCE JAN 1   2723                      2493    230     2721
..................................................................


WIND (MPH)
  RESULTANT WIND SPEED   4   RESULTANT WIND DIRECTION  SE (120)
  HIGHEST WIND SPEED    26   HIGHEST WIND DIRECTION     S (160)
  HIGHEST GUST SPEED    34   HIGHEST GUST DIRECTION    SE (140)
  AVERAGE WIND SPEED     4.7


SKY COVER
  POSSIBLE SUNSHINE  MM
  AVERAGE SKY COVER 0.2


WEATHER CONDITIONS
 THE FOLLOWING WEATHER WAS RECORDED YESTERDAY.
  THUNDERSTORM
  LIGHT RAIN


RELATIVE HUMIDITY (PERCENT)
 HIGHEST    88           700 AM
 LOWEST     49           100 PM
 AVERAGE    69

..........................................................


THE NEW IBERIA CLIMATE NORMALS FOR TODAY
                         NORMAL    RECORD    YEAR
 MAXIMUM TEMPERATURE (F)   86        93      2013
                                             1961
                                             1954
 MINIMUM TEMPERATURE (F)   67        55      1965


SUNRISE AND SUNSET
SEPTEMBER 25 2016.....SUNRISE   658 AM CDT   SUNSET   700 PM CDT
SEPTEMBER 26 2016.....SUNRISE   658 AM CDT   SUNSET   658 PM CDT


-  INDICATES NEGATIVE NUMBERS.
R  INDICATES RECORD WAS SET OR TIED.
MM INDICATES DATA IS MISSING.
T  INDICATES TRACE AMOUNT.




$$
