000
CDUS44 KLCH 232256
CLIARA


CLIMATE REPORT
NATIONAL WEATHER SERVICE LAKE CHARLES, LA
556 PM CDT WED JUL 23 2014


...................................

...THE NEW IBERIA CLIMATE SUMMARY FOR JULY 23 2014...
VALID TODAY AS OF 0500 PM LOCAL TIME.

CLIMATE NORMAL PERIOD 1981 TO 2010
CLIMATE RECORD PERIOD 1948 TO 2014


WEATHER ITEM   OBSERVED TIME   RECORD YEAR NORMAL DEPARTURE LAST
                VALUE   (LST)  VALUE       VALUE  FROM      YEAR
                                                  NORMAL
..................................................................
TEMPERATURE (F)
 TODAY
  MAXIMUM         92    314 PM  98    1948  92      0       93
  MINIMUM         74    533 AM  65    1970  74      0       76
  AVERAGE         83                        83      0       85

PRECIPITATION (IN)
  TODAY            0.00          2.69 1989   0.22  -0.22     0.00
  MONTH TO DATE    8.97                      4.93   4.04     6.27
  SINCE JUN 1     16.66                     11.83   4.83    12.46
  SINCE JAN 1     33.00                     34.06  -1.06    47.83

SNOWFALL (IN)
  TODAY            0.0           0.0    MM  MM               0.0
  MONTH TO DATE    0.0                      MM               0.0
  SINCE JUN 1      0.0                      MM               0.0
  SINCE JUL 1      0.0                      MM               0.0

DEGREE DAYS
 HEATING
  TODAY            0                         0      0        0
  MONTH TO DATE    0                         0      0        0
  SINCE JUN 1      0                         0      0        0
  SINCE JUL 1      0                         0      0        0

 COOLING
  TODAY           18                        18      0       20
  MONTH TO DATE  388                       403    -15      408
  SINCE JUN 1    895                       874     21      971
  SINCE JAN 1   1381                      1444    -63     1552
..................................................................


WIND (MPH)
  RESULTANT WIND SPEED   5   RESULTANT WIND DIRECTION  NE (50)
  HIGHEST WIND SPEED    12   HIGHEST WIND DIRECTION     S (170)
  HIGHEST GUST SPEED    15   HIGHEST GUST DIRECTION     S (190)
  AVERAGE WIND SPEED     6.6


SKY COVER
  POSSIBLE SUNSHINE  MM
  AVERAGE SKY COVER 0.1


WEATHER CONDITIONS
 THE FOLLOWING WEATHER WAS RECORDED TODAY.
  THUNDERSTORM
  FOG
  HAZE


RELATIVE HUMIDITY (PERCENT)
 HIGHEST    94           200 AM
 LOWEST     52           200 PM
 AVERAGE    73

..........................................................


THE NEW IBERIA CLIMATE NORMALS FOR TOMORROW
                         NORMAL    RECORD    YEAR
 MAXIMUM TEMPERATURE (F)   92       100      1948
 MINIMUM TEMPERATURE (F)   74        67      2000
                                             1970


SUNRISE AND SUNSET
JULY 23 2014..........SUNRISE   621 AM CDT   SUNSET   807 PM CDT
JULY 24 2014..........SUNRISE   622 AM CDT   SUNSET   806 PM CDT


-  INDICATES NEGATIVE NUMBERS.
R  INDICATES RECORD WAS SET OR TIED.
MM INDICATES DATA IS MISSING.
T  INDICATES TRACE AMOUNT.




$$
