000
CDUS44 KLCH 131245
CLIARA


CLIMATE REPORT
NATIONAL WEATHER SERVICE LAKE CHARLES, LA
645 AM CST SAT FEB 13 2016


...................................

...THE NEW IBERIA CLIMATE SUMMARY FOR FEBRUARY 12 2016...

CLIMATE NORMAL PERIOD 1981 TO 2010
CLIMATE RECORD PERIOD 1948 TO 2016


WEATHER ITEM   OBSERVED TIME   RECORD YEAR NORMAL DEPARTURE LAST
                VALUE   (LST)  VALUE       VALUE  FROM      YEAR
                                                  NORMAL
..................................................................
TEMPERATURE (F)
 YESTERDAY
  MAXIMUM         75    336 PM  80    1950  65     10       64
  MINIMUM         47    628 AM  24    1981  45      2       45
  AVERAGE         61                        55      6       55

PRECIPITATION (IN)
  YESTERDAY        0.00          2.26 1966   0.16  -0.16     0.00
  MONTH TO DATE    1.41                      1.67  -0.26     1.12
  SINCE DEC 1     10.70                     11.89  -1.19     7.20
  SINCE JAN 1      7.68                      6.89   0.79     5.49

SNOWFALL (IN)
  YESTERDAY        0.0           1.8  1958  MM               0.0
  MONTH TO DATE    0.0                      MM               0.0
  SINCE DEC 1      0.0                      MM               0.0
  SINCE JUL 1      0.0                      MM               0.0

DEGREE DAYS
 HEATING
  YESTERDAY        4                        11     -7       10
  MONTH TO DATE  149                       137     12      128
  SINCE DEC 1    735                       879   -144      813
  SINCE JUL 1    806                      1074   -268     1100

 COOLING
  YESTERDAY        0                         1     -1        0
  MONTH TO DATE    5                         8     -3        1
  SINCE DEC 1     89                        42     47       25
  SINCE JAN 1      6                        20    -14        3
..................................................................


WIND (MPH)
  RESULTANT WIND SPEED   5   RESULTANT WIND DIRECTION   W (260)
  HIGHEST WIND SPEED    18   HIGHEST WIND DIRECTION     W (260)
  HIGHEST GUST SPEED    23   HIGHEST GUST DIRECTION     W (270)
  AVERAGE WIND SPEED     5.9


SKY COVER
  POSSIBLE SUNSHINE  MM
  AVERAGE SKY COVER 0.5


WEATHER CONDITIONS
 THE FOLLOWING WEATHER WAS RECORDED YESTERDAY.
  FOG
  FOG W/VISIBILITY <= 1/4 MILE


RELATIVE HUMIDITY (PERCENT)
 HIGHEST   100          1200 AM
 LOWEST     50           300 PM
 AVERAGE    75

..........................................................


THE NEW IBERIA CLIMATE NORMALS FOR TODAY
                         NORMAL    RECORD    YEAR
 MAXIMUM TEMPERATURE (F)   65        81      2000
 MINIMUM TEMPERATURE (F)   45        21      1958


SUNRISE AND SUNSET
FEBRUARY 13 2016......SUNRISE   649 AM CST   SUNSET   554 PM CST
FEBRUARY 14 2016......SUNRISE   649 AM CST   SUNSET   555 PM CST


-  INDICATES NEGATIVE NUMBERS.
R  INDICATES RECORD WAS SET OR TIED.
MM INDICATES DATA IS MISSING.
T  INDICATES TRACE AMOUNT.




$$
