000
CDUS44 KLCH 232206
CLIARA


CLIMATE REPORT
NATIONAL WEATHER SERVICE LAKE CHARLES, LA
506 PM CDT TUE MAY 23 2017


...................................

...THE NEW IBERIA CLIMATE SUMMARY FOR MAY 23 2017...
VALID TODAY AS OF 0500 PM LOCAL TIME.

CLIMATE NORMAL PERIOD 1981 TO 2010
CLIMATE RECORD PERIOD 1948 TO 2017


WEATHER ITEM   OBSERVED TIME   RECORD YEAR NORMAL DEPARTURE LAST
                VALUE   (LST)  VALUE       VALUE  FROM      YEAR
                                                  NORMAL
..................................................................
TEMPERATURE (F)
 TODAY
  MAXIMUM         84    315 PM  97    2005  87     -3       88
  MINIMUM         71    708 AM  51    2001  69      2       68
  AVERAGE         78                        78      0       78

PRECIPITATION (IN)
  TODAY            0.00          2.61 1991   0.21  -0.21     0.00
  MONTH TO DATE    6.92                      3.06   3.86     4.53
  SINCE MAR 1     12.71                     10.90   1.81    14.82
  SINCE JAN 1     15.51                     20.31  -4.80    25.05

SNOWFALL (IN)
  TODAY            0.0           0.0    MM  MM               0.0
  MONTH TO DATE    0.0                      MM               0.0
  SINCE MAR 1      0.0                      MM               0.0
  SINCE JUL 1      0.0                      MM               0.0

DEGREE DAYS
 HEATING
  TODAY            0                         0      0        0
  MONTH TO DATE    4                         0      4        0
  SINCE MAR 1     87                       192   -105       81
  SINCE JUL 1    716                      1408   -692      997

 COOLING
  TODAY           13                        13      0       13
  MONTH TO DATE  191                       240    -49      213
  SINCE MAR 1    523                       429     94      499
  SINCE JAN 1    658                       460    198      509
..................................................................


WIND (MPH)
  RESULTANT WIND SPEED   5   RESULTANT WIND DIRECTION  NW (320)
  HIGHEST WIND SPEED    14   HIGHEST WIND DIRECTION    NW (300)
  HIGHEST GUST SPEED    17   HIGHEST GUST DIRECTION     W (290)
  AVERAGE WIND SPEED     7.9


SKY COVER
  POSSIBLE SUNSHINE  MM
  AVERAGE SKY COVER 0.7


WEATHER CONDITIONS
 THE FOLLOWING WEATHER WAS RECORDED TODAY.
  FOG


RELATIVE HUMIDITY (PERCENT)
 HIGHEST    93           100 AM
 LOWEST     55           200 PM
 AVERAGE    74

..........................................................


THE NEW IBERIA CLIMATE NORMALS FOR TOMORROW
                         NORMAL    RECORD    YEAR
 MAXIMUM TEMPERATURE (F)   87        95      2005
 MINIMUM TEMPERATURE (F)   69        56      1967


SUNRISE AND SUNSET
MAY 23 2017...........SUNRISE   610 AM CDT   SUNSET   759 PM CDT
MAY 24 2017...........SUNRISE   609 AM CDT   SUNSET   800 PM CDT


-  INDICATES NEGATIVE NUMBERS.
R  INDICATES RECORD WAS SET OR TIED.
MM INDICATES DATA IS MISSING.
T  INDICATES TRACE AMOUNT.




$$
