000
CDUS44 KLCH 260845
CLIARA


CLIMATE REPORT
NATIONAL WEATHER SERVICE LAKE CHARLES, LA
344 AM CDT SUN OCT 26 2014


...................................

...THE NEW IBERIA CLIMATE SUMMARY FOR OCTOBER 25 2014...

CLIMATE NORMAL PERIOD 1981 TO 2010
CLIMATE RECORD PERIOD 1948 TO 2014


WEATHER ITEM   OBSERVED TIME   RECORD YEAR NORMAL DEPARTURE LAST
                VALUE   (LST)  VALUE       VALUE  FROM      YEAR
                                                  NORMAL
..................................................................
TEMPERATURE (F)
 YESTERDAY
  MAXIMUM         85    247 PM  87    2012  79      6       72
                                      2004
  MINIMUM         48    621 AM  40    1980  56     -8       53
                                      1952
  AVERAGE         67                        67      0       63

PRECIPITATION (IN)
  YESTERDAY        0.00          3.65 1996   0.09  -0.09     0.00
  MONTH TO DATE    2.10                      4.54  -2.44     3.40
  SINCE SEP 1      4.27                      9.17  -4.90     7.42
  SINCE JAN 1     43.34                     50.02  -6.68    60.49

SNOWFALL (IN)
  YESTERDAY        0.0           0.0    MM  MM               0.0
  MONTH TO DATE    0.0                      MM               0.0
  SINCE SEP 1      0.0                      MM               0.0
  SINCE JUL 1      0.0                      MM               0.0

DEGREE DAYS
 HEATING
  YESTERDAY        0                         2     -2        2
  MONTH TO DATE    1                        18    -17        2
  SINCE SEP 1      1                        19    -18        2
  SINCE JUL 1      1                        19    -18        2

 COOLING
  YESTERDAY        2                         4     -2        0
  MONTH TO DATE  196                       166     30      218
  SINCE SEP 1    676                       579     97      776
  SINCE JAN 1   2779                      2722     57     3096
..................................................................


WIND (MPH)
  RESULTANT WIND SPEED   2   RESULTANT WIND DIRECTION   N (0)
  HIGHEST WIND SPEED     9   HIGHEST WIND DIRECTION    NE (50)
  HIGHEST GUST SPEED    14   HIGHEST GUST DIRECTION     N (20)
  AVERAGE WIND SPEED     3.0


SKY COVER
  POSSIBLE SUNSHINE  MM
  AVERAGE SKY COVER 0.0


WEATHER CONDITIONS
 THE FOLLOWING WEATHER WAS RECORDED YESTERDAY.
  NO SIGNIFICANT WEATHER WAS OBSERVED.


RELATIVE HUMIDITY (PERCENT)
 HIGHEST    89           200 AM
 LOWEST     29           300 PM
 AVERAGE    59

..........................................................


THE NEW IBERIA CLIMATE NORMALS FOR TODAY
                         NORMAL    RECORD    YEAR
 MAXIMUM TEMPERATURE (F)   79        88      2010
 MINIMUM TEMPERATURE (F)   56        39      1952


SUNRISE AND SUNSET
OCTOBER 26 2014.......SUNRISE   717 AM CDT   SUNSET   626 PM CDT
OCTOBER 27 2014.......SUNRISE   718 AM CDT   SUNSET   625 PM CDT


-  INDICATES NEGATIVE NUMBERS.
R  INDICATES RECORD WAS SET OR TIED.
MM INDICATES DATA IS MISSING.
T  INDICATES TRACE AMOUNT.




$$
