000
CDUS43 KLOT 250634
CLIARR


CLIMATE REPORT
NATIONAL WEATHER SERVICE CHICAGO IL
1233 AM CST SUN JAN 25 2015


...................................

...THE AURORA MUNICIPAL AIRPORT CLIMATE SUMMARY FOR JANUARY 24 2015...

CLIMATE NORMAL PERIOD 1981 TO 2010
CLIMATE RECORD PERIOD 1998 TO 2015


WEATHER ITEM   OBSERVED TIME   RECORD YEAR NORMAL DEPARTURE LAST
                VALUE   (LST)  VALUE       VALUE  FROM      YEAR
                                                  NORMAL
..................................................................
TEMPERATURE (F)
 YESTERDAY
  MAXIMUM         39    114 PM  MM      MM  29     10       28
  MINIMUM         26    340 AM  MM      MM  12     14       -8
  AVERAGE         33                        21     12       10

PRECIPITATION (IN)
  YESTERDAY        0.00         MM      MM   0.05  -0.05      T
  MONTH TO DATE    0.58                      1.05  -0.47     0.80
  SINCE DEC 1      1.29                      3.01  -1.72     1.45
  SINCE JAN 1      0.58                      1.05  -0.47     0.80

DEGREE DAYS
 HEATING
  YESTERDAY       32                        44    -12       55
  MONTH TO DATE 1085                      1058     27      900
  SINCE DEC 1   2115                      2293   -178     2279
  SINCE JUL 1   3694                      3707    -13     3729

 COOLING
  YESTERDAY        0                         0      0        0
  MONTH TO DATE    0                         0      0        0
  SINCE DEC 1      0                         0      0        0
  SINCE JAN 1      0                         0      0        0
..................................................................


WIND (MPH)
  RESULTANT WIND SPEED   6   RESULTANT WIND DIRECTION   W (260)
  HIGHEST WIND SPEED    18   HIGHEST WIND DIRECTION     W (270)
  HIGHEST GUST SPEED    23   HIGHEST GUST DIRECTION     W (260)
  AVERAGE WIND SPEED     8.1


SKY COVER
  POSSIBLE SUNSHINE  MM
  AVERAGE SKY COVER 0.7


WEATHER CONDITIONS
 THE FOLLOWING WEATHER WAS RECORDED YESTERDAY.
  FOG
  HAZE


RELATIVE HUMIDITY (PERCENT)
 HIGHEST    92           700 PM
 LOWEST     75          1000 AM
 AVERAGE    84

..........................................................


THE AURORA MUNICIPAL AIRPORT CLIMATE NORMALS FOR TODAY
                         NORMAL    RECORD    YEAR
 MAXIMUM TEMPERATURE (F)   29        MM        MM
 MINIMUM TEMPERATURE (F)   12        MM        MM


SUNRISE AND SUNSET
JANUARY 25 2015.......SUNRISE   713 AM CST   SUNSET   500 PM CST
JANUARY 26 2015.......SUNRISE   712 AM CST   SUNSET   501 PM CST


-  INDICATES NEGATIVE NUMBERS.
R  INDICATES RECORD WAS SET OR TIED.
MM INDICATES DATA IS MISSING.
T  INDICATES TRACE AMOUNT.




$$
