000
CDUS43 KLOT 290634
CLIARR


CLIMATE REPORT
NATIONAL WEATHER SERVICE CHICAGO IL
133 AM CDT WED MAR 29 2017


...................................

...THE AURORA MUNICIPAL AIRPORT CLIMATE SUMMARY FOR MARCH 28 2017...

CLIMATE NORMAL PERIOD 1981 TO 2010
CLIMATE RECORD PERIOD 1998 TO 2017


WEATHER ITEM   OBSERVED TIME   RECORD YEAR NORMAL DEPARTURE LAST
                VALUE   (LST)  VALUE       VALUE  FROM      YEAR
                                                  NORMAL
..................................................................
TEMPERATURE (F)
 YESTERDAY
  MAXIMUM         52    457 PM  71    2004  53     -1       54
  MINIMUM         38    834 PM  14    2015  31      7       36
  AVERAGE         45                        42      3       45

PRECIPITATION (IN)
  YESTERDAY        0.00          0.79 2004   0.07  -0.07     0.00
  MONTH TO DATE    1.27                      2.00  -0.73     2.51
  SINCE MAR 1      1.27                      2.00  -0.73     2.51
  SINCE JAN 1      5.16                      5.09   0.07     4.00

DEGREE DAYS
 HEATING
  YESTERDAY       20                        23     -3       20
  MONTH TO DATE  724                       803    -79      605
  SINCE MAR 1    724                       803    -79      605
  SINCE JUL 1   4785                      5941  -1156     4726

 COOLING
  YESTERDAY        0                         0      0        0
  MONTH TO DATE    0                         0      0        0
  SINCE MAR 1      0                         0      0        0
  SINCE JAN 1      0                         0      0        0
..................................................................


WIND (MPH)
  RESULTANT WIND SPEED   8   RESULTANT WIND DIRECTION  NE (40)
  HIGHEST WIND SPEED    16   HIGHEST WIND DIRECTION     E (90)
  HIGHEST GUST SPEED    20   HIGHEST GUST DIRECTION     E (100)
  AVERAGE WIND SPEED     8.4


SKY COVER
  POSSIBLE SUNSHINE  MM
  AVERAGE SKY COVER 0.9


WEATHER CONDITIONS
 THE FOLLOWING WEATHER WAS RECORDED YESTERDAY.
  FOG


RELATIVE HUMIDITY (PERCENT)
 HIGHEST    89           200 AM
 LOWEST     63           400 PM
 AVERAGE    76

..........................................................


THE AURORA MUNICIPAL AIRPORT CLIMATE NORMALS FOR TODAY
                         NORMAL    RECORD    YEAR
 MAXIMUM TEMPERATURE (F)   53        69      2005
 MINIMUM TEMPERATURE (F)   31        19      2008


SUNRISE AND SUNSET
MARCH 29 2017.........SUNRISE   641 AM CDT   SUNSET   716 PM CDT
MARCH 30 2017.........SUNRISE   640 AM CDT   SUNSET   717 PM CDT


-  INDICATES NEGATIVE NUMBERS.
R  INDICATES RECORD WAS SET OR TIED.
MM INDICATES DATA IS MISSING.
T  INDICATES TRACE AMOUNT.




$$
