000
CDUS43 KLOT 230633
CLIARR


CLIMATE REPORT
NATIONAL WEATHER SERVICE CHICAGO IL
132 AM CDT FRI JUN 23 2017


...................................

...THE AURORA MUNICIPAL AIRPORT CLIMATE SUMMARY FOR JUNE 22 2017...

CLIMATE NORMAL PERIOD 1981 TO 2010
CLIMATE RECORD PERIOD 1998 TO 2017


WEATHER ITEM   OBSERVED TIME   RECORD YEAR NORMAL DEPARTURE LAST
                VALUE   (LST)  VALUE       VALUE  FROM      YEAR
                                                  NORMAL
..................................................................
TEMPERATURE (F)
 YESTERDAY
  MAXIMUM         87    330 PM  93    2002  82      5       77
  MINIMUM         71   1234 AM  52    2008  59     12       64
  AVERAGE         79                        71      8       71

PRECIPITATION (IN)
  YESTERDAY        0.00          0.93 2016   0.10  -0.10     0.93
  MONTH TO DATE    1.61                      3.23  -1.62     3.48
  SINCE JUN 1      1.61                      3.23  -1.62     3.48
  SINCE JAN 1     19.69                     16.11   3.58    17.11

DEGREE DAYS
 HEATING
  YESTERDAY        0                         1     -1        0
  MONTH TO DATE    3                        39    -36        6
  SINCE JUN 1      3                        39    -36        6
  SINCE JUL 1   5419                      6773  -1354     5459

 COOLING
  YESTERDAY       14                         6      8        6
  MONTH TO DATE  189                       100     89      150
  SINCE JUN 1    189                       100     89      150
  SINCE JAN 1    223                       141     82      232
..................................................................


WIND (MPH)
  RESULTANT WIND SPEED  12   RESULTANT WIND DIRECTION   S (190)
  HIGHEST WIND SPEED    23   HIGHEST WIND DIRECTION     S (190)
  HIGHEST GUST SPEED    28   HIGHEST GUST DIRECTION     S (190)
  AVERAGE WIND SPEED    12.6


SKY COVER
  POSSIBLE SUNSHINE  MM
  AVERAGE SKY COVER 0.4


WEATHER CONDITIONS
 THE FOLLOWING WEATHER WAS RECORDED YESTERDAY.
  NO SIGNIFICANT WEATHER WAS OBSERVED.


RELATIVE HUMIDITY (PERCENT)
 HIGHEST    87           600 AM
 LOWEST     61          1100 AM
 AVERAGE    74

..........................................................


THE AURORA MUNICIPAL AIRPORT CLIMATE NORMALS FOR TODAY
                         NORMAL    RECORD    YEAR
 MAXIMUM TEMPERATURE (F)   82        95      2005
 MINIMUM TEMPERATURE (F)   60        47      2001


SUNRISE AND SUNSET
JUNE 23 2017..........SUNRISE   520 AM CDT   SUNSET   832 PM CDT
JUNE 24 2017..........SUNRISE   520 AM CDT   SUNSET   833 PM CDT


-  INDICATES NEGATIVE NUMBERS.
R  INDICATES RECORD WAS SET OR TIED.
MM INDICATES DATA IS MISSING.
T  INDICATES TRACE AMOUNT.




$$
