000
CDUS43 KLOT 280634
CLIARR


CLIMATE REPORT
NATIONAL WEATHER SERVICE CHICAGO IL
134 AM CDT TUE JUL 28 2015


...................................

...THE AURORA MUNICIPAL AIRPORT CLIMATE SUMMARY FOR JULY 27 2015...

CLIMATE NORMAL PERIOD 1981 TO 2010
CLIMATE RECORD PERIOD 1998 TO 2015


WEATHER ITEM   OBSERVED TIME   RECORD YEAR NORMAL DEPARTURE LAST
                VALUE   (LST)  VALUE       VALUE  FROM      YEAR
                                                  NORMAL
..................................................................
TEMPERATURE (F)
 YESTERDAY
  MAXIMUM         90R   238 PM  90    2011  83      7       84
  MINIMUM         64    236 AM  51    2013  59      5       63
                                      2004
  AVERAGE         77                        71      6       74

PRECIPITATION (IN)
  YESTERDAY        0.00          0.62 2007   0.13  -0.13     0.00
  MONTH TO DATE    4.40                      3.64   0.76     1.80
  SINCE JUN 1     13.09                      7.65   5.44    10.76
  SINCE JAN 1     22.44                     20.53   1.91    18.75

DEGREE DAYS
 HEATING
  YESTERDAY        0                         0      0        0
  MONTH TO DATE   12                         0     12       14
  SINCE JUN 1     30                        41    -11       30
  SINCE JUL 1     12                         0     12       14

 COOLING
  YESTERDAY       12                         6      6        9
  MONTH TO DATE  179                       187     -8      114
  SINCE JUN 1    330                       342    -12      310
  SINCE JAN 1    399                       383     16      396
..................................................................


WIND (MPH)
  RESULTANT WIND SPEED   4   RESULTANT WIND DIRECTION   E (110)
  HIGHEST WIND SPEED    14   HIGHEST WIND DIRECTION    SE (130)
  HIGHEST GUST SPEED    19   HIGHEST GUST DIRECTION     E (80)
  AVERAGE WIND SPEED     4.7


SKY COVER
  POSSIBLE SUNSHINE  MM
  AVERAGE SKY COVER 0.1


WEATHER CONDITIONS
 THE FOLLOWING WEATHER WAS RECORDED YESTERDAY.
  FOG
  HAZE


RELATIVE HUMIDITY (PERCENT)
 HIGHEST    87           500 AM
 LOWEST     38           200 PM
 AVERAGE    63

..........................................................


THE AURORA MUNICIPAL AIRPORT CLIMATE NORMALS FOR TODAY
                         NORMAL    RECORD    YEAR
 MAXIMUM TEMPERATURE (F)   83        91      1999
 MINIMUM TEMPERATURE (F)   59        50      2013
                                             2005


SUNRISE AND SUNSET
JULY 28 2015..........SUNRISE   544 AM CDT   SUNSET   816 PM CDT
JULY 29 2015..........SUNRISE   545 AM CDT   SUNSET   815 PM CDT


-  INDICATES NEGATIVE NUMBERS.
R  INDICATES RECORD WAS SET OR TIED.
MM INDICATES DATA IS MISSING.
T  INDICATES TRACE AMOUNT.




$$
