000
CDUS43 KLOT 240638
CLIARR


CLIMATE REPORT
NATIONAL WEATHER SERVICE CHICAGO IL
138 AM CDT TUE OCT 24 2017


...................................

...THE AURORA MUNICIPAL AIRPORT CLIMATE SUMMARY FOR OCTOBER 23 2017...

CLIMATE NORMAL PERIOD 1981 TO 2010
CLIMATE RECORD PERIOD 1998 TO 2017


WEATHER ITEM   OBSERVED TIME   RECORD YEAR NORMAL DEPARTURE LAST
                VALUE   (LST)  VALUE       VALUE  FROM      YEAR
                                                  NORMAL
..................................................................
TEMPERATURE (F)
 YESTERDAY
  MAXIMUM         54    743 PM  74    2016  60     -6       74
  MINIMUM         48   1159 PM  21    1999  37     11       38
  AVERAGE         51                        48      3       56

PRECIPITATION (IN)
  YESTERDAY        0.33          0.77 2001   0.10   0.23     0.00
  MONTH TO DATE    9.09                      2.34   6.75     1.76
  SINCE SEP 1     10.73                      5.78   4.95     3.42
  SINCE JAN 1     39.11                     30.98   8.13    30.25

DEGREE DAYS
 HEATING
  YESTERDAY       14                        17     -3        9
  MONTH TO DATE  103                       308   -205      167
  SINCE SEP 1    199                       437   -238      188
  SINCE JUL 1    224                       461   -237      191

 COOLING
  YESTERDAY        0                         0      0        0
  MONTH TO DATE   19                         9     10       23
  SINCE SEP 1    144                        72     72      180
  SINCE JAN 1    713                       656     57     1034
..................................................................


WIND (MPH)
  RESULTANT WIND SPEED   6   RESULTANT WIND DIRECTION  NW (300)
  HIGHEST WIND SPEED    18   HIGHEST WIND DIRECTION     W (280)
  HIGHEST GUST SPEED    24   HIGHEST GUST DIRECTION     W (280)
  AVERAGE WIND SPEED     8.1


SKY COVER
  POSSIBLE SUNSHINE  MM
  AVERAGE SKY COVER 0.8


WEATHER CONDITIONS
 THE FOLLOWING WEATHER WAS RECORDED YESTERDAY.
  RAIN
  LIGHT RAIN
  FOG


RELATIVE HUMIDITY (PERCENT)
 HIGHEST    96           200 AM
 LOWEST     77           800 PM
 AVERAGE    87

..........................................................


THE AURORA MUNICIPAL AIRPORT CLIMATE NORMALS FOR TODAY
                         NORMAL    RECORD    YEAR
 MAXIMUM TEMPERATURE (F)   59        78      2012
 MINIMUM TEMPERATURE (F)   37        20      1999


SUNRISE AND SUNSET
OCTOBER 24 2017.......SUNRISE   717 AM CDT   SUNSET   559 PM CDT
OCTOBER 25 2017.......SUNRISE   718 AM CDT   SUNSET   557 PM CDT


-  INDICATES NEGATIVE NUMBERS.
R  INDICATES RECORD WAS SET OR TIED.
MM INDICATES DATA IS MISSING.
T  INDICATES TRACE AMOUNT.




$$
