000
CDUS41 KBUF 250705
CLIART


CLIMATE REPORT
NATIONAL WEATHER SERVICE BUFFALO NY
305 AM EDT MON SEP 25 2017


...................................

...THE WATERTOWN NY CLIMATE SUMMARY FOR SEPTEMBER 24 2017...

CLIMATE NORMAL PERIOD 1981 TO 2010
CLIMATE RECORD PERIOD 1949 TO 2017


WEATHER ITEM   OBSERVED TIME   RECORD YEAR NORMAL DEPARTURE LAST
                VALUE   (LST)  VALUE       VALUE  FROM      YEAR
                                                  NORMAL
..................................................................
TEMPERATURE (F)
 YESTERDAY
  MAXIMUM         82   1257 PM  88    2010  67     15       64
                                      1970
  MINIMUM         63   1159 PM  26    1997  46     17       37
  AVERAGE         73                        56     17       51

PRECIPITATION (IN)
  YESTERDAY        0.00          1.79 2001   0.14  -0.14     0.00
  MONTH TO DATE    1.13                      2.90  -1.77     2.32
  SINCE SEP 1      1.13                      2.90  -1.77     2.32
  SINCE JAN 1     31.86                     24.70   7.16    21.35

DEGREE DAYS
 HEATING
  YESTERDAY        0                         9     -9       14
  MONTH TO DATE  102                       138    -36       87
  SINCE SEP 1    102                       138    -36       87
  SINCE JUL 1    172                       210    -38       98

 COOLING
  YESTERDAY        8                         1      7        0
  MONTH TO DATE   31                        34     -3       47
  SINCE SEP 1     31                        34     -3       47
  SINCE JAN 1    361                       358      3      561
..................................................................


WIND (MPH)
  HIGHEST WIND SPEED    13   HIGHEST WIND DIRECTION     W (270)
  HIGHEST GUST SPEED    16   HIGHEST GUST DIRECTION     W (260)
  AVERAGE WIND SPEED     4.1


SKY COVER
  AVERAGE SKY COVER 0.0


WEATHER CONDITIONS
 THE FOLLOWING WEATHER WAS RECORDED YESTERDAY.
  FOG
  HAZE


RELATIVE HUMIDITY (PERCENT)
 HIGHEST   100          1000 PM
 LOWEST     69          1200 PM
 AVERAGE    85

..........................................................


THE WATERTOWN NY CLIMATE NORMALS FOR TODAY
                         NORMAL    RECORD    YEAR
 MAXIMUM TEMPERATURE (F)   67        89      2007
 MINIMUM TEMPERATURE (F)   45        30      1992


SUNRISE AND SUNSET
SEPTEMBER 25 2017.....SUNRISE   655 AM EDT   SUNSET   655 PM EDT
SEPTEMBER 26 2017.....SUNRISE   656 AM EDT   SUNSET   654 PM EDT


-  INDICATES NEGATIVE NUMBERS.
R  INDICATES RECORD WAS SET OR TIED.
MM INDICATES DATA IS MISSING.
T  INDICATES TRACE AMOUNT.




$$
