000
CDUS41 KBUF 271005
CLIART


CLIMATE REPORT
NATIONAL WEATHER SERVICE BUFFALO NY
605 AM EDT WED JUL 27 2016


...................................

...THE WATERTOWN NY CLIMATE SUMMARY FOR JULY 26 2016...

CLIMATE NORMAL PERIOD 1981 TO 2010
CLIMATE RECORD PERIOD 1949 TO 2016


WEATHER ITEM   OBSERVED TIME   RECORD YEAR NORMAL DEPARTURE LAST
                VALUE   (LST)  VALUE       VALUE  FROM      YEAR
                                                  NORMAL
..................................................................
TEMPERATURE (F)
 YESTERDAY
  MAXIMUM         83    200 PM  93    1963  80      3       79
  MINIMUM         67   1159 PM  45    2001  59      8       59
  AVERAGE         75                        69      6       69

PRECIPITATION (IN)
  YESTERDAY        0.00          1.90 2012   0.09  -0.09      T
  MONTH TO DATE    0.40                      2.19  -1.79     1.39
  SINCE JUN 1      4.00                      5.04  -1.04     7.10
  SINCE JAN 1     15.00                     18.19  -3.19    14.50

DEGREE DAYS
 HEATING
  YESTERDAY        0                         1     -1        0
  MONTH TO DATE    5                        27    -22       38
  SINCE JUN 1    103                       134    -31      154
  SINCE JUL 1      5                        27    -22       38

 COOLING
  YESTERDAY       10                         5      5        4
  MONTH TO DATE  160                       119     41       80
  SINCE JUN 1    207                       181     26      111
  SINCE JAN 1    237                       192     45      157
..................................................................


WIND (MPH)
  HIGHEST WIND SPEED    18   HIGHEST WIND DIRECTION     W (260)
  HIGHEST GUST SPEED    23   HIGHEST GUST DIRECTION     W (260)
  AVERAGE WIND SPEED     9.4


SKY COVER
  AVERAGE SKY COVER 0.1


WEATHER CONDITIONS
 THE FOLLOWING WEATHER WAS RECORDED YESTERDAY.
  NO SIGNIFICANT WEATHER WAS OBSERVED.


RELATIVE HUMIDITY (PERCENT)
 HIGHEST    81          1100 PM
 LOWEST     51          1200 PM
 AVERAGE    66

..........................................................


THE WATERTOWN NY CLIMATE NORMALS FOR TODAY
                         NORMAL    RECORD    YEAR
 MAXIMUM TEMPERATURE (F)   79        90      1990
 MINIMUM TEMPERATURE (F)   59        39      2001


SUNRISE AND SUNSET
JULY 27 2016..........SUNRISE   547 AM EDT   SUNSET   833 PM EDT
JULY 28 2016..........SUNRISE   549 AM EDT   SUNSET   832 PM EDT


-  INDICATES NEGATIVE NUMBERS.
R  INDICATES RECORD WAS SET OR TIED.
MM INDICATES DATA IS MISSING.
T  INDICATES TRACE AMOUNT.




$$
