000
CDUS41 KBUF 291038
CLIART


CLIMATE REPORT
NATIONAL WEATHER SERVICE BUFFALO NY
635 AM EDT MON MAY 29 2017


...................................

...THE WATERTOWN NY CLIMATE SUMMARY FOR MAY 28 2017...

CLIMATE NORMAL PERIOD 1981 TO 2010
CLIMATE RECORD PERIOD 1949 TO 2017


WEATHER ITEM   OBSERVED TIME   RECORD YEAR NORMAL DEPARTURE LAST
                VALUE   (LST)  VALUE       VALUE  FROM      YEAR
                                                  NORMAL
..................................................................
TEMPERATURE (F)
 YESTERDAY
  MAXIMUM         77    333 PM  87    2016  69      8       87
  MINIMUM         44    421 AM  30    2008  47     -3       60
                                      1970
  AVERAGE         61                        58      3       74

PRECIPITATION (IN)
  YESTERDAY        0.00          1.06 1955   0.10  -0.10     0.00
  MONTH TO DATE    5.30                      2.76   2.54     1.40
  SINCE MAR 1     11.72                      7.96   3.76     5.19
  SINCE JAN 1     15.35                     12.84   2.51    11.00

DEGREE DAYS
 HEATING
  YESTERDAY        4                         7     -3        0
  MONTH TO DATE  339                       312     27      324
  SINCE MAR 1   2034                      2014     20     1992
  SINCE JUL 1   6645                      7455   -810     6640

 COOLING
  YESTERDAY        0                         1     -1        9
  MONTH TO DATE   11                         5      6       16
  SINCE MAR 1     18                         6     12       16
  SINCE JAN 1     18                         6     12       16
..................................................................


WIND (MPH)
  HIGHEST WIND SPEED    10   HIGHEST WIND DIRECTION     S (160)
  HIGHEST GUST SPEED    16   HIGHEST GUST DIRECTION    SE (150)
  AVERAGE WIND SPEED     3.9


SKY COVER
  AVERAGE SKY COVER 0.4


WEATHER CONDITIONS
 THE FOLLOWING WEATHER WAS RECORDED YESTERDAY.
  FOG


RELATIVE HUMIDITY (PERCENT)
 HIGHEST   100          1200 AM
 LOWEST     54           400 PM
 AVERAGE    77

..........................................................


THE WATERTOWN NY CLIMATE NORMALS FOR TODAY
                         NORMAL    RECORD    YEAR
 MAXIMUM TEMPERATURE (F)   70        87      2012
 MINIMUM TEMPERATURE (F)   48        32      1970


SUNRISE AND SUNSET
MAY 29 2017...........SUNRISE   526 AM EDT   SUNSET   838 PM EDT
MAY 30 2017...........SUNRISE   525 AM EDT   SUNSET   839 PM EDT


-  INDICATES NEGATIVE NUMBERS.
R  INDICATES RECORD WAS SET OR TIED.
MM INDICATES DATA IS MISSING.
T  INDICATES TRACE AMOUNT.




$$
