000
CDUS41 KBUF 041019
CLIART


CLIMATE REPORT
NATIONAL WEATHER SERVICE BUFFALO NY
616 AM EDT TUE AUG 4 2015


...................................

...THE WATERTOWN NY CLIMATE SUMMARY FOR AUGUST 3 2015...

CLIMATE NORMAL PERIOD 1981 TO 2010
CLIMATE RECORD PERIOD 1949 TO 2015


WEATHER ITEM   OBSERVED TIME   RECORD YEAR NORMAL DEPARTURE LAST
                VALUE   (LST)  VALUE       VALUE  FROM      YEAR
                                                  NORMAL
..................................................................
TEMPERATURE (F)
 YESTERDAY
  MAXIMUM         78    106 AM  95    1988  79     -1       83
  MINIMUM         62   1024 PM  43    1962  58      4       59
  AVERAGE         70                        69      1       71

PRECIPITATION (IN)
  YESTERDAY        0.49          1.76 1963   0.10   0.39     0.60
  MONTH TO DATE    0.58                      0.31   0.27     0.60
  SINCE JUN 1      7.88                      5.81   2.07     8.54
  SINCE JAN 1     15.28                     18.96  -3.68    27.14

DEGREE DAYS
 HEATING
  YESTERDAY        0                         1     -1        0
  MONTH TO DATE    0                         3     -3        0
  SINCE JUN 1    154                       136     18       81
  SINCE JUL 1     38                        29      9       19

 COOLING
  YESTERDAY        5                         5      0        6
  MONTH TO DATE   14                        15     -1       17
  SINCE JUN 1    168                       216    -48      252
  SINCE JAN 1    214                       227    -13      275
..................................................................


WIND (MPH)
  HIGHEST WIND SPEED    23   HIGHEST WIND DIRECTION    SW (210)
  HIGHEST GUST SPEED    36   HIGHEST GUST DIRECTION    SW (210)
  AVERAGE WIND SPEED     9.8


SKY COVER
  AVERAGE SKY COVER 0.3


WEATHER CONDITIONS
 THE FOLLOWING WEATHER WAS RECORDED YESTERDAY.
  HEAVY RAIN
  RAIN
  LIGHT RAIN
  FOG
  FOG W/VISIBILITY <= 1/4 MILE


RELATIVE HUMIDITY (PERCENT)
 HIGHEST    87           800 PM
 LOWEST     50          1200 AM
 AVERAGE    69

..........................................................


THE WATERTOWN NY CLIMATE NORMALS FOR TODAY
                         NORMAL    RECORD    YEAR
 MAXIMUM TEMPERATURE (F)   79        95      2012
 MINIMUM TEMPERATURE (F)   58        44      1972


SUNRISE AND SUNSET
AUGUST  4 2015........SUNRISE   555 AM EDT   SUNSET   824 PM EDT
AUGUST  5 2015........SUNRISE   556 AM EDT   SUNSET   823 PM EDT


-  INDICATES NEGATIVE NUMBERS.
R  INDICATES RECORD WAS SET OR TIED.
MM INDICATES DATA IS MISSING.
T  INDICATES TRACE AMOUNT.




$$
