000
CDUS45 KGJT 250732
CLIASE


CLIMATE REPORT
NATIONAL WEATHER SERVICE GRAND JUNCTION CO
130 AM MDT MON JUL 25 2016


...................................

...THE ASPEN CO CLIMATE SUMMARY FOR JULY 24 2016...

CLIMATE NORMAL PERIOD 1981 TO 2010
CLIMATE RECORD PERIOD 9999 TO 9999


WEATHER ITEM   OBSERVED TIME   RECORD YEAR NORMAL DEPARTURE LAST
                VALUE   (LST)  VALUE       VALUE  FROM      YEAR
                                                  NORMAL
..................................................................
TEMPERATURE (F)
 YESTERDAY
  MAXIMUM         86    136 PM  MM      MM  80      6       70
  MINIMUM         52    427 AM  MM      MM  48      4       49
  AVERAGE         69                        64      5       60

PRECIPITATION (IN)
  YESTERDAY        T            MM      MM   0.06  -0.06     0.16
  MONTH TO DATE    1.77                      1.25   0.52     3.65
  SINCE JUN 1      2.29                      2.38  -0.09     4.96
  SINCE JAN 1      9.47                      9.32   0.15    12.27

SNOWFALL (IN)
  YESTERDAY       MM            MM      MM  MM     MM       MM
  MONTH TO DATE   MM                        MM     MM       MM
  SINCE JUN 1     MM                        MM     MM       MM
  SINCE JUL 1     MM                        MM     MM       MM
  SNOW DEPTH      MM

DEGREE DAYS
 HEATING
  YESTERDAY        0                         2     -2        5
  MONTH TO DATE   31                        57    -26       90
  SINCE JUN 1    108                       286   -178      197
  SINCE JUL 1     31                        57    -26       90

 COOLING
  YESTERDAY        4                         1      3        0
  MONTH TO DATE   20                        22     -2       13
  SINCE JUN 1     44                        26     18       49
  SINCE JAN 1     44                        26     18       49
..................................................................


WIND (MPH)
  HIGHEST WIND SPEED    22   HIGHEST WIND DIRECTION    NW (330)
  HIGHEST GUST SPEED    30   HIGHEST GUST DIRECTION     N (350)
  AVERAGE WIND SPEED     7.9


SKY COVER
  POSSIBLE SUNSHINE  MM
  AVERAGE SKY COVER 0.2


WEATHER CONDITIONS
 THE FOLLOWING WEATHER WAS RECORDED YESTERDAY.
  THUNDERSTORM
  LIGHT RAIN


RELATIVE HUMIDITY (PERCENT)
 HIGHEST    83           400 AM
 LOWEST     15           100 PM
 AVERAGE    49

..........................................................


THE ASPEN CO CLIMATE NORMALS FOR TODAY
                         NORMAL    RECORD    YEAR
 MAXIMUM TEMPERATURE (F)   80        MM        MM
 MINIMUM TEMPERATURE (F)   48        MM        MM


SUNRISE AND SUNSET
JULY 25 2016..........SUNRISE   602 AM MDT   SUNSET   825 PM MDT
JULY 26 2016..........SUNRISE   603 AM MDT   SUNSET   825 PM MDT


-  INDICATES NEGATIVE NUMBERS.
R  INDICATES RECORD WAS SET OR TIED.
MM INDICATES DATA IS MISSING.
T  INDICATES TRACE AMOUNT.




$$
