000
CDUS46 KPQR 311142
CLIAST


CLIMATE REPORT
NATIONAL WEATHER SERVICE PORTLAND OREGON
441 AM PDT THU JUL 31 2014


...................................

...THE ASTORIA OR CLIMATE SUMMARY FOR JULY 30 2014...

CLIMATE NORMAL PERIOD 1981 TO 2010
CLIMATE RECORD PERIOD 1892 TO 2014


WEATHER ITEM   OBSERVED TIME   RECORD YEAR NORMAL DEPARTURE LAST
                VALUE   (LST)  VALUE       VALUE  FROM      YEAR
                                                  NORMAL
..................................................................
TEMPERATURE (F)
 YESTERDAY
  MAXIMUM         72   1225 PM  92    1959  68      4       65
  MINIMUM         54   1157 PM  45    1949  54      0       52
  AVERAGE         63                        61      2       59

PRECIPITATION (IN)
  YESTERDAY        0.00          0.78 1985   0.03  -0.03     0.00
  MONTH TO DATE    1.08                      1.01   0.07     0.01
  SINCE OCT 1     53.77                     63.94 -10.17    76.60
  SINCE JAN 1     41.61                     36.92   4.69    34.98

DEGREE DAYS
 HEATING
  YESTERDAY        2                         4     -2        6
  MONTH TO DATE  102                       144    -42      137
  SINCE JUN 1    282                       386   -104      318
  SINCE JUL 1    102                       144    -42      137

 COOLING
  YESTERDAY        0                         0      0        0
  MONTH TO DATE    8                         0      8        0
  SINCE JUN 1      8                         0      8        3
  SINCE JAN 1     19                         0     19        4
..................................................................


WIND (MPH)
  HIGHEST WIND SPEED    24   HIGHEST WIND DIRECTION    NW (310)
  HIGHEST GUST SPEED    30   HIGHEST GUST DIRECTION    NW (310)
  AVERAGE WIND SPEED    12.0


SKY COVER
  POSSIBLE SUNSHINE  MM
  AVERAGE SKY COVER 0.2


WEATHER CONDITIONS
 THE FOLLOWING WEATHER WAS RECORDED YESTERDAY.
  NO SIGNIFICANT WEATHER WAS OBSERVED.


RELATIVE HUMIDITY (PERCENT)
 HIGHEST    93          1200 AM
 LOWEST     53           500 PM
 AVERAGE    73

..........................................................


THE ASTORIA OR CLIMATE NORMALS FOR TODAY
                         NORMAL    RECORD    YEAR
 MAXIMUM TEMPERATURE (F)   68        93      1913
 MINIMUM TEMPERATURE (F)   54        46      1970
                                             1949
                                             1937


SUNRISE AND SUNSET
JULY 31 2014..........SUNRISE   556 AM PDT   SUNSET   847 PM PDT
AUGUST  1 2014........SUNRISE   558 AM PDT   SUNSET   845 PM PDT


-  INDICATES NEGATIVE NUMBERS.
R  INDICATES RECORD WAS SET OR TIED.
MM INDICATES DATA IS MISSING.
T  INDICATES TRACE AMOUNT.




$$
