000
CDUS46 KPQR 311141
CLIAST


CLIMATE REPORT
NATIONAL WEATHER SERVICE PORTLAND OREGON
440 AM PDT FRI OCT 31 2014


...................................

...THE ASTORIA OR CLIMATE SUMMARY FOR OCTOBER 30 2014...

CLIMATE NORMAL PERIOD 1981 TO 2010
CLIMATE RECORD PERIOD 1892 TO 2014


WEATHER ITEM   OBSERVED TIME   RECORD YEAR NORMAL DEPARTURE LAST
                VALUE   (LST)  VALUE       VALUE  FROM      YEAR
                                                  NORMAL
..................................................................
TEMPERATURE (F)
 YESTERDAY
  MAXIMUM         62    219 PM  68    1949  57      5       56
  MINIMUM         53   1159 PM  28    1935  43     10       33
  AVERAGE         58                        50      8       45

PRECIPITATION (IN)
  YESTERDAY        0.87          2.53 1896   0.28   0.59      T
  MONTH TO DATE    8.36                      5.70   2.66     1.98
  SINCE OCT 1      8.36                      5.70   2.66     1.98
  SINCE JAN 1     55.61                     45.94   9.67    49.03

DEGREE DAYS
 HEATING
  YESTERDAY        7                        15     -8       20
  MONTH TO DATE  190                       371   -181      412
  SINCE SEP 1    282                       571   -289      558
  SINCE JUL 1    440                       852   -412      805

 COOLING
  YESTERDAY        0                         0      0        0
  MONTH TO DATE    0                         0      0        0
  SINCE SEP 1     20                         5     15        3
  SINCE JAN 1     45                        12     33        9
..................................................................


WIND (MPH)
  HIGHEST WIND SPEED    17   HIGHEST WIND DIRECTION     S (200)
  HIGHEST GUST SPEED    25   HIGHEST GUST DIRECTION    SW (210)
  AVERAGE WIND SPEED     5.6


SKY COVER
  POSSIBLE SUNSHINE  MM
  AVERAGE SKY COVER 1.0


WEATHER CONDITIONS
 THE FOLLOWING WEATHER WAS RECORDED YESTERDAY.
  HEAVY RAIN
  RAIN
  LIGHT RAIN
  FOG


RELATIVE HUMIDITY (PERCENT)
 HIGHEST    93           400 PM
 LOWEST     86          1200 AM
 AVERAGE    90

..........................................................


THE ASTORIA OR CLIMATE NORMALS FOR TODAY
                         NORMAL    RECORD    YEAR
 MAXIMUM TEMPERATURE (F)   57        70      1954
 MINIMUM TEMPERATURE (F)   42        29      2006
                                             2002


SUNRISE AND SUNSET
OCTOBER 31 2014.......SUNRISE   755 AM PDT   SUNSET   603 PM PDT
NOVEMBER  1 2014......SUNRISE   757 AM PDT   SUNSET   601 PM PDT


-  INDICATES NEGATIVE NUMBERS.
R  INDICATES RECORD WAS SET OR TIED.
MM INDICATES DATA IS MISSING.
T  INDICATES TRACE AMOUNT.




$$
