000
CDUS46 KPQR 281145
CLIAST


CLIMATE REPORT
NATIONAL WEATHER SERVICE PORTLAND OREGON
444 AM PDT TUE JUL 28 2015


...................................

...THE ASTORIA OR CLIMATE SUMMARY FOR JULY 27 2015...

CLIMATE NORMAL PERIOD 1981 TO 2010
CLIMATE RECORD PERIOD 1892 TO 2015


WEATHER ITEM   OBSERVED TIME   RECORD YEAR NORMAL DEPARTURE LAST
                VALUE   (LST)  VALUE       VALUE  FROM      YEAR
                                                  NORMAL
..................................................................
TEMPERATURE (F)
 YESTERDAY
  MAXIMUM         71    105 PM  83    1973  68      3       73
  MINIMUM         54    546 AM  37    1930  54      0       50
  AVERAGE         63                        61      2       62

PRECIPITATION (IN)
  YESTERDAY        0.00          0.48 1948   0.02  -0.02     0.00
  MONTH TO DATE    0.39                      0.94  -0.55     1.08
  SINCE OCT 1     53.40                     63.87 -10.47    53.77
  SINCE JAN 1     27.78                     36.85  -9.07    41.61

DEGREE DAYS
 HEATING
  YESTERDAY        2                         4     -2        3
  MONTH TO DATE   39                       132    -93      100
  SINCE JUN 1    188                       374   -186      280
  SINCE JUL 1     39                       132    -93      100

 COOLING
  YESTERDAY        0                         0      0        0
  MONTH TO DATE   14                         0     14        8
  SINCE JUN 1     18                         0     18        8
  SINCE JAN 1     20                         0     20       19
..................................................................


WIND (MPH)
  HIGHEST WIND SPEED    16   HIGHEST WIND DIRECTION    NW (310)
  HIGHEST GUST SPEED    23   HIGHEST GUST DIRECTION     N (340)
  AVERAGE WIND SPEED     8.5


SKY COVER
  POSSIBLE SUNSHINE  MM
  AVERAGE SKY COVER 0.5


WEATHER CONDITIONS
 THE FOLLOWING WEATHER WAS RECORDED YESTERDAY.
  NO SIGNIFICANT WEATHER WAS OBSERVED.


RELATIVE HUMIDITY (PERCENT)
 HIGHEST    93          1200 AM
 LOWEST     57          1200 PM
 AVERAGE    75

..........................................................


THE ASTORIA OR CLIMATE NORMALS FOR TODAY
                         NORMAL    RECORD    YEAR
 MAXIMUM TEMPERATURE (F)   68        82      2003
 MINIMUM TEMPERATURE (F)   54        45      2008
                                             1954
                                             1949


SUNRISE AND SUNSET
JULY 28 2015..........SUNRISE   553 AM PDT   SUNSET   851 PM PDT
JULY 29 2015..........SUNRISE   554 AM PDT   SUNSET   849 PM PDT


-  INDICATES NEGATIVE NUMBERS.
R  INDICATES RECORD WAS SET OR TIED.
MM INDICATES DATA IS MISSING.
T  INDICATES TRACE AMOUNT.




$$
