000
CDUS46 KPQR 180221
CLIAST


CLIMATE REPORT
NATIONAL WEATHER SERVICE PORTLAND OREGON
721 PM PDT WED SEP 17 2014


...................................

...THE ASTORIA OR CLIMATE SUMMARY FOR SEPTEMBER 17 2014...
VALID TODAY AS OF 0700 PM LOCAL TIME.

CLIMATE NORMAL PERIOD 1981 TO 2010
CLIMATE RECORD PERIOD 1892 TO 2014


WEATHER ITEM   OBSERVED TIME   RECORD YEAR NORMAL DEPARTURE LAST
                VALUE   (LST)  VALUE       VALUE  FROM      YEAR
                                                  NORMAL
..................................................................
TEMPERATURE (F)
 TODAY
  MAXIMUM         69    114 PM  86    1991  68      1       65
                                      1962
  MINIMUM         54    402 AM  36    1965  49      5       51
  AVERAGE         62                        58      4       58

PRECIPITATION (IN)
  TODAY            0.01          1.54 1910   0.06  -0.05     0.07
  MONTH TO DATE    0.05                      1.04  -0.99     0.70
  SINCE OCT 1     54.52                     66.16 -11.64    78.67
  SINCE JAN 1     42.36                     39.14   3.22    37.05

DEGREE DAYS
 HEATING
  TODAY            3                         7     -4        7
  MONTH TO DATE   41                        96    -55       41
  SINCE SEP 1     41                        96    -55       41
  SINCE JUL 1    199                       377   -178      288

 COOLING
  TODAY            0                         0      0        0
  MONTH TO DATE   16                         0     16        3
  SINCE SEP 1     16                         0     16        3
  SINCE JAN 1     41                         7     34        9
..................................................................


WIND (MPH)
  HIGHEST WIND SPEED    14   HIGHEST WIND DIRECTION    SW (240)
  HIGHEST GUST SPEED    16   HIGHEST GUST DIRECTION    SW (240)
  AVERAGE WIND SPEED     3.9


SKY COVER
  POSSIBLE SUNSHINE  MM
  AVERAGE SKY COVER 0.2


WEATHER CONDITIONS
 THE FOLLOWING WEATHER WAS RECORDED TODAY.
  LIGHT RAIN
  FOG


RELATIVE HUMIDITY (PERCENT)
 HIGHEST    93          1200 AM
 LOWEST     68          1200 PM
 AVERAGE    81

..........................................................


THE ASTORIA OR CLIMATE NORMALS FOR TOMORROW
                         NORMAL    RECORD    YEAR
 MAXIMUM TEMPERATURE (F)   68        82      1991
 MINIMUM TEMPERATURE (F)   49        38      1988
                                             1965


SUNRISE AND SUNSET
SEPTEMBER 17 2014.....SUNRISE   656 AM PDT   SUNSET   723 PM PDT
SEPTEMBER 18 2014.....SUNRISE   657 AM PDT   SUNSET   721 PM PDT


-  INDICATES NEGATIVE NUMBERS.
R  INDICATES RECORD WAS SET OR TIED.
MM INDICATES DATA IS MISSING.
T  INDICATES TRACE AMOUNT.




$$
