000
CDUS46 KPQR 231149
CLIAST


CLIMATE REPORT
NATIONAL WEATHER SERVICE PORTLAND OREGON
448 AM PDT SUN JUL 23 2017


...................................

...THE ASTORIA OR CLIMATE SUMMARY FOR JULY 22 2017...

CLIMATE NORMAL PERIOD 1981 TO 2010
CLIMATE RECORD PERIOD 1892 TO 2017


WEATHER ITEM   OBSERVED TIME   RECORD YEAR NORMAL DEPARTURE LAST
                VALUE   (LST)  VALUE       VALUE  FROM      YEAR
                                                  NORMAL
..................................................................
TEMPERATURE (F)
 YESTERDAY
  MAXIMUM         76    125 PM  86    1928  68      8       69
  MINIMUM         59    119 AM  44    1977  54      5       60
  AVERAGE         68                        61      7       65

PRECIPITATION (IN)
  YESTERDAY        0.00          0.87 2007   0.03  -0.03      T
  MONTH TO DATE    0.10                      0.81  -0.71     1.10
  SINCE OCT 1     93.54                     63.74  29.80    82.86
  SINCE JAN 1     49.67                     36.72  12.95    40.33

DEGREE DAYS
 HEATING
  YESTERDAY        0                         4     -4        0
  MONTH TO DATE  114                       112      2       50
  SINCE JUN 1    321                       354    -33      226
  SINCE JUL 1    114                       112      2       50

 COOLING
  YESTERDAY        3                         0      3        0
  MONTH TO DATE    3                         0      3        0
  SINCE JUN 1     13                         0     13        6
  SINCE JAN 1     15                         0     15        9
..................................................................


WIND (MPH)
  HIGHEST WIND SPEED    20   HIGHEST WIND DIRECTION    NW (330)
  HIGHEST GUST SPEED    25   HIGHEST GUST DIRECTION    NW (320)
  AVERAGE WIND SPEED     9.0


SKY COVER
  POSSIBLE SUNSHINE  MM
  AVERAGE SKY COVER 0.4


WEATHER CONDITIONS
 THE FOLLOWING WEATHER WAS RECORDED YESTERDAY.
  NO SIGNIFICANT WEATHER WAS OBSERVED.


RELATIVE HUMIDITY (PERCENT)
 HIGHEST    87          1200 AM
 LOWEST     66           900 AM
 AVERAGE    77

..........................................................


THE ASTORIA OR CLIMATE NORMALS FOR TODAY
                         NORMAL    RECORD    YEAR
 MAXIMUM TEMPERATURE (F)   68        91      1924
 MINIMUM TEMPERATURE (F)   54        44      1977
                                             1973
                                             1964


SUNRISE AND SUNSET
JULY 23 2017..........SUNRISE   548 AM PDT   SUNSET   856 PM PDT
JULY 24 2017..........SUNRISE   549 AM PDT   SUNSET   855 PM PDT


-  INDICATES NEGATIVE NUMBERS.
R  INDICATES RECORD WAS SET OR TIED.
MM INDICATES DATA IS MISSING.
T  INDICATES TRACE AMOUNT.




$$
