000
CDUS46 KPQR 261142
CLIAST


CLIMATE REPORT
NATIONAL WEATHER SERVICE PORTLAND OREGON
341 AM PST FRI DEC 26 2014


...................................

...THE ASTORIA OR CLIMATE SUMMARY FOR DECEMBER 25 2014...

CLIMATE NORMAL PERIOD 1981 TO 2010
CLIMATE RECORD PERIOD 1892 TO 2014


WEATHER ITEM   OBSERVED TIME   RECORD YEAR NORMAL DEPARTURE LAST
                VALUE   (LST)  VALUE       VALUE  FROM      YEAR
                                                  NORMAL
..................................................................
TEMPERATURE (F)
 YESTERDAY
  MAXIMUM         52    147 PM  63    1980  48      4       47
  MINIMUM         42   1124 PM  21    1924  37      5       35
  AVERAGE         47                        42      5       41

PRECIPITATION (IN)
  YESTERDAY        0.05          3.30 1898   0.32  -0.27     0.00
  MONTH TO DATE    9.43                      8.02   1.41     4.92
  SINCE OCT 1     24.48                     25.15  -0.67    12.08
  SINCE JAN 1     71.73                     65.39   6.34    59.13

DEGREE DAYS
 HEATING
  YESTERDAY       18                        23     -5       24
  MONTH TO DATE  404                       561   -157      688
  SINCE DEC 1    404                       561   -157      688
  SINCE JUL 1   1391                      1974   -583     2041

 COOLING
  YESTERDAY        0                         0      0        0
  MONTH TO DATE    0                         0      0        0
  SINCE DEC 1      0                         0      0        0
  SINCE JAN 1     45                        12     33        9
..................................................................


WIND (MPH)
  HIGHEST WIND SPEED    22   HIGHEST WIND DIRECTION    NW (320)
  HIGHEST GUST SPEED    29   HIGHEST GUST DIRECTION    NW (330)
  AVERAGE WIND SPEED     5.8


SKY COVER
  POSSIBLE SUNSHINE  MM
  AVERAGE SKY COVER 0.8


WEATHER CONDITIONS
 THE FOLLOWING WEATHER WAS RECORDED YESTERDAY.
  LIGHT RAIN
  FOG


RELATIVE HUMIDITY (PERCENT)
 HIGHEST   100          1100 PM
 LOWEST     65           500 AM
 AVERAGE    83

..........................................................


THE ASTORIA OR CLIMATE NORMALS FOR TODAY
                         NORMAL    RECORD    YEAR
 MAXIMUM TEMPERATURE (F)   48        64      1980
 MINIMUM TEMPERATURE (F)   37        19      1924


SUNRISE AND SUNSET
DECEMBER 26 2014......SUNRISE   757 AM PST   SUNSET   435 PM PST
DECEMBER 27 2014......SUNRISE   757 AM PST   SUNSET   436 PM PST


-  INDICATES NEGATIVE NUMBERS.
R  INDICATES RECORD WAS SET OR TIED.
MM INDICATES DATA IS MISSING.
T  INDICATES TRACE AMOUNT.




$$
