000
CDUS46 KPQR 291143
CLIAST


CLIMATE REPORT
NATIONAL WEATHER SERVICE PORTLAND OREGON
441 AM PDT SUN MAY 29 2016


...................................

...THE ASTORIA OR CLIMATE SUMMARY FOR MAY 28 2016...

CLIMATE NORMAL PERIOD 1981 TO 2010
CLIMATE RECORD PERIOD 1892 TO 2016


WEATHER ITEM   OBSERVED TIME   RECORD YEAR NORMAL DEPARTURE LAST
                VALUE   (LST)  VALUE       VALUE  FROM      YEAR
                                                  NORMAL
..................................................................
TEMPERATURE (F)
 YESTERDAY
  MAXIMUM         60    308 PM  81    1922  62     -2       64
  MINIMUM         49   1250 AM  38    1973  48      1       53
                                      1966
                                      1943
  AVERAGE         55                        55      0       59

PRECIPITATION (IN)
  YESTERDAY        0.04          1.32 1892   0.10  -0.06     0.00
  MONTH TO DATE    0.81                      3.02  -2.21     1.29
  SINCE OCT 1     79.71                     60.08  19.63    52.28
  SINCE JAN 1     37.18                     33.06   4.12    26.66

DEGREE DAYS
 HEATING
  YESTERDAY       10                        10      0        6
  MONTH TO DATE  257                       342    -85      285
  SINCE MAR 1   1063                      1409   -346     1215
  SINCE JUL 1   3682                      4751  -1069     3755

 COOLING
  YESTERDAY        0                         0      0        0
  MONTH TO DATE    0                         0      0        0
  SINCE MAR 1      3                         0      3        2
  SINCE JAN 1      3                         0      3        2
..................................................................


WIND (MPH)
  HIGHEST WIND SPEED    18   HIGHEST WIND DIRECTION    SW (230)
  HIGHEST GUST SPEED    26   HIGHEST GUST DIRECTION    SW (220)
  AVERAGE WIND SPEED     8.8


SKY COVER
  POSSIBLE SUNSHINE  MM
  AVERAGE SKY COVER 1.0


WEATHER CONDITIONS
 THE FOLLOWING WEATHER WAS RECORDED YESTERDAY.
  LIGHT RAIN
  FOG


RELATIVE HUMIDITY (PERCENT)
 HIGHEST   100          1100 PM
 LOWEST     64          1200 PM
 AVERAGE    82

..........................................................


THE ASTORIA OR CLIMATE NORMALS FOR TODAY
                         NORMAL    RECORD    YEAR
 MAXIMUM TEMPERATURE (F)   62        85      2007
 MINIMUM TEMPERATURE (F)   48        37      1966


SUNRISE AND SUNSET
MAY 29 2016...........SUNRISE   529 AM PDT   SUNSET   857 PM PDT
MAY 30 2016...........SUNRISE   529 AM PDT   SUNSET   858 PM PDT


-  INDICATES NEGATIVE NUMBERS.
R  INDICATES RECORD WAS SET OR TIED.
MM INDICATES DATA IS MISSING.
T  INDICATES TRACE AMOUNT.




$$
