000
CDUS46 KPQR 210222
CLIAST


CLIMATE REPORT
NATIONAL WEATHER SERVICE PORTLAND OREGON
622 PM PST MON NOV 20 2017


...................................

...THE ASTORIA OR CLIMATE SUMMARY FOR NOVEMBER 20 2017...
VALID TODAY AS OF 0600 PM LOCAL TIME.

CLIMATE NORMAL PERIOD 1981 TO 2010
CLIMATE RECORD PERIOD 1892 TO 2017


WEATHER ITEM   OBSERVED TIME   RECORD YEAR NORMAL DEPARTURE LAST
                VALUE   (LST)  VALUE       VALUE  FROM      YEAR
                                                  NORMAL
..................................................................
TEMPERATURE (F)
 TODAY
  MAXIMUM         54    558 AM  63    1987  52      2       56
  MINIMUM         45    559 PM  26    2011  39      6       48
  AVERAGE         50                        46      4       52

PRECIPITATION (IN)
  TODAY            0.64          5.35 1904   0.41   0.23     0.80
  MONTH TO DATE    9.12                      7.16   1.96     8.58
  SINCE OCT 1     18.06                     13.14   4.92    24.90
  SINCE JAN 1     71.27                     53.38  17.89    67.88

DEGREE DAYS
 HEATING
  TODAY           15                        19     -4       13
  MONTH TO DATE  360                       344     16      196
  SINCE SEP 1    900                       930    -30      594
  SINCE JUL 1   1140                      1211    -71      715

 COOLING
  TODAY            0                         0      0        0
  MONTH TO DATE    0                         0      0        0
  SINCE SEP 1     22                         5     17        7
  SINCE JAN 1     55                        12     43       62
..................................................................


WIND (MPH)
  HIGHEST WIND SPEED    29   HIGHEST WIND DIRECTION     S (190)
  HIGHEST GUST SPEED    45   HIGHEST GUST DIRECTION     S (180)
  AVERAGE WIND SPEED     9.6


SKY COVER
  POSSIBLE SUNSHINE  MM
  AVERAGE SKY COVER 0.8


WEATHER CONDITIONS
 THE FOLLOWING WEATHER WAS RECORDED TODAY.
  RAIN
  LIGHT RAIN
  FOG


RELATIVE HUMIDITY (PERCENT)
 HIGHEST   100           700 AM
 LOWEST     71           100 PM
 AVERAGE    86

..........................................................


THE ASTORIA OR CLIMATE NORMALS FOR TOMORROW
                         NORMAL    RECORD    YEAR
 MAXIMUM TEMPERATURE (F)   52        66      1954
 MINIMUM TEMPERATURE (F)   39        25      1985


SUNRISE AND SUNSET
NOVEMBER 20 2017......SUNRISE   724 AM PST   SUNSET   438 PM PST
NOVEMBER 21 2017......SUNRISE   725 AM PST   SUNSET   437 PM PST


-  INDICATES NEGATIVE NUMBERS.
R  INDICATES RECORD WAS SET OR TIED.
MM INDICATES DATA IS MISSING.
T  INDICATES TRACE AMOUNT.




$$
