000
CDUS42 KFFC 260021
CLIATL


CLIMATE REPORT
NATIONAL WEATHER SERVICE PEACHTREE CITY GA
721 PM EST SUN JAN 25 2015


...................................

...THE ATLANTA CLIMATE SUMMARY FOR JANUARY 25 2015...
VALID AS OF 0700 PM LOCAL TIME.

CLIMATE NORMAL PERIOD 1981 TO 2010
CLIMATE RECORD PERIOD 1878 TO 2015


WEATHER ITEM   OBSERVED TIME   RECORD YEAR NORMAL DEPARTURE LAST
                VALUE   (LST)  VALUE       VALUE  FROM      YEAR
                                                  NORMAL
..................................................................
TEMPERATURE (F)
 TODAY
  MAXIMUM         60    432 PM  76    1950  53      7       49
                                      1943
  MINIMUM         31    758 AM   6    1905  35     -4       17
  AVERAGE         46                        44      2       33

PRECIPITATION (IN)
  TODAY            0.00          1.91 1978   0.15  -0.15     0.00
  MONTH TO DATE    4.32                      3.28   1.04     3.12
  SINCE DEC 1      9.83                      7.18   2.65    10.92
  SINCE JAN 1      4.32                      3.28   1.04     3.12

SNOWFALL (IN)
  TODAY            0.0           T    2008   0.0    0.0      0.0
  MONTH TO DATE    0.0                       1.1   -1.1       T
  SINCE DEC 1      0.0                       1.5   -1.5       T
  SINCE JUL 1      0.0                       1.5   -1.5      0.4
  SNOW DEPTH       0

DEGREE DAYS
 HEATING
  TODAY           19                        21     -2       32
  MONTH TO DATE  544                       547     -3      673
  SINCE DEC 1   1000                      1160   -160     1196
  SINCE JUL 1   1547                      1628    -81     1723

 COOLING
  TODAY            0                         0      0        0
  MONTH TO DATE    0                         0      0        0
  SINCE DEC 1      0                         1     -1        7
  SINCE JAN 1      0                         0      0        0
..................................................................


WIND (MPH)
  RESULTANT WIND SPEED   7   RESULTANT WIND DIRECTION  SW (220)
  HIGHEST WIND SPEED    20   HIGHEST WIND DIRECTION    SW (210)
  HIGHEST GUST SPEED    28   HIGHEST GUST DIRECTION    SW (230)
  AVERAGE WIND SPEED     7.0


SKY COVER
  AVERAGE SKY COVER 0.2


WEATHER CONDITIONS
 THE FOLLOWING WEATHER WAS RECORDED TODAY.
  NO SIGNIFICANT WEATHER WAS OBSERVED.


RELATIVE HUMIDITY (PERCENT)
 HIGHEST    85           600 AM
 LOWEST     31           300 PM

..........................................................


THE ATLANTA CLIMATE NORMALS FOR TOMORROW
                         NORMAL    RECORD    YEAR
 MAXIMUM TEMPERATURE (F)   53        77      1950
 MINIMUM TEMPERATURE (F)   35         4      1940


SUNRISE AND SUNSET
JANUARY 25 2015.......SUNRISE   739 AM EST   SUNSET   602 PM EST
JANUARY 26 2015.......SUNRISE   738 AM EST   SUNSET   603 PM EST


-  INDICATES NEGATIVE NUMBERS.
R  INDICATES RECORD WAS SET OR TIED.
MM INDICATES DATA IS MISSING.
T  INDICATES TRACE AMOUNT.




$$
