000
CDUS42 KFFC 200917
CLIATL


CLIMATE REPORT
NATIONAL WEATHER SERVICE PEACHTREE CITY GA
417 AM EST SAT JAN 20 2018


...................................

...THE ATLANTA CLIMATE SUMMARY FOR JANUARY 19 2018...

CLIMATE NORMAL PERIOD 1981 TO 2010
CLIMATE RECORD PERIOD 1878 TO 2018


WEATHER ITEM   OBSERVED TIME   RECORD YEAR NORMAL DEPARTURE LAST
                VALUE   (LST)  VALUE       VALUE  FROM      YEAR
                                                  NORMAL
..................................................................
TEMPERATURE (F)
 YESTERDAY
  MAXIMUM         55    346 PM  75    2017  52      3       75
  MINIMUM         26    801 AM   1    1977  34     -8       54
  AVERAGE         41                        43     -2       65

PRECIPITATION (IN)
  YESTERDAY        0.00          2.42 1883   0.13  -0.13     0.27
  MONTH TO DATE    1.00                      2.41  -1.41     3.85
  SINCE DEC 1      5.38                      6.31  -0.93     6.85
  SINCE JAN 1      1.00                      2.41  -1.41     3.85

SNOWFALL (IN)
  YESTERDAY        0.0           1.0  2008   0.1   -0.1      0.0
  MONTH TO DATE    2.4                       0.9    1.5       T
  SINCE DEC 1      4.7                       1.3    3.4       T
  SINCE JUL 1      4.7                       1.3    3.4       T
  SNOW DEPTH       1

DEGREE DAYS
 HEATING
  YESTERDAY       24                        22      2        0
  MONTH TO DATE  559                       418    141      244
  SINCE DEC 1   1115                      1031     84      735
  SINCE JUL 1   1512                      1499     13      957

 COOLING
  YESTERDAY        0                         0      0        0
  MONTH TO DATE    0                         0      0        0
  SINCE DEC 1      0                         1     -1        0
  SINCE JAN 1      0                         0      0        0
..................................................................


WIND (MPH)
  RESULTANT WIND SPEED   6   RESULTANT WIND DIRECTION  NW (300)
  HIGHEST WIND SPEED    16   HIGHEST WIND DIRECTION    NW (320)
  HIGHEST GUST SPEED    21   HIGHEST GUST DIRECTION    NW (330)
  AVERAGE WIND SPEED     6.8


SKY COVER
  AVERAGE SKY COVER 0.1


WEATHER CONDITIONS
 THE FOLLOWING WEATHER WAS RECORDED YESTERDAY.
  NO SIGNIFICANT WEATHER WAS OBSERVED.


RELATIVE HUMIDITY (PERCENT)
 HIGHEST    57           300 AM
 LOWEST     14           600 PM
 AVERAGE    36

..........................................................


THE ATLANTA CLIMATE NORMALS FOR TODAY
                         NORMAL    RECORD    YEAR
 MAXIMUM TEMPERATURE (F)   52        74      2017
                                             1927
 MINIMUM TEMPERATURE (F)   34        -6      1985


SUNRISE AND SUNSET
JANUARY 20 2018.......SUNRISE   741 AM EST   SUNSET   557 PM EST
JANUARY 21 2018.......SUNRISE   740 AM EST   SUNSET   558 PM EST


-  INDICATES NEGATIVE NUMBERS.
R  INDICATES RECORD WAS SET OR TIED.
MM INDICATES DATA IS MISSING.
T  INDICATES TRACE AMOUNT.




$$
