000
CDUS42 KFFC 050819
CLIATL


CLIMATE REPORT
NATIONAL WEATHER SERVICE PEACHTREE CITY GA
419 AM EDT WED AUG 5 2015


...................................

...THE ATLANTA CLIMATE SUMMARY FOR AUGUST 4 2015...

CLIMATE NORMAL PERIOD 1981 TO 2010
CLIMATE RECORD PERIOD 1878 TO 2015


WEATHER ITEM   OBSERVED TIME   RECORD YEAR NORMAL DEPARTURE LAST
                VALUE   (LST)  VALUE       VALUE  FROM      YEAR
                                                  NORMAL
..................................................................
TEMPERATURE (F)
 YESTERDAY
  MAXIMUM         97    427 PM 100    1947  89      8       90
  MINIMUM         74    631 AM  59    1950  71      3       71
  AVERAGE         86                        80      6       81

PRECIPITATION (IN)
  YESTERDAY        0.00          1.68 1988   0.13  -0.13     0.00
  MONTH TO DATE    T                         0.51  -0.51      T
  SINCE JUN 1     11.92                      9.73   2.19     9.70
  SINCE JAN 1     35.64                     30.44   5.20    28.17

DEGREE DAYS
 HEATING
  YESTERDAY        0                         0      0        0
  MONTH TO DATE    0                         0      0        0
  SINCE JUN 1      0                         2     -2        0
  SINCE JUL 1      0                         0      0        0

 COOLING
  YESTERDAY       21                        15      6       16
  MONTH TO DATE   73                        60     13       49
  SINCE JUN 1   1036                       902    134      863
  SINCE JAN 1   1395                      1152    243     1146
..................................................................


WIND (MPH)
  RESULTANT WIND SPEED   2   RESULTANT WIND DIRECTION   W (290)
  HIGHEST WIND SPEED    12   HIGHEST WIND DIRECTION     W (290)
  HIGHEST GUST SPEED    16   HIGHEST GUST DIRECTION     W (280)
  AVERAGE WIND SPEED     4.1


SKY COVER
  AVERAGE SKY COVER 0.5


WEATHER CONDITIONS
 THE FOLLOWING WEATHER WAS RECORDED YESTERDAY.
  NO SIGNIFICANT WEATHER WAS OBSERVED.


RELATIVE HUMIDITY (PERCENT)
 HIGHEST    74           700 AM
 LOWEST     28           300 PM
 AVERAGE    51

..........................................................


THE ATLANTA CLIMATE NORMALS FOR TODAY
                         NORMAL    RECORD    YEAR
 MAXIMUM TEMPERATURE (F)   89        98      1980
 MINIMUM TEMPERATURE (F)   71        60      1912


SUNRISE AND SUNSET
AUGUST  5 2015........SUNRISE   653 AM EDT   SUNSET   834 PM EDT
AUGUST  6 2015........SUNRISE   653 AM EDT   SUNSET   834 PM EDT


-  INDICATES NEGATIVE NUMBERS.
R  INDICATES RECORD WAS SET OR TIED.
MM INDICATES DATA IS MISSING.
T  INDICATES TRACE AMOUNT.




$$
