000
CDUS42 KFFC 240817
CLIATL


CLIMATE REPORT
NATIONAL WEATHER SERVICE PEACHTREE CITY GA
416 AM EDT MON APR 24 2017


...................................

...THE ATLANTA CLIMATE SUMMARY FOR APRIL 23 2017...

CLIMATE NORMAL PERIOD 1981 TO 2010
CLIMATE RECORD PERIOD 1878 TO 2017


WEATHER ITEM   OBSERVED TIME   RECORD YEAR NORMAL DEPARTURE LAST
                VALUE   (LST)  VALUE       VALUE  FROM      YEAR
                                                  NORMAL
..................................................................
TEMPERATURE (F)
 YESTERDAY
  MAXIMUM         68   1215 AM  91    1980  74     -6       76
  MINIMUM         54   1159 PM  32    1986  54      0       55
  AVERAGE         61                        64     -3       66

PRECIPITATION (IN)
  YESTERDAY        0.84          2.40 1883   0.12   0.72     0.00
  MONTH TO DATE    5.66                      2.58   3.08     2.49
  SINCE MAR 1      8.34                      7.39   0.95     4.70
  SINCE JAN 1     18.39                     16.26   2.13    17.23

DEGREE DAYS
 HEATING
  YESTERDAY        4                         3      1        0
  MONTH TO DATE   41                       124    -83       95
  SINCE MAR 1    304                       466   -162      265
  SINCE JUL 1   1660                      2721  -1061     1980

 COOLING
  YESTERDAY        0                         2     -2        1
  MONTH TO DATE   90                        34     56       15
  SINCE MAR 1    135                        46     89       53
  SINCE JAN 1    140                        47     93       53
..................................................................


WIND (MPH)
  RESULTANT WIND SPEED   7   RESULTANT WIND DIRECTION   E (80)
  HIGHEST WIND SPEED    23   HIGHEST WIND DIRECTION    NW (300)
  HIGHEST GUST SPEED    33   HIGHEST GUST DIRECTION    NW (300)
  AVERAGE WIND SPEED     9.8


SKY COVER
  AVERAGE SKY COVER 1.0


WEATHER CONDITIONS
 THE FOLLOWING WEATHER WAS RECORDED YESTERDAY.
  THUNDERSTORM
  HEAVY RAIN
  RAIN
  LIGHT RAIN
  FOG


RELATIVE HUMIDITY (PERCENT)
 HIGHEST   100          1200 PM
 LOWEST     66          1200 AM
 AVERAGE    83

..........................................................


THE ATLANTA CLIMATE NORMALS FOR TODAY
                         NORMAL    RECORD    YEAR
 MAXIMUM TEMPERATURE (F)   75        93      1925
 MINIMUM TEMPERATURE (F)   54        34      2005


SUNRISE AND SUNSET
APRIL 24 2017.........SUNRISE   656 AM EDT   SUNSET   816 PM EDT
APRIL 25 2017.........SUNRISE   655 AM EDT   SUNSET   817 PM EDT


-  INDICATES NEGATIVE NUMBERS.
R  INDICATES RECORD WAS SET OR TIED.
MM INDICATES DATA IS MISSING.
T  INDICATES TRACE AMOUNT.




$$
