000
CDUS42 KFFC 302032
CLIATL


CLIMATE REPORT
NATIONAL WEATHER SERVICE PEACHTREE CITY GA
432 PM EDT SAT JUL 30 2016


...................................

...THE ATLANTA CLIMATE SUMMARY FOR JULY 30 2016...
VALID TODAY AS OF 0400 PM LOCAL TIME.

CLIMATE NORMAL PERIOD 1981 TO 2010
CLIMATE RECORD PERIOD 1878 TO 2016


WEATHER ITEM   OBSERVED TIME   RECORD YEAR NORMAL DEPARTURE LAST
                VALUE   (LST)  VALUE       VALUE  FROM      YEAR
                                                  NORMAL
..................................................................
TEMPERATURE (F)
 TODAY
  MAXIMUM         89   1157 AM  98    1986  89      0       94
                                      1980
  MINIMUM         73   1250 PM  59    2014  71      2       76
  AVERAGE         81                        80      1       85

PRECIPITATION (IN)
  TODAY            0.67          3.51 1887   0.14   0.53     0.01
  MONTH TO DATE    3.09                      5.12  -2.03     4.91
  SINCE JUN 1      6.35                      9.07  -2.72    11.82
  SINCE JAN 1     25.49                     29.78  -4.29    35.54

DEGREE DAYS
 HEATING
  TODAY            0                         0      0        0
  MONTH TO DATE    0                         0      0        0
  SINCE JUN 1      0                         2     -2        0
  SINCE JUL 1      0                         0      0        0

 COOLING
  TODAY           16                        15      1       20
  MONTH TO DATE  559                       450    109      499
  SINCE JUN 1   1048                       821    227      945
  SINCE JAN 1   1377                      1071    306     1304
..................................................................


WIND (MPH)
  HIGHEST WIND SPEED    21   HIGHEST WIND DIRECTION     N (10)
  HIGHEST GUST SPEED    27   HIGHEST GUST DIRECTION    SW (220)
  AVERAGE WIND SPEED     5.0


SKY COVER
  POSSIBLE SUNSHINE  MM
  AVERAGE SKY COVER 0.5


WEATHER CONDITIONS
 THE FOLLOWING WEATHER WAS RECORDED TODAY.
  THUNDERSTORM
  HEAVY RAIN
  RAIN
  LIGHT RAIN
  FOG


RELATIVE HUMIDITY (PERCENT)
 HIGHEST   100           400 AM
 LOWEST     63          1200 PM
 AVERAGE    82

..........................................................


THE ATLANTA CLIMATE NORMALS FOR TOMORROW
                         NORMAL    RECORD    YEAR
 MAXIMUM TEMPERATURE (F)   89        99      1999
                                             1986
                                             1980
 MINIMUM TEMPERATURE (F)   71        59      1936


SUNRISE AND SUNSET
JULY 30 2016..........SUNRISE   649 AM EDT   SUNSET   839 PM EDT
JULY 31 2016..........SUNRISE   650 AM EDT   SUNSET   838 PM EDT


-  INDICATES NEGATIVE NUMBERS.
R  INDICATES RECORD WAS SET OR TIED.
MM INDICATES DATA IS MISSING.
T  INDICATES TRACE AMOUNT.




$$
