000
CDUS42 KFFC 010022
CLIATL


CLIMATE REPORT
NATIONAL WEATHER SERVICE PEACHTREE CITY GA
822 PM EDT TUE MAY 31 2016


...................................

...THE ATLANTA CLIMATE SUMMARY FOR MAY 31 2016...
VALID AS OF 0800 PM LOCAL TIME.

CLIMATE NORMAL PERIOD 1981 TO 2010
CLIMATE RECORD PERIOD 1878 TO 2016


WEATHER ITEM   OBSERVED TIME   RECORD YEAR NORMAL DEPARTURE LAST
                VALUE   (LST)  VALUE       VALUE  FROM      YEAR
                                                  NORMAL
..................................................................
TEMPERATURE (F)
 TODAY
  MAXIMUM         92    235 PM  95    1953  83      9       84
  MINIMUM         72    555 AM  41    1889  65      7       68
  AVERAGE         82                        74      8       76

PRECIPITATION (IN)
  TODAY            T             1.60 1903   0.12  -0.12     0.19
  MONTH TO DATE    1.25                      3.67  -2.42     4.44
  SINCE MAR 1      6.61                     11.84  -5.23    15.21
  SINCE JAN 1     19.14                     20.71  -1.57    23.72

SNOWFALL (IN)
  TODAY            0.0           0.0  2002   0.0    0.0      0.0
                                      2001
                                      2000
  MONTH TO DATE    0.0                       0.0    0.0      0.0
  SINCE MAR 1      T                         0.8   -0.8      0.0
  SINCE JUL 1      0.3                       2.9   -2.6       T
  SNOW DEPTH       0

DEGREE DAYS
 HEATING
  TODAY            0                         0      0        0
  MONTH TO DATE   19                        24     -5        6
  SINCE MAR 1    284                       511   -227      298
  SINCE JUL 1   1999                      2766   -767     2656

 COOLING
  TODAY           17                         9      8       11
  MONTH TO DATE  217                       184     33      263
  SINCE MAR 1    329                       249     80      359
  SINCE JAN 1    329                       250     79      359
..................................................................


WIND (MPH)
  RESULTANT WIND SPEED   3   RESULTANT WIND DIRECTION   E (70)
  HIGHEST WIND SPEED    20   HIGHEST WIND DIRECTION     E (90)
  HIGHEST GUST SPEED    23   HIGHEST GUST DIRECTION     E (90)
  AVERAGE WIND SPEED     6.5


SKY COVER
  AVERAGE SKY COVER 0.6


WEATHER CONDITIONS
 THE FOLLOWING WEATHER WAS RECORDED TODAY.
  LIGHT RAIN


RELATIVE HUMIDITY (PERCENT)
 HIGHEST    68           600 AM
 LOWEST     34           200 PM

..........................................................


THE ATLANTA CLIMATE NORMALS FOR TOMORROW
                         NORMAL    RECORD    YEAR
 MAXIMUM TEMPERATURE (F)   84        97      1945
 MINIMUM TEMPERATURE (F)   65        39      1889


SUNRISE AND SUNSET
MAY 31 2016...........SUNRISE   629 AM EDT   SUNSET   843 PM EDT
JUNE  1 2016..........SUNRISE   628 AM EDT   SUNSET   843 PM EDT


-  INDICATES NEGATIVE NUMBERS.
R  INDICATES RECORD WAS SET OR TIED.
MM INDICATES DATA IS MISSING.
T  INDICATES TRACE AMOUNT.




$$
