000
CDUS44 KEWX 200719
CLIATT


CLIMATE REPORT
NATIONAL WEATHER SERVICE AUSTIN/SAN ANTONIO, TX
218 AM CDT MON OCT 20 2014


...................................

...THE AUSTIN CAMP MABRY CLIMATE SUMMARY FOR OCTOBER 19 2014...

CLIMATE NORMAL PERIOD 1981 TO 2010
CLIMATE RECORD PERIOD 1897 TO 2014


WEATHER ITEM   OBSERVED TIME   RECORD YEAR NORMAL DEPARTURE LAST
                VALUE   (LST)  VALUE       VALUE  FROM      YEAR
                                                  NORMAL
..................................................................
TEMPERATURE (F)
 YESTERDAY
  MAXIMUM         82    151 PM  95    1921  81      1       68
  MINIMUM         65    647 AM  39    1903  60      5       48
  AVERAGE         74                        70      4

PRECIPITATION (IN)
  YESTERDAY        0.00          2.08 1909   0.15  -0.15      T
  MONTH TO DATE    1.55                      2.37  -0.82     7.98
  SINCE SEP 1      8.53                      5.36   3.17    13.80
  SINCE JAN 1     28.39                     27.45   0.94    31.58

SNOWFALL (IN)
  YESTERDAY        0.0
  MONTH TO DATE    0.0
  SINCE SEP 1      0.0
  SINCE JUL 1      0.0
  SNOW DEPTH       0

DEGREE DAYS
 HEATING
  YESTERDAY        0                         1     -1        7
  MONTH TO DATE    0                         8     -8       15
  SINCE SEP 1      2                        10     -8       15
  SINCE JUL 1      2                        10     -8       15

 COOLING
  YESTERDAY        9                         6      3        0
  MONTH TO DATE  208                       160     48      165
  SINCE SEP 1    684                       610     74      727
  SINCE JAN 1   3077                      3004     73     3337
..................................................................


WIND (MPH)
  HIGHEST WIND SPEED     8   HIGHEST WIND DIRECTION     E (90)
  HIGHEST GUST SPEED    15   HIGHEST GUST DIRECTION     E (90)
  AVERAGE WIND SPEED     2.4


SKY COVER
  AVERAGE SKY COVER 0.5


WEATHER CONDITIONS
 THE FOLLOWING WEATHER WAS RECORDED YESTERDAY.
  FOG


RELATIVE HUMIDITY (PERCENT)
 HIGHEST    93           600 AM
 LOWEST     54           400 PM
 AVERAGE    74

..........................................................


THE AUSTIN CAMP MABRY CLIMATE NORMALS FOR TODAY
                         NORMAL    RECORD    YEAR
 MAXIMUM TEMPERATURE (F)   81        92      2005
                                             1979
 MINIMUM TEMPERATURE (F)   60        38      1917
                                             1913


SUNRISE AND SUNSET
OCTOBER 20 2014.......SUNRISE   736 AM CDT   SUNSET   654 PM CDT
OCTOBER 21 2014.......SUNRISE   737 AM CDT   SUNSET   653 PM CDT


-  INDICATES NEGATIVE NUMBERS.
R  INDICATES RECORD WAS SET OR TIED.
MM INDICATES DATA IS MISSING.
T  INDICATES TRACE AMOUNT.




$$
