000
CDUS44 KEWX 292226
CLIATT


CLIMATE REPORT
NATIONAL WEATHER SERVICE AUSTIN/SAN ANTONIO, TX
526 PM CDT SAT AUG 29 2015


...................................

...THE AUSTIN CAMP MABRY CLIMATE SUMMARY FOR AUGUST 29 2015...
VALID TODAY AS OF 0526 PM LOCAL TIME.

CLIMATE NORMAL PERIOD 1981 TO 2010
CLIMATE RECORD PERIOD 1897 TO 2015


WEATHER ITEM   OBSERVED TIME   RECORD YEAR NORMAL DEPARTURE LAST
                VALUE   (LST)  VALUE       VALUE  FROM      YEAR
                                                  NORMAL
..................................................................
TEMPERATURE (F)
 TODAY
  MAXIMUM         95    351 PM 109    2011  95      0       96
  MINIMUM         71    639 AM  65    1992  74     -3       77
                                      1968
                                      1900
  AVERAGE         83                        85     -2       87

PRECIPITATION (IN)
  TODAY            0.00          4.00 1945   0.10  -0.10     0.07
  MONTH TO DATE    0.35                      2.14  -1.79     0.12
  SINCE JUN 1      9.24                      8.35   0.89     8.78
  SINCE JAN 1     39.49                     21.88  17.61    19.86

SNOWFALL (IN)
  TODAY            0.0
  MONTH TO DATE    0.0
  SINCE JUN 1      0.0
  SINCE JUL 1      0.0
  SNOW DEPTH       0

DEGREE DAYS
 HEATING
  TODAY            0                         0      0        0
  MONTH TO DATE    0                         0      0        0
  SINCE JUN 1      0                         0      0        0
  SINCE JUL 1      0                         0      0        0

 COOLING
  TODAY           18                        20     -2       22
  MONTH TO DATE  661                       603     58      651
  SINCE JUN 1   1797                      1739     58     1777
  SINCE JAN 1   2398                      2352     46     2351
..................................................................


WIND (MPH)
  HIGHEST WIND SPEED     8   HIGHEST WIND DIRECTION    SE (120)
  HIGHEST GUST SPEED    13   HIGHEST GUST DIRECTION     S (180)
  AVERAGE WIND SPEED     2.9


SKY COVER
  AVERAGE SKY COVER 0.0


WEATHER CONDITIONS
 THE FOLLOWING WEATHER WAS RECORDED TODAY.
  NO SIGNIFICANT WEATHER WAS OBSERVED.


RELATIVE HUMIDITY (PERCENT)
 HIGHEST    79           500 AM
 LOWEST     31           400 PM
 AVERAGE    55

..........................................................


THE AUSTIN CAMP MABRY CLIMATE NORMALS FOR TOMORROW
                         NORMAL    RECORD    YEAR
 MAXIMUM TEMPERATURE (F)   95       105      2013
                                             2011
 MINIMUM TEMPERATURE (F)   74        63      1986


SUNRISE AND SUNSET
AUGUST 29 2015........SUNRISE   706 AM CDT   SUNSET   757 PM CDT
AUGUST 30 2015........SUNRISE   706 AM CDT   SUNSET   756 PM CDT


-  INDICATES NEGATIVE NUMBERS.
R  INDICATES RECORD WAS SET OR TIED.
MM INDICATES DATA IS MISSING.
T  INDICATES TRACE AMOUNT.




$$
