000
CDUS44 KEWX 262222
CLIATT


CLIMATE REPORT
NATIONAL WEATHER SERVICE AUSTIN/SAN ANTONIO, TX
422 PM CST FRI DEC 26 2014


...................................

...THE AUSTIN CAMP MABRY CLIMATE SUMMARY FOR DECEMBER 26 2014...
VALID TODAY AS OF 420 PM LOCAL TIME.

CLIMATE NORMAL PERIOD 1981 TO 2010
CLIMATE RECORD PERIOD 1897 TO 2014


WEATHER ITEM   OBSERVED TIME   RECORD YEAR NORMAL DEPARTURE LAST
                VALUE   (LST)  VALUE       VALUE  FROM      YEAR
                                                  NORMAL
..................................................................
TEMPERATURE (F)
 TODAY
  MAXIMUM         74    304 PM  80    2008  61     13       57
                                      2005
                                      1988
  MINIMUM         53    520 AM  14    1983  41     12       39
                                      1924
  AVERAGE         64                        51     13       48

PRECIPITATION (IN)
  TODAY            0.01          0.56 2000   0.08  -0.07     0.00
  MONTH TO DATE    0.90                      2.01  -1.11     0.72
  SINCE DEC 1      0.90                      2.01  -1.11     0.72
  SINCE JAN 1     35.37                     33.93   1.44    41.03

SNOWFALL (IN)
  TODAY            0.0
  MONTH TO DATE    0.0
  SINCE DEC 1      0.0
  SINCE JUL 1      0.0
  SNOW DEPTH       0

DEGREE DAYS
 HEATING
  TODAY            1                        14    -13       17
  MONTH TO DATE  209                       328   -119      383
  SINCE DEC 1    209                       328   -119      383
  SINCE JUL 1    499                       540    -41      657

 COOLING
  TODAY            0                         0      0        0
  MONTH TO DATE    9                         6      3       15
  SINCE DEC 1      9                         6      3       15
  SINCE JAN 1   3197                      3132     65     3464
..................................................................


WIND (MPH)
  HIGHEST WIND SPEED    12   HIGHEST WIND DIRECTION     S (170)
  HIGHEST GUST SPEED    21   HIGHEST GUST DIRECTION     S (160)
  AVERAGE WIND SPEED     5.5


SKY COVER
  AVERAGE SKY COVER 0.8


WEATHER CONDITIONS
 THE FOLLOWING WEATHER WAS RECORDED TODAY.
  LIGHT RAIN
  FOG


RELATIVE HUMIDITY (PERCENT)
 HIGHEST   100           800 AM
 LOWEST     66           400 PM
 AVERAGE    83

..........................................................


THE AUSTIN CAMP MABRY CLIMATE NORMALS FOR TOMORROW
                         NORMAL    RECORD    YEAR
 MAXIMUM TEMPERATURE (F)   61        79      1954
 MINIMUM TEMPERATURE (F)   41        15      1924


SUNRISE AND SUNSET
DECEMBER 26 2014......SUNRISE   725 AM CST   SUNSET   537 PM CST
DECEMBER 27 2014......SUNRISE   726 AM CST   SUNSET   538 PM CST


-  INDICATES NEGATIVE NUMBERS.
R  INDICATES RECORD WAS SET OR TIED.
MM INDICATES DATA IS MISSING.
T  INDICATES TRACE AMOUNT.




$$
