000
CDUS44 KEWX 292234
CLIATT


CLIMATE REPORT
NATIONAL WEATHER SERVICE AUSTIN/SAN ANTONIO, TX
533 PM CDT FRI AUG 29 2014


...................................

...THE AUSTIN CAMP MABRY CLIMATE SUMMARY FOR AUGUST 29 2014...
VALID TODAY AS OF 0533 PM LOCAL TIME.

CLIMATE NORMAL PERIOD 1981 TO 2010
CLIMATE RECORD PERIOD 1897 TO 2014


WEATHER ITEM   OBSERVED TIME   RECORD YEAR NORMAL DEPARTURE LAST
                VALUE   (LST)  VALUE       VALUE  FROM      YEAR
                                                  NORMAL
..................................................................
TEMPERATURE (F)
 TODAY
  MAXIMUM         96    405 PM 109    2011  95      1      102
  MINIMUM         77    540 AM  65    1992  74      3       75
                                      1968
                                      1900
  AVERAGE         87                        85      2       89

PRECIPITATION (IN)
  TODAY            0.00          4.00 1945   0.10  -0.10     0.00
  MONTH TO DATE    0.05                      2.14  -2.09     0.27
  SINCE JUN 1      8.71                      8.35   0.36     4.10
  SINCE JAN 1     19.79                     21.88  -2.09    17.78

SNOWFALL (IN)
  TODAY            0.0
  MONTH TO DATE    0.0
  SINCE JUN 1      0.0
  SINCE JUL 1      0.0
  SNOW DEPTH       0

DEGREE DAYS
 HEATING
  TODAY            0                         0      0        0
  MONTH TO DATE    0                         0      0        0
  SINCE JUN 1      0                         0      0        0
  SINCE JUL 1      0                         0      0        0

 COOLING
  TODAY           22                        20      2       24
  MONTH TO DATE  651                       603     48      674
  SINCE JUN 1   1777                      1739     38     1935
  SINCE JAN 1   2351                      2352     -1     2559
..................................................................


WIND (MPH)
  HIGHEST WIND SPEED    12   HIGHEST WIND DIRECTION     E (80)
  HIGHEST GUST SPEED    18   HIGHEST GUST DIRECTION     E (70)
  AVERAGE WIND SPEED     4.8


SKY COVER
  AVERAGE SKY COVER 0.6


WEATHER CONDITIONS
 THE FOLLOWING WEATHER WAS RECORDED TODAY.
  NO SIGNIFICANT WEATHER WAS OBSERVED.


RELATIVE HUMIDITY (PERCENT)
 HIGHEST    88           500 AM
 LOWEST     39           400 PM
 AVERAGE    64

..........................................................


THE AUSTIN CAMP MABRY CLIMATE NORMALS FOR TOMORROW
                         NORMAL    RECORD    YEAR
 MAXIMUM TEMPERATURE (F)   95       105      2013
                                             2011
 MINIMUM TEMPERATURE (F)   74        63      1986


SUNRISE AND SUNSET
AUGUST 29 2014........SUNRISE   706 AM CDT   SUNSET   757 PM CDT
AUGUST 30 2014........SUNRISE   706 AM CDT   SUNSET   756 PM CDT


-  INDICATES NEGATIVE NUMBERS.
R  INDICATES RECORD WAS SET OR TIED.
MM INDICATES DATA IS MISSING.
T  INDICATES TRACE AMOUNT.




$$
