000
CDUS44 KEWX 032255
CLIATT


CLIMATE REPORT
NATIONAL WEATHER SERVICE AUSTIN/SAN ANTONIO, TX
554 PM CDT TUE MAY 3 2016


...................................

...THE AUSTIN CAMP MABRY CLIMATE SUMMARY FOR MAY 3 2016...
VALID TODAY AS OF 554 PM LOCAL TIME.

CLIMATE NORMAL PERIOD 1981 TO 2010
CLIMATE RECORD PERIOD 1897 TO 2016


WEATHER ITEM   OBSERVED TIME   RECORD YEAR NORMAL DEPARTURE LAST
                VALUE   (LST)  VALUE       VALUE  FROM      YEAR
                                                  NORMAL
..................................................................
TEMPERATURE (F)
 TODAY
  MAXIMUM         78    359 PM  95    1984  84     -6       84
  MINIMUM         55    641 AM  44    2013  63     -8       58
  AVERAGE         67                        74     -7       71

PRECIPITATION (IN)
  TODAY            0.00          3.80 1904   0.13  -0.13     0.00
  MONTH TO DATE    T                         0.37  -0.37     0.00
  SINCE MAR 1     10.63                      5.22   5.41     7.14
  SINCE JAN 1     12.31                      9.46   2.85    12.66

SNOWFALL (IN)
  TODAY            0.0
  MONTH TO DATE    0.0
  SINCE MAR 1      T
  SINCE JUL 1      T
  SNOW DEPTH       0

DEGREE DAYS
 HEATING
  TODAY            0                         0      0        0
  MONTH TO DATE    1                         0      1        0
  SINCE MAR 1     84                       200   -116      215
  SINCE JUL 1   1081                      1537   -456     1698

 COOLING
  TODAY            2                         9     -7        6
  MONTH TO DATE    9                        25    -16       17
  SINCE MAR 1    292                       250     42      284
  SINCE JAN 1    331                       277     54      295
..................................................................


WIND (MPH)
  HIGHEST WIND SPEED    12   HIGHEST WIND DIRECTION     N (10)
  HIGHEST GUST SPEED    19   HIGHEST GUST DIRECTION     N (10)
  AVERAGE WIND SPEED     3.2


SKY COVER
  AVERAGE SKY COVER 0.4


WEATHER CONDITIONS
 THE FOLLOWING WEATHER WAS RECORDED TODAY.
  NO SIGNIFICANT WEATHER WAS OBSERVED.


RELATIVE HUMIDITY (PERCENT)
 HIGHEST    86           200 AM
 LOWEST     33           300 PM
 AVERAGE    60

..........................................................


THE AUSTIN CAMP MABRY CLIMATE NORMALS FOR TOMORROW
                         NORMAL    RECORD    YEAR
 MAXIMUM TEMPERATURE (F)   84       100      1984
 MINIMUM TEMPERATURE (F)   64        42      1907


SUNRISE AND SUNSET
MAY  3 2016...........SUNRISE   645 AM CDT   SUNSET   810 PM CDT
MAY  4 2016...........SUNRISE   644 AM CDT   SUNSET   811 PM CDT


-  INDICATES NEGATIVE NUMBERS.
R  INDICATES RECORD WAS SET OR TIED.
MM INDICATES DATA IS MISSING.
T  INDICATES TRACE AMOUNT.




$$
