000
CDUS44 KEWX 232251
CLIATT


CLIMATE REPORT
NATIONAL WEATHER SERVICE AUSTIN/SAN ANTONIO, TX
550 PM CDT WED JUL 23 2014


...................................

...THE AUSTIN CAMP MABRY CLIMATE SUMMARY FOR JULY 23 2014...
VALID TODAY AS OF 550 PM LOCAL TIME.

CLIMATE NORMAL PERIOD 1981 TO 2010
CLIMATE RECORD PERIOD 1898 TO 2014


WEATHER ITEM   OBSERVED TIME   RECORD YEAR NORMAL DEPARTURE LAST
                VALUE   (LST)  VALUE       VALUE  FROM      YEAR
                                                  NORMAL
..................................................................
TEMPERATURE (F)
 TODAY
  MAXIMUM         97    325 PM 104    2011  97      0       99
  MINIMUM         75    606 AM  64    1970  75      0       78
  AVERAGE         86                        86      0       89

PRECIPITATION (IN)
  TODAY            0.00          1.44 2000   0.04  -0.04     0.00
  MONTH TO DATE    5.49                      1.44   4.05     2.12
  SINCE JUN 1      8.57                      5.77   2.80     3.04
  SINCE JAN 1     19.65                     19.30   0.35    16.72

SNOWFALL (IN)
  TODAY            0.0
  MONTH TO DATE    0.0
  SINCE JUN 1      0.0
  SINCE JUL 1      0.0
  SNOW DEPTH       0

DEGREE DAYS
 HEATING
  TODAY            0                         0      0        0
  MONTH TO DATE    0                         0      0        0
  SINCE JUN 1      0                         0      0        0
  SINCE JUL 1      0                         0      0        0

 COOLING
  TODAY           21                        21      0       24
  MONTH TO DATE  436                       452    -16      470
  SINCE JUN 1    955                       968    -13     1082
  SINCE JAN 1   1529                      1581    -52     1706
..................................................................


WIND (MPH)
  HIGHEST WIND SPEED     7   HIGHEST WIND DIRECTION     N (20)
  HIGHEST GUST SPEED    12   HIGHEST GUST DIRECTION     N (20)
  AVERAGE WIND SPEED     1.4


SKY COVER
  AVERAGE SKY COVER 0.1


WEATHER CONDITIONS
 THE FOLLOWING WEATHER WAS RECORDED TODAY.
  FOG
  HAZE


RELATIVE HUMIDITY (PERCENT)
 HIGHEST    94           500 AM
 LOWEST     38           400 PM
 AVERAGE    66

..........................................................


THE AUSTIN CAMP MABRY CLIMATE NORMALS FOR TOMORROW
                         NORMAL    RECORD    YEAR
 MAXIMUM TEMPERATURE (F)   97       105      2011
                                             1934
 MINIMUM TEMPERATURE (F)   75        66      1942
                                             1923


SUNRISE AND SUNSET
JULY 23 2014..........SUNRISE   644 AM CDT   SUNSET   830 PM CDT
JULY 24 2014..........SUNRISE   644 AM CDT   SUNSET   830 PM CDT


-  INDICATES NEGATIVE NUMBERS.
R  INDICATES RECORD WAS SET OR TIED.
MM INDICATES DATA IS MISSING.
T  INDICATES TRACE AMOUNT.




$$
