000
CDUS44 KEWX 180744
CLIATT


CLIMATE REPORT
NATIONAL WEATHER SERVICE AUSTIN/SAN ANTONIO, TX
143 AM CST SAT NOV 18 2017


...................................

...THE AUSTIN CAMP MABRY CLIMATE SUMMARY FOR NOVEMBER 17 2017...

CLIMATE NORMAL PERIOD 1981 TO 2010
CLIMATE RECORD PERIOD 1897 TO 2017


WEATHER ITEM   OBSERVED TIME   RECORD YEAR NORMAL DEPARTURE LAST
                VALUE   (LST)  VALUE       VALUE  FROM      YEAR
                                                  NORMAL
..................................................................
TEMPERATURE (F)
 YESTERDAY
  MAXIMUM         85    329 PM  90    2013  71     14       82
  MINIMUM         70    705 AM  28    1959  50     20       58
  AVERAGE         78                        60     18

PRECIPITATION (IN)
  YESTERDAY        0.00          2.99 2004   0.10  -0.10     0.00
  MONTH TO DATE    0.12                      1.80  -1.68     2.46
  SINCE SEP 1      3.91                      8.67  -4.76     4.72
  SINCE JAN 1     30.41                     30.76  -0.35    35.66

SNOWFALL (IN)
  YESTERDAY        0.0
  MONTH TO DATE    0.0
  SINCE SEP 1      0.0
  SINCE JUL 1      0.0
  SNOW DEPTH       0

DEGREE DAYS
 HEATING
  YESTERDAY        0                         6     -6        0
  MONTH TO DATE   32                        74    -42        3
  SINCE SEP 1     70                       105    -35        4
  SINCE JUL 1     70                       105    -35        4

 COOLING
  YESTERDAY       13                         2     11        5
  MONTH TO DATE  123                        48     75       80
  SINCE SEP 1    808                       719     89      950
  SINCE JAN 1   3634                      3113    521     3444
..................................................................


WIND (MPH)
  HIGHEST WIND SPEED    14   HIGHEST WIND DIRECTION     S (190)
  HIGHEST GUST SPEED    27   HIGHEST GUST DIRECTION     S (200)
  AVERAGE WIND SPEED     7.1


SKY COVER
  AVERAGE SKY COVER 0.6


WEATHER CONDITIONS
 THE FOLLOWING WEATHER WAS RECORDED YESTERDAY.
  NO SIGNIFICANT WEATHER WAS OBSERVED.


RELATIVE HUMIDITY (PERCENT)
 HIGHEST    90           200 AM
 LOWEST     48           300 PM
 AVERAGE    69

..........................................................


THE AUSTIN CAMP MABRY CLIMATE NORMALS FOR TODAY
                         NORMAL    RECORD    YEAR
 MAXIMUM TEMPERATURE (F)   70        85      1986
                                             1921
 MINIMUM TEMPERATURE (F)   50        26      1959


SUNRISE AND SUNSET
NOVEMBER 18 2017......SUNRISE   659 AM CST   SUNSET   533 PM CST
NOVEMBER 19 2017......SUNRISE   700 AM CST   SUNSET   532 PM CST


-  INDICATES NEGATIVE NUMBERS.
R  INDICATES RECORD WAS SET OR TIED.
MM INDICATES DATA IS MISSING.
T  INDICATES TRACE AMOUNT.




$$
