000
CDUS43 KABR 111601
CLIATY


CLIMATE REPORT
NATIONAL WEATHER SERVICE ABERDEEN SD
1001 AM CST THU FEB 11 2016


...................................

...THE WATERTOWN SD CLIMATE SUMMARY FOR FEBRUARY 10 2016...

CLIMATE NORMAL PERIOD 1981 TO 2010
CLIMATE RECORD PERIOD 1898 TO 2016


WEATHER ITEM   OBSERVED TIME   RECORD YEAR NORMAL DEPARTURE LAST
                VALUE   (LST)  VALUE       VALUE  FROM      YEAR
                                                  NORMAL
..................................................................
TEMPERATURE (F)
 YESTERDAY
  MAXIMUM         16   1213 AM  50    1918  26    -10       34
  MINIMUM         10   1009 PM -26    1899   6      4       16
  AVERAGE         13                        16     -3       25

PRECIPITATION (IN)
  YESTERDAY        0.07          0.48 2013   0.02   0.05     0.05
  MONTH TO DATE    0.10                      0.16  -0.06     0.15
  SINCE DEC 1      0.90                      1.21  -0.31     1.19
  SINCE JAN 1      0.58                      0.68  -0.10     0.55

SNOWFALL (IN)
  YESTERDAY        1.6
  MONTH TO DATE    2.3
  SINCE OCT 1     22.6
  SINCE JUL 1     22.6
  SNOW DEPTH       5

DEGREE DAYS
 HEATING
  YESTERDAY       52                        49      3       40
  MONTH TO DATE  452                       502    -50      484
  SINCE DEC 1   3227                      3644   -417     3287
  SINCE JUL 1   4586                      5584   -998     5368

 COOLING
  YESTERDAY        0                         0      0        0
  MONTH TO DATE    0                         0      0        0
  SINCE DEC 1      0                         0      0        0
  SINCE JAN 1      0                         0      0        0
..................................................................


WIND (MPH)
  HIGHEST WIND SPEED    15   HIGHEST WIND DIRECTION     E (70)
  HIGHEST GUST SPEED    19   HIGHEST GUST DIRECTION     E (80)
  AVERAGE WIND SPEED     7.7


SKY COVER
  POSSIBLE SUNSHINE  MM
  AVERAGE SKY COVER 1.0


WEATHER CONDITIONS
 THE FOLLOWING WEATHER WAS RECORDED YESTERDAY.
  LIGHT SNOW
  HAZE


RELATIVE HUMIDITY (PERCENT)
 HIGHEST    83           700 AM
 LOWEST     64           200 AM
 AVERAGE    74

..........................................................


THE WATERTOWN SD CLIMATE NORMALS FOR TODAY
                         NORMAL    RECORD    YEAR
 MAXIMUM TEMPERATURE (F)   26        53      1987
 MINIMUM TEMPERATURE (F)    6       -38      1899


SUNRISE AND SUNSET
FEBRUARY 11 2016......SUNRISE   736 AM CST   SUNSET   550 PM CST
FEBRUARY 12 2016......SUNRISE   734 AM CST   SUNSET   552 PM CST


-  INDICATES NEGATIVE NUMBERS.
R  INDICATES RECORD WAS SET OR TIED.
MM INDICATES DATA IS MISSING.
T  INDICATES TRACE AMOUNT.




$$
