000
CDUS43 KABR 212238
CLIATY


CLIMATE REPORT
NATIONAL WEATHER SERVICE ABERDEEN SD
536 PM CDT THU SEP 21 2017


...................................

...THE WATERTOWN SD CLIMATE SUMMARY FOR SEPTEMBER 21 2017...
VALID TODAY AS OF 0500 PM LOCAL TIME.

CLIMATE NORMAL PERIOD 1981 TO 2010
CLIMATE RECORD PERIOD 1898 TO 2017


WEATHER ITEM   OBSERVED TIME   RECORD YEAR NORMAL DEPARTURE LAST
                VALUE   (LST)  VALUE       VALUE  FROM      YEAR
                                                  NORMAL
..................................................................
TEMPERATURE (F)
 TODAY
  MAXIMUM         83    359 PM  97    1936  68     15       65
  MINIMUM         51    433 AM  23    1934  45      6       58
  AVERAGE         67                        57     10       62

PRECIPITATION (IN)
  TODAY            0.00          1.24 1977   0.08  -0.08     0.01
  MONTH TO DATE    2.11                      1.92   0.19     1.80
  SINCE SEP 1      2.11                      1.92   0.19     1.80
  SINCE JAN 1     17.32                     18.15  -0.83    18.44

SNOWFALL (IN)
  TODAY            0.0
  MONTH TO DATE    0.0
  SINCE OCT 1     40.7
  SINCE JUL 1      0.0
  SNOW DEPTH       0

DEGREE DAYS
 HEATING
  TODAY            0                         9     -9        3
  MONTH TO DATE   67                       120    -53       52
  SINCE SEP 1     67                       120    -53       52
  SINCE JUL 1     95                       177    -82       78

 COOLING
  TODAY            2                         1      1        0
  MONTH TO DATE   56                        37     19       32
  SINCE SEP 1     56                        37     19       32
  SINCE JAN 1    431                       511    -80      717
..................................................................


WIND (MPH)
  HIGHEST WIND SPEED    29   HIGHEST WIND DIRECTION    SE (150)
  HIGHEST GUST SPEED    35   HIGHEST GUST DIRECTION    SE (140)
  AVERAGE WIND SPEED    13.5


SKY COVER
  POSSIBLE SUNSHINE  MM
  AVERAGE SKY COVER 0.2


WEATHER CONDITIONS
 THE FOLLOWING WEATHER WAS RECORDED TODAY.
  NO SIGNIFICANT WEATHER WAS OBSERVED.


RELATIVE HUMIDITY (PERCENT)
 HIGHEST    83          1200 AM
 LOWEST     38          1100 AM
 AVERAGE    61

..........................................................


THE WATERTOWN SD CLIMATE NORMALS FOR TOMORROW
                         NORMAL    RECORD    YEAR
 MAXIMUM TEMPERATURE (F)   68        99      1936
 MINIMUM TEMPERATURE (F)   45        21      1974


SUNRISE AND SUNSET
SEPTEMBER 21 2017.....SUNRISE   715 AM CDT   SUNSET   727 PM CDT
SEPTEMBER 22 2017.....SUNRISE   716 AM CDT   SUNSET   725 PM CDT


-  INDICATES NEGATIVE NUMBERS.
R  INDICATES RECORD WAS SET OR TIED.
MM INDICATES DATA IS MISSING.
T  INDICATES TRACE AMOUNT.




$$
