000
CDUS43 KABR 261035
CLIATY


CLIMATE REPORT
NATIONAL WEATHER SERVICE ABERDEEN SD
431 AM CST FRI DEC 26 2014


...................................

...THE WATERTOWN SD CLIMATE SUMMARY FOR DECEMBER 25 2014...

CLIMATE NORMAL PERIOD 1981 TO 2010
CLIMATE RECORD PERIOD 1898 TO 2014


WEATHER ITEM   OBSERVED TIME   RECORD YEAR NORMAL DEPARTURE LAST
                VALUE   (LST)  VALUE       VALUE  FROM      YEAR
                                                  NORMAL
..................................................................
TEMPERATURE (F)
 YESTERDAY
  MAXIMUM         32   1256 PM  49    1943  23      9       29
  MINIMUM         25    736 PM -24    1902   5     20       15
  AVERAGE         29                        14     15       22

PRECIPITATION (IN)
  YESTERDAY       MM             0.24 2009   0.02  MM        0.06
  MONTH TO DATE    0.34                      0.43  -0.09     0.53
  SINCE DEC 1      0.34                      0.43  -0.09     0.53
  SINCE JAN 1     16.13                     21.98  -5.85    24.68

SNOWFALL (IN)
  YESTERDAY       MM
  MONTH TO DATE    1.1
  SINCE OCT 1     11.5
  SINCE JUL 1     11.5
  SNOW DEPTH       0

DEGREE DAYS
 HEATING
  YESTERDAY       36                        51    -15       43
  MONTH TO DATE  977                      1207   -230     1421
  SINCE DEC 1    977                      1207   -230     1421
  SINCE JUL 1   3058                      3147    -89     3259

 COOLING
  YESTERDAY        0                         0      0        0
  MONTH TO DATE    0                         0      0        0
  SINCE DEC 1      0                         0      0        0
  SINCE JAN 1    369                       515   -146      618
..................................................................


WIND (MPH)
  HIGHEST WIND SPEED    20   HIGHEST WIND DIRECTION    NE (30)
  HIGHEST GUST SPEED    24   HIGHEST GUST DIRECTION     N (20)
  AVERAGE WIND SPEED     9.1


SKY COVER
  POSSIBLE SUNSHINE  MM
  AVERAGE SKY COVER 0.9


WEATHER CONDITIONS
 THE FOLLOWING WEATHER WAS RECORDED YESTERDAY.
  LIGHT SNOW
  FOG


RELATIVE HUMIDITY (PERCENT)
 HIGHEST    92           100 AM
 LOWEST     84          1200 AM
 AVERAGE    88

..........................................................


THE WATERTOWN SD CLIMATE NORMALS FOR TODAY
                         NORMAL    RECORD    YEAR
 MAXIMUM TEMPERATURE (F)   22        50      2011
 MINIMUM TEMPERATURE (F)    5       -26      1902


SUNRISE AND SUNSET
DECEMBER 26 2014......SUNRISE   805 AM CST   SUNSET   453 PM CST
DECEMBER 27 2014......SUNRISE   806 AM CST   SUNSET   454 PM CST


-  INDICATES NEGATIVE NUMBERS.
R  INDICATES RECORD WAS SET OR TIED.
MM INDICATES DATA IS MISSING.
T  INDICATES TRACE AMOUNT.




$$
