000
CDUS43 KABR 251039
CLIATY


CLIMATE REPORT
NATIONAL WEATHER SERVICE ABERDEEN SD
538 AM CDT THU AUG 25 2016


...................................

...THE WATERTOWN SD CLIMATE SUMMARY FOR AUGUST 24 2016...

CLIMATE NORMAL PERIOD 1981 TO 2010
CLIMATE RECORD PERIOD 1898 TO 2016


WEATHER ITEM   OBSERVED TIME   RECORD YEAR NORMAL DEPARTURE LAST
                VALUE   (LST)  VALUE       VALUE  FROM      YEAR
                                                  NORMAL
..................................................................
TEMPERATURE (F)
 YESTERDAY
  MAXIMUM         75    344 PM 105    1936  79     -4       69
  MINIMUM         57    534 AM  34    1934  56      1       48
  AVERAGE         66                        67     -1       59

PRECIPITATION (IN)
  YESTERDAY        0.00          1.48 1905   0.08  -0.08     0.00
  MONTH TO DATE    6.97                      2.18   4.79     5.37
  SINCE JUN 1     10.98                      8.78   2.20    11.87
  SINCE JAN 1     16.63                     15.63   0.00    17.87

DEGREE DAYS
 HEATING
  YESTERDAY        0                         2     -2        6
  MONTH TO DATE    5                        26    -21       36
  SINCE JUN 1     42                       121    -79       76
  SINCE JUL 1     17                        43    -26       49

 COOLING
  YESTERDAY        1                         4     -3        0
  MONTH TO DATE  179                       125     54      121
  SINCE JUN 1    623                       427    196      441
  SINCE JAN 1    647                       449    198      449
..................................................................


WIND (MPH)
  HIGHEST WIND SPEED    22   HIGHEST WIND DIRECTION     W (270)
  HIGHEST GUST SPEED    27   HIGHEST GUST DIRECTION     W (270)
  AVERAGE WIND SPEED     9.5


SKY COVER
  POSSIBLE SUNSHINE  MM
  AVERAGE SKY COVER 0.0


WEATHER CONDITIONS
 THE FOLLOWING WEATHER WAS RECORDED YESTERDAY.
  NO SIGNIFICANT WEATHER WAS OBSERVED.


RELATIVE HUMIDITY (PERCENT)
 HIGHEST    87          1000 PM
 LOWEST     46           100 PM
 AVERAGE    67

..........................................................


THE WATERTOWN SD CLIMATE NORMALS FOR TODAY
                         NORMAL    RECORD    YEAR
 MAXIMUM TEMPERATURE (F)   78        98      1926
 MINIMUM TEMPERATURE (F)   56        37      1934


SUNRISE AND SUNSET
AUGUST 25 2016........SUNRISE   643 AM CDT   SUNSET   817 PM CDT
AUGUST 26 2016........SUNRISE   644 AM CDT   SUNSET   815 PM CDT


-  INDICATES NEGATIVE NUMBERS.
R  INDICATES RECORD WAS SET OR TIED.
MM INDICATES DATA IS MISSING.
T  INDICATES TRACE AMOUNT.




$$
