741
CDUS43 KABR 261200
CLIATY


CLIMATE REPORT
NATIONAL WEATHER SERVICE ABERDEEN SD
700 AM CDT FRI MAY 26 2017


...................................

...THE WATERTOWN SD CLIMATE SUMMARY FOR MAY 25 2017...

CLIMATE NORMAL PERIOD 1981 TO 2010
CLIMATE RECORD PERIOD 1898 TO 2017


WEATHER ITEM   OBSERVED TIME   RECORD YEAR NORMAL DEPARTURE LAST
                VALUE   (LST)  VALUE       VALUE  FROM      YEAR
                                                  NORMAL
..................................................................
TEMPERATURE (F)
 YESTERDAY
  MAXIMUM         67    253 PM  92    1926  70     -3       76
  MINIMUM         47    157 AM  28    1925  48     -1       57
  AVERAGE         57                        59     -2       67

PRECIPITATION (IN)
  YESTERDAY        0.02          1.05 1957   0.09  -0.07     0.27
  MONTH TO DATE    2.08                      2.07   0.01     1.28
  SINCE MAR 1      4.15                      5.20  -1.05     3.80
  SINCE JAN 1      4.93                      6.28  -1.35     4.83

DEGREE DAYS
 HEATING
  YESTERDAY        8                         7      1        0
  MONTH TO DATE  266                       258      8      209
  SINCE MAR 1   1973                      1998    -25     1560
  SINCE JUL 1   7574                      8409   -835     6879

 COOLING
  YESTERDAY        0                         1     -1        2
  MONTH TO DATE   11                        14     -3       19
  SINCE MAR 1     11                        16     -5       19
  SINCE JAN 1     11                        16     -5       19
..................................................................


WIND (MPH)
  HIGHEST WIND SPEED    33   HIGHEST WIND DIRECTION     S (170)
  HIGHEST GUST SPEED    48   HIGHEST GUST DIRECTION     S (160)
  AVERAGE WIND SPEED    14.9


SKY COVER
  POSSIBLE SUNSHINE  MM
  AVERAGE SKY COVER 0.2


WEATHER CONDITIONS
 THE FOLLOWING WEATHER WAS RECORDED YESTERDAY.
  NO SIGNIFICANT WEATHER WAS OBSERVED.


RELATIVE HUMIDITY (PERCENT)
 HIGHEST    93           900 PM
 LOWEST     52          1200 PM
 AVERAGE    73

..........................................................


THE WATERTOWN SD CLIMATE NORMALS FOR TODAY
                         NORMAL    RECORD    YEAR
 MAXIMUM TEMPERATURE (F)   70        91      1911
 MINIMUM TEMPERATURE (F)   48        30      1961
                                             1971


SUNRISE AND SUNSET
MAY 26 2017...........SUNRISE   549 AM CDT   SUNSET   903 PM CDT
MAY 27 2017...........SUNRISE   548 AM CDT   SUNSET   904 PM CDT


-  INDICATES NEGATIVE NUMBERS.
R  INDICATES RECORD WAS SET OR TIED.
MM INDICATES DATA IS MISSING.
T  INDICATES TRACE AMOUNT.




$$
