000
CDUS43 KABR 242334
CLIATY


CLIMATE REPORT
NATIONAL WEATHER SERVICE ABERDEEN SD
534 PM CST FRI NOV 24 2017


...................................

...THE WATERTOWN SD CLIMATE SUMMARY FOR NOVEMBER 24 2017...
VALID TODAY AS OF 0500 PM LOCAL TIME.

CLIMATE NORMAL PERIOD 1981 TO 2010
CLIMATE RECORD PERIOD 1898 TO 2017


WEATHER ITEM   OBSERVED TIME   RECORD YEAR NORMAL DEPARTURE LAST
                VALUE   (LST)  VALUE       VALUE  FROM      YEAR
                                                  NORMAL
..................................................................
TEMPERATURE (F)
 TODAY
  MAXIMUM         54   1136 AM  61    1984  34     20       32
  MINIMUM         32    740 AM -17    1985  16     16       28
  AVERAGE         43                        25     18       30

PRECIPITATION (IN)
  TODAY            T             1.45 1905   0.02  -0.02     0.07
  MONTH TO DATE    0.08                      0.64  -0.56     0.58
  SINCE SEP 1      7.66                      5.20   2.46     4.85
  SINCE JAN 1     22.87                     21.43   1.44    21.49

SNOWFALL (IN)
  TODAY            0.0
  MONTH TO DATE    1.9
  SINCE OCT 1      1.9
  SINCE JUL 1      1.9
  SNOW DEPTH       0

DEGREE DAYS
 HEATING
  TODAY           22                        40    -18       35
  MONTH TO DATE  846                       803     43      560
  SINCE SEP 1   1571                      1630    -59     1151
  SINCE JUL 1   1599                      1687    -88     1177

 COOLING
  TODAY            0                         0      0        0
  MONTH TO DATE    0                         0      0        0
  SINCE SEP 1     65                        41     24       36
  SINCE JAN 1    440                       515    -75      721
..................................................................


WIND (MPH)
  HIGHEST WIND SPEED    26   HIGHEST WIND DIRECTION    NW (330)
  HIGHEST GUST SPEED    37   HIGHEST GUST DIRECTION     W (280)
  AVERAGE WIND SPEED    10.0


SKY COVER
  POSSIBLE SUNSHINE  MM
  AVERAGE SKY COVER 0.2


WEATHER CONDITIONS
 THE FOLLOWING WEATHER WAS RECORDED TODAY.
  LIGHT RAIN


RELATIVE HUMIDITY (PERCENT)
 HIGHEST   100           500 AM
 LOWEST     56           400 PM
 AVERAGE    78

..........................................................


THE WATERTOWN SD CLIMATE NORMALS FOR TOMORROW
                         NORMAL    RECORD    YEAR
 MAXIMUM TEMPERATURE (F)   33        66      1960
 MINIMUM TEMPERATURE (F)   15       -19      1977


SUNRISE AND SUNSET
NOVEMBER 24 2017......SUNRISE   738 AM CST   SUNSET   452 PM CST
NOVEMBER 25 2017......SUNRISE   739 AM CST   SUNSET   452 PM CST


-  INDICATES NEGATIVE NUMBERS.
R  INDICATES RECORD WAS SET OR TIED.
MM INDICATES DATA IS MISSING.
T  INDICATES TRACE AMOUNT.




$$
