000
CDUS43 KABR 051036
CLIATY


CLIMATE REPORT
NATIONAL WEATHER SERVICE ABERDEEN SD
535 AM CDT SAT SEP 5 2015


...................................

...THE WATERTOWN SD CLIMATE SUMMARY FOR SEPTEMBER 4 2015...

CLIMATE NORMAL PERIOD 1981 TO 2010
CLIMATE RECORD PERIOD 1898 TO 2015


WEATHER ITEM   OBSERVED TIME   RECORD YEAR NORMAL DEPARTURE LAST
                VALUE   (LST)  VALUE       VALUE  FROM      YEAR
                                                  NORMAL
..................................................................
TEMPERATURE (F)
 YESTERDAY
  MAXIMUM         85    237 PM 101    1933  75     10       80
  MINIMUM         69   1031 AM  32    1902  53     16       57
  AVERAGE         77                        64     13       69

PRECIPITATION (IN)
  YESTERDAY        0.03          1.69 1949   0.09  -0.06     0.00
  MONTH TO DATE    0.03                      0.38  -0.35     0.26
  SINCE SEP 1      0.03                      0.38  -0.35     0.26
  SINCE JAN 1     17.97                     16.61   1.36    13.88

DEGREE DAYS
 HEATING
  YESTERDAY        0                         4     -4        0
  MONTH TO DATE    0                        13    -13        2
  SINCE SEP 1      0                        13    -13        2
  SINCE JUL 1     62                        70     -8       56

 COOLING
  YESTERDAY       12                         3      9        4
  MONTH TO DATE   47                        12     35       10
  SINCE SEP 1     47                        12     35       10
  SINCE JAN 1    524                       486     38      343
..................................................................


WIND (MPH)
  HIGHEST WIND SPEED    24   HIGHEST WIND DIRECTION    SW (220)
  HIGHEST GUST SPEED    28   HIGHEST GUST DIRECTION    SW (220)
  AVERAGE WIND SPEED    11.1


SKY COVER
  POSSIBLE SUNSHINE  MM
  AVERAGE SKY COVER 0.2


WEATHER CONDITIONS
 THE FOLLOWING WEATHER WAS RECORDED YESTERDAY.
  THUNDERSTORM
  LIGHT RAIN


RELATIVE HUMIDITY (PERCENT)
 HIGHEST    90           600 AM
 LOWEST     58           200 PM
 AVERAGE    74

..........................................................


THE WATERTOWN SD CLIMATE NORMALS FOR TODAY
                         NORMAL    RECORD    YEAR
 MAXIMUM TEMPERATURE (F)   75        99      1945
 MINIMUM TEMPERATURE (F)   52        33      1929


SUNRISE AND SUNSET
SEPTEMBER  5 2015.....SUNRISE   655 AM CDT   SUNSET   759 PM CDT
SEPTEMBER  6 2015.....SUNRISE   656 AM CDT   SUNSET   757 PM CDT


-  INDICATES NEGATIVE NUMBERS.
R  INDICATES RECORD WAS SET OR TIED.
MM INDICATES DATA IS MISSING.
T  INDICATES TRACE AMOUNT.




$$
