000
CDUS41 KGYX 170903
CLIAUG


CLIMATE REPORT
NATIONAL WEATHER SERVICE GRAY ME
403 AM EST FRI NOV 17 2017


...................................

...THE AUGUSTA CLIMATE SUMMARY FOR NOVEMBER 16 2017...

CLIMATE NORMAL PERIOD 1981 TO 2010
CLIMATE RECORD PERIOD 1948 TO 2017


WEATHER ITEM   OBSERVED TIME   RECORD YEAR NORMAL DEPARTURE LAST
                VALUE   (LST)  VALUE       VALUE  FROM      YEAR
                                                  NORMAL
..................................................................
TEMPERATURE (F)
 YESTERDAY
  MAXIMUM         44    201 PM  66    1990  45     -1       56
  MINIMUM         29    312 AM  14    1985  31     -2       47
  AVERAGE         37                        38     -1       52

PRECIPITATION (IN)
  YESTERDAY        0.58          0.97 1983   0.15   0.43     0.83
  MONTH TO DATE    1.02                      2.39  -1.37     2.02
  SINCE SEP 1     11.29                     10.49   0.80     8.15
  SINCE JAN 1     36.48                     36.67  -0.19    29.73

DEGREE DAYS
 HEATING
  YESTERDAY       28                        27      1       13
  MONTH TO DATE  421                       392     29      350
  SINCE SEP 1    770                      1085   -315      908
  SINCE JUL 1    811                      1127   -316      933

 COOLING
  YESTERDAY        0                         0      0        0
  MONTH TO DATE    0                         0      0        0
  SINCE SEP 1     86                        31     55       73
  SINCE JAN 1    446                       388     58      530
..................................................................


WIND (MPH)
  HIGHEST WIND SPEED     9   HIGHEST WIND DIRECTION    NE (40)
  HIGHEST GUST SPEED    12   HIGHEST GUST DIRECTION    NE (40)
  AVERAGE WIND SPEED     3.0


SKY COVER
  AVERAGE SKY COVER 0.9


WEATHER CONDITIONS
 THE FOLLOWING WEATHER WAS RECORDED YESTERDAY.
  RAIN
  LIGHT RAIN
  FOG


RELATIVE HUMIDITY (PERCENT)
 HIGHEST   100           600 PM
 LOWEST     72           400 AM
 AVERAGE    86

..........................................................


THE AUGUSTA CLIMATE NORMALS FOR TODAY
                         NORMAL    RECORD    YEAR
 MAXIMUM TEMPERATURE (F)   45        64      2006
 MINIMUM TEMPERATURE (F)   30        13      1967


SUNRISE AND SUNSET
NOVEMBER 17 2017......SUNRISE   638 AM EST   SUNSET   410 PM EST
NOVEMBER 18 2017......SUNRISE   639 AM EST   SUNSET   409 PM EST


-  INDICATES NEGATIVE NUMBERS.
R  INDICATES RECORD WAS SET OR TIED.
MM INDICATES DATA IS MISSING.
T  INDICATES TRACE AMOUNT.




$$
