000
CDUS41 KGYX 240801
CLIAUG


CLIMATE REPORT
NATIONAL WEATHER SERVICE GRAY ME
401 AM EDT MON JUL 24 2017


...................................

...THE AUGUSTA CLIMATE SUMMARY FOR JULY 23 2017...

CLIMATE NORMAL PERIOD 1981 TO 2010
CLIMATE RECORD PERIOD 1948 TO 2017


WEATHER ITEM   OBSERVED TIME   RECORD YEAR NORMAL DEPARTURE LAST
                VALUE   (LST)  VALUE       VALUE  FROM      YEAR
                                                  NORMAL
..................................................................
TEMPERATURE (F)
 YESTERDAY
  MAXIMUM         76    450 PM  96    1952  80     -4       84
  MINIMUM         57    535 AM  51    1997  60     -3       66
  AVERAGE         67                        70     -3       75

PRECIPITATION (IN)
  YESTERDAY        0.00          1.21 1980   0.11  -0.11     0.10
  MONTH TO DATE    1.09                      2.50  -1.41     1.46
  SINCE JUN 1      3.13                      6.06  -2.93     5.20
  SINCE JAN 1     22.08                     21.95   0.13    18.77

DEGREE DAYS
 HEATING
  YESTERDAY        0                         0      0        0
  MONTH TO DATE    7                        12     -5       21
  SINCE JUN 1     85                       106    -21       99
  SINCE JUL 1      7                        12     -5       21

 COOLING
  YESTERDAY        2                         5     -3       10
  MONTH TO DATE  135                       110     25      131
  SINCE JUN 1    216                       174     42      166
  SINCE JAN 1    227                       183     44      181
..................................................................


WIND (MPH)
  HIGHEST WIND SPEED    10   HIGHEST WIND DIRECTION     S (160)
  HIGHEST GUST SPEED    16   HIGHEST GUST DIRECTION     S (160)
  AVERAGE WIND SPEED     5.0


SKY COVER
  AVERAGE SKY COVER 0.1


WEATHER CONDITIONS
 THE FOLLOWING WEATHER WAS RECORDED YESTERDAY.
  NO SIGNIFICANT WEATHER WAS OBSERVED.


RELATIVE HUMIDITY (PERCENT)
 HIGHEST    67           400 AM
 LOWEST     35          1000 AM
 AVERAGE    51

..........................................................


THE AUGUSTA CLIMATE NORMALS FOR TODAY
                         NORMAL    RECORD    YEAR
 MAXIMUM TEMPERATURE (F)   80        95      1987
 MINIMUM TEMPERATURE (F)   60        50      1981


SUNRISE AND SUNSET
JULY 24 2017..........SUNRISE   518 AM EDT   SUNSET   813 PM EDT
JULY 25 2017..........SUNRISE   519 AM EDT   SUNSET   812 PM EDT


-  INDICATES NEGATIVE NUMBERS.
R  INDICATES RECORD WAS SET OR TIED.
MM INDICATES DATA IS MISSING.
T  INDICATES TRACE AMOUNT.




$$
