000
CDUS41 KGYX 230802
CLIAUG


CLIMATE REPORT
NATIONAL WEATHER SERVICE GRAY ME
402 AM EDT SAT AUG 23 2014


...................................

...THE AUGUSTA CLIMATE SUMMARY FOR AUGUST 22 2014...

CLIMATE NORMAL PERIOD 1981 TO 2010
CLIMATE RECORD PERIOD 1948 TO 2014


WEATHER ITEM   OBSERVED TIME   NORMAL DEPARTURE LAST
                VALUE   (LST)  VALUE  FROM      YEAR
                                      NORMAL
......................................................
TEMPERATURE (F)
 YESTERDAY
  MAXIMUM         74    111 PM  77     -3       86
  MINIMUM         61   1159 PM  58      3       64
  AVERAGE         68            68      0       75

PRECIPITATION (IN)
  YESTERDAY        0.01          0.10  -0.09     0.00
  MONTH TO DATE    4.84          2.40   2.44     4.42
  SINCE JUN 1     16.12          9.38   6.74    14.32
  SINCE JAN 1     30.24         25.27   4.97    25.81

DEGREE DAYS
 HEATING
  YESTERDAY        0             1     -1        0
  MONTH TO DATE   11            11      0        3
  SINCE JUN 1     89           121    -32       87
  SINCE JUL 1     13            27    -14        9

 COOLING
  YESTERDAY        3             4     -1       10
  MONTH TO DATE   53           100    -47       62
  SINCE JUN 1    277           321    -44      349
  SINCE JAN 1    277           330    -53      364
......................................................


WIND (MPH)
  HIGHEST WIND SPEED    13   HIGHEST WIND DIRECTION     E (80)
  HIGHEST GUST SPEED    17   HIGHEST GUST DIRECTION    NE (30)
  AVERAGE WIND SPEED     4.6


SKY COVER
  AVERAGE SKY COVER 0.9


WEATHER CONDITIONS
 THE FOLLOWING WEATHER WAS RECORDED YESTERDAY.
  FOG


RELATIVE HUMIDITY (PERCENT)
 HIGHEST    97           200 AM
 LOWEST     57           100 PM
 AVERAGE    77

..........................................................


THE AUGUSTA CLIMATE NORMALS FOR TODAY
                         NORMAL
 MAXIMUM TEMPERATURE (F)   77
 MINIMUM TEMPERATURE (F)   58


SUNRISE AND SUNSET
AUGUST 23 2014........SUNRISE   552 AM EDT   SUNSET   731 PM EDT
AUGUST 24 2014........SUNRISE   553 AM EDT   SUNSET   729 PM EDT


-  INDICATES NEGATIVE NUMBERS.
R  INDICATES RECORD WAS SET OR TIED.
MM INDICATES DATA IS MISSING.
T  INDICATES TRACE AMOUNT.




$$
