000
CDUS41 KGYX 290803
CLIAUG


CLIMATE REPORT
NATIONAL WEATHER SERVICE GRAY ME
403 AM EDT SAT AUG 29 2015


...................................

...THE AUGUSTA CLIMATE SUMMARY FOR AUGUST 28 2015...

CLIMATE NORMAL PERIOD 1981 TO 2010
CLIMATE RECORD PERIOD 1948 TO 2015


WEATHER ITEM   OBSERVED TIME   RECORD YEAR NORMAL DEPARTURE LAST
                VALUE   (LST)  VALUE       VALUE  FROM      YEAR
                                                  NORMAL
..................................................................
TEMPERATURE (F)
 YESTERDAY
  MAXIMUM         76    407 PM  MM      MM  76      0       76
  MINIMUM         56    500 AM  MM      MM  57     -1       57
  AVERAGE         66                        66      0       67

PRECIPITATION (IN)
  YESTERDAY        0.00         MM      MM   0.10  -0.10     0.00
  MONTH TO DATE    4.55                      3.01   1.54     5.10
  SINCE JUN 1     12.78                      9.99   2.79    16.38
  SINCE JAN 1     22.46                     25.88  -3.42    30.50

DEGREE DAYS
 HEATING
  YESTERDAY        0                         2     -2        0
  MONTH TO DATE    0                        19    -19       11
  SINCE JUN 1    169                       129     40       89
  SINCE JUL 1     18                        35    -17       13

 COOLING
  YESTERDAY        1                         3     -2        2
  MONTH TO DATE  148                       118     30       85
  SINCE JUN 1    308                       339    -31      309
  SINCE JAN 1    342                       348     -6      309
..................................................................


WIND (MPH)
  HIGHEST WIND SPEED    12   HIGHEST WIND DIRECTION    NW (330)
  HIGHEST GUST SPEED    14   HIGHEST GUST DIRECTION     N (340)
  AVERAGE WIND SPEED     4.6


SKY COVER
  AVERAGE SKY COVER 0.1


WEATHER CONDITIONS
 THE FOLLOWING WEATHER WAS RECORDED YESTERDAY.
  NO SIGNIFICANT WEATHER WAS OBSERVED.


RELATIVE HUMIDITY (PERCENT)
 HIGHEST    86           500 AM
 LOWEST     46           200 PM
 AVERAGE    66

..........................................................


THE AUGUSTA CLIMATE NORMALS FOR TODAY
                         NORMAL
 MAXIMUM TEMPERATURE (F)   76
 MINIMUM TEMPERATURE (F)   56


SUNRISE AND SUNSET
AUGUST 29 2015........SUNRISE   558 AM EDT   SUNSET   721 PM EDT
AUGUST 30 2015........SUNRISE   559 AM EDT   SUNSET   719 PM EDT


-  INDICATES NEGATIVE NUMBERS.
R  INDICATES RECORD WAS SET OR TIED.
MM INDICATES DATA IS MISSING.
T  INDICATES TRACE AMOUNT.




$$
