807
CDUS41 KGYX 290803
CLIAUG


CLIMATE REPORT
NATIONAL WEATHER SERVICE GRAY ME
403 AM EDT SAT APR 29 2017


...................................

...THE AUGUSTA CLIMATE SUMMARY FOR APRIL 28 2017...

CLIMATE NORMAL PERIOD 1981 TO 2010
CLIMATE RECORD PERIOD 1948 TO 2017


WEATHER ITEM   OBSERVED TIME   RECORD YEAR NORMAL DEPARTURE LAST
                VALUE   (LST)  VALUE       VALUE  FROM      YEAR
                                                  NORMAL
..................................................................
TEMPERATURE (F)
 YESTERDAY
  MAXIMUM         72        MM  90    2009  59     13       50
  MINIMUM         49        MM  26    1966  39     10       27
  AVERAGE         61                        49     12       39

PRECIPITATION (IN)
  YESTERDAY        0.00          1.41 2005   0.13  -0.13     0.00
  MONTH TO DATE    3.97                      3.52   0.45     2.72
  SINCE MAR 1      7.46                      6.89   0.57     6.22
  SINCE JAN 1     13.94                     11.93   2.01    12.09

DEGREE DAYS
 HEATING
  YESTERDAY        4                        16    -12       26
  MONTH TO DATE  534                       603    -69      645
  SINCE MAR 1   1726                      1629     97     1578
  SINCE JUL 1   6538                      6972   -434     6257

 COOLING
  YESTERDAY        0                         0      0        0
  MONTH TO DATE    0                         0      0        0
  SINCE MAR 1      0                         0      0        0
  SINCE JAN 1      0                         0      0        0
..................................................................


WIND (MPH)
  HIGHEST WIND SPEED     8   HIGHEST WIND DIRECTION     S (160)
  HIGHEST GUST SPEED    MM   HIGHEST GUST DIRECTION    MM
  AVERAGE WIND SPEED     4.6


SKY COVER
  AVERAGE SKY COVER 0.6


WEATHER CONDITIONS
 THE FOLLOWING WEATHER WAS RECORDED YESTERDAY.
  FOG
  FOG W/VISIBILITY <= 1/4 MILE


RELATIVE HUMIDITY (PERCENT)
 HIGHEST   100           100 AM
 LOWEST     61           400 PM
 AVERAGE    81

..........................................................


THE AUGUSTA CLIMATE NORMALS FOR TODAY
                         NORMAL    RECORD    YEAR
 MAXIMUM TEMPERATURE (F)   59        76      1986
 MINIMUM TEMPERATURE (F)   39        27      2016


SUNRISE AND SUNSET
APRIL 29 2017.........SUNRISE   533 AM EDT   SUNSET   741 PM EDT
APRIL 30 2017.........SUNRISE   531 AM EDT   SUNSET   742 PM EDT


-  INDICATES NEGATIVE NUMBERS.
R  INDICATES RECORD WAS SET OR TIED.
MM INDICATES DATA IS MISSING.
T  INDICATES TRACE AMOUNT.




$$
