000
CDUS41 KGYX 240803
CLIAUG


CLIMATE REPORT
NATIONAL WEATHER SERVICE GRAY ME
402 AM EDT SUN JUL 24 2016


...................................

...THE AUGUSTA CLIMATE SUMMARY FOR JULY 23 2016...

CLIMATE NORMAL PERIOD 1981 TO 2010
CLIMATE RECORD PERIOD 1948 TO 2016


WEATHER ITEM   OBSERVED TIME   RECORD YEAR NORMAL DEPARTURE LAST
                VALUE   (LST)  VALUE       VALUE  FROM      YEAR
                                                  NORMAL
..................................................................
TEMPERATURE (F)
 YESTERDAY
  MAXIMUM         84    218 PM  96    1952  80      4       75
  MINIMUM         66   1159 PM  51    1997  60      6       61
  AVERAGE         75                        70      5       68

PRECIPITATION (IN)
  YESTERDAY        0.10          1.21 1980   0.11  -0.01      T
  MONTH TO DATE    1.46                      2.50  -1.04     1.51
  SINCE JUN 1      5.20                      6.06  -0.86     6.97
  SINCE JAN 1     18.77                     21.95  -3.18    16.65

DEGREE DAYS
 HEATING
  YESTERDAY        0                         0      0        0
  MONTH TO DATE   21                        12      9        9
  SINCE JUN 1     99                       106     -7      160
  SINCE JUL 1     21                        12      9        9

 COOLING
  YESTERDAY       10                         5      5        3
  MONTH TO DATE  131                       110     21       85
  SINCE JUN 1    166                       174     -8      118
  SINCE JAN 1    181                       183     -2      152
..................................................................


WIND (MPH)
  HIGHEST WIND SPEED    15   HIGHEST WIND DIRECTION    NW (310)
  HIGHEST GUST SPEED    22   HIGHEST GUST DIRECTION    NW (320)
  AVERAGE WIND SPEED     7.7


SKY COVER
  AVERAGE SKY COVER 0.3


WEATHER CONDITIONS
 THE FOLLOWING WEATHER WAS RECORDED YESTERDAY.
  THUNDERSTORM
  RAIN
  LIGHT RAIN
  FOG


RELATIVE HUMIDITY (PERCENT)
 HIGHEST    84           200 AM
 LOWEST     47          1200 PM
 AVERAGE    66

..........................................................


THE AUGUSTA CLIMATE NORMALS FOR TODAY
                         NORMAL    RECORD    YEAR
 MAXIMUM TEMPERATURE (F)   80        95      1987
 MINIMUM TEMPERATURE (F)   60        50      1981


SUNRISE AND SUNSET
JULY 24 2016..........SUNRISE   518 AM EDT   SUNSET   812 PM EDT
JULY 25 2016..........SUNRISE   519 AM EDT   SUNSET   811 PM EDT


-  INDICATES NEGATIVE NUMBERS.
R  INDICATES RECORD WAS SET OR TIED.
MM INDICATES DATA IS MISSING.
T  INDICATES TRACE AMOUNT.




$$
