000
CDUS41 KGYX 242046
CLIAUG


CLIMATE REPORT
NATIONAL WEATHER SERVICE GRAY ME
446 PM EDT FRI MAR 24 2017


...................................

...THE AUGUSTA CLIMATE SUMMARY FOR MARCH 24 2017...
VALID TODAY AS OF 0400 PM LOCAL TIME.

CLIMATE NORMAL PERIOD 1981 TO 2010
CLIMATE RECORD PERIOD 1948 TO 2017


WEATHER ITEM   OBSERVED TIME   RECORD YEAR NORMAL DEPARTURE LAST
                VALUE   (LST)  VALUE       VALUE  FROM      YEAR
                                                  NORMAL
..................................................................
TEMPERATURE (F)
 TODAY
  MAXIMUM         31    259 PM  62    1987  43    -12       31
  MINIMUM         19    532 AM   5    2014  26     -7       25
  AVERAGE         25                        35    -10       28

PRECIPITATION (IN)
  TODAY            0.05          1.59 1953   0.12  -0.07      T
  MONTH TO DATE    2.93                      2.54   0.39     2.36
  SINCE MAR 1      2.93                      2.54   0.39     2.36
  SINCE JAN 1      9.41                      7.58   1.83     8.23

DEGREE DAYS
 HEATING
  TODAY           40                        30     10       37
  MONTH TO DATE  973                       825    148      747
  SINCE MAR 1    973                       825    148      747
  SINCE JUL 1   5785                      6168   -383     5426

 COOLING
  TODAY            0                         0      0        0
  MONTH TO DATE    0                         0      0        0
  SINCE MAR 1      0                         0      0        0
  SINCE JAN 1      0                         0      0        0
..................................................................


WIND (MPH)
  HIGHEST WIND SPEED    14   HIGHEST WIND DIRECTION     S (170)
  HIGHEST GUST SPEED    24   HIGHEST GUST DIRECTION    SW (230)
  AVERAGE WIND SPEED     4.7


SKY COVER
  AVERAGE SKY COVER 0.8


WEATHER CONDITIONS
 THE FOLLOWING WEATHER WAS RECORDED TODAY.
  SNOW
  LIGHT SNOW
  FOG
  HAZE


RELATIVE HUMIDITY (PERCENT)
 HIGHEST    92           300 PM
 LOWEST     39          1200 AM
 AVERAGE    66

..........................................................


THE AUGUSTA CLIMATE NORMALS FOR TOMORROW
                         NORMAL    RECORD    YEAR
 MAXIMUM TEMPERATURE (F)   43        68      1987
 MINIMUM TEMPERATURE (F)   27         5      1956


SUNRISE AND SUNSET
MARCH 24 2017.........SUNRISE   635 AM EDT   SUNSET   657 PM EDT
MARCH 25 2017.........SUNRISE   633 AM EDT   SUNSET   658 PM EDT


-  INDICATES NEGATIVE NUMBERS.
R  INDICATES RECORD WAS SET OR TIED.
MM INDICATES DATA IS MISSING.
T  INDICATES TRACE AMOUNT.




$$
