000
CDUS41 KGYX 030803
CLIAUG


CLIMATE REPORT
NATIONAL WEATHER SERVICE GRAY ME
403 AM EDT MON AUG 3 2015


...................................

...THE AUGUSTA CLIMATE SUMMARY FOR AUGUST 2 2015...

CLIMATE NORMAL PERIOD 1981 TO 2010
CLIMATE RECORD PERIOD 1948 TO 2015


WEATHER ITEM   OBSERVED TIME   RECORD YEAR NORMAL DEPARTURE LAST
                VALUE   (LST)  VALUE       VALUE  FROM      YEAR
                                                  NORMAL
..................................................................
TEMPERATURE (F)
 YESTERDAY
  MAXIMUM         80    318 PM  MM      MM  80      0       75
  MINIMUM         60    154 AM  MM      MM  60      0       58
  AVERAGE         70                        70      0       67

PRECIPITATION (IN)
  YESTERDAY        0.00         MM      MM   0.11  -0.11      T
  MONTH TO DATE    0.43                      0.23   0.20      T
  SINCE JUN 1      8.66                      7.21   1.45    11.28
  SINCE JAN 1     18.34                     23.10  -4.76    25.40

DEGREE DAYS
 HEATING
  YESTERDAY        0                         0      0        0
  MONTH TO DATE    0                         0      0        0
  SINCE JUN 1    169                       110     59       78
  SINCE JUL 1     18                        16      2        2

 COOLING
  YESTERDAY        5                         5      0        2
  MONTH TO DATE   11                        10      1        6
  SINCE JUN 1    171                       231    -60      230
  SINCE JAN 1    205                       240    -35      230
..................................................................


WIND (MPH)
  HIGHEST WIND SPEED    12   HIGHEST WIND DIRECTION     S (160)
  HIGHEST GUST SPEED    19   HIGHEST GUST DIRECTION     S (200)
  AVERAGE WIND SPEED     5.1


SKY COVER
  AVERAGE SKY COVER 0.2


WEATHER CONDITIONS
 THE FOLLOWING WEATHER WAS RECORDED YESTERDAY.
  NO SIGNIFICANT WEATHER WAS OBSERVED.


RELATIVE HUMIDITY (PERCENT)
 HIGHEST    90           200 AM
 LOWEST     45           200 PM
 AVERAGE    68

..........................................................


THE AUGUSTA CLIMATE NORMALS FOR TODAY
                         NORMAL
 MAXIMUM TEMPERATURE (F)   80
 MINIMUM TEMPERATURE (F)   60


SUNRISE AND SUNSET
AUGUST  3 2015........SUNRISE   528 AM EDT   SUNSET   802 PM EDT
AUGUST  4 2015........SUNRISE   529 AM EDT   SUNSET   800 PM EDT


-  INDICATES NEGATIVE NUMBERS.
R  INDICATES RECORD WAS SET OR TIED.
MM INDICATES DATA IS MISSING.
T  INDICATES TRACE AMOUNT.




$$
