000
CDUS41 KGYX 190802
CLIAUG


CLIMATE REPORT
NATIONAL WEATHER SERVICE GRAY ME
402 AM EDT FRI SEP 19 2014


...................................

...THE AUGUSTA CLIMATE SUMMARY FOR SEPTEMBER 18 2014...

CLIMATE NORMAL PERIOD 1981 TO 2010
CLIMATE RECORD PERIOD 1948 TO 2014


WEATHER ITEM   OBSERVED TIME   NORMAL DEPARTURE LAST
                VALUE   (LST)  VALUE  FROM      YEAR
                                      NORMAL
......................................................
TEMPERATURE (F)
 YESTERDAY
  MAXIMUM         67   1212 PM  69     -2       72
  MINIMUM         41   1159 PM  50     -9       43
  AVERAGE         54            59     -5       58

PRECIPITATION (IN)
  YESTERDAY        0.00          0.13  -0.13     0.00
  MONTH TO DATE    0.45          2.13  -1.68     6.86
  SINCE SEP 1      0.45          2.13  -1.68     6.86
  SINCE JAN 1     31.08         28.31   2.77    34.00

DEGREE DAYS
 HEATING
  YESTERDAY       11             6      5        7
  MONTH TO DATE   97            73     24       95
  SINCE SEP 1     97            73     24       95
  SINCE JUL 1    116           115      1      108

 COOLING
  YESTERDAY        0             1     -1        0
  MONTH TO DATE   45            26     19       37
  SINCE SEP 1     45            26     19       37
  SINCE JAN 1    359           383    -24      428
......................................................


WIND (MPH)
  HIGHEST WIND SPEED    20   HIGHEST WIND DIRECTION    NW (320)
  HIGHEST GUST SPEED    28   HIGHEST GUST DIRECTION    NW (310)
  AVERAGE WIND SPEED     7.5


SKY COVER
  AVERAGE SKY COVER 0.4


WEATHER CONDITIONS
 THE FOLLOWING WEATHER WAS RECORDED YESTERDAY.
  FOG
  FOG W/VISIBILITY <= 1/4 MILE


RELATIVE HUMIDITY (PERCENT)
 HIGHEST   100          1200 AM
 LOWEST     42           200 PM
 AVERAGE    71

..........................................................


THE AUGUSTA CLIMATE NORMALS FOR TODAY
                         NORMAL
 MAXIMUM TEMPERATURE (F)   68
 MINIMUM TEMPERATURE (F)   49


SUNRISE AND SUNSET
SEPTEMBER 19 2014.....SUNRISE   623 AM EDT   SUNSET   642 PM EDT
SEPTEMBER 20 2014.....SUNRISE   624 AM EDT   SUNSET   640 PM EDT


-  INDICATES NEGATIVE NUMBERS.
R  INDICATES RECORD WAS SET OR TIED.
MM INDICATES DATA IS MISSING.
T  INDICATES TRACE AMOUNT.




$$
