278
CDUS41 KGYX 222144
CLIAUG


CLIMATE REPORT
NATIONAL WEATHER SERVICE GRAY ME
444 PM EST MON JAN 22 2018


...................................

...THE AUGUSTA CLIMATE SUMMARY FOR JANUARY 22 2018...
VALID TODAY AS OF 0400 PM LOCAL TIME.

CLIMATE NORMAL PERIOD 1981 TO 2010
CLIMATE RECORD PERIOD 1948 TO 2018


WEATHER ITEM   OBSERVED TIME   RECORD YEAR NORMAL DEPARTURE LAST
                VALUE   (LST)  VALUE       VALUE  FROM      YEAR
                                                  NORMAL
..................................................................
TEMPERATURE (F)
 TODAY
  MAXIMUM         32    128 AM  49    1957  27      5       36
  MINIMUM         19    251 PM -15    2005  10      9       29
  AVERAGE         26                        19      7       33

PRECIPITATION (IN)
  TODAY            T             1.49 1958   0.09  -0.09     0.00
  MONTH TO DATE    3.43                      1.85   1.58     1.49
  SINCE DEC 1      6.35                      5.09   1.26     5.46
  SINCE JAN 1      3.43                      1.85   1.58     1.49

DEGREE DAYS
 HEATING
  TODAY           39                        46     -7       32
  MONTH TO DATE  999                      1003     -4      859
  SINCE DEC 1   2361                      2210    151     2102
  SINCE JUL 1   3597                      3758   -161     3420

 COOLING
  TODAY            0                         0      0        0
  MONTH TO DATE    0                         0      0        0
  SINCE DEC 1      0                         0      0        0
  SINCE JAN 1      0                         0      0        0
..................................................................


WIND (MPH)
  HIGHEST WIND SPEED    14   HIGHEST WIND DIRECTION     N (20)
  HIGHEST GUST SPEED    17   HIGHEST GUST DIRECTION    NE (30)
  AVERAGE WIND SPEED     7.5


SKY COVER
  AVERAGE SKY COVER 1.0


WEATHER CONDITIONS
 THE FOLLOWING WEATHER WAS RECORDED TODAY.
  LIGHT SNOW
  FOG
  HAZE


RELATIVE HUMIDITY (PERCENT)
 HIGHEST    91          1100 AM
 LOWEST     63          1200 AM
 AVERAGE    77

..........................................................


THE AUGUSTA CLIMATE NORMALS FOR TOMORROW
                         NORMAL    RECORD    YEAR
 MAXIMUM TEMPERATURE (F)   27        51      1992
 MINIMUM TEMPERATURE (F)   11       -14      1976


SUNRISE AND SUNSET
JANUARY 22 2018.......SUNRISE   707 AM EST   SUNSET   435 PM EST
JANUARY 23 2018.......SUNRISE   706 AM EST   SUNSET   436 PM EST


-  INDICATES NEGATIVE NUMBERS.
R  INDICATES RECORD WAS SET OR TIED.
MM INDICATES DATA IS MISSING.
T  INDICATES TRACE AMOUNT.




$$
