000
CDUS41 KGYX 250803
CLIAUG


CLIMATE REPORT
NATIONAL WEATHER SERVICE GRAY ME
403 AM EDT FRI JUL 25 2014


...................................

...THE AUGUSTA CLIMATE SUMMARY FOR JULY 24 2014...

CLIMATE NORMAL PERIOD 1981 TO 2010
CLIMATE RECORD PERIOD 1948 TO 2014


WEATHER ITEM   OBSERVED TIME   NORMAL DEPARTURE LAST
                VALUE   (LST)  VALUE  FROM      YEAR
                                      NORMAL
......................................................
TEMPERATURE (F)
 YESTERDAY
  MAXIMUM         76    514 PM  80     -4       80
  MINIMUM         59   1159 PM  60     -1       54
  AVERAGE         68            70     -2       67

PRECIPITATION (IN)
  YESTERDAY        T             0.11  -0.11     0.06
  MONTH TO DATE    4.73          2.61   2.12     2.81
  SINCE JUN 1      9.64          6.17   3.47     9.62
  SINCE JAN 1     23.76         22.06   1.70    21.11

DEGREE DAYS
 HEATING
  YESTERDAY        0             0      0        0
  MONTH TO DATE    2            12    -10        3
  SINCE JUN 1     78           106    -28       81
  SINCE JUL 1      2            12    -10        3

 COOLING
  YESTERDAY        3             5     -2        2
  MONTH TO DATE  147           115     32      186
  SINCE JUN 1    206           179     27      263
  SINCE JAN 1    206           188     18      278
......................................................


WIND (MPH)
  HIGHEST WIND SPEED    15   HIGHEST WIND DIRECTION     N (350)
  HIGHEST GUST SPEED    23   HIGHEST GUST DIRECTION     N (360)
  AVERAGE WIND SPEED     8.0


SKY COVER
  AVERAGE SKY COVER 0.6


WEATHER CONDITIONS
 THE FOLLOWING WEATHER WAS RECORDED YESTERDAY.
  LIGHT RAIN
  FOG


RELATIVE HUMIDITY (PERCENT)
 HIGHEST    97          1200 AM
 LOWEST     49           600 PM
 AVERAGE    73

..........................................................


THE AUGUSTA CLIMATE NORMALS FOR TODAY
                         NORMAL
 MAXIMUM TEMPERATURE (F)   80
 MINIMUM TEMPERATURE (F)   60


SUNRISE AND SUNSET
JULY 25 2014..........SUNRISE   519 AM EDT   SUNSET   812 PM EDT
JULY 26 2014..........SUNRISE   520 AM EDT   SUNSET   811 PM EDT


-  INDICATES NEGATIVE NUMBERS.
R  INDICATES RECORD WAS SET OR TIED.
MM INDICATES DATA IS MISSING.
T  INDICATES TRACE AMOUNT.




$$
