694
CDUS41 KGYX 070904
CLIAUG


CLIMATE REPORT
NATIONAL WEATHER SERVICE GRAY ME
403 AM EST SUN FEB 7 2016


...................................

...THE AUGUSTA CLIMATE SUMMARY FOR FEBRUARY 6 2016...

CLIMATE NORMAL PERIOD 1981 TO 2010
CLIMATE RECORD PERIOD 1948 TO 2016


WEATHER ITEM   OBSERVED TIME   RECORD YEAR NORMAL DEPARTURE LAST
                VALUE   (LST)  VALUE       VALUE  FROM      YEAR
                                                  NORMAL
..................................................................
TEMPERATURE (F)
 YESTERDAY
  MAXIMUM         35    227 PM  MM      MM  30      5       15
  MINIMUM         14    714 AM  MM      MM  12      2       -9
  AVERAGE         25                        21      4        3

PRECIPITATION (IN)
  YESTERDAY        0.00         MM      MM   0.08  -0.08     0.00
  MONTH TO DATE    0.78                      0.50   0.28     0.23
  SINCE DEC 1      7.15                      6.35   0.80     6.33
  SINCE JAN 1      3.18                      3.11   0.07     1.85

DEGREE DAYS
 HEATING
  YESTERDAY       40                        44     -4       62
  MONTH TO DATE  177                       267    -90      344
  SINCE DEC 1   2359                      2890   -531     2953
  SINCE JUL 1   3737                      4438   -701     4442

 COOLING
  YESTERDAY        0                         0      0        0
  MONTH TO DATE    0                         0      0        0
  SINCE DEC 1      0                         0      0        0
  SINCE JAN 1      0                         0      0        0
..................................................................


WIND (MPH)
  HIGHEST WIND SPEED    13   HIGHEST WIND DIRECTION    SW (210)
  HIGHEST GUST SPEED    20   HIGHEST GUST DIRECTION    SW (220)
  AVERAGE WIND SPEED     6.1


SKY COVER
  AVERAGE SKY COVER 0.1


WEATHER CONDITIONS
 THE FOLLOWING WEATHER WAS RECORDED YESTERDAY.
  NO SIGNIFICANT WEATHER WAS OBSERVED.


RELATIVE HUMIDITY (PERCENT)
 HIGHEST    85           800 PM
 LOWEST     54           100 PM
 AVERAGE    70

..........................................................


THE AUGUSTA CLIMATE NORMALS FOR TODAY
                         NORMAL
 MAXIMUM TEMPERATURE (F)   30
 MINIMUM TEMPERATURE (F)   13


SUNRISE AND SUNSET
FEBRUARY  7 2016......SUNRISE   651 AM EST   SUNSET   456 PM EST
FEBRUARY  8 2016......SUNRISE   649 AM EST   SUNSET   458 PM EST


-  INDICATES NEGATIVE NUMBERS.
R  INDICATES RECORD WAS SET OR TIED.
MM INDICATES DATA IS MISSING.
T  INDICATES TRACE AMOUNT.




$$
