000
CDUS41 KGYX 050903
CLIAUG


CLIMATE REPORT
NATIONAL WEATHER SERVICE GRAY ME
402 AM EST THU MAR 5 2015


...................................

...THE AUGUSTA CLIMATE SUMMARY FOR MARCH 4 2015...

CLIMATE NORMAL PERIOD 1981 TO 2010
CLIMATE RECORD PERIOD 1948 TO 2015


WEATHER ITEM   OBSERVED TIME   RECORD YEAR NORMAL DEPARTURE LAST
                VALUE   (LST)  VALUE       VALUE  FROM      YEAR
                                                  NORMAL
..................................................................
TEMPERATURE (F)
 YESTERDAY
  MAXIMUM         45    309 PM  MM      MM  37      8       24
  MINIMUM         25   1210 AM  MM      MM  19      6       -2
  AVERAGE         35                        28      7       11

PRECIPITATION (IN)
  YESTERDAY        0.03         MM      MM   0.10  -0.07     0.00
  MONTH TO DATE    0.24                      0.38  -0.14      T
  SINCE MAR 1      0.24                      0.38  -0.14      T
  SINCE JAN 1      2.51                      5.42  -2.91     4.79

DEGREE DAYS
 HEATING
  YESTERDAY       30                        37     -7       54
  MONTH TO DATE  167                       150     17      202
  SINCE MAR 1    167                       150     17      202
  SINCE JUL 1   5794                      5493    301     5708

 COOLING
  YESTERDAY        0                         0      0        0
  MONTH TO DATE    0                         0      0        0
  SINCE MAR 1      0                         0      0        0
  SINCE JAN 1      0                         0      0        0
..................................................................


WIND (MPH)
  HIGHEST WIND SPEED    14   HIGHEST WIND DIRECTION    SW (220)
  HIGHEST GUST SPEED    24   HIGHEST GUST DIRECTION    SW (220)
  AVERAGE WIND SPEED     5.9


SKY COVER
  AVERAGE SKY COVER 0.6


WEATHER CONDITIONS
 THE FOLLOWING WEATHER WAS RECORDED YESTERDAY.
  SNOW
  LIGHT SNOW
  FOG


RELATIVE HUMIDITY (PERCENT)
 HIGHEST    92          1200 AM
 LOWEST     40           300 PM
 AVERAGE    66

..........................................................


THE AUGUSTA CLIMATE NORMALS FOR TODAY
                         NORMAL
 MAXIMUM TEMPERATURE (F)   37
 MINIMUM TEMPERATURE (F)   20


SUNRISE AND SUNSET
MARCH  5 2015.........SUNRISE   610 AM EST   SUNSET   532 PM EST
MARCH  6 2015.........SUNRISE   608 AM EST   SUNSET   533 PM EST


-  INDICATES NEGATIVE NUMBERS.
R  INDICATES RECORD WAS SET OR TIED.
MM INDICATES DATA IS MISSING.
T  INDICATES TRACE AMOUNT.




$$
