000
CDUS41 KGYX 242044
CLIAUG


CLIMATE REPORT
NATIONAL WEATHER SERVICE GRAY ME
444 PM EDT TUE MAY 24 2016


...................................

...THE AUGUSTA CLIMATE SUMMARY FOR MAY 24 2016...
VALID TODAY AS OF 0400 PM LOCAL TIME.

CLIMATE NORMAL PERIOD 1981 TO 2010
CLIMATE RECORD PERIOD 1948 TO 2016


WEATHER ITEM   OBSERVED TIME   RECORD YEAR NORMAL DEPARTURE LAST
                VALUE   (LST)  VALUE       VALUE  FROM      YEAR
                                                  NORMAL
..................................................................
TEMPERATURE (F)
 TODAY
  MAXIMUM         65   1106 AM  90    1964  68     -3       79
  MINIMUM         53    426 AM  31    1956  47      6       41
  AVERAGE         59                        57      2       60

PRECIPITATION (IN)
  TODAY            0.01          1.23 1960   0.12  -0.11     0.00
  MONTH TO DATE    1.40                      2.86  -1.46     1.25
  SINCE MAR 1      7.62                     10.02  -2.40     6.78
  SINCE JAN 1     13.49                     15.06  -1.57     9.05

DEGREE DAYS
 HEATING
  TODAY            6                         8     -2        5
  MONTH TO DATE  273                       272      1      188
  SINCE MAR 1   1895                      1933    -38     2030
  SINCE JUL 1   6574                      7276   -702     7657

 COOLING
  TODAY            0                         0      0        0
  MONTH TO DATE    0                         0      0        5
  SINCE MAR 1      0                         0      0        5
  SINCE JAN 1      0                         0      0        5
..................................................................


WIND (MPH)
  HIGHEST WIND SPEED    13   HIGHEST WIND DIRECTION     S (160)
  HIGHEST GUST SPEED    17   HIGHEST GUST DIRECTION     E (80)
  AVERAGE WIND SPEED     6.7


SKY COVER
  AVERAGE SKY COVER 0.8


WEATHER CONDITIONS
 THE FOLLOWING WEATHER WAS RECORDED TODAY.
  FOG


RELATIVE HUMIDITY (PERCENT)
 HIGHEST   100           500 AM
 LOWEST     67          1100 AM
 AVERAGE    84

..........................................................


THE AUGUSTA CLIMATE NORMALS FOR TOMORROW
                         NORMAL    RECORD    YEAR
 MAXIMUM TEMPERATURE (F)   68        91      2010
 MINIMUM TEMPERATURE (F)   47        32      1956


SUNRISE AND SUNSET
MAY 24 2016...........SUNRISE   503 AM EDT   SUNSET   809 PM EDT
MAY 25 2016...........SUNRISE   502 AM EDT   SUNSET   810 PM EDT


-  INDICATES NEGATIVE NUMBERS.
R  INDICATES RECORD WAS SET OR TIED.
MM INDICATES DATA IS MISSING.
T  INDICATES TRACE AMOUNT.




$$
