000
CDUS41 KGYX 032144
CLIAUG


CLIMATE REPORT
NATIONAL WEATHER SERVICE GRAY ME
444 PM EST SAT DEC 3 2016


...................................

...THE AUGUSTA CLIMATE SUMMARY FOR DECEMBER 3 2016...
VALID TODAY AS OF 0400 PM LOCAL TIME.

CLIMATE NORMAL PERIOD 1981 TO 2010
CLIMATE RECORD PERIOD 1948 TO 2016


WEATHER ITEM   OBSERVED TIME   RECORD YEAR NORMAL DEPARTURE LAST
                VALUE   (LST)  VALUE       VALUE  FROM      YEAR
                                                  NORMAL
..................................................................
TEMPERATURE (F)
 TODAY
  MAXIMUM         40    213 PM  65    2009  38      2       43
  MINIMUM         34    757 AM   2    1976  24     10       34
  AVERAGE         37                        31      6       39

PRECIPITATION (IN)
  TODAY            0.00          2.08 1986   0.12  -0.12     0.28
  MONTH TO DATE    1.24                      0.36   0.88     0.75
  SINCE DEC 1      1.24                      0.36   0.88     0.75
  SINCE JAN 1     32.52                     39.00  -6.48    35.23

DEGREE DAYS
 HEATING
  TODAY           28                        34     -6       26
  MONTH TO DATE   78                       101    -23       91
  SINCE DEC 1     78                       101    -23       91
  SINCE JUL 1   1396                      1649   -253     1469

 COOLING
  TODAY            0                         0      0        0
  MONTH TO DATE    0                         0      0        0
  SINCE DEC 1      0                         0      0        0
  SINCE JAN 1    530                       388    142      457
..................................................................


WIND (MPH)
  HIGHEST WIND SPEED    21   HIGHEST WIND DIRECTION     N (340)
  HIGHEST GUST SPEED    27   HIGHEST GUST DIRECTION     N (340)
  AVERAGE WIND SPEED    10.6


SKY COVER
  AVERAGE SKY COVER 0.7


WEATHER CONDITIONS
 THE FOLLOWING WEATHER WAS RECORDED TODAY.
  LIGHT SNOW


RELATIVE HUMIDITY (PERCENT)
 HIGHEST    75           500 AM
 LOWEST     48           100 PM
 AVERAGE    62

..........................................................


THE AUGUSTA CLIMATE NORMALS FOR TOMORROW
                         NORMAL    RECORD    YEAR
 MAXIMUM TEMPERATURE (F)   38        65      1982
 MINIMUM TEMPERATURE (F)   24         3      1976


SUNRISE AND SUNSET
DECEMBER  3 2016......SUNRISE   658 AM EST   SUNSET   401 PM EST
DECEMBER  4 2016......SUNRISE   659 AM EST   SUNSET   400 PM EST


-  INDICATES NEGATIVE NUMBERS.
R  INDICATES RECORD WAS SET OR TIED.
MM INDICATES DATA IS MISSING.
T  INDICATES TRACE AMOUNT.




$$
