000
CDUS41 KGYX 170943
CLIAUG


CLIMATE REPORT
NATIONAL WEATHER SERVICE GRAY ME
443 AM EST TUE JAN 17 2017


...................................

...THE AUGUSTA CLIMATE SUMMARY FOR JANUARY 16 2017...

CLIMATE NORMAL PERIOD 1981 TO 2010
CLIMATE RECORD PERIOD 1948 TO 2017


WEATHER ITEM   OBSERVED TIME   RECORD YEAR NORMAL DEPARTURE LAST
                VALUE   (LST)  VALUE       VALUE  FROM      YEAR
                                                  NORMAL
..................................................................
TEMPERATURE (F)
 YESTERDAY
  MAXIMUM         34    340 PM  54    1995  27      7       25
  MINIMUM          9    652 AM -16    1994  10     -1       21
  AVERAGE         22                        19      3       23

PRECIPITATION (IN)
  YESTERDAY        0.00          0.94 1959   0.09  -0.09     0.14
  MONTH TO DATE    1.38                      1.34   0.04     2.35
  SINCE DEC 1      5.35                      4.58   0.77     6.32
  SINCE JAN 1      1.38                      1.34   0.04     2.35

DEGREE DAYS
 HEATING
  YESTERDAY       43                        46     -3       42
  MONTH TO DATE  653                       727    -74      635
  SINCE DEC 1   1896                      1934    -38     1564
  SINCE JUL 1   3214                      3482   -268     2942

 COOLING
  YESTERDAY        0                         0      0        0
  MONTH TO DATE    0                         0      0        0
  SINCE DEC 1      0                         0      0        0
  SINCE JAN 1      0                         0      0        0
..................................................................


WIND (MPH)
  HIGHEST WIND SPEED    12   HIGHEST WIND DIRECTION     S (200)
  HIGHEST GUST SPEED    19   HIGHEST GUST DIRECTION     S (190)
  AVERAGE WIND SPEED     4.9


SKY COVER
  AVERAGE SKY COVER 0.2


WEATHER CONDITIONS
 THE FOLLOWING WEATHER WAS RECORDED YESTERDAY.
  NO SIGNIFICANT WEATHER WAS OBSERVED.


RELATIVE HUMIDITY (PERCENT)
 HIGHEST    66           600 AM
 LOWEST     38           200 PM
 AVERAGE    52

..........................................................


THE AUGUSTA CLIMATE NORMALS FOR TODAY
                         NORMAL    RECORD    YEAR
 MAXIMUM TEMPERATURE (F)   27        53      1995
 MINIMUM TEMPERATURE (F)   10       -15      1974


SUNRISE AND SUNSET
JANUARY 17 2017.......SUNRISE   710 AM EST   SUNSET   429 PM EST
JANUARY 18 2017.......SUNRISE   710 AM EST   SUNSET   430 PM EST


-  INDICATES NEGATIVE NUMBERS.
R  INDICATES RECORD WAS SET OR TIED.
MM INDICATES DATA IS MISSING.
T  INDICATES TRACE AMOUNT.




$$
