147
CDUS41 KGYX 302041
CLIAUG


CLIMATE REPORT
NATIONAL WEATHER SERVICE GRAY ME
440 PM EDT FRI SEP 30 2016


...................................

...THE AUGUSTA CLIMATE SUMMARY FOR SEPTEMBER 30 2016...
VALID TODAY AS OF 0400 PM LOCAL TIME.

CLIMATE NORMAL PERIOD 1981 TO 2010
CLIMATE RECORD PERIOD 1948 TO 2016


WEATHER ITEM   OBSERVED TIME   RECORD YEAR NORMAL DEPARTURE LAST
                VALUE   (LST)  VALUE       VALUE  FROM      YEAR
                                                  NORMAL
..................................................................
TEMPERATURE (F)
 TODAY
  MAXIMUM         64    218 PM  82    1948  64      0       67
  MINIMUM         41    625 AM  30    1995  45     -4       50
  AVERAGE         53                        54     -1       59

PRECIPITATION (IN)
  TODAY            0.00          4.79 2015   0.14  -0.14     4.79
  MONTH TO DATE    1.13                      3.74  -2.61     7.06
  SINCE SEP 1      1.13                      3.74  -2.61     7.06
  SINCE JAN 1     22.71                     29.92  -7.21    29.52

DEGREE DAYS
 HEATING
  TODAY           12                        11      1        6
  MONTH TO DATE  100                       178    -78       90
  SINCE SEP 1    100                       178    -78       90
  SINCE JUL 1    125                       220    -95      108

 COOLING
  TODAY            0                         0      0        0
  MONTH TO DATE   73                        30     43      100
  SINCE SEP 1     73                        30     43      100
  SINCE JAN 1    530                       387    143      457
..................................................................


WIND (MPH)
  HIGHEST WIND SPEED    10   HIGHEST WIND DIRECTION    NE (40)
  HIGHEST GUST SPEED    14   HIGHEST GUST DIRECTION    NE (40)
  AVERAGE WIND SPEED     5.8


SKY COVER
  AVERAGE SKY COVER 0.0


WEATHER CONDITIONS
 THE FOLLOWING WEATHER WAS RECORDED TODAY.
  NO SIGNIFICANT WEATHER WAS OBSERVED.


RELATIVE HUMIDITY (PERCENT)
 HIGHEST    93           500 AM
 LOWEST     30           300 PM
 AVERAGE    62

..........................................................


THE AUGUSTA CLIMATE NORMALS FOR TOMORROW
                         NORMAL    RECORD    YEAR
 MAXIMUM TEMPERATURE (F)   63        85      1954
 MINIMUM TEMPERATURE (F)   45        31      1974


SUNRISE AND SUNSET
SEPTEMBER 30 2016.....SUNRISE   636 AM EDT   SUNSET   621 PM EDT
OCTOBER  1 2016.......SUNRISE   637 AM EDT   SUNSET   619 PM EDT


-  INDICATES NEGATIVE NUMBERS.
R  INDICATES RECORD WAS SET OR TIED.
MM INDICATES DATA IS MISSING.
T  INDICATES TRACE AMOUNT.




$$
