000
CDUS44 KEWX 182251
CLIAUS


CLIMATE REPORT
NATIONAL WEATHER SERVICE AUSTIN/SAN ANTONIO, TX
551 PM CDT FRI AUG 18 2017


...................................

...THE AUSTIN BERGSTROM CLIMATE SUMMARY FOR AUGUST 18 2017...
VALID TODAY AS OF 550 PM LOCAL TIME.

CLIMATE NORMAL PERIOD 1981 TO 2010
CLIMATE RECORD PERIOD 1943 TO 2017


WEATHER ITEM   OBSERVED TIME   RECORD YEAR NORMAL DEPARTURE LAST
                VALUE   (LST)  VALUE       VALUE  FROM      YEAR
                                                  NORMAL
..................................................................
TEMPERATURE (F)
 TODAY
  MAXIMUM        100    321 PM 104    2011  96      4       89
                                      1986
  MINIMUM         77    643 AM  64    2013  71      6       74
                                      2004
  AVERAGE         89                        84      5       82

PRECIPITATION (IN)
  TODAY            0.00          2.83 2012   0.06  -0.06     0.28
  MONTH TO DATE    2.92                      1.00   1.92     5.11
  SINCE JUN 1      6.41                      8.07  -1.66    13.39
  SINCE JAN 1     21.19                     21.68  -0.49    41.68

SNOWFALL (IN)
  TODAY            0.0
  MONTH TO DATE    0.0
  SINCE JUN 1      0.0
  SINCE JUL 1      0.0
  SNOW DEPTH       0

DEGREE DAYS
 HEATING
  TODAY            0                         0      0        0
  MONTH TO DATE    0                         0      0        0
  SINCE JUN 1      0                         0      0        0
  SINCE JUL 1      0                         0      0        0

 COOLING
  TODAY           24                        19      5       17
  MONTH TO DATE  387                       342     45      342
  SINCE JUN 1   1633                      1395    238     1531
  SINCE JAN 1   2418                      1902    516     2035
..................................................................


WIND (MPH)
  HIGHEST WIND SPEED    16   HIGHEST WIND DIRECTION    SW (210)
  HIGHEST GUST SPEED    21   HIGHEST GUST DIRECTION    SW (210)
  AVERAGE WIND SPEED     8.8


SKY COVER
  AVERAGE SKY COVER 0.3


WEATHER CONDITIONS
 THE FOLLOWING WEATHER WAS RECORDED TODAY.
  NO SIGNIFICANT WEATHER WAS OBSERVED.


RELATIVE HUMIDITY (PERCENT)
 HIGHEST    94           600 AM
 LOWEST     38           400 PM
 AVERAGE    66

..........................................................


THE AUSTIN BERGSTROM CLIMATE NORMALS FOR TOMORROW
                         NORMAL    RECORD    YEAR
 MAXIMUM TEMPERATURE (F)   96       106      1984
 MINIMUM TEMPERATURE (F)   71        65      2000


SUNRISE AND SUNSET
AUGUST 18 2017........SUNRISE   700 AM CDT   SUNSET   809 PM CDT
AUGUST 19 2017........SUNRISE   700 AM CDT   SUNSET   808 PM CDT


-  INDICATES NEGATIVE NUMBERS.
R  INDICATES RECORD WAS SET OR TIED.
MM INDICATES DATA IS MISSING.
T  INDICATES TRACE AMOUNT.




$$
