000
CDUS44 KEWX 042239
CLIAUS


CLIMATE REPORT
NATIONAL WEATHER SERVICE AUSTIN/SAN ANTONIO, TX
538 PM CDT SAT JUL 4 2015


...................................

...THE AUSTIN BERGSTROM CLIMATE SUMMARY FOR JULY 4 2015...
VALID TODAY AS OF 538 PM LOCAL TIME.

CLIMATE NORMAL PERIOD 1981 TO 2010
CLIMATE RECORD PERIOD 1943 TO 2015


WEATHER ITEM   OBSERVED TIME   RECORD YEAR NORMAL DEPARTURE LAST
                VALUE   (LST)  VALUE       VALUE  FROM      YEAR
                                                  NORMAL
..................................................................
TEMPERATURE (F)
 TODAY
  MAXIMUM         91    246 PM 103    2009  94     -3       92
  MINIMUM         73   1256 AM  63    2013  71      2       69
  AVERAGE         82                        83     -1       81

PRECIPITATION (IN)
  TODAY            0.00          1.13 1972   0.10  -0.10     0.00
  MONTH TO DATE    0.01                      0.42  -0.41     0.69
  SINCE JUN 1      3.22                      5.05  -1.83     2.37
  SINCE JAN 1     28.79                     18.66  10.13    14.19

SNOWFALL (IN)
  TODAY            0.0
  MONTH TO DATE    0.0
  SINCE JUN 1      0.0
  SINCE JUL 1      0.0
  SNOW DEPTH       0

DEGREE DAYS
 HEATING
  TODAY            0                         0      0        0
  MONTH TO DATE    0                         0      0        0
  SINCE JUN 1      0                         0      0        0
  SINCE JUL 1      0                         0      0        0

 COOLING
  TODAY           17                        18     -1       16
  MONTH TO DATE   61                        72    -11       70
  SINCE JUN 1    491                       553    -62      577
  SINCE JAN 1    984                      1060    -76     1032
..................................................................


WIND (MPH)
  HIGHEST WIND SPEED    18   HIGHEST WIND DIRECTION     S (170)
  HIGHEST GUST SPEED    24   HIGHEST GUST DIRECTION     S (170)
  AVERAGE WIND SPEED    10.0


SKY COVER
  AVERAGE SKY COVER 0.7


WEATHER CONDITIONS
 THE FOLLOWING WEATHER WAS RECORDED TODAY.
  NO SIGNIFICANT WEATHER WAS OBSERVED.


RELATIVE HUMIDITY (PERCENT)
 HIGHEST   100          1200 AM
 LOWEST     56           200 PM
 AVERAGE    78

..........................................................


THE AUSTIN BERGSTROM CLIMATE NORMALS FOR TOMORROW
                         NORMAL    RECORD    YEAR
 MAXIMUM TEMPERATURE (F)   94       105      2009
 MINIMUM TEMPERATURE (F)   71        64      1968


SUNRISE AND SUNSET
JULY  4 2015..........SUNRISE   634 AM CDT   SUNSET   836 PM CDT
JULY  5 2015..........SUNRISE   634 AM CDT   SUNSET   836 PM CDT


-  INDICATES NEGATIVE NUMBERS.
R  INDICATES RECORD WAS SET OR TIED.
MM INDICATES DATA IS MISSING.
T  INDICATES TRACE AMOUNT.




$$
