000
CDUS44 KEWX 302225
CLIAUS


CLIMATE REPORT
NATIONAL WEATHER SERVICE AUSTIN/SAN ANTONIO, TX
525 PM CDT TUE SEP 30 2014


...................................

...THE AUSTIN BERGSTROM CLIMATE SUMMARY FOR SEPTEMBER 30 2014...
VALID TODAY AS OF 0525 PM LOCAL TIME.

CLIMATE NORMAL PERIOD 1981 TO 2010
CLIMATE RECORD PERIOD 1943 TO 2014


WEATHER ITEM   OBSERVED TIME   RECORD YEAR NORMAL DEPARTURE LAST
                VALUE   (LST)  VALUE       VALUE  FROM      YEAR
                                                  NORMAL
..................................................................
TEMPERATURE (F)
 TODAY
  MAXIMUM         90    417 PM  97    1953  87      3       88
  MINIMUM         62    618 AM  46    1999  61      1       61
  AVERAGE         76                        74      2       75

PRECIPITATION (IN)
  TODAY            0.00          1.39 1988   0.07  -0.07     0.00
  MONTH TO DATE    3.22                      2.54   0.68     5.00
  SINCE SEP 1      3.22                      2.54   0.68     5.00
  SINCE JAN 1     18.77                     25.64  -6.87    24.22

SNOWFALL (IN)
  TODAY            0.0
  MONTH TO DATE    0.0
  SINCE SEP 1      0.0
  SINCE JUL 1      0.0
  SNOW DEPTH       0

DEGREE DAYS
 HEATING
  TODAY            0                         0      0        0
  MONTH TO DATE    1                         0      1        0
  SINCE SEP 1      1                         2     -1        0
  SINCE JUL 1      1                         2     -1        0

 COOLING
  TODAY           11                         9      2       10
  MONTH TO DATE  441                       388     53      474
  SINCE SEP 1    441                       388     53      474
  SINCE JAN 1   2601                      2528     73     2813
..................................................................


WIND (MPH)
  HIGHEST WIND SPEED    10   HIGHEST WIND DIRECTION    SE (130)
  HIGHEST GUST SPEED    17   HIGHEST GUST DIRECTION     S (180)
  AVERAGE WIND SPEED     1.7


SKY COVER
  AVERAGE SKY COVER 0.3


WEATHER CONDITIONS
 THE FOLLOWING WEATHER WAS RECORDED TODAY.
  NO SIGNIFICANT WEATHER WAS OBSERVED.


RELATIVE HUMIDITY (PERCENT)
 HIGHEST   100           500 AM
 LOWEST     46           200 PM
 AVERAGE    73

..........................................................


THE AUSTIN BERGSTROM CLIMATE NORMALS FOR TOMORROW
                         NORMAL    RECORD    YEAR
 MAXIMUM TEMPERATURE (F)   86        98      2005
 MINIMUM TEMPERATURE (F)   61        45      1972


SUNRISE AND SUNSET
SEPTEMBER 30 2014.....SUNRISE   723 AM CDT   SUNSET   717 PM CDT
OCTOBER  1 2014.......SUNRISE   724 AM CDT   SUNSET   716 PM CDT


-  INDICATES NEGATIVE NUMBERS.
R  INDICATES RECORD WAS SET OR TIED.
MM INDICATES DATA IS MISSING.
T  INDICATES TRACE AMOUNT.




$$
