104
CDUS44 KEWX 162223
CLIAUS


CLIMATE REPORT
NATIONAL WEATHER SERVICE AUSTIN/SAN ANTONIO, TX
422 PM CST TUE JAN 16 2018


...................................

...THE AUSTIN BERGSTROM CLIMATE SUMMARY FOR JANUARY 16 2018...
VALID TODAY AS OF 0400 PM LOCAL TIME.

CLIMATE NORMAL PERIOD 1981 TO 2010
CLIMATE RECORD PERIOD 1943 TO 2018


WEATHER ITEM   OBSERVED TIME   RECORD YEAR NORMAL DEPARTURE LAST
                VALUE   (LST)  VALUE       VALUE  FROM      YEAR
                                                  NORMAL
..................................................................
TEMPERATURE (F)
 TODAY
  MAXIMUM         38   1225 AM  82    1943  62    -24       70
  MINIMUM         25   1103 AM  19    1972  36    -11       59
  AVERAGE         32                        49    -17       65

PRECIPITATION (IN)
  TODAY            0.08          1.25 2004   0.07   0.01     0.78
  MONTH TO DATE    0.18                      1.19  -1.01     2.13
  SINCE DEC 1      3.83                      3.40   0.43     5.24
  SINCE JAN 1      0.18                      1.19  -1.01     2.13

SNOWFALL (IN)
  TODAY           MM
  MONTH TO DATE    0.0
  SINCE DEC 1      1.3
  SINCE JUL 1      1.3
  SNOW DEPTH       0

DEGREE DAYS
 HEATING
  TODAY           33                        16     17        0
  MONTH TO DATE  329                       256     73      171
  SINCE DEC 1    783                       718     65      523
  SINCE JUL 1    990                      1003    -13      617

 COOLING
  TODAY            0                         0      0        0
  MONTH TO DATE    0                         0      0       22
  SINCE DEC 1     12                        10      2       64
  SINCE JAN 1      0                         0      0       22
..................................................................


WIND (MPH)
  HIGHEST WIND SPEED    35   HIGHEST WIND DIRECTION     N (10)
  HIGHEST GUST SPEED    39   HIGHEST GUST DIRECTION     N (10)
  AVERAGE WIND SPEED    22.1


SKY COVER
  AVERAGE SKY COVER 1.0


WEATHER CONDITIONS
 THE FOLLOWING WEATHER WAS RECORDED TODAY.
  LIGHT RAIN
  LT FREEZING RAIN
  SLEET
  FOG


RELATIVE HUMIDITY (PERCENT)
 HIGHEST   100          1200 AM
 LOWEST     50           300 PM
 AVERAGE    75

..........................................................


THE AUSTIN BERGSTROM CLIMATE NORMALS FOR TOMORROW
                         NORMAL    RECORD    YEAR
 MAXIMUM TEMPERATURE (F)   62        80      1999
 MINIMUM TEMPERATURE (F)   36        21      1982


SUNRISE AND SUNSET
JANUARY 16 2018.......SUNRISE   728 AM CST   SUNSET   554 PM CST
JANUARY 17 2018.......SUNRISE   727 AM CST   SUNSET   555 PM CST


-  INDICATES NEGATIVE NUMBERS.
R  INDICATES RECORD WAS SET OR TIED.
MM INDICATES DATA IS MISSING.
T  INDICATES TRACE AMOUNT.




$$
