000
CDUS44 KEWX 262222
CLIAUS


CLIMATE REPORT
NATIONAL WEATHER SERVICE AUSTIN/SAN ANTONIO, TX
522 PM CDT THU MAR 26 2015


...................................

...THE AUSTIN BERGSTROM CLIMATE SUMMARY FOR MARCH 26 2015...
VALID TODAY AS OF 522 PM LOCAL TIME.

CLIMATE NORMAL PERIOD 1981 TO 2010
CLIMATE RECORD PERIOD 1943 TO 2015


WEATHER ITEM   OBSERVED TIME   RECORD YEAR NORMAL DEPARTURE LAST
                VALUE   (LST)  VALUE       VALUE  FROM      YEAR
                                                  NORMAL
..................................................................
TEMPERATURE (F)
 TODAY
  MAXIMUM         69    359 PM  91    1950  75     -6       68
  MINIMUM         54    702 AM  26    2013  49      5       51
  AVERAGE         62                        62      0       60

PRECIPITATION (IN)
  TODAY            0.06          2.26 1951   0.08  -0.02      T
  MONTH TO DATE    4.04                      2.18   1.86     1.19
  SINCE MAR 1      4.04                      2.18   1.86     1.19
  SINCE JAN 1      9.78                      6.69   3.09     2.28

SNOWFALL (IN)
  TODAY            0.0
  MONTH TO DATE    0.0
  SINCE MAR 1      0.0
  SINCE JUL 1      T
  SNOW DEPTH       0

DEGREE DAYS
 HEATING
  TODAY            3                         5     -2        5
  MONTH TO DATE  227                       201     26      270
  SINCE MAR 1    227                       201     26      270
  SINCE JUL 1   1941                      1816    125     2087

 COOLING
  TODAY            0                         2     -2        0
  MONTH TO DATE   21                        31    -10        9
  SINCE MAR 1     21                        31    -10        9
  SINCE JAN 1     23                        47    -24       26
..................................................................


WIND (MPH)
  HIGHEST WIND SPEED    31   HIGHEST WIND DIRECTION     N (350)
  HIGHEST GUST SPEED    40   HIGHEST GUST DIRECTION     N (350)
  AVERAGE WIND SPEED    17.3


SKY COVER
  AVERAGE SKY COVER 0.9


WEATHER CONDITIONS
 THE FOLLOWING WEATHER WAS RECORDED TODAY.
  THUNDERSTORM
  LIGHT RAIN
  FOG


RELATIVE HUMIDITY (PERCENT)
 HIGHEST    93          1200 AM
 LOWEST     44           400 PM
 AVERAGE    69

..........................................................


THE AUSTIN BERGSTROM CLIMATE NORMALS FOR TOMORROW
                         NORMAL    RECORD    YEAR
 MAXIMUM TEMPERATURE (F)   75        96      1984
 MINIMUM TEMPERATURE (F)   50        30      2013


SUNRISE AND SUNSET
MARCH 26 2015.........SUNRISE   727 AM CDT   SUNSET   746 PM CDT
MARCH 27 2015.........SUNRISE   726 AM CDT   SUNSET   746 PM CDT


-  INDICATES NEGATIVE NUMBERS.
R  INDICATES RECORD WAS SET OR TIED.
MM INDICATES DATA IS MISSING.
T  INDICATES TRACE AMOUNT.




$$
