000
CDUS44 KEWX 180721
CLIAUS


CLIMATE REPORT
NATIONAL WEATHER SERVICE AUSTIN/SAN ANTONIO, TX
220 AM CDT FRI APR 18 2014


...................................

...THE AUSTIN BERGSTROM CLIMATE SUMMARY FOR APRIL 17 2014...

CLIMATE NORMAL PERIOD 1981 TO 2010
CLIMATE RECORD PERIOD 1943 TO 2014


WEATHER ITEM   OBSERVED TIME   RECORD YEAR NORMAL DEPARTURE LAST
                VALUE   (LST)  VALUE       VALUE  FROM      YEAR
                                                  NORMAL
..................................................................
TEMPERATURE (F)
 YESTERDAY
  MAXIMUM         68    130 PM 100    2006  80    -12       84
  MINIMUM         53    634 AM  31    1999  55     -2       73
  AVERAGE         61                        68     -7       79

PRECIPITATION (IN)
  YESTERDAY        0.07          1.44 1992   0.07   0.00      T
  MONTH TO DATE    1.65                      1.12   0.53     3.17
  SINCE MAR 1      2.84                      3.63  -0.79     4.54
  SINCE JAN 1      3.93                      8.23  -4.30     7.89

SNOWFALL (IN)
  YESTERDAY        0.0
  MONTH TO DATE    0.0
  SINCE MAR 1      0.0
  SINCE JUL 1      T
  SNOW DEPTH       0

DEGREE DAYS
 HEATING
  YESTERDAY        4                         2      2        0
  MONTH TO DATE   70                        49     21       58
  SINCE MAR 1    350                       271     79      277
  SINCE JUL 1   2167                      1886    281     1592

 COOLING
  YESTERDAY        0                         4     -4       14
  MONTH TO DATE   62                        59      3       78
  SINCE MAR 1     94                       101     -7      127
  SINCE JAN 1    111                       117     -6      155
..................................................................


WIND (MPH)
  HIGHEST WIND SPEED    14   HIGHEST WIND DIRECTION    SE (130)
  HIGHEST GUST SPEED    17   HIGHEST GUST DIRECTION    SE (130)
  AVERAGE WIND SPEED     5.4


SKY COVER
  AVERAGE SKY COVER 0.9


WEATHER CONDITIONS
 THE FOLLOWING WEATHER WAS RECORDED YESTERDAY.
  LIGHT RAIN
  FOG
  HAZE


RELATIVE HUMIDITY (PERCENT)
 HIGHEST   100           900 PM
 LOWEST     73           200 PM
 AVERAGE    87

..........................................................


THE AUSTIN BERGSTROM CLIMATE NORMALS FOR TODAY
                         NORMAL    RECORD    YEAR
 MAXIMUM TEMPERATURE (F)   80        99      2006
 MINIMUM TEMPERATURE (F)   55        35      1999


SUNRISE AND SUNSET
APRIL 18 2014.........SUNRISE   700 AM CDT   SUNSET   800 PM CDT
APRIL 19 2014.........SUNRISE   659 AM CDT   SUNSET   801 PM CDT


-  INDICATES NEGATIVE NUMBERS.
R  INDICATES RECORD WAS SET OR TIED.
MM INDICATES DATA IS MISSING.
T  INDICATES TRACE AMOUNT.




$$
