000
CDUS44 KEWX 272221
CLIAUS


CLIMATE REPORT
NATIONAL WEATHER SERVICE AUSTIN/SAN ANTONIO, TX
520 PM CDT SAT AUG 27 2016


...................................

...THE AUSTIN BERGSTROM CLIMATE SUMMARY FOR AUGUST 27 2016...
VALID TODAY AS OF 520 PM LOCAL TIME.

CLIMATE NORMAL PERIOD 1981 TO 2010
CLIMATE RECORD PERIOD 1943 TO 2016


WEATHER ITEM   OBSERVED TIME   RECORD YEAR NORMAL DEPARTURE LAST
                VALUE   (LST)  VALUE       VALUE  FROM      YEAR
                                                  NORMAL
..................................................................
TEMPERATURE (F)
 TODAY
  MAXIMUM         92    227 PM 108    2011  95     -3       96
  MINIMUM         71    530 AM  64    2010  70      1       67
  AVERAGE         82                        83     -1       82

PRECIPITATION (IN)
  TODAY            0.00          1.82 1959   0.09  -0.09     0.00
  MONTH TO DATE    7.75                      1.64   6.11     0.63
  SINCE JUN 1     16.03                      8.71   7.32     3.85
  SINCE JAN 1     44.32                     22.32  22.00    29.42

SNOWFALL (IN)
  TODAY            0.0
  MONTH TO DATE    0.0
  SINCE JUN 1      0.0
  SINCE JUL 1      0.0
  SNOW DEPTH       0

DEGREE DAYS
 HEATING
  TODAY            0                         0      0        0
  MONTH TO DATE    0                         0      0        0
  SINCE JUN 1      0                         0      0        0
  SINCE JUL 1      0                         0      0        0

 COOLING
  TODAY           17                        18     -1       17
  MONTH TO DATE  496                       507    -11      541
  SINCE JUN 1   1685                      1560    125     1539
  SINCE JAN 1   2189                      2067    122     2032
..................................................................


WIND (MPH)
  HIGHEST WIND SPEED    12   HIGHEST WIND DIRECTION     E (90)
  HIGHEST GUST SPEED    19   HIGHEST GUST DIRECTION     E (90)
  AVERAGE WIND SPEED     3.0


SKY COVER
  AVERAGE SKY COVER 0.4


WEATHER CONDITIONS
 THE FOLLOWING WEATHER WAS RECORDED TODAY.
  FOG


RELATIVE HUMIDITY (PERCENT)
 HIGHEST   100           100 AM
 LOWEST     49           400 PM
 AVERAGE    75

..........................................................


THE AUSTIN BERGSTROM CLIMATE NORMALS FOR TOMORROW
                         NORMAL    RECORD    YEAR
 MAXIMUM TEMPERATURE (F)   95       110      2011
 MINIMUM TEMPERATURE (F)   70        61      2010


SUNRISE AND SUNSET
AUGUST 27 2016........SUNRISE   705 AM CDT   SUNSET   758 PM CDT
AUGUST 28 2016........SUNRISE   706 AM CDT   SUNSET   757 PM CDT


-  INDICATES NEGATIVE NUMBERS.
R  INDICATES RECORD WAS SET OR TIED.
MM INDICATES DATA IS MISSING.
T  INDICATES TRACE AMOUNT.




$$
