000
CDUS43 KGRB 270651
CLIAUW

CLIMATE REPORT
NATIONAL WEATHER SERVICE GREEN BAY
1249 AM CST SAT DEC 27 2014

...................................

...THE WAUSAU WI CLIMATE SUMMARY FOR DECEMBER 26 2014...

CLIMATE NORMAL PERIOD 1981 TO 2010
CLIMATE RECORD PERIOD 1896 TO 2014


WEATHER ITEM   OBSERVED TIME   RECORD YEAR NORMAL DEPARTURE LAST
                VALUE   (LST)  VALUE       VALUE  FROM      YEAR
                                                  NORMAL
..................................................................
TEMPERATURE (F)
 YESTERDAY
  MAXIMUM         35    536 PM  49    1936  24     11       18
  MINIMUM         26    625 AM -24    1990   8     18        7
  AVERAGE         31                        16     15

PRECIPITATION (IN)
  YESTERDAY        0.05          0.60 1942   0.04   0.01     0.02
  MONTH TO DATE    0.99                      1.16  -0.17     1.57
  SINCE DEC 1      0.99                      1.16  -0.17     1.57
  SINCE JAN 1     40.48                     32.21   8.27    38.52

SNOWFALL (IN)
  YESTERDAY        0.3           4.0  2008   0.5   -0.2      0.4
                                      1941
  MONTH TO DATE    6.6                      11.6   -5.0     23.4
  SINCE JUL 1     26.8                      19.9    6.9     28.5
  SNOW DEPTH       1

DEGREE DAYS
 HEATING
  YESTERDAY       34                        49    -15       52
  MONTH TO DATE 1034                      1181   -147     1384
  SINCE DEC 1   1034                      1181   -147     1384
  SINCE JUL 1   3117                      3040     77     3194

COOLING
  YESTERDAY        0                         0      0        0
  MONTH TO DATE    0                         0      0        0
  SINCE DEC 1      0                         0      0        0
  SINCE JAN 1    338                       407    -69      506
..................................................................


WIND (MPH)
  HIGHEST WIND SPEED     8   HIGHEST WIND DIRECTION    NW (330)
  HIGHEST GUST SPEED     9   HIGHEST GUST DIRECTION    NW (330)
  AVERAGE WIND SPEED     2.8

SKY COVER
  POSSIBLE SUNSHINE  MM
  AVERAGE SKY COVER 0.8


WEATHER CONDITIONS
 THE FOLLOWING WEATHER WAS RECORDED YESTERDAY.
  LIGHT SNOW
  FOG
  FOG W/VISIBILITY <= 1/4 MILE

RELATIVE HUMIDITY (PERCENT)
 HIGHEST   100           600 AM
 LOWEST     82           200 PM
 AVERAGE    91
..........................................................

THE WAUSAU WI CLIMATE NORMALS FOR TODAY
                         NORMAL    RECORD    YEAR
 MAXIMUM TEMPERATURE (F)   24        49      1936
 MINIMUM TEMPERATURE (F)    8       -21      1950
                                             1933

SUNRISE AND SUNSET
DECEMBER 27 2014......SUNRISE   736 AM CST   SUNSET   424 PM CST
DECEMBER 28 2014......SUNRISE   736 AM CST   SUNSET   424 PM CST

-  INDICATES NEGATIVE NUMBERS.
R  INDICATES RECORD WAS SET OR TIED.
MM INDICATES DATA IS MISSING.
T  INDICATES TRACE AMOUNT.

$$
