000
CDUS43 KGRB 262138
CLIAUW


CLIMATE REPORT
NATIONAL WEATHER SERVICE GREEN BAY
437 PM CDT TUE MAY 26 2015


...................................

...THE WAUSAU WI CLIMATE SUMMARY FOR MAY 26 2015...
VALID TODAY AS OF 0400 PM LOCAL TIME.

CLIMATE NORMAL PERIOD 1981 TO 2010
CLIMATE RECORD PERIOD 1896 TO 2015


WEATHER ITEM   OBSERVED TIME   RECORD YEAR NORMAL DEPARTURE LAST
                VALUE   (LST)  VALUE       VALUE  FROM      YEAR
                                                  NORMAL
..................................................................
TEMPERATURE (F)
 TODAY
  MAXIMUM         74   1118 AM  91    1967  70      4       83
  MINIMUM         60    343 AM  30    1905  47     13       64
  AVERAGE         67                        59      8       74

PRECIPITATION (IN)
  TODAY            0.28          1.64 1921   0.11   0.17     0.36
  MONTH TO DATE    3.23                      2.84   0.39     3.45
  SINCE MAR 1      7.20                      7.33  -0.13     8.47
  SINCE JAN 1      7.95                      9.27  -1.32    11.41

SNOWFALL (IN)
  TODAY            0.0           T    1906   0.0             0.0
  MONTH TO DATE    T                         0.2             0.0
  SINCE MAR 1      9.7                      14.3            14.7
  SINCE JUL 1     53.7                      59.6            84.3
  SNOW DEPTH       0

DEGREE DAYS
 HEATING
  TODAY            0                         7     -7        0
  MONTH TO DATE  213                       276    -63      276
  SINCE MAR 1   1814                      1992   -178     2371
  SINCE JUL 1   8394                      8128    266     9318

 COOLING
  TODAY            2                         1      1        9
  MONTH TO DATE   10                         9      1        9
  SINCE JAN 1     10                        11     -1        9
..................................................................


WIND (MPH)
  HIGHEST WIND SPEED    22   HIGHEST WIND DIRECTION    SE (150)
  HIGHEST GUST SPEED    26   HIGHEST GUST DIRECTION    SE (150)
  AVERAGE WIND SPEED     5.4


SKY COVER
  POSSIBLE SUNSHINE  MM
  AVERAGE SKY COVER 0.4


WEATHER CONDITIONS
 THE FOLLOWING WEATHER WAS RECORDED TODAY.
  THUNDERSTORM
  HEAVY RAIN
  RAIN
  LIGHT RAIN
  FOG


RELATIVE HUMIDITY (PERCENT)
 HIGHEST   100          1200 AM
 LOWEST     64          1100 AM
 AVERAGE    82

..........................................................


THE WAUSAU WI CLIMATE NORMALS FOR TOMORROW
                         NORMAL    RECORD    YEAR
 MAXIMUM TEMPERATURE (F)   70        88      1978
                                             1911
 MINIMUM TEMPERATURE (F)   48        32      1906
                                             1902


SUNRISE AND SUNSET
MAY 26 2015...........SUNRISE   519 AM CDT   SUNSET   832 PM CDT
MAY 27 2015...........SUNRISE   519 AM CDT   SUNSET   833 PM CDT


-  INDICATES NEGATIVE NUMBERS.
R  INDICATES RECORD WAS SET OR TIED.
MM INDICATES DATA IS MISSING.
T  INDICATES TRACE AMOUNT.




$$
