000
CDUS43 KGRB 250743
CLIAUW


CLIMATE REPORT
NATIONAL WEATHER SERVICE GREEN BAY
241 AM CDT TUE APR 25 2017


...................................

...THE WAUSAU WI CLIMATE SUMMARY FOR APRIL 24 2017...

CLIMATE NORMAL PERIOD 1981 TO 2010
CLIMATE RECORD PERIOD 1896 TO 2017


WEATHER ITEM   OBSERVED TIME   RECORD YEAR NORMAL DEPARTURE LAST
                VALUE   (LST)  VALUE       VALUE  FROM      YEAR
                                                  NORMAL
..................................................................
TEMPERATURE (F)
 YESTERDAY
  MAXIMUM         66    533 PM  84    1990  59      7       50
  MINIMUM         31    456 AM  20    1956  37     -6       42
  AVERAGE         49                        48      1

PRECIPITATION (IN)
  YESTERDAY        0.00          1.83 1994   0.10  -0.10     1.11
  MONTH TO DATE    4.54                      2.09   2.45     2.26
  SINCE MAR 1      6.72                      3.85   2.87     7.21
  SINCE JAN 1     10.66                      5.79   4.87     8.64

SNOWFALL (IN)
  YESTERDAY        0.0           1.0  1909   0.1   -0.1      0.0
                                      1907
  MONTH TO DATE    0.4                       3.6   -3.2      5.8
  SINCE JUL 1     59.2                      58.9    0.3     43.4
  SNOW DEPTH       0

DEGREE DAYS
 HEATING
  YESTERDAY       16                        17     -1       19
  MONTH TO DATE  436                       536   -100      499
  SINCE MAR 1   1521                      1621   -100     1307
  SINCE JUL 1   6747                      7757  -1010     6430

 COOLING
  YESTERDAY        0                         0      0        0
  MONTH TO DATE    0                         0      0        2
  SINCE MAR 1      0                         0      0        2
  SINCE JAN 1      0                         0      0        2
..................................................................


WIND (MPH)
  HIGHEST WIND SPEED    23   HIGHEST WIND DIRECTION     S (160)
  HIGHEST GUST SPEED    31   HIGHEST GUST DIRECTION    SE (150)
  AVERAGE WIND SPEED    12.3


SKY COVER
  POSSIBLE SUNSHINE  MM
  AVERAGE SKY COVER 0.0


WEATHER CONDITIONS
 THE FOLLOWING WEATHER WAS RECORDED YESTERDAY.
  NO SIGNIFICANT WEATHER WAS OBSERVED.


RELATIVE HUMIDITY (PERCENT)
 HIGHEST    85           500 AM
 LOWEST     26           300 PM
 AVERAGE    56

..........................................................


THE WAUSAU WI CLIMATE NORMALS FOR TODAY
                         NORMAL    RECORD    YEAR
 MAXIMUM TEMPERATURE (F)   60        85      1990
 MINIMUM TEMPERATURE (F)   37        23      1934


SUNRISE AND SUNSET
APRIL 25 2017.........SUNRISE   557 AM CDT   SUNSET   757 PM CDT
APRIL 26 2017.........SUNRISE   555 AM CDT   SUNSET   758 PM CDT


-  INDICATES NEGATIVE NUMBERS.
R  INDICATES RECORD WAS SET OR TIED.
MM INDICATES DATA IS MISSING.
T  INDICATES TRACE AMOUNT.

$$
