000
CDUS43 KGRB 250913
CLIAUW

CLIMATE REPORT
NATIONAL WEATHER SERVICE GREEN BAY
310 AM CST TUE NOV 25 2014

...................................

...THE WAUSAU WI CLIMATE SUMMARY FOR NOVEMBER 24 2014...

CLIMATE NORMAL PERIOD 1981 TO 2010
CLIMATE RECORD PERIOD 1896 TO 2014

WEATHER ITEM   OBSERVED TIME   RECORD YEAR NORMAL DEPARTURE LAST
                VALUE   (LST)  VALUE       VALUE  FROM      YEAR
                                                  NORMAL
..................................................................
TEMPERATURE (F)
 YESTERDAY
  MAXIMUM         41    512 AM  59    1931  35      6       23
  MINIMUM         22   1159 PM -10    1950  21      1        2
  AVERAGE         32                        28      4

PRECIPITATION (IN)
  YESTERDAY       MM             0.95 2001   0.07  MM        0.00
  MONTH TO DATE    1.52                      1.65  -0.13     2.19
  SINCE SEP 1     12.06                      8.49   3.57     9.25
  SINCE JAN 1     38.71                     30.70   8.01    36.88

SNOWFALL (IN)
  YESTERDAY       MM             4.0  1965   0.4   MM        0.0
                                      1897
  MONTH TO DATE   11.8                       4.9    6.9      3.3
  SINCE JUL 1     13.5                       6.3    7.2      3.3
  SNOW DEPTH      MM

DEGREE DAYS
 HEATING
  YESTERDAY       33                        37     -4       52
  MONTH TO DATE  927                       744    183      766
  SINCE SEP 1   1741                      1562    179     1490
  SINCE JUL 1   1795                      1628    167     1546

COOLING
  YESTERDAY        0                         0      0        0
  MONTH TO DATE    0                         0      0        0
  SINCE SEP 1     12                        32    -20       56
  SINCE JAN 1    338                       407    -69      506
..................................................................

WIND (MPH)
  HIGHEST WIND SPEED    22   HIGHEST WIND DIRECTION    NW (330)
  HIGHEST GUST SPEED    32   HIGHEST GUST DIRECTION    NW (330)
  AVERAGE WIND SPEED    11.5

SKY COVER
  POSSIBLE SUNSHINE  MM
  AVERAGE SKY COVER 1.0

WEATHER CONDITIONS
 THE FOLLOWING WEATHER WAS RECORDED YESTERDAY.
  LIGHT RAIN
  HEAVY SNOW
  SNOW
  LIGHT SNOW
  FOG
  FOG W/VISIBILITY <= 1/4 MILE

RELATIVE HUMIDITY (PERCENT)
 HIGHEST   100           300 AM
 LOWEST     84           600 PM
 AVERAGE    92
..........................................................

THE WAUSAU WI CLIMATE NORMALS FOR TODAY
                         NORMAL    RECORD    YEAR
 MAXIMUM TEMPERATURE (F)   35        56      1998
                                             1914
 MINIMUM TEMPERATURE (F)   20       -15      1950

SUNRISE AND SUNSET
NOVEMBER 25 2014......SUNRISE   709 AM CST   SUNSET   422 PM CST
NOVEMBER 26 2014......SUNRISE   710 AM CST   SUNSET   421 PM CST

-  INDICATES NEGATIVE NUMBERS.
R  INDICATES RECORD WAS SET OR TIED.
MM INDICATES DATA IS MISSING.
T  INDICATES TRACE AMOUNT.

$$
