000
CDUS43 KGRB 010649
CLIAUW


CLIMATE REPORT
NATIONAL WEATHER SERVICE GREEN BAY
149 AM CDT WED JUL 1 2015


...................................

...THE WAUSAU WI CLIMATE SUMMARY FOR JUNE 30 2015...

CLIMATE NORMAL PERIOD 1981 TO 2010
CLIMATE RECORD PERIOD 1896 TO 2015


WEATHER ITEM   OBSERVED TIME   RECORD YEAR NORMAL DEPARTURE LAST
                VALUE   (LST)  VALUE       VALUE  FROM      YEAR
                                                  NORMAL
..................................................................
TEMPERATURE (F)
 YESTERDAY
  MAXIMUM         69   1057 AM 100    1931  79    -10       81
  MINIMUM         51   1159 PM  40    1943  58     -7       64
  AVERAGE         60                        68     -8

PRECIPITATION (IN)
  YESTERDAY        0.00          4.48 1938   0.13  -0.13     0.04
  MONTH TO DATE    4.56                      4.31   0.25     5.51
  SINCE JUN 1      4.56                      4.31   0.25     5.51
  SINCE JAN 1     15.29                     14.22   1.07    16.95

SNOWFALL (IN)
  YESTERDAY        0.0           0.0    MM   0.0    0.0      0.0
  MONTH TO DATE    0.0                       0.0    0.0      0.0
  SINCE JUL 1     53.7                      59.6   -5.9     84.3
  SNOW DEPTH       0

DEGREE DAYS
 HEATING
  YESTERDAY        5                         1      4        0
  MONTH TO DATE   61                        87    -26       22
  SINCE JUN 1     61                        89    -28       22
  SINCE JUL 1   8485                      8249    236     9340

 COOLING
  YESTERDAY        0                         5     -5        8
  MONTH TO DATE   47                        85    -38      110
  SINCE JUN 1     47                        85    -38      110
  SINCE JAN 1     65                       104    -39      135
..................................................................


WIND (MPH)
  HIGHEST WIND SPEED    16   HIGHEST WIND DIRECTION     N (360)
  HIGHEST GUST SPEED    21   HIGHEST GUST DIRECTION     N (350)
  AVERAGE WIND SPEED     8.0


SKY COVER
  POSSIBLE SUNSHINE  MM
  AVERAGE SKY COVER 0.6


WEATHER CONDITIONS
 THE FOLLOWING WEATHER WAS RECORDED YESTERDAY.
  FOG


RELATIVE HUMIDITY (PERCENT)
 HIGHEST    97           200 AM
 LOWEST     44           700 PM
 AVERAGE    71

..........................................................


THE WAUSAU WI CLIMATE NORMALS FOR TODAY
                         NORMAL    RECORD    YEAR
 MAXIMUM TEMPERATURE (F)   79        98      1910
 MINIMUM TEMPERATURE (F)   58        38      1948


SUNRISE AND SUNSET
JULY  1 2015..........SUNRISE   516 AM CDT   SUNSET   849 PM CDT
JULY  2 2015..........SUNRISE   516 AM CDT   SUNSET   848 PM CDT


-  INDICATES NEGATIVE NUMBERS.
R  INDICATES RECORD WAS SET OR TIED.
MM INDICATES DATA IS MISSING.
T  INDICATES TRACE AMOUNT.




$$
