396
CDUS43 KGRB 282127
CLIAUW


CLIMATE REPORT
NATIONAL WEATHER SERVICE GREEN BAY
427 PM CDT SUN AUG 28 2016


...................................

...THE WAUSAU WI CLIMATE SUMMARY FOR AUGUST 28 2016...
VALID TODAY AS OF 0400 PM LOCAL TIME.

CLIMATE NORMAL PERIOD 1981 TO 2010
CLIMATE RECORD PERIOD 1896 TO 2016


WEATHER ITEM   OBSERVED TIME   RECORD YEAR NORMAL DEPARTURE LAST
                VALUE   (LST)  VALUE       VALUE  FROM      YEAR
                                                  NORMAL
..................................................................
TEMPERATURE (F)
 TODAY
  MAXIMUM         76    259 PM  94    1984  76      0       68
  MINIMUM         61    612 AM  39    1934  55      6       58
  AVERAGE         69                        65      4       63

PRECIPITATION (IN)
  TODAY            0.00          1.60 1975   0.12  -0.12     0.02
  MONTH TO DATE    3.87                      3.77   0.10     3.62
  SINCE JUN 1     13.69                     11.91   1.78    11.26
  SINCE JAN 1     25.35                     21.82   3.53    21.99

SNOWFALL (IN)
  TODAY            0.0           0.0    MM   0.0             0.0
  MONTH TO DATE    0.0                       0.0             0.0
  SINCE JUN 1      0.0                       0.0             0.0
  SINCE JUL 1      0.0                       0.0             0.0
  SNOW DEPTH       0

DEGREE DAYS
 HEATING
  TODAY            0                         2     -2        2
  MONTH TO DATE   12                        35    -23       41
  SINCE JUN 1     51                       147    -96      120
  SINCE JUL 1     21                        58    -37       59

 COOLING
  TODAY            4                         3      1        0
  MONTH TO DATE  153                       109     44      104
  SINCE JAN 1    475                       369    106      333
..................................................................


WIND (MPH)
  HIGHEST WIND SPEED    10   HIGHEST WIND DIRECTION     S (180)
  HIGHEST GUST SPEED    14   HIGHEST GUST DIRECTION    NW (300)
  AVERAGE WIND SPEED     5.3


SKY COVER
  POSSIBLE SUNSHINE  MM
  AVERAGE SKY COVER 0.5


WEATHER CONDITIONS
 THE FOLLOWING WEATHER WAS RECORDED TODAY.
  FOG


RELATIVE HUMIDITY (PERCENT)
 HIGHEST   100          1200 AM
 LOWEST     60           200 PM
 AVERAGE    80

..........................................................


THE WAUSAU WI CLIMATE NORMALS FOR TOMORROW
                         NORMAL    RECORD    YEAR
 MAXIMUM TEMPERATURE (F)   75        93      1973
 MINIMUM TEMPERATURE (F)   55        35      1965


SUNRISE AND SUNSET
AUGUST 28 2016........SUNRISE   616 AM CDT   SUNSET   742 PM CDT
AUGUST 29 2016........SUNRISE   618 AM CDT   SUNSET   740 PM CDT


-  INDICATES NEGATIVE NUMBERS.
R  INDICATES RECORD WAS SET OR TIED.
MM INDICATES DATA IS MISSING.
T  INDICATES TRACE AMOUNT.




$$
