000
CDUS43 KGRB 160659
CLIAUW

CLIMATE REPORT
NATIONAL WEATHER SERVICE GREEN BAY
1256 AM CST MON JAN 16 2017

...................................

...THE WAUSAU WI CLIMATE SUMMARY FOR JANUARY 15 2017...

CLIMATE NORMAL PERIOD 1981 TO 2010
CLIMATE RECORD PERIOD 1896 TO 2017

WEATHER ITEM   OBSERVED TIME   RECORD YEAR NORMAL DEPARTURE LAST
                VALUE   (LST)  VALUE       VALUE  FROM      YEAR
                                                  NORMAL
..................................................................
TEMPERATURE (F)
 YESTERDAY
  MAXIMUM         25    343 PM  41    1990  23      2       29
                                      1933
                                      1899
  MINIMUM         -7    849 AM -36    1972   6    -13       21
  AVERAGE          9                        14     -5

PRECIPITATION (IN)
  YESTERDAY        0.00          0.68 1953   0.04  -0.04     0.00
  MONTH TO DATE    1.22                      0.52   0.70     0.61
  SINCE DEC 1      3.88                      1.88   2.00     5.56
  SINCE JAN 1      1.22                      0.52   0.70     0.61

SNOWFALL (IN)
  YESTERDAY        0.0           4.4  1925   0.5   -0.5      0.0
  MONTH TO DATE   11.8                       6.5    5.3      3.6
  SINCE JUL 1     39.0                      28.7   10.3     13.2
  SNOW DEPTH      16

DEGREE DAYS
 HEATING
  YESTERDAY       56                        51      5       40
  MONTH TO DATE  861                       759    102      717
  SINCE DEC 1   2278                      2186     92     1751
  SINCE JUL 1   3556                      4045   -489     3157

COOLING
  YESTERDAY        0                         0      0        0
  MONTH TO DATE    0                         0      0        0
  SINCE DEC 1      0                         0      0        0
  SINCE JAN 1      0                         0      0        0
..................................................................

WIND (MPH)
  HIGHEST WIND SPEED     9   HIGHEST WIND DIRECTION    SW (230)
  HIGHEST GUST SPEED    11   HIGHEST GUST DIRECTION     S (200)
  AVERAGE WIND SPEED     1.6

SKY COVER
  POSSIBLE SUNSHINE  MM
  AVERAGE SKY COVER 0.0

WEATHER CONDITIONS
 THE FOLLOWING WEATHER WAS RECORDED YESTERDAY.
  FOG
  HAZE

RELATIVE HUMIDITY (PERCENT)
 HIGHEST   100          1000 PM
 LOWEST     55           200 PM
 AVERAGE    78
..........................................................

THE WAUSAU WI CLIMATE NORMALS FOR TODAY
                         NORMAL    RECORD    YEAR
 MAXIMUM TEMPERATURE (F)   23        45      1973
 MINIMUM TEMPERATURE (F)    6       -28      1972

SUNRISE AND SUNSET
JANUARY 16 2017.......SUNRISE   732 AM CST   SUNSET   445 PM CST
JANUARY 17 2017.......SUNRISE   731 AM CST   SUNSET   446 PM CST

-  INDICATES NEGATIVE NUMBERS.
R  INDICATES RECORD WAS SET OR TIED.
MM INDICATES DATA IS MISSING.
T  INDICATES TRACE AMOUNT.

$$
