000
CDUS43 KGRB 270640
CLIAUW


CLIMATE REPORT
NATIONAL WEATHER SERVICE GREEN BAY
1239 AM CST FRI FEB 27 2015


...................................

...THE WAUSAU WI CLIMATE SUMMARY FOR FEBRUARY 26 2015...

CLIMATE NORMAL PERIOD 1981 TO 2010
CLIMATE RECORD PERIOD 1896 TO 2015


WEATHER ITEM   OBSERVED TIME   RECORD YEAR NORMAL DEPARTURE LAST
                VALUE   (LST)  VALUE       VALUE  FROM      YEAR
                                                  NORMAL
..................................................................
TEMPERATURE (F)
 YESTERDAY
  MAXIMUM         11    444 PM  59    2000  32    -21        9
  MINIMUM         -9    739 AM -25    1963  14    -23      -13
  AVERAGE          1                        23    -22

PRECIPITATION (IN)
  YESTERDAY        0.00          0.50 1899   0.04  -0.04     0.01
  MONTH TO DATE    0.17                      0.83  -0.66     1.27
  SINCE DEC 1      2.15                      3.21  -1.06     4.39
  SINCE JAN 1      0.75                      1.85  -1.10     2.82

SNOWFALL (IN)
  YESTERDAY        0.0           5.0  1946   0.4   -0.4      0.2
                                      1899
  MONTH TO DATE    3.6                       8.9   -5.3     16.2
  SINCE JUL 1     44.0                      44.6   -0.6     68.2
  SNOW DEPTH      10

DEGREE DAYS
 HEATING
  YESTERDAY       64                        42     22       67
  MONTH TO DATE 1501                      1201    300     1493
  SINCE DEC 1   4375                      4192    183     4993
  SINCE JUL 1   6458                      6051    407     6803

 COOLING
  YESTERDAY        0                         0      0        0
  MONTH TO DATE    0                         0      0        0
  SINCE DEC 1      0                         0      0        0
  SINCE JAN 1      0                         0      0        0
..................................................................


WIND (MPH)
  HIGHEST WIND SPEED    15   HIGHEST WIND DIRECTION    NW (310)
  HIGHEST GUST SPEED    19   HIGHEST GUST DIRECTION    NW (310)
  AVERAGE WIND SPEED     7.1


SKY COVER
  POSSIBLE SUNSHINE  MM
  AVERAGE SKY COVER 0.0


WEATHER CONDITIONS
 THE FOLLOWING WEATHER WAS RECORDED YESTERDAY.
  FOG
  HAZE


RELATIVE HUMIDITY (PERCENT)
 HIGHEST    83           500 AM
 LOWEST     45           600 PM
 AVERAGE    64

..........................................................


THE WAUSAU WI CLIMATE NORMALS FOR TODAY
                         NORMAL    RECORD    YEAR
 MAXIMUM TEMPERATURE (F)   32        47      2000
 MINIMUM TEMPERATURE (F)   14       -17      2014


SUNRISE AND SUNSET
FEBRUARY 27 2015......SUNRISE   640 AM CST   SUNSET   543 PM CST
FEBRUARY 28 2015......SUNRISE   638 AM CST   SUNSET   544 PM CST


-  INDICATES NEGATIVE NUMBERS.
R  INDICATES RECORD WAS SET OR TIED.
MM INDICATES DATA IS MISSING.
T  INDICATES TRACE AMOUNT.




$$
