000
CDUS43 KGRB 280628
CLIAUW


CLIMATE REPORT
NATIONAL WEATHER SERVICE GREEN BAY
127 AM CDT WED SEP 28 2016


...................................

...THE WAUSAU WI CLIMATE SUMMARY FOR SEPTEMBER 27 2016...

CLIMATE NORMAL PERIOD 1981 TO 2010
CLIMATE RECORD PERIOD 1896 TO 2016


WEATHER ITEM   OBSERVED TIME   RECORD YEAR NORMAL DEPARTURE LAST
                VALUE   (LST)  VALUE       VALUE  FROM      YEAR
                                                  NORMAL
..................................................................
TEMPERATURE (F)
 YESTERDAY
  MAXIMUM         53   1121 AM  82    1987  64    -11       77
  MINIMUM         48   1129 PM  28    1991  43      5       52
                                      1947
                                      1896
  AVERAGE         51                        54     -3

PRECIPITATION (IN)
  YESTERDAY        0.15          2.46 1908   0.13   0.02     0.00
  MONTH TO DATE    4.77                      3.53   1.24     4.99
  SINCE SEP 1      4.77                      3.53   1.24     4.99
  SINCE JAN 1     30.12                     25.74   4.38    26.98

SNOWFALL (IN)
  YESTERDAY        0.0           T    1965   0.0    0.0      0.0
                                      1942
  MONTH TO DATE    0.0                       0.0    0.0      0.0
  SINCE JUL 1      0.0                       0.0    0.0      0.0
  SNOW DEPTH       0

DEGREE DAYS
 HEATING
  YESTERDAY       14                        12      2        0
  MONTH TO DATE   77                       189   -112       62
  SINCE SEP 1     77                       189   -112       62
  SINCE JUL 1     99                       255   -156      124

 COOLING
  YESTERDAY        0                         0      0        0
  MONTH TO DATE   24                        29     -5       97
  SINCE SEP 1     24                        29     -5       97
  SINCE JAN 1    511                       404    107      435
..................................................................


WIND (MPH)
  HIGHEST WIND SPEED    22   HIGHEST WIND DIRECTION     W (280)
  HIGHEST GUST SPEED    28   HIGHEST GUST DIRECTION     W (290)
  AVERAGE WIND SPEED    11.8


SKY COVER
  POSSIBLE SUNSHINE  MM
  AVERAGE SKY COVER 1.0


WEATHER CONDITIONS
 THE FOLLOWING WEATHER WAS RECORDED YESTERDAY.
  RAIN
  LIGHT RAIN
  FOG


RELATIVE HUMIDITY (PERCENT)
 HIGHEST    93           300 PM
 LOWEST     59          1200 AM
 AVERAGE    76

..........................................................


THE WAUSAU WI CLIMATE NORMALS FOR TODAY
                         NORMAL    RECORD    YEAR
 MAXIMUM TEMPERATURE (F)   63        83      1952
 MINIMUM TEMPERATURE (F)   43        24      1942


SUNRISE AND SUNSET
SEPTEMBER 28 2016.....SUNRISE   653 AM CDT   SUNSET   644 PM CDT
SEPTEMBER 29 2016.....SUNRISE   655 AM CDT   SUNSET   642 PM CDT


-  INDICATES NEGATIVE NUMBERS.
R  INDICATES RECORD WAS SET OR TIED.
MM INDICATES DATA IS MISSING.
T  INDICATES TRACE AMOUNT.




$$
