000
CDUS43 KGRB 200737
CLIAUW


CLIMATE REPORT
NATIONAL WEATHER SERVICE GREEN BAY
237 AM CDT WED AUG 20 2014


...................................

...THE WAUSAU WI CLIMATE SUMMARY FOR AUGUST 19 2014...

CLIMATE NORMAL PERIOD 1981 TO 2010
CLIMATE RECORD PERIOD 1896 TO 2014


WEATHER ITEM   OBSERVED TIME   RECORD YEAR NORMAL DEPARTURE LAST
                VALUE   (LST)  VALUE       VALUE  FROM      YEAR
                                                  NORMAL
..................................................................
TEMPERATURE (F)
 YESTERDAY
  MAXIMUM         76    223 PM  95    1955  78     -2       82
  MINIMUM         62   1159 PM  35    1897  57      5       56
  AVERAGE         69                        67      2

PRECIPITATION (IN)
  YESTERDAY        0.25          1.84 1968   0.14   0.11     0.00
  MONTH TO DATE    3.47                      2.61   0.86     0.25
  SINCE JUN 1     11.58                     10.75   0.83     9.88
  SINCE JAN 1     23.02                     20.66   2.36    24.35

SNOWFALL (IN)
  YESTERDAY        0.0           0.0    MM   0.0    0.0      0.0
  MONTH TO DATE    0.0                       0.0    0.0      0.0
  SINCE JUN 1      0.0                       0.0    0.0      0.0
  SINCE JUL 1      0.0                       0.0    0.0      0.0
  SNOW DEPTH       0

DEGREE DAYS
 HEATING
  YESTERDAY        0                         1     -1        0
  MONTH TO DATE   10                        19     -9       26
  SINCE JUN 1     71                       131    -60      142
  SINCE JUL 1     49                        42      7       56

 COOLING
  YESTERDAY        4                         4      0        4
  MONTH TO DATE   55                        82    -27       24
  SINCE JUN 1    249                       323    -74      293
  SINCE JAN 1    274                       342    -68      330
..................................................................


WIND (MPH)
  HIGHEST WIND SPEED    15   HIGHEST WIND DIRECTION     W (270)
  HIGHEST GUST SPEED    20   HIGHEST GUST DIRECTION    NW (310)
  AVERAGE WIND SPEED     6.3


SKY COVER
  POSSIBLE SUNSHINE  MM
  AVERAGE SKY COVER 0.7


WEATHER CONDITIONS
 THE FOLLOWING WEATHER WAS RECORDED YESTERDAY.
  RAIN
  LIGHT RAIN
  FOG


RELATIVE HUMIDITY (PERCENT)
 HIGHEST   100           100 AM
 LOWEST     68           100 PM
 AVERAGE    84

..........................................................


THE WAUSAU WI CLIMATE NORMALS FOR TODAY
                         NORMAL    RECORD    YEAR
 MAXIMUM TEMPERATURE (F)   77        95      1916
 MINIMUM TEMPERATURE (F)   57        36      1950


SUNRISE AND SUNSET
AUGUST 20 2014........SUNRISE   606 AM CDT   SUNSET   757 PM CDT
AUGUST 21 2014........SUNRISE   607 AM CDT   SUNSET   755 PM CDT


-  INDICATES NEGATIVE NUMBERS.
R  INDICATES RECORD WAS SET OR TIED.
MM INDICATES DATA IS MISSING.
T  INDICATES TRACE AMOUNT.




$$
