000
CDUS43 KGRB 220909
CLIAUW


CLIMATE REPORT
NATIONAL WEATHER SERVICE GREEN BAY
408 AM CDT MON SEP 22 2014


...................................

...THE WAUSAU WI CLIMATE SUMMARY FOR SEPTEMBER 21 2014...

CLIMATE NORMAL PERIOD 1981 TO 2010
CLIMATE RECORD PERIOD 1896 TO 2014


WEATHER ITEM   OBSERVED TIME   RECORD YEAR NORMAL DEPARTURE LAST
                VALUE   (LST)  VALUE       VALUE  FROM      YEAR
                                                  NORMAL
..................................................................
TEMPERATURE (F)
 YESTERDAY
  MAXIMUM         59    352 PM  86    1941  67     -8       59
                                      1908
  MINIMUM         40   1148 PM  30    1974  46     -6       40
                                      1956
                                      1904
  AVERAGE         50                        56     -6

PRECIPITATION (IN)
  YESTERDAY        0.19          1.36 1986   0.14   0.05     0.00
  MONTH TO DATE    5.69                      2.73   2.96     2.30
  SINCE SEP 1      5.69                      2.73   2.96     2.30
  SINCE JAN 1     32.34                     24.94   7.40    29.93

SNOWFALL (IN)
  YESTERDAY        0.0           0.0    MM   0.0    0.0      0.0
  MONTH TO DATE    0.0                       0.0    0.0      0.0
  SINCE SEP 1      0.0                       0.0    0.0      0.0
  SINCE JUL 1      0.0                       0.0    0.0      0.0
  SNOW DEPTH       0

DEGREE DAYS
 HEATING
  YESTERDAY       15                         9      6       15
  MONTH TO DATE  162                       124     38      103
  SINCE SEP 1    162                       124     38      103
  SINCE JUL 1    216                       190     26      159

 COOLING
  YESTERDAY        0                         0      0        0
  MONTH TO DATE    9                        29    -20       56
  SINCE SEP 1      9                        29    -20       56
  SINCE JAN 1    335                       404    -69      506
..................................................................


WIND (MPH)
  HIGHEST WIND SPEED    23   HIGHEST WIND DIRECTION     N (350)
  HIGHEST GUST SPEED    31   HIGHEST GUST DIRECTION     N (350)
  AVERAGE WIND SPEED    10.3


SKY COVER
  POSSIBLE SUNSHINE  MM
  AVERAGE SKY COVER 0.6


WEATHER CONDITIONS
 THE FOLLOWING WEATHER WAS RECORDED YESTERDAY.
  RAIN
  LIGHT RAIN
  FOG


RELATIVE HUMIDITY (PERCENT)
 HIGHEST    93          1200 AM
 LOWEST     51           200 PM
 AVERAGE    72

..........................................................


THE WAUSAU WI CLIMATE NORMALS FOR TODAY
                         NORMAL    RECORD    YEAR
 MAXIMUM TEMPERATURE (F)   66        94      1937
 MINIMUM TEMPERATURE (F)   45        29      1974


SUNRISE AND SUNSET
SEPTEMBER 22 2014.....SUNRISE   646 AM CDT   SUNSET   656 PM CDT
SEPTEMBER 23 2014.....SUNRISE   647 AM CDT   SUNSET   654 PM CDT


-  INDICATES NEGATIVE NUMBERS.
R  INDICATES RECORD WAS SET OR TIED.
MM INDICATES DATA IS MISSING.
T  INDICATES TRACE AMOUNT.




$$
