000
CDUS42 KGSP 172135
CLIAVL

CLIMATE REPORT
NATIONAL WEATHER SERVICE GREENVILLE-SPARTANBURG SC
433 PM EST WED DEC 17 2014


...................................

...THE ASHEVILLE NC CLIMATE SUMMARY FOR DECEMBER 17 2014...
VALID TODAY AS OF 430 PM LOCAL TIME.

CLIMATE NORMAL PERIOD 1981 TO 2010
CLIMATE RECORD PERIOD 1869 TO 2014


WEATHER ITEM   OBSERVED TIME   RECORD YEAR NORMAL DEPARTURE LAST
                VALUE   (LST)  VALUE       VALUE  FROM      YEAR
                                                  NORMAL
..................................................................
TEMPERATURE (F)
 TODAY
  MAXIMUM         49    320 PM  72    1924  49      0       62
  MINIMUM         37    735 AM   7    1943  29      8       26
  AVERAGE         43                        39      4       44

PRECIPITATION (IN)
  TODAY            0.00          1.50 1872   0.11  -0.11     0.00
  MONTH TO DATE    0.09                      2.13  -2.04     2.98
  SINCE DEC 1      0.09                      2.13  -2.04     2.98
  SINCE JAN 1     44.60                     44.11   0.49    70.53

SNOWFALL (IN)
  TODAY            0.0           9.0  1930   0.0    0.0      0.0
  MONTH TO DATE    T                         0.3   -0.3      0.0
  SINCE DEC 1      T                         0.3   -0.3      0.0
  SINCE JUL 1      3.2                       0.4    2.8      0.2
  SNOW DEPTH       0

DEGREE DAYS
 HEATING
  TODAY           22                        26     -4       21
  MONTH TO DATE  348                       414    -66      363
  SINCE DEC 1    348                       414    -66      363
  SINCE JUL 1   1263                      1281    -18     1246

 COOLING
  TODAY            0                         0      0        0
  MONTH TO DATE    0                         0      0        0
  SINCE DEC 1      0                         0      0        0
  SINCE JAN 1    919                       863     56      860
..................................................................


WIND (MPH)
  HIGHEST WIND SPEED    20   HIGHEST WIND DIRECTION    NW (330)
  HIGHEST GUST SPEED    26   HIGHEST GUST DIRECTION     N (340)
  AVERAGE WIND SPEED    13.3


SKY COVER
  POSSIBLE SUNSHINE  MM
  AVERAGE SKY COVER 0.4


WEATHER CONDITIONS
 THE FOLLOWING WEATHER WAS RECORDED TODAY.
  NO SIGNIFICANT WEATHER WAS OBSERVED.


RELATIVE HUMIDITY (PERCENT)
 HIGHEST    85           700 AM
 LOWEST     53           400 PM
 AVERAGE    69

..........................................................


THE ASHEVILLE NC CLIMATE NORMALS FOR TOMORROW
                         NORMAL    RECORD    YEAR
 MAXIMUM TEMPERATURE (F)   49        78      1924
 MINIMUM TEMPERATURE (F)   29         8      1953


SUNRISE AND SUNSET
DECEMBER 17 2014......SUNRISE   733 AM EST   SUNSET   520 PM EST
DECEMBER 18 2014......SUNRISE   734 AM EST   SUNSET   520 PM EST


-  INDICATES NEGATIVE NUMBERS.
R  INDICATES RECORD WAS SET OR TIED.
MM INDICATES DATA IS MISSING.
T  INDICATES TRACE AMOUNT.




$$
