000
CDUS42 KGSP 290631
CLIAVL

CLIMATE REPORT
NATIONAL WEATHER SERVICE GREENVILLE-SPARTANBURG SC
230 AM EDT SAT JUL 29 2017


...................................

...THE ASHEVILLE NC CLIMATE SUMMARY FOR JULY 28 2017...

CLIMATE NORMAL PERIOD 1981 TO 2010
CLIMATE RECORD PERIOD 1869 TO 2017


WEATHER ITEM   OBSERVED TIME   RECORD YEAR NORMAL DEPARTURE LAST
                VALUE   (LST)  VALUE       VALUE  FROM      YEAR
                                                  NORMAL
..................................................................
TEMPERATURE (F)
 YESTERDAY
  MAXIMUM         79    512 PM  98    1952  84     -5       90
  MINIMUM         69    800 AM  53    1895  64      5       68
  AVERAGE         74                        74      0       79

PRECIPITATION (IN)
  YESTERDAY        0.03          2.60 1874   0.14  -0.11     0.00
  MONTH TO DATE    4.47                      3.90   0.57     3.71
  SINCE JUN 1      7.18                      8.55  -1.37     6.24
  SINCE JAN 1     30.20                     26.80   3.40    21.12

SNOWFALL (IN)
  YESTERDAY        0.0           0.0    MM   0.0             0.0
  MONTH TO DATE    0.0                       0.0             0.0
  SINCE JUN 1      0.0                       0.0             0.0
  SINCE JUL 1      0.0                       0.0             0.0
  SNOW DEPTH       0

DEGREE DAYS
 HEATING
  YESTERDAY        0                         0      0        0
  MONTH TO DATE    0                         0      0        0
  SINCE JUN 1      1                        14    -13        0
  SINCE JUL 1      0                         0      0        0

 COOLING
  YESTERDAY        9                         9      0       14
  MONTH TO DATE  314                       248     66      344
  SINCE JUN 1    496                       425     71      621
  SINCE JAN 1    595                       483    112      694
..................................................................


WIND (MPH)
  HIGHEST WIND SPEED     8   HIGHEST WIND DIRECTION    SW (230)
  HIGHEST GUST SPEED    14   HIGHEST GUST DIRECTION     W (270)
  AVERAGE WIND SPEED     2.1


SKY COVER
  POSSIBLE SUNSHINE  MM
  AVERAGE SKY COVER 0.7


WEATHER CONDITIONS
 THE FOLLOWING WEATHER WAS RECORDED YESTERDAY.
  RAIN
  LIGHT RAIN
  FOG


RELATIVE HUMIDITY (PERCENT)
 HIGHEST   100          1200 AM
 LOWEST     76           200 PM
 AVERAGE    88

..........................................................


THE ASHEVILLE NC CLIMATE NORMALS FOR TODAY
                         NORMAL    RECORD    YEAR
 MAXIMUM TEMPERATURE (F)   84        98      1952
 MINIMUM TEMPERATURE (F)   64        55      1911
                                             1895


SUNRISE AND SUNSET
JULY 29 2017..........SUNRISE   637 AM EDT   SUNSET   836 PM EDT
JULY 30 2017..........SUNRISE   637 AM EDT   SUNSET   835 PM EDT


-  INDICATES NEGATIVE NUMBERS.
R  INDICATES RECORD WAS SET OR TIED.
MM INDICATES DATA IS MISSING.
T  INDICATES TRACE AMOUNT.




$$
