000
CDUS42 KGSP 252033
CLIAVL

CLIMATE REPORT
NATIONAL WEATHER SERVICE GREENVILLE-SPARTANBURG SC
433 PM EDT SAT MAR 25 2017


...................................

...THE ASHEVILLE NC CLIMATE SUMMARY FOR MARCH 25 2017...
VALID TODAY AS OF 0430 PM LOCAL TIME.

CLIMATE NORMAL PERIOD 1981 TO 2010
CLIMATE RECORD PERIOD 1869 TO 2017


WEATHER ITEM   OBSERVED TIME   RECORD YEAR NORMAL DEPARTURE LAST
                VALUE   (LST)  VALUE       VALUE  FROM      YEAR
                                                  NORMAL
..................................................................
TEMPERATURE (F)
 TODAY
  MAXIMUM         67    255 PM  87    1929  61      6       68
  MINIMUM         48    321 AM  19    1940  37     11       48
  AVERAGE         58                        49      9       58

PRECIPITATION (IN)
  TODAY            0.00          1.56 1877   0.12  -0.12     0.00
  MONTH TO DATE    1.66                      3.07  -1.41     1.07
  SINCE MAR 1      1.66                      3.07  -1.41     1.07
  SINCE JAN 1      6.08                     10.50  -4.42    10.05

SNOWFALL (IN)
  TODAY            0.0           5.0  1972   0.0    0.0      0.0
  MONTH TO DATE    2.1                       1.6    0.5       T
  SINCE MAR 1      2.1                       1.6    0.5       T
  SINCE JUL 1      9.4                       8.9    0.5     13.9
  SNOW DEPTH       0

DEGREE DAYS
 HEATING
  TODAY            7                        16     -9        7
  MONTH TO DATE  485                       466     19      300
  SINCE MAR 1    485                       466     19      300
  SINCE JUL 1   2879                      3683   -804     3047

 COOLING
  TODAY            0                         0      0        0
  MONTH TO DATE    0                         0      0        0
  SINCE MAR 1      0                         0      0        0
  SINCE JAN 1      0                         0      0        0
..................................................................


WIND (MPH)
  HIGHEST WIND SPEED    17   HIGHEST WIND DIRECTION     S (170)
  HIGHEST GUST SPEED    21   HIGHEST GUST DIRECTION     S (170)
  AVERAGE WIND SPEED     6.4


SKY COVER
  POSSIBLE SUNSHINE  MM
  AVERAGE SKY COVER 0.7


WEATHER CONDITIONS
 THE FOLLOWING WEATHER WAS RECORDED TODAY.
  NO SIGNIFICANT WEATHER WAS OBSERVED.


RELATIVE HUMIDITY (PERCENT)
 HIGHEST    80          1200 AM
 LOWEST     45           300 PM
 AVERAGE    63

..........................................................


THE ASHEVILLE NC CLIMATE NORMALS FOR TOMORROW
                         NORMAL    RECORD    YEAR
 MAXIMUM TEMPERATURE (F)   62        79      1944
 MINIMUM TEMPERATURE (F)   38        13      1955


SUNRISE AND SUNSET
MARCH 25 2017.........SUNRISE   726 AM EDT   SUNSET   746 PM EDT
MARCH 26 2017.........SUNRISE   725 AM EDT   SUNSET   747 PM EDT


-  INDICATES NEGATIVE NUMBERS.
R  INDICATES RECORD WAS SET OR TIED.
MM INDICATES DATA IS MISSING.
T  INDICATES TRACE AMOUNT.

$$

OUTLAW
