000
CDUS42 KGSP 220633
CLIAVL

CLIMATE REPORT
NATIONAL WEATHER SERVICE GREENVILLE-SPARTANBURG SC
133 AM EST WED NOV 22 2017


...................................

...THE ASHEVILLE NC CLIMATE SUMMARY FOR NOVEMBER 21 2017...

CLIMATE NORMAL PERIOD 1981 TO 2010
CLIMATE RECORD PERIOD 1869 TO 2017


WEATHER ITEM   OBSERVED TIME   RECORD YEAR NORMAL DEPARTURE LAST
                VALUE   (LST)  VALUE       VALUE  FROM      YEAR
                                                  NORMAL
..................................................................
TEMPERATURE (F)
 YESTERDAY
  MAXIMUM         59    207 PM  76    1994  57      2       51
  MINIMUM         32    351 AM  11    1914  34     -2       31
  AVERAGE         46                        46      0       41

PRECIPITATION (IN)
  YESTERDAY        T             1.72 2005   0.14  -0.14     0.00
  MONTH TO DATE    1.59                      2.43  -0.84      T
  SINCE SEP 1     15.02                      9.15   5.87     1.10
  SINCE JAN 1     51.63                     40.76  10.87    29.55

SNOWFALL (IN)
  YESTERDAY        0.0           1.2  1966   0.0             0.0
  MONTH TO DATE    0.0                       0.0             0.0
  SINCE SEP 1      T                         0.0             0.0
  SINCE JUL 1      T                         0.0             0.0
  SNOW DEPTH       0

DEGREE DAYS
 HEATING
  YESTERDAY       19                        19      0       24
  MONTH TO DATE  276                       343    -67      281
  SINCE SEP 1    545                       676   -131      427
  SINCE JUL 1    545                       678   -133      427

 COOLING
  YESTERDAY        0                         0      0        0
  MONTH TO DATE    0                         0      0        2
  SINCE SEP 1    176                       105     71      234
  SINCE JAN 1   1042                       862    180     1317
..................................................................


WIND (MPH)
  HIGHEST WIND SPEED    16   HIGHEST WIND DIRECTION    SW (210)
  HIGHEST GUST SPEED    20   HIGHEST GUST DIRECTION     S (190)
  AVERAGE WIND SPEED     4.2


SKY COVER
  POSSIBLE SUNSHINE  MM
  AVERAGE SKY COVER 0.5


WEATHER CONDITIONS
 THE FOLLOWING WEATHER WAS RECORDED YESTERDAY.
  LIGHT RAIN


RELATIVE HUMIDITY (PERCENT)
 HIGHEST    93          1000 PM
 LOWEST     66          1000 AM
 AVERAGE    80

..........................................................


THE ASHEVILLE NC CLIMATE NORMALS FOR TODAY
                         NORMAL    RECORD    YEAR
 MAXIMUM TEMPERATURE (F)   57        74      1940
 MINIMUM TEMPERATURE (F)   34        15      2008
                                             1937


SUNRISE AND SUNSET
NOVEMBER 22 2017......SUNRISE   713 AM EST   SUNSET   520 PM EST
NOVEMBER 23 2017......SUNRISE   714 AM EST   SUNSET   520 PM EST


-  INDICATES NEGATIVE NUMBERS.
R  INDICATES RECORD WAS SET OR TIED.
MM INDICATES DATA IS MISSING.
T  INDICATES TRACE AMOUNT.

$$
