000
CDUS42 KGSP 230657
CLIAVL

CLIMATE REPORT
NATIONAL WEATHER SERVICE GREENVILLE-SPARTANBURG SC
257 AM EDT THU OCT 23 2014


...................................

...THE ASHEVILLE NC CLIMATE SUMMARY FOR OCTOBER 22 2014...

CLIMATE NORMAL PERIOD 1981 TO 2010
CLIMATE RECORD PERIOD 1869 TO 2014


WEATHER ITEM   OBSERVED TIME   RECORD YEAR NORMAL DEPARTURE LAST
                VALUE   (LST)  VALUE       VALUE  FROM      YEAR
                                                  NORMAL
..................................................................
TEMPERATURE (F)
 YESTERDAY
  MAXIMUM         57    218 PM  82    1931  67    -10       68
  MINIMUM         44    327 AM  23    1952  43      1       48
  AVERAGE         51                        54     -3       58

PRECIPITATION (IN)
  YESTERDAY        0.00          1.52 1990   0.09  -0.09     0.01
  MONTH TO DATE    4.02                      2.09   1.93     2.03
  SINCE SEP 1      9.89                      5.90   3.99     5.08
  SINCE JAN 1     40.67                     37.51   3.16    63.84

SNOWFALL (IN)
  YESTERDAY        0.0           T    1937   0.0             0.0
  MONTH TO DATE    0.0                       0.0             0.0
  SINCE SEP 1      0.0                       0.0             0.0
  SINCE JUL 1      0.0                       0.0             0.0
  SNOW DEPTH      MM

DEGREE DAYS
 HEATING
  YESTERDAY       14                        11      3        7
  MONTH TO DATE  135                       169    -34       95
  SINCE SEP 1    152                       224    -72      119
  SINCE JUL 1    154                       226    -72      124

 COOLING
  YESTERDAY        0                         0      0        0
  MONTH TO DATE   15                         7      8       17
  SINCE SEP 1    167                       102     65      122
  SINCE JAN 1    919                       859     60      860
..................................................................


WIND (MPH)
  HIGHEST WIND SPEED    25   HIGHEST WIND DIRECTION    NW (330)
  HIGHEST GUST SPEED    32   HIGHEST GUST DIRECTION     N (340)
  AVERAGE WIND SPEED    14.7


SKY COVER
  POSSIBLE SUNSHINE  MM
  AVERAGE SKY COVER 0.2


WEATHER CONDITIONS
 THE FOLLOWING WEATHER WAS RECORDED YESTERDAY.
  NO SIGNIFICANT WEATHER WAS OBSERVED.


RELATIVE HUMIDITY (PERCENT)
 HIGHEST    71           800 PM
 LOWEST     47           100 PM
 AVERAGE    59

..........................................................


THE ASHEVILLE NC CLIMATE NORMALS FOR TODAY
                         NORMAL    RECORD    YEAR
 MAXIMUM TEMPERATURE (F)   66        80      1978
 MINIMUM TEMPERATURE (F)   42        24      1987


SUNRISE AND SUNSET
OCTOBER 23 2014.......SUNRISE   743 AM EDT   SUNSET   645 PM EDT
OCTOBER 24 2014.......SUNRISE   744 AM EDT   SUNSET   644 PM EDT


-  INDICATES NEGATIVE NUMBERS.
R  INDICATES RECORD WAS SET OR TIED.
MM INDICATES DATA IS MISSING.
T  INDICATES TRACE AMOUNT.




$$
