000
CDUS42 KGSP 192133
CLIAVL

CLIMATE REPORT
NATIONAL WEATHER SERVICE GREENVILLE-SPARTANBURG SC
432 PM EST THU JAN 19 2017


...................................

...THE ASHEVILLE NC CLIMATE SUMMARY FOR JANUARY 19 2017...
VALID TODAY AS OF 0400 PM LOCAL TIME.

CLIMATE NORMAL PERIOD 1981 TO 2010
CLIMATE RECORD PERIOD 1869 TO 2017


WEATHER ITEM   OBSERVED TIME   RECORD YEAR NORMAL DEPARTURE LAST
                VALUE   (LST)  VALUE       VALUE  FROM      YEAR
                                                  NORMAL
..................................................................
TEMPERATURE (F)
 TODAY
  MAXIMUM         62    145 PM  70    1974  47     15       29
  MINIMUM         36    729 AM  -5    1994  27      9       11
  AVERAGE         49                        37     12       20

PRECIPITATION (IN)
  TODAY            T             1.38 1950   0.13  -0.13     0.00
  MONTH TO DATE    1.46                      2.21  -0.75     1.69
  SINCE DEC 1      3.77                      5.80  -2.03    10.45
  SINCE JAN 1      1.46                      2.21  -0.75     1.69

SNOWFALL (IN)
  TODAY            0.0           3.5  1893   0.1   -0.1      0.0
  MONTH TO DATE    7.0                       2.5    4.5      0.1
  SINCE DEC 1      7.0                       3.4    3.6      0.1
  SINCE JUL 1      7.0                       3.5    3.5      0.1
  SNOW DEPTH       0

DEGREE DAYS
 HEATING
  TODAY           16                        28    -12       45
  MONTH TO DATE  399                       532   -133      572
  SINCE DEC 1   1106                      1326   -220      993
  SINCE JUL 1   1677                      2193   -516     1668

 COOLING
  TODAY            0                         0      0        0
  MONTH TO DATE    0                         0      0        0
  SINCE DEC 1      0                         0      0        0
  SINCE JAN 1      0                         0      0        0
..................................................................


WIND (MPH)
  HIGHEST WIND SPEED    10   HIGHEST WIND DIRECTION    SE (130)
  HIGHEST GUST SPEED    14   HIGHEST GUST DIRECTION    SE (140)
  AVERAGE WIND SPEED     3.2


SKY COVER
  POSSIBLE SUNSHINE  MM
  AVERAGE SKY COVER 0.3


WEATHER CONDITIONS
 THE FOLLOWING WEATHER WAS RECORDED TODAY.
  LIGHT RAIN


RELATIVE HUMIDITY (PERCENT)
 HIGHEST    85           300 AM
 LOWEST     30          1200 PM
 AVERAGE    58

..........................................................


THE ASHEVILLE NC CLIMATE NORMALS FOR TOMORROW
                         NORMAL    RECORD    YEAR
 MAXIMUM TEMPERATURE (F)   47        69      1906
                                             1890
 MINIMUM TEMPERATURE (F)   27       -13      1985


SUNRISE AND SUNSET
JANUARY 19 2017.......SUNRISE   737 AM EST   SUNSET   545 PM EST
JANUARY 20 2017.......SUNRISE   737 AM EST   SUNSET   546 PM EST


-  INDICATES NEGATIVE NUMBERS.
R  INDICATES RECORD WAS SET OR TIED.
MM INDICATES DATA IS MISSING.
T  INDICATES TRACE AMOUNT.

$$
07
