000
CDUS42 KGSP 230710
CLIAVL

CLIMATE REPORT
NATIONAL WEATHER SERVICE GREENVILLE-SPARTANBURG SC
209 AM EST THU FEB 23 2017


...................................

...THE ASHEVILLE NC CLIMATE SUMMARY FOR FEBRUARY 22 2017...

CLIMATE NORMAL PERIOD 1981 TO 2010
CLIMATE RECORD PERIOD 1869 TO 2017


WEATHER ITEM   OBSERVED TIME   RECORD YEAR NORMAL DEPARTURE LAST
                VALUE   (LST)  VALUE       VALUE  FROM      YEAR
                                                  NORMAL
..................................................................
TEMPERATURE (F)
 YESTERDAY
  MAXIMUM         57    625 PM  72    1897  53      4       63
  MINIMUM         50    955 AM   2    1963  31     19       43
  AVERAGE         54                        42     12       53

PRECIPITATION (IN)
  YESTERDAY        0.18          2.37 2003   0.14   0.04     0.59
  MONTH TO DATE    0.62                      2.96  -2.34     4.12
  SINCE DEC 1      6.65                     10.22  -3.57    16.17
  SINCE JAN 1      4.34                      6.63  -2.29     7.41

SNOWFALL (IN)
  YESTERDAY        0.0           4.2  1889   0.1             0.0
  MONTH TO DATE    0.0                       1.8             0.1
  SINCE DEC 1      7.3                       6.8            13.9
  SINCE JUL 1      7.3                       6.9            13.9
  SNOW DEPTH       0

DEGREE DAYS
 HEATING
  YESTERDAY       11                        23    -12       12
  MONTH TO DATE  394                       555   -161      579
  SINCE DEC 1   1736                      2215   -479     1927
  SINCE JUL 1   2307                      3082   -775     2602

 COOLING
  YESTERDAY        0                         0      0        0
  MONTH TO DATE    0                         0      0        0
  SINCE DEC 1      0                         0      0        0
  SINCE JAN 1      0                         0      0        0
..................................................................


WIND (MPH)
  HIGHEST WIND SPEED     7   HIGHEST WIND DIRECTION     S (160)
  HIGHEST GUST SPEED     9   HIGHEST GUST DIRECTION     S (180)
  AVERAGE WIND SPEED     1.4


SKY COVER
  POSSIBLE SUNSHINE  MM
  AVERAGE SKY COVER 1.0


WEATHER CONDITIONS
 THE FOLLOWING WEATHER WAS RECORDED YESTERDAY.
  LIGHT RAIN
  FOG


RELATIVE HUMIDITY (PERCENT)
 HIGHEST    93           800 AM
 LOWEST     61          1200 AM
 AVERAGE    77

..........................................................


THE ASHEVILLE NC CLIMATE NORMALS FOR TODAY
                         NORMAL    RECORD    YEAR
 MAXIMUM TEMPERATURE (F)   53        76      1982
 MINIMUM TEMPERATURE (F)   31        10      1939


SUNRISE AND SUNSET
FEBRUARY 23 2017......SUNRISE   707 AM EST   SUNSET   620 PM EST
FEBRUARY 24 2017......SUNRISE   706 AM EST   SUNSET   621 PM EST


-  INDICATES NEGATIVE NUMBERS.
R  INDICATES RECORD WAS SET OR TIED.
MM INDICATES DATA IS MISSING.
T  INDICATES TRACE AMOUNT.

$$

OUTLAW
