000
CDUS42 KGSP 020635
CLIAVL

CLIMATE REPORT
NATIONAL WEATHER SERVICE GREENVILLE-SPARTANBURG SC
231 AM EDT MON MAY 2 2016


...................................

...THE ASHEVILLE NC CLIMATE SUMMARY FOR MAY 1 2016...

CLIMATE NORMAL PERIOD 1981 TO 2010
CLIMATE RECORD PERIOD 1869 TO 2016


WEATHER ITEM   OBSERVED TIME   RECORD YEAR NORMAL DEPARTURE LAST
                VALUE   (LST)  VALUE       VALUE  FROM      YEAR
                                                  NORMAL
..................................................................
TEMPERATURE (F)
 YESTERDAY
  MAXIMUM         77   1219 PM  87    1962  72      5       60
  MINIMUM         59    156 AM  32    1996  47     12       45
  AVERAGE         68                        59      9       53

PRECIPITATION (IN)
  YESTERDAY        0.33          2.35 1897   0.11   0.22     0.00
  MONTH TO DATE    0.33                      0.11   0.22     0.00
  SINCE MAR 1      4.39                      7.27  -2.88     7.06
  SINCE JAN 1     13.37                     14.70  -1.33    12.90

SNOWFALL (IN)
  YESTERDAY        0.0           0.0    MM   0.0             0.0
  MONTH TO DATE    0.0                       0.0             0.0
  SINCE MAR 1      T                         2.6              T
  SINCE JUL 1     13.9                       9.9            13.3
  SNOW DEPTH       0

DEGREE DAYS
 HEATING
  YESTERDAY        0                         6     -6       12
  MONTH TO DATE    0                         6     -6       12
  SINCE MAR 1    616                       861   -245      643
  SINCE JUL 1   3363                      4078   -715     3952

 COOLING
  YESTERDAY        3                         0      3        0
  MONTH TO DATE    3                         0      3        0
  SINCE MAR 1     19                         8     11       19
  SINCE JAN 1     19                         8     11       19
..................................................................


WIND (MPH)
  HIGHEST WIND SPEED    14   HIGHEST WIND DIRECTION     S (170)
  HIGHEST GUST SPEED    18   HIGHEST GUST DIRECTION     S (200)
  AVERAGE WIND SPEED     4.9


SKY COVER
  POSSIBLE SUNSHINE  MM
  AVERAGE SKY COVER 0.6


WEATHER CONDITIONS
 THE FOLLOWING WEATHER WAS RECORDED YESTERDAY.
  THUNDERSTORM
  HEAVY RAIN
  RAIN
  LIGHT RAIN
  FOG


RELATIVE HUMIDITY (PERCENT)
 HIGHEST    97           700 AM
 LOWEST     58          1200 PM
 AVERAGE    78

..........................................................


THE ASHEVILLE NC CLIMATE NORMALS FOR TODAY
                         NORMAL    RECORD    YEAR
 MAXIMUM TEMPERATURE (F)   72        88      1935
 MINIMUM TEMPERATURE (F)   47        33      1963
                                             1918


SUNRISE AND SUNSET
MAY  2 2016...........SUNRISE   637 AM EDT   SUNSET   818 PM EDT
MAY  3 2016...........SUNRISE   636 AM EDT   SUNSET   818 PM EDT


-  INDICATES NEGATIVE NUMBERS.
R  INDICATES RECORD WAS SET OR TIED.
MM INDICATES DATA IS MISSING.
T  INDICATES TRACE AMOUNT.




$$
