000
CDUS41 KBGM 180730
CLIAVP


CLIMATE REPORT
NATIONAL WEATHER SERVICE BINGHAMTON NY
329 AM EDT FRI APR 18 2014


...................................

...THE AVOCA PA CLIMATE SUMMARY FOR APRIL 17 2014...

CLIMATE NORMAL PERIOD 1981 TO 2010
CLIMATE RECORD PERIOD 1901 TO 2014


WEATHER ITEM   OBSERVED TIME   RECORD YEAR NORMAL DEPARTURE LAST
                VALUE   (LST)  VALUE       VALUE  FROM      YEAR
                                                  NORMAL
..................................................................
TEMPERATURE (F)
 YESTERDAY
  MAXIMUM         53    406 PM  90    2002  60     -7       64
  MINIMUM         28    433 AM  23    1908  39    -11       44
  AVERAGE         41                        49     -8       54

PRECIPITATION (IN)
  YESTERDAY        0.00          1.08 1982   0.11  -0.11     0.18
  MONTH TO DATE    1.88                      1.88   0.00     1.08
  SINCE MAR 1      3.95                      4.43  -0.48     2.70
  SINCE JAN 1      8.83                      8.83   0.00     6.03

SNOWFALL (IN)
  YESTERDAY        0.0           T    1993   0.1   -0.1      0.0
                                      1978
  MONTH TO DATE    0.7                       2.1   -1.4       T
  SINCE MAR 1      3.1                      11.1   -8.0      6.5
  SINCE JUL 1     58.9                      45.0   13.9     33.9

DEGREE DAYS
 HEATING
  YESTERDAY       24                        16      8       11
  MONTH TO DATE  291                       323    -32      286
  SINCE MAR 1   1334                      1194    140     1212
  SINCE JUL 1   6157                      5800    357     5436

 COOLING
  YESTERDAY        0                         0      0        0
  MONTH TO DATE    7                         0      7        4
  SINCE MAR 1      7                         0      7        4
  SINCE JAN 1      7                         0      7        4
..................................................................


WIND (MPH)
  HIGHEST WIND SPEED    16   HIGHEST WIND DIRECTION     S (190)
  HIGHEST GUST SPEED    28   HIGHEST GUST DIRECTION    SE (130)
  AVERAGE WIND SPEED     7.0


SKY COVER
  AVERAGE SKY COVER 0.0



RELATIVE HUMIDITY (PERCENT)
 HIGHEST    64          1000 PM
 LOWEST     24           200 PM
 AVERAGE    44

..........................................................


THE AVOCA PA CLIMATE NORMALS FOR TODAY
                         NORMAL    RECORD    YEAR
 MAXIMUM TEMPERATURE (F)   60        92      1976
 MINIMUM TEMPERATURE (F)   39        28      2001
                                             1948


SUNRISE AND SUNSET
APRIL 18 2014.........SUNRISE   619 AM EDT   SUNSET   746 PM EDT
APRIL 19 2014.........SUNRISE   617 AM EDT   SUNSET   747 PM EDT


-  INDICATES NEGATIVE NUMBERS.
R  INDICATES RECORD WAS SET OR TIED.
MM INDICATES DATA IS MISSING.
T  INDICATES TRACE AMOUNT.




$$

HEDEN
