000
CDUS41 KBGM 210547
CLIAVP


CLIMATE REPORT
NATIONAL WEATHER SERVICE BINGHAMTON NY
1247 AM EST SAT JAN 21 2017


...................................

...THE AVOCA PA CLIMATE SUMMARY FOR JANUARY 20 2017...

CLIMATE NORMAL PERIOD 1981 TO 2010
CLIMATE RECORD PERIOD 1901 TO 2017


WEATHER ITEM   OBSERVED TIME   RECORD YEAR NORMAL DEPARTURE LAST
                VALUE   (LST)  VALUE       VALUE  FROM      YEAR
                                                  NORMAL
..................................................................
TEMPERATURE (F)
 YESTERDAY
  MAXIMUM         42    107 PM  63    1951  33      9       31
  MINIMUM         35    230 AM -11    1994  18     17       23
  AVERAGE         39                        26     13       27

PRECIPITATION (IN)
  YESTERDAY        0.34          0.77 1995   0.08   0.26      T
  MONTH TO DATE    2.12                      1.49   0.63     1.59
  SINCE DEC 1      4.18                      4.17   0.01     4.14
  SINCE JAN 1      2.12                      1.49   0.63     1.59

SNOWFALL (IN)
  YESTERDAY        0.0           9.1  1978   0.5   -0.5       T
  MONTH TO DATE    1.9                       9.4   -7.5      2.2
  SINCE DEC 1      8.8                      16.8   -8.0      3.0
  SINCE JUL 1     14.5                      19.8   -5.3      3.0

DEGREE DAYS
 HEATING
  YESTERDAY       26                        39    -13       38
  MONTH TO DATE  676                       779   -103      741
  SINCE DEC 1   1670                      1844   -174     1369
  SINCE JUL 1   2688                      3157   -469     2277

 COOLING
  YESTERDAY        0                         0      0        0
  MONTH TO DATE    0                         0      0        0
  SINCE DEC 1      0                         0      0        0
  SINCE JAN 1      0                         0      0        0
..................................................................


WIND (MPH)
  HIGHEST WIND SPEED     9   HIGHEST WIND DIRECTION     S (180)
  HIGHEST GUST SPEED    15   HIGHEST GUST DIRECTION     S (170)
  AVERAGE WIND SPEED     2.2


SKY COVER
  AVERAGE SKY COVER 0.9



RELATIVE HUMIDITY (PERCENT)
 HIGHEST   100           500 PM
 LOWEST     70           100 PM
 AVERAGE    85

..........................................................


THE AVOCA PA CLIMATE NORMALS FOR TODAY
                         NORMAL    RECORD    YEAR
 MAXIMUM TEMPERATURE (F)   33        67      1906
 MINIMUM TEMPERATURE (F)   18       -21      1994


SUNRISE AND SUNSET
JANUARY 21 2017.......SUNRISE   723 AM EST   SUNSET   506 PM EST
JANUARY 22 2017.......SUNRISE   722 AM EST   SUNSET   507 PM EST


-  INDICATES NEGATIVE NUMBERS.
R  INDICATES RECORD WAS SET OR TIED.
MM INDICATES DATA IS MISSING.
T  INDICATES TRACE AMOUNT.




$$
