000
CDUS41 KBGM 310557
CLIAVP


CLIMATE REPORT
NATIONAL WEATHER SERVICE BINGHAMTON NY
157 AM EDT THU JUL 31 2014


...................................

...THE AVOCA PA CLIMATE SUMMARY FOR JULY 30 2014...

CLIMATE NORMAL PERIOD 1981 TO 2010
CLIMATE RECORD PERIOD 1901 TO 2014


WEATHER ITEM   OBSERVED TIME   RECORD YEAR NORMAL DEPARTURE LAST
                VALUE   (LST)  VALUE       VALUE  FROM      YEAR
                                                  NORMAL
..................................................................
TEMPERATURE (F)
 YESTERDAY
  MAXIMUM         78    357 PM  94    1933  82     -4       76
  MINIMUM         52    549 AM  47    1997  61     -9       53
                                      1956
  AVERAGE         65                        71     -6       65

PRECIPITATION (IN)
  YESTERDAY        0.01          2.82 2000   0.14  -0.13     0.00
  MONTH TO DATE    2.49                      3.66  -1.17     1.74
  SINCE JUN 1      4.65                      7.69  -3.04     7.15
  SINCE JAN 1     17.36                     21.49  -4.13    16.92

SNOWFALL (IN)
  YESTERDAY        0.0           0.0  1995   0.0    0.0      0.0
  MONTH TO DATE    0.0                       0.0    0.0      0.0
  SINCE JUN 1      0.0                       0.0    0.0      0.0
  SINCE JUL 1      0.0                       0.0    0.0      0.0

DEGREE DAYS
 HEATING
  YESTERDAY        0                         0      0        0
  MONTH TO DATE    2                         0      2        1
  SINCE JUN 1     13                        54    -41       22
  SINCE JUL 1      2                         0      2        1

 COOLING
  YESTERDAY        0                         6     -6        0
  MONTH TO DATE  230                       204     26      325
  SINCE JUN 1    389                       321     68      461
  SINCE JAN 1    430                       358     72      525
..................................................................


WIND (MPH)
  HIGHEST WIND SPEED    14   HIGHEST WIND DIRECTION     W (260)
  HIGHEST GUST SPEED    20   HIGHEST GUST DIRECTION     W (260)
  AVERAGE WIND SPEED     4.7


SKY COVER
  AVERAGE SKY COVER 0.5



RELATIVE HUMIDITY (PERCENT)
 HIGHEST    89           100 AM
 LOWEST     39           400 PM
 AVERAGE    64

..........................................................


THE AVOCA PA CLIMATE NORMALS FOR TODAY
                         NORMAL    RECORD    YEAR
 MAXIMUM TEMPERATURE (F)   82        98      1917
 MINIMUM TEMPERATURE (F)   61        47      1956


SUNRISE AND SUNSET
JULY 31 2014..........SUNRISE   557 AM EDT   SUNSET   821 PM EDT
AUGUST  1 2014........SUNRISE   558 AM EDT   SUNSET   820 PM EDT


-  INDICATES NEGATIVE NUMBERS.
R  INDICATES RECORD WAS SET OR TIED.
MM INDICATES DATA IS MISSING.
T  INDICATES TRACE AMOUNT.




$$
