000
CDUS41 KBGM 282117
CLIAVP


CLIMATE REPORT
NATIONAL WEATHER SERVICE BINGHAMTON NY
516 PM EDT SAT MAY 28 2016


...................................

...THE AVOCA PA CLIMATE SUMMARY FOR MAY 28 2016...
VALID TODAY AS OF 0500 PM LOCAL TIME.

CLIMATE NORMAL PERIOD 1981 TO 2010
CLIMATE RECORD PERIOD 1901 TO 2016


WEATHER ITEM   OBSERVED TIME   RECORD YEAR NORMAL DEPARTURE LAST
                VALUE   (LST)  VALUE       VALUE  FROM      YEAR
                                                  NORMAL
..................................................................
TEMPERATURE (F)
 TODAY
  MAXIMUM         92R   128 PM  91    1908  73     19       86
  MINIMUM         65    515 AM  36    1994  51     14       62
  AVERAGE         79                        62     17       74

PRECIPITATION (IN)
  TODAY            0.00          1.05 1984   0.12  -0.12     0.00
  MONTH TO DATE    2.33                      3.15  -0.82     1.25
  SINCE MAR 1      6.80                      9.03  -2.23     6.09
  SINCE JAN 1     12.60                     13.43  -0.83     9.09

SNOWFALL (IN)
  TODAY            0.0           0.0    MM   0.0    0.0      0.0
  MONTH TO DATE    0.0                       0.3   -0.3      0.0
  SINCE MAR 1      3.5                      12.6   -9.1      9.0
  SINCE JUL 1     15.5                      46.5  -31.0     51.4

DEGREE DAYS
 HEATING
  TODAY            0                         5     -5        0
  MONTH TO DATE  231                       216     15      100
  SINCE MAR 1   1372                      1583   -211     1547
  SINCE JUL 1   4942                      6189  -1247     6244

 COOLING
  TODAY           14                         2     12        9
  MONTH TO DATE   40                        25     15      125
  SINCE MAR 1     41                        31     10      125
  SINCE JAN 1     41                        31     10      125
..................................................................


WIND (MPH)
  HIGHEST WIND SPEED    17   HIGHEST WIND DIRECTION    NW (330)
  HIGHEST GUST SPEED    22   HIGHEST GUST DIRECTION    NW (330)
  AVERAGE WIND SPEED     3.7


SKY COVER
  AVERAGE SKY COVER 0.1


WEATHER CONDITIONS
 THE FOLLOWING WEATHER WAS RECORDED TODAY.
  THUNDERSTORM
  FOG


RELATIVE HUMIDITY (PERCENT)
 HIGHEST    93           400 AM
 LOWEST     41           100 PM
 AVERAGE    67

..........................................................


THE AVOCA PA CLIMATE NORMALS FOR TOMORROW
                         NORMAL    RECORD    YEAR
 MAXIMUM TEMPERATURE (F)   73        91      1969
                                             1931
 MINIMUM TEMPERATURE (F)   51        36      2008


SUNRISE AND SUNSET
MAY 28 2016...........SUNRISE   534 AM EDT   SUNSET   827 PM EDT
MAY 29 2016...........SUNRISE   533 AM EDT   SUNSET   828 PM EDT


-  INDICATES NEGATIVE NUMBERS.
R  INDICATES RECORD WAS SET OR TIED.
MM INDICATES DATA IS MISSING.
T  INDICATES TRACE AMOUNT.

$$
