000
CDUS41 KBGM 300536
CLIAVP


CLIMATE REPORT
NATIONAL WEATHER SERVICE BINGHAMTON NY
136 AM EDT TUE AUG 30 2016


...................................

...THE AVOCA PA CLIMATE SUMMARY FOR AUGUST 29 2016...

CLIMATE NORMAL PERIOD 1981 TO 2010
CLIMATE RECORD PERIOD 1901 TO 2016


WEATHER ITEM   OBSERVED TIME   RECORD YEAR NORMAL DEPARTURE LAST
                VALUE   (LST)  VALUE       VALUE  FROM      YEAR
                                                  NORMAL
..................................................................
TEMPERATURE (F)
 YESTERDAY
  MAXIMUM         84    328 PM  95    1953  78      6       84
  MINIMUM         63   1159 PM  38    1982  58      5       53
  AVERAGE         74                        68      6       69

PRECIPITATION (IN)
  YESTERDAY        0.00          1.95 2006   0.10  -0.10     0.00
  MONTH TO DATE    3.07                      3.20  -0.13     2.36
  SINCE JUN 1      8.74                     11.02  -2.28    11.21
  SINCE JAN 1     21.56                     24.82  -3.26    20.77

SNOWFALL (IN)
  YESTERDAY        0.0           0.0  1995   0.0    0.0      0.0
  MONTH TO DATE    0.0                       0.0    0.0      0.0
  SINCE JUN 1      0.0                       0.0    0.0      0.0
  SINCE JUL 1      0.0                       0.0    0.0      0.0

DEGREE DAYS
 HEATING
  YESTERDAY        0                         1     -1        0
  MONTH TO DATE    1                        12    -11        0
  SINCE JUN 1     25                        74    -49       24
  SINCE JUL 1      1                        20    -19        0

 COOLING
  YESTERDAY        9                         4      5        4
  MONTH TO DATE  287                       155    132      199
  SINCE JUN 1    780                       478    302      607
  SINCE JAN 1    852                       515    337      755
..................................................................


WIND (MPH)
  HIGHEST WIND SPEED    15   HIGHEST WIND DIRECTION     N (20)
  HIGHEST GUST SPEED    20   HIGHEST GUST DIRECTION     N (20)
  AVERAGE WIND SPEED     6.7


SKY COVER
  AVERAGE SKY COVER 0.4



RELATIVE HUMIDITY (PERCENT)
 HIGHEST    84           700 AM
 LOWEST     45           600 PM
 AVERAGE    65

..........................................................


THE AVOCA PA CLIMATE NORMALS FOR TODAY
                         NORMAL    RECORD    YEAR
 MAXIMUM TEMPERATURE (F)   78        96      1953
 MINIMUM TEMPERATURE (F)   58        41      1986
                                             1934


SUNRISE AND SUNSET
AUGUST 30 2016........SUNRISE   628 AM EDT   SUNSET   738 PM EDT
AUGUST 31 2016........SUNRISE   629 AM EDT   SUNSET   737 PM EDT


-  INDICATES NEGATIVE NUMBERS.
R  INDICATES RECORD WAS SET OR TIED.
MM INDICATES DATA IS MISSING.
T  INDICATES TRACE AMOUNT.




$$
