000
CDUS41 KBGM 260320
CLIAVP


CLIMATE REPORT
NATIONAL WEATHER SERVICE BINGHAMTON NY
1020 PM EST SUN FEB 25 2018


...................................

...THE AVOCA PA CLIMATE SUMMARY FOR FEBRUARY 25 2018...
VALID AS OF 1000 PM LOCAL TIME.

CLIMATE NORMAL PERIOD 1981 TO 2010
CLIMATE RECORD PERIOD 1901 TO 2018


WEATHER ITEM   OBSERVED TIME   RECORD YEAR NORMAL DEPARTURE LAST
                VALUE   (LST)  VALUE       VALUE  FROM      YEAR
                                                  NORMAL
..................................................................
TEMPERATURE (F)
 TODAY
  MAXIMUM         48    409 PM  68    2017  39      9       68
  MINIMUM         39    455 AM  -3    1914  22     17       37
  AVERAGE         44                        31     13       53

PRECIPITATION (IN)
  TODAY            0.50          1.44 2017   0.07   0.43     1.44
  MONTH TO DATE    4.33                      1.82   2.51     2.98
  SINCE DEC 1      8.69                      6.87   1.82     8.29
  SINCE JAN 1      7.01                      4.19   2.82     6.23

SNOWFALL (IN)
  TODAY            0.0          10.4  1966   0.3   -0.3      0.0
  MONTH TO DATE    9.6                       8.3    1.3      8.2
  SINCE DEC 1     27.0                      29.9   -2.9     19.0
  SINCE JUL 1     27.1                      32.9   -5.8     24.7

DEGREE DAYS
 HEATING
  TODAY           21                        34    -13       12
  MONTH TO DATE  754                       914   -160      684
  SINCE DEC 1   3089                      3192   -103     2665
  SINCE JUL 1   4129                      4505   -376     3683

 COOLING
  TODAY            0                         0      0        0
  MONTH TO DATE    0                         0      0        0
  SINCE DEC 1      0                         0      0        0
  SINCE JAN 1      0                         0      0        0
..................................................................


WIND (MPH)
  HIGHEST WIND SPEED    17   HIGHEST WIND DIRECTION    SE (120)
  HIGHEST GUST SPEED    30   HIGHEST GUST DIRECTION    SE (130)
  AVERAGE WIND SPEED     3.9


SKY COVER
  AVERAGE SKY COVER 0.9


WEATHER CONDITIONS
 THE FOLLOWING WEATHER WAS RECORDED TODAY.
  HEAVY RAIN
  RAIN
  LIGHT RAIN
  FOG


RELATIVE HUMIDITY (PERCENT)
 HIGHEST   100           300 PM
 LOWEST     82           700 AM
 AVERAGE    91

..........................................................


THE AVOCA PA CLIMATE NORMALS FOR TOMORROW
                         NORMAL    RECORD    YEAR
 MAXIMUM TEMPERATURE (F)   40        66      1976
 MINIMUM TEMPERATURE (F)   23         1      1970


SUNRISE AND SUNSET
FEBRUARY 25 2018......SUNRISE   643 AM EST   SUNSET   549 PM EST
FEBRUARY 26 2018......SUNRISE   642 AM EST   SUNSET   550 PM EST


-  INDICATES NEGATIVE NUMBERS.
R  INDICATES RECORD WAS SET OR TIED.
MM INDICATES DATA IS MISSING.
T  INDICATES TRACE AMOUNT.




$$
