000
CDUS41 KBGM 300547
CLIAVP


CLIMATE REPORT
NATIONAL WEATHER SERVICE BINGHAMTON NY
147 AM EDT MON MAR 30 2015


...................................

...THE AVOCA PA CLIMATE SUMMARY FOR MARCH 29 2015...

CLIMATE NORMAL PERIOD 1981 TO 2010
CLIMATE RECORD PERIOD 1901 TO 2015


WEATHER ITEM   OBSERVED TIME   RECORD YEAR NORMAL DEPARTURE LAST
                VALUE   (LST)  VALUE       VALUE  FROM      YEAR
                                                  NORMAL
..................................................................
TEMPERATURE (F)
 YESTERDAY
  MAXIMUM         45    316 PM  84    1905  52     -7       48
  MINIMUM         17    315 AM   7    1923  32    -15       37
  AVERAGE         31                        42    -11       43

PRECIPITATION (IN)
  YESTERDAY        0.00          0.82 1984   0.09  -0.09     0.49
  MONTH TO DATE    1.66                      2.36  -0.70     1.09
  SINCE MAR 1      1.66                      2.36  -0.70     1.09
  SINCE JAN 1      4.66                      6.76  -2.10     5.97

SNOWFALL (IN)
  YESTERDAY        0.0          11.1  1970   0.1   -0.1      0.0
  MONTH TO DATE    6.4                       8.7   -2.3      0.2
  SINCE MAR 1      6.4                       8.7   -2.3      0.2
  SINCE JUL 1     48.5                      42.6    5.9     56.0

DEGREE DAYS
 HEATING
  YESTERDAY       34                        23     11       22
  MONTH TO DATE  942                       826    116      991
  SINCE MAR 1    942                       826    116      991
  SINCE JUL 1   5639                      5432    207     5814

 COOLING
  YESTERDAY        0                         0      0        0
  MONTH TO DATE    0                         0      0        0
  SINCE MAR 1      0                         0      0        0
  SINCE JAN 1      0                         0      0        0
..................................................................


WIND (MPH)
  HIGHEST WIND SPEED    16   HIGHEST WIND DIRECTION     W (250)
  HIGHEST GUST SPEED    22   HIGHEST GUST DIRECTION    SW (240)
  AVERAGE WIND SPEED     5.7


SKY COVER
  AVERAGE SKY COVER 0.1



RELATIVE HUMIDITY (PERCENT)
 HIGHEST    61           500 AM
 LOWEST     19           300 PM
 AVERAGE    40

..........................................................


THE AVOCA PA CLIMATE NORMALS FOR TODAY
                         NORMAL    RECORD    YEAR
 MAXIMUM TEMPERATURE (F)   52        84      1998
 MINIMUM TEMPERATURE (F)   32         6      1970


SUNRISE AND SUNSET
MARCH 30 2015.........SUNRISE   650 AM EDT   SUNSET   726 PM EDT
MARCH 31 2015.........SUNRISE   648 AM EDT   SUNSET   727 PM EDT


-  INDICATES NEGATIVE NUMBERS.
R  INDICATES RECORD WAS SET OR TIED.
MM INDICATES DATA IS MISSING.
T  INDICATES TRACE AMOUNT.




$$
