000
CDUS41 KBGM 180220
CLIAVP


CLIMATE REPORT
NATIONAL WEATHER SERVICE BINGHAMTON NY
1020 PM EDT WED SEP 17 2014


...................................

...THE AVOCA PA CLIMATE SUMMARY FOR SEPTEMBER 17 2014...
VALID AS OF 1000 PM LOCAL TIME.

CLIMATE NORMAL PERIOD 1981 TO 2010
CLIMATE RECORD PERIOD 1901 TO 2014


WEATHER ITEM   OBSERVED TIME   RECORD YEAR NORMAL DEPARTURE LAST
                VALUE   (LST)  VALUE       VALUE  FROM      YEAR
                                                  NORMAL
..................................................................
TEMPERATURE (F)
 TODAY
  MAXIMUM         69    337 PM  87    1991  72     -3       66
                                      1942
  MINIMUM         43    547 AM  36    2013  52     -9       36
                                      1986
  AVERAGE         56                        62     -6       51

PRECIPITATION (IN)
  TODAY            0.00          2.54 2004   0.14  -0.14     0.00
  MONTH TO DATE    0.48                      2.24  -1.76     0.69
  SINCE SEP 1      0.48                      2.24  -1.76     0.69
  SINCE JAN 1     22.04                     27.27  -5.23    19.04

SNOWFALL (IN)
  TODAY            0.0           0.0    MM   0.0    0.0      0.0
  MONTH TO DATE    0.0                       0.0    0.0      0.0
  SINCE SEP 1      0.0                       0.0    0.0      0.0
  SINCE JUL 1      0.0                       0.0    0.0      0.0

DEGREE DAYS
 HEATING
  TODAY            9                         5      4       14
  MONTH TO DATE   54                        47      7       78
  SINCE SEP 1     54                        47      7       78
  SINCE JUL 1     65                        73     -8       87

 COOLING
  TODAY            0                         1     -1        0
  MONTH TO DATE   77                        41     36       69
  SINCE SEP 1     77                        41     36       69
  SINCE JAN 1    663                       565     98      771
..................................................................


WIND (MPH)
  HIGHEST WIND SPEED    13   HIGHEST WIND DIRECTION    SW (240)
  HIGHEST GUST SPEED    17   HIGHEST GUST DIRECTION     W (250)
  AVERAGE WIND SPEED     5.0


SKY COVER
  AVERAGE SKY COVER 0.3


WEATHER CONDITIONS
 THE FOLLOWING WEATHER WAS RECORDED TODAY.
  FOG
  FOG W/VISIBILITY <= 1/4 MILE


RELATIVE HUMIDITY (PERCENT)
 HIGHEST    93           100 AM
 LOWEST     39           200 PM
 AVERAGE    66

..........................................................


THE AVOCA PA CLIMATE NORMALS FOR TOMORROW
                         NORMAL    RECORD    YEAR
 MAXIMUM TEMPERATURE (F)   72        88      1948
 MINIMUM TEMPERATURE (F)   51        35      1943


SUNRISE AND SUNSET
SEPTEMBER 17 2014.....SUNRISE   645 AM EDT   SUNSET   709 PM EDT
SEPTEMBER 18 2014.....SUNRISE   646 AM EDT   SUNSET   707 PM EDT


-  INDICATES NEGATIVE NUMBERS.
R  INDICATES RECORD WAS SET OR TIED.
MM INDICATES DATA IS MISSING.
T  INDICATES TRACE AMOUNT.




$$
