871
CDUS43 KGRR 111449
CLIAZO


CLIMATE REPORT
NATIONAL WEATHER SERVICE GRAND RAPIDS, MI
948 AM EST THU FEB 11 2016


...................................

...THE KALAMAZOO MI CLIMATE SUMMARY FOR FEBRUARY 11 2016...
VALID AS OF 0900 AM LOCAL TIME.

CLIMATE NORMAL PERIOD 1981 TO 2010
CLIMATE RECORD PERIOD 1998 TO 2016


WEATHER ITEM   OBSERVED TIME   NORMAL DEPARTURE LAST
                VALUE   (LST)  VALUE  FROM      YEAR
                                      NORMAL
......................................................
TEMPERATURE (F)
 TODAY
  MAXIMUM         14    859 AM  33    -19       34
  MINIMUM         13    436 AM  19     -6       20
  AVERAGE         14            26    -12       27

PRECIPITATION (IN)
  TODAY            T             0.05  -0.05      T
  MONTH TO DATE    0.38          0.49  -0.11     0.53
  SINCE DEC 1      4.45          4.26   0.19     2.55
  SINCE JAN 1      1.26          2.28  -1.02     1.49

DEGREE DAYS
 HEATING
  TODAY           51            39     12       38
  MONTH TO DATE  401           437    -36      492
  SINCE DEC 1   2355          2818   -463     2812
  SINCE JUL 1   3420          4145   -725     4342

 COOLING
  TODAY            0             0      0        0
  MONTH TO DATE    0             0      0        0
  SINCE DEC 1      0             0      0        0
  SINCE JAN 1      0             0      0        0
......................................................


WIND (MPH)
  RESULTANT WIND SPEED   5   RESULTANT WIND DIRECTION   W (290)
  HIGHEST WIND SPEED     9   HIGHEST WIND DIRECTION    NW (320)
  HIGHEST GUST SPEED    11   HIGHEST GUST DIRECTION    NW (320)
  AVERAGE WIND SPEED     5.8


SKY COVER
  AVERAGE SKY COVER 1.0


WEATHER CONDITIONS
 THE FOLLOWING WEATHER WAS RECORDED TODAY.
  LIGHT SNOW


RELATIVE HUMIDITY (PERCENT)
 HIGHEST    84           300 AM
 LOWEST     73          1200 AM
 AVERAGE    79

..........................................................


THE KALAMAZOO MI CLIMATE NORMALS FOR TOMORROW
                         NORMAL
 MAXIMUM TEMPERATURE (F)   33
 MINIMUM TEMPERATURE (F)   19


SUNRISE AND SUNSET
FEBRUARY 11 2016......SUNRISE   744 AM EST   SUNSET   609 PM EST
FEBRUARY 12 2016......SUNRISE   743 AM EST   SUNSET   610 PM EST


-  INDICATES NEGATIVE NUMBERS.
R  INDICATES RECORD WAS SET OR TIED.
MM INDICATES DATA IS MISSING.
T  INDICATES TRACE AMOUNT.




$$

JAM
