000
CDUS43 KGRR 240527
CLIAZO


CLIMATE REPORT
NATIONAL WEATHER SERVICE GRAND RAPIDS, MI
127 AM EDT FRI OCT 24 2014


...................................

...THE KALAMAZOO MI CLIMATE SUMMARY FOR OCTOBER 23 2014...

CLIMATE NORMAL PERIOD 1981 TO 2010
CLIMATE RECORD PERIOD 1998 TO 2014


WEATHER ITEM   OBSERVED TIME   NORMAL DEPARTURE LAST
                VALUE   (LST)  VALUE  FROM      YEAR
                                      NORMAL
......................................................
TEMPERATURE (F)
 YESTERDAY
  MAXIMUM         59    405 PM  58      1       44
  MINIMUM         30    505 AM  40    -10       30
  AVERAGE         45            49     -4       37

PRECIPITATION (IN)
  YESTERDAY        0.00          0.11  -0.11     0.07
  MONTH TO DATE    4.48          2.48   2.00     2.01
  SINCE SEP 1      7.30          6.30   1.00     3.74
  SINCE JAN 1     24.09         29.89  -5.80    32.83

DEGREE DAYS
 HEATING
  YESTERDAY       20            16      4       28
  MONTH TO DATE  326           302     24      237
  SINCE SEP 1    475           435     40      356
  SINCE JUL 1    507           451     56      393

 COOLING
  YESTERDAY        0             0      0        0
  MONTH TO DATE    0             7     -7       16
  SINCE SEP 1     58            63     -5       97
  SINCE JAN 1    609           674    -65      725
......................................................


WIND (MPH)
  RESULTANT WIND SPEED   2   RESULTANT WIND DIRECTION   S (180)
  HIGHEST WIND SPEED     9   HIGHEST WIND DIRECTION    SE (140)
  HIGHEST GUST SPEED    13   HIGHEST GUST DIRECTION    SE (130)
  AVERAGE WIND SPEED     2.8


SKY COVER
  AVERAGE SKY COVER 0.3


WEATHER CONDITIONS
 THE FOLLOWING WEATHER WAS RECORDED YESTERDAY.
  FOG
  FOG W/VISIBILITY <= 1/4 MILE
  HAZE


RELATIVE HUMIDITY (PERCENT)
 HIGHEST   100           800 AM
 LOWEST     43           300 PM
 AVERAGE    72

..........................................................


THE KALAMAZOO MI CLIMATE NORMALS FOR TODAY
                         NORMAL
 MAXIMUM TEMPERATURE (F)   58
 MINIMUM TEMPERATURE (F)   39


SUNRISE AND SUNSET
OCTOBER 24 2014.......SUNRISE   805 AM EDT   SUNSET   647 PM EDT
OCTOBER 25 2014.......SUNRISE   807 AM EDT   SUNSET   645 PM EDT


-  INDICATES NEGATIVE NUMBERS.
R  INDICATES RECORD WAS SET OR TIED.
MM INDICATES DATA IS MISSING.
T  INDICATES TRACE AMOUNT.




$$
