000
CDUS43 KGRR 260515
CLIAZO


CLIMATE REPORT
NATIONAL WEATHER SERVICE GRAND RAPIDS, MI
114 AM EDT TUE MAY 26 2015


...................................

...THE KALAMAZOO MI CLIMATE SUMMARY FOR MAY 25 2015...

CLIMATE NORMAL PERIOD 1981 TO 2010
CLIMATE RECORD PERIOD 1998 TO 2015


WEATHER ITEM   OBSERVED TIME   NORMAL DEPARTURE LAST
                VALUE   (LST)  VALUE  FROM      YEAR
                                      NORMAL
......................................................
TEMPERATURE (F)
 YESTERDAY
  MAXIMUM         82    109 PM  73      9       83
  MINIMUM         66   1037 PM  51     15       51
  AVERAGE         74            62     12       67

PRECIPITATION (IN)
  YESTERDAY        0.07          0.12  -0.05     0.00
  MONTH TO DATE    2.69          3.16  -0.47     1.94
  SINCE MAR 1      5.05          8.49  -3.44     5.21
  SINCE JAN 1      6.58         11.73  -5.15     7.74

DEGREE DAYS
 HEATING
  YESTERDAY        0             5     -5        0
  MONTH TO DATE  131           198    -67      220
  SINCE MAR 1   1546          1568    -22     1880
  SINCE JUL 1   6832          6341    491     7048

 COOLING
  YESTERDAY        9             2      7        2
  MONTH TO DATE   46            24     22       25
  SINCE MAR 1     46            28     18       25
  SINCE JAN 1     46            28     18       25
......................................................


WIND (MPH)
  RESULTANT WIND SPEED  12   RESULTANT WIND DIRECTION  SW (210)
  HIGHEST WIND SPEED    31   HIGHEST WIND DIRECTION    SW (230)
  HIGHEST GUST SPEED    43   HIGHEST GUST DIRECTION    SW (230)
  AVERAGE WIND SPEED    13.8


SKY COVER
  AVERAGE SKY COVER 0.2


WEATHER CONDITIONS
 THE FOLLOWING WEATHER WAS RECORDED YESTERDAY.
  LIGHT RAIN


RELATIVE HUMIDITY (PERCENT)
 HIGHEST    79           200 PM
 LOWEST     51           100 PM
 AVERAGE    65

..........................................................


THE KALAMAZOO MI CLIMATE NORMALS FOR TODAY
                         NORMAL
 MAXIMUM TEMPERATURE (F)   73
 MINIMUM TEMPERATURE (F)   51


SUNRISE AND SUNSET
MAY 26 2015...........SUNRISE   612 AM EDT   SUNSET   907 PM EDT
MAY 27 2015...........SUNRISE   611 AM EDT   SUNSET   908 PM EDT


-  INDICATES NEGATIVE NUMBERS.
R  INDICATES RECORD WAS SET OR TIED.
MM INDICATES DATA IS MISSING.
T  INDICATES TRACE AMOUNT.




$$
