000
CDUS43 KGRR 262130
CLIAZO


CLIMATE REPORT
NATIONAL WEATHER SERVICE GRAND RAPIDS, MI
528 PM EDT WED APR 26 2017


...................................

...THE KALAMAZOO MI CLIMATE SUMMARY FOR APRIL 26 2017...
VALID TODAY AS OF 0500 PM LOCAL TIME.

CLIMATE NORMAL PERIOD 1981 TO 2010
CLIMATE RECORD PERIOD 1998 TO 2017


WEATHER ITEM   OBSERVED TIME   NORMAL DEPARTURE LAST
                VALUE   (LST)  VALUE  FROM      YEAR
                                      NORMAL
......................................................
TEMPERATURE (F)
 TODAY
  MAXIMUM         82    322 PM  64     18       63
  MINIMUM         60    404 AM  42     18       43
  AVERAGE         71            53     18       53

PRECIPITATION (IN)
  TODAY            T             0.11  -0.11     0.00
  MONTH TO DATE    1.74          2.53  -0.79     2.65
  SINCE MAR 1      5.91          4.78   1.13     5.61
  SINCE JAN 1     10.63          8.02   2.61     7.17

DEGREE DAYS
 HEATING
  TODAY            0            12    -12       12
  MONTH TO DATE  306           439   -133      446
  SINCE MAR 1   1190          1323   -133     1148
  SINCE JUL 1   5086          6096  -1010     5196

 COOLING
  TODAY            6             0      6        0
  MONTH TO DATE   11             0     11        2
  SINCE MAR 1     11             0     11        2
  SINCE JAN 1     11             0     11        2
......................................................


WIND (MPH)
  RESULTANT WIND SPEED  10   RESULTANT WIND DIRECTION   S (170)
  HIGHEST WIND SPEED    30   HIGHEST WIND DIRECTION     S (180)
  HIGHEST GUST SPEED    36   HIGHEST GUST DIRECTION     S (180)
  AVERAGE WIND SPEED    11.4


SKY COVER
  AVERAGE SKY COVER 0.2


WEATHER CONDITIONS
 THE FOLLOWING WEATHER WAS RECORDED TODAY.
  LIGHT RAIN


RELATIVE HUMIDITY (PERCENT)
 HIGHEST    78           600 AM
 LOWEST     39           400 PM
 AVERAGE    59

..........................................................


THE KALAMAZOO MI CLIMATE NORMALS FOR TOMORROW
                         NORMAL
 MAXIMUM TEMPERATURE (F)   64
 MINIMUM TEMPERATURE (F)   42


SUNRISE AND SUNSET
APRIL 26 2017.........SUNRISE   644 AM EDT   SUNSET   836 PM EDT
APRIL 27 2017.........SUNRISE   643 AM EDT   SUNSET   837 PM EDT


-  INDICATES NEGATIVE NUMBERS.
R  INDICATES RECORD WAS SET OR TIED.
MM INDICATES DATA IS MISSING.
T  INDICATES TRACE AMOUNT.




$$

63
