000
CDUS43 KGRR 290521
CLIAZO


CLIMATE REPORT
NATIONAL WEATHER SERVICE GRAND RAPIDS, MI
121 AM EDT FRI JUL 29 2016


...................................

...THE KALAMAZOO MI CLIMATE SUMMARY FOR JULY 28 2016...

CLIMATE NORMAL PERIOD 1981 TO 2010
CLIMATE RECORD PERIOD 1998 TO 2016


WEATHER ITEM   OBSERVED TIME   NORMAL DEPARTURE LAST
                VALUE   (LST)  VALUE  FROM      YEAR
                                      NORMAL
......................................................
TEMPERATURE (F)
 YESTERDAY
  MAXIMUM         88    307 PM  83      5       90
  MINIMUM         66    452 AM  62      4       63
  AVERAGE         77            72      5       77

PRECIPITATION (IN)
  YESTERDAY        0.13          0.13   0.00     0.00
  MONTH TO DATE    4.92          3.34   1.58     4.11
  SINCE JUN 1      6.82          6.92  -0.10     7.86
  SINCE JAN 1     17.80         19.36  -1.56    17.57

DEGREE DAYS
 HEATING
  YESTERDAY        0             0      0        0
  MONTH TO DATE    1             0      1        9
  SINCE JUN 1     29            48    -19       30
  SINCE JUL 1      1             0      1        9

 COOLING
  YESTERDAY       12             7      5       12
  MONTH TO DATE  259           220     39      159
  SINCE JUN 1    428           365     63      239
  SINCE JAN 1    495           406     89      306
......................................................


WIND (MPH)
  RESULTANT WIND SPEED   2   RESULTANT WIND DIRECTION  NE (60)
  HIGHEST WIND SPEED    16   HIGHEST WIND DIRECTION     N (350)
  HIGHEST GUST SPEED    21   HIGHEST GUST DIRECTION     N (350)
  AVERAGE WIND SPEED     3.8


SKY COVER
  AVERAGE SKY COVER 0.3


WEATHER CONDITIONS
 THE FOLLOWING WEATHER WAS RECORDED YESTERDAY.
  THUNDERSTORM
  RAIN
  LIGHT RAIN


RELATIVE HUMIDITY (PERCENT)
 HIGHEST    90          1100 PM
 LOWEST     55          1200 PM
 AVERAGE    73

..........................................................


THE KALAMAZOO MI CLIMATE NORMALS FOR TODAY
                         NORMAL
 MAXIMUM TEMPERATURE (F)   83
 MINIMUM TEMPERATURE (F)   62


SUNRISE AND SUNSET
JULY 29 2016..........SUNRISE   633 AM EDT   SUNSET   904 PM EDT
JULY 30 2016..........SUNRISE   634 AM EDT   SUNSET   903 PM EDT


-  INDICATES NEGATIVE NUMBERS.
R  INDICATES RECORD WAS SET OR TIED.
MM INDICATES DATA IS MISSING.
T  INDICATES TRACE AMOUNT.




$$
