000
CDUS43 KGRR 161435
CLIAZO


CLIMATE REPORT
NATIONAL WEATHER SERVICE GRAND RAPIDS, MI
934 AM EST SAT DEC 16 2017


...................................

...THE KALAMAZOO MI CLIMATE SUMMARY FOR DECEMBER 16 2017...
VALID AS OF 0900 AM LOCAL TIME.

CLIMATE NORMAL PERIOD 1981 TO 2010
CLIMATE RECORD PERIOD 1998 TO 2017


WEATHER ITEM   OBSERVED TIME   NORMAL DEPARTURE LAST
                VALUE   (LST)  VALUE  FROM      YEAR
                                      NORMAL
......................................................
TEMPERATURE (F)
 TODAY
  MAXIMUM         35    714 AM  34      1       17
  MINIMUM         29    115 AM  22      7        7
  AVERAGE         32            28      4       12

PRECIPITATION (IN)
  TODAY            T             0.05  -0.05     0.10
  MONTH TO DATE    0.41          1.14  -0.73     0.74
  SINCE DEC 1      0.41          1.14  -0.73     0.74
  SINCE JAN 1     38.97         34.90   4.07    37.22

DEGREE DAYS
 HEATING
  TODAY           33            37     -4       53
  MONTH TO DATE  542           545     -3      609
  SINCE DEC 1    542           545     -3      609
  SINCE JUL 1   1705          1872   -167     1509

 COOLING
  TODAY            0             0      0        0
  MONTH TO DATE    0             0      0        0
  SINCE DEC 1      0             0      0        0
  SINCE JAN 1    768           675     93      912
......................................................


WIND (MPH)
  RESULTANT WIND SPEED   8   RESULTANT WIND DIRECTION  SW (210)
  HIGHEST WIND SPEED    14   HIGHEST WIND DIRECTION    SW (210)
  HIGHEST GUST SPEED    17   HIGHEST GUST DIRECTION    SW (210)
  AVERAGE WIND SPEED     8.6


SKY COVER
  AVERAGE SKY COVER 1.0


WEATHER CONDITIONS
 THE FOLLOWING WEATHER WAS RECORDED TODAY.
  LIGHT SNOW
  FOG


RELATIVE HUMIDITY (PERCENT)
 HIGHEST    92          1200 AM
 LOWEST     64           400 AM
 AVERAGE    78

..........................................................


THE KALAMAZOO MI CLIMATE NORMALS FOR TOMORROW
                         NORMAL
 MAXIMUM TEMPERATURE (F)   34
 MINIMUM TEMPERATURE (F)   22


SUNRISE AND SUNSET
DECEMBER 16 2017......SUNRISE   805 AM EST   SUNSET   511 PM EST
DECEMBER 17 2017......SUNRISE   805 AM EST   SUNSET   511 PM EST


-  INDICATES NEGATIVE NUMBERS.
R  INDICATES RECORD WAS SET OR TIED.
MM INDICATES DATA IS MISSING.
T  INDICATES TRACE AMOUNT.




$$

jsm
