000
CDUS43 KGRR 250521
CLIAZO


CLIMATE REPORT
NATIONAL WEATHER SERVICE GRAND RAPIDS, MI
121 AM EDT THU AUG 25 2016


...................................

...THE KALAMAZOO MI CLIMATE SUMMARY FOR AUGUST 24 2016...

CLIMATE NORMAL PERIOD 1981 TO 2010
CLIMATE RECORD PERIOD 1998 TO 2016


WEATHER ITEM   OBSERVED TIME   NORMAL DEPARTURE LAST
                VALUE   (LST)  VALUE  FROM      YEAR
                                      NORMAL
......................................................
TEMPERATURE (F)
 YESTERDAY
  MAXIMUM         80    524 PM  80      0       73
  MINIMUM         65    249 AM  59      6       56
  AVERAGE         73            70      3       65

PRECIPITATION (IN)
  YESTERDAY        0.01          0.13  -0.12      T
  MONTH TO DATE    6.55          2.89   3.66     2.54
  SINCE JUN 1     15.90         10.17   5.73    10.40
  SINCE JAN 1     26.88         22.61   4.27    20.11

DEGREE DAYS
 HEATING
  YESTERDAY        0             0      0        0
  MONTH TO DATE    0             0      0        2
  SINCE JUN 1     29            53    -24       32
  SINCE JUL 1      1             5     -4       11

 COOLING
  YESTERDAY        8             5      3        0
  MONTH TO DATE  213           153     60      161
  SINCE JUN 1    662           538    124      433
  SINCE JAN 1    729           579    150      500
......................................................


WIND (MPH)
  RESULTANT WIND SPEED   8   RESULTANT WIND DIRECTION   S (190)
  HIGHEST WIND SPEED    20   HIGHEST WIND DIRECTION     S (180)
  HIGHEST GUST SPEED    26   HIGHEST GUST DIRECTION     S (190)
  AVERAGE WIND SPEED     8.2


SKY COVER
  AVERAGE SKY COVER 0.6


WEATHER CONDITIONS
 THE FOLLOWING WEATHER WAS RECORDED YESTERDAY.
  LIGHT RAIN
  FOG
  HAZE


RELATIVE HUMIDITY (PERCENT)
 HIGHEST    87           900 PM
 LOWEST     68           800 AM
 AVERAGE    78

..........................................................


THE KALAMAZOO MI CLIMATE NORMALS FOR TODAY
                         NORMAL
 MAXIMUM TEMPERATURE (F)   80
 MINIMUM TEMPERATURE (F)   59


SUNRISE AND SUNSET
AUGUST 25 2016........SUNRISE   701 AM EDT   SUNSET   827 PM EDT
AUGUST 26 2016........SUNRISE   702 AM EDT   SUNSET   825 PM EDT


-  INDICATES NEGATIVE NUMBERS.
R  INDICATES RECORD WAS SET OR TIED.
MM INDICATES DATA IS MISSING.
T  INDICATES TRACE AMOUNT.




$$
