617
CDUS41 KBOX 280547
CLIBDL


CLIMATE REPORT
NATIONAL WEATHER SERVICE TAUNTON MA
137 AM EDT SAT MAY 28 2016


...................................

...THE HARTFORD CT CLIMATE SUMMARY FOR MAY 27 2016...

CLIMATE NORMAL PERIOD 1981 TO 2010
CLIMATE RECORD PERIOD 1904 TO 2016


WEATHER ITEM   OBSERVED TIME   RECORD YEAR NORMAL DEPARTURE LAST
                VALUE   (LST)  VALUE       VALUE  FROM      YEAR
                                                  NORMAL
..................................................................
TEMPERATURE (F)
 YESTERDAY
  MAXIMUM         89    328 PM  94    1965  74     15       86
                                      1914
  MINIMUM         63    443 AM  37    1969  51     12       65
                                      1968
  AVERAGE         76                        63     13       76

PRECIPITATION (IN)
  YESTERDAY        0.00          2.28 1946   0.16  -0.16     0.40
  MONTH TO DATE    1.83                      3.71  -1.88     1.00
  SINCE MAR 1      6.47                     11.05  -4.58     7.06
  SINCE JAN 1     13.30                     17.17  -3.87    13.24

SNOWFALL (IN)
  YESTERDAY        0.0           0.0  2002   0.0    0.0      0.0
                                      2001
                                      2000
  MONTH TO DATE    0.0                       0.0    0.0      0.0
  SINCE MAR 1      9.8                       7.8    2.0      9.0
  SINCE JUL 1     26.9                      40.5  -13.6     63.8
  SNOW DEPTH       0

DEGREE DAYS
 HEATING
  YESTERDAY        0                         4     -4        0
  MONTH TO DATE  208                       189     19       74
  SINCE MAR 1   1368                      1504   -136     1532
  SINCE JUL 1   5044                      5942   -898     6177

 COOLING
  YESTERDAY       11                         2      9       11
  MONTH TO DATE   27                        24      3       96
  SINCE MAR 1     29                        30     -1       96
  SINCE JAN 1     29                        30     -1       96
..................................................................


WIND (MPH)
  RESULTANT WIND SPEED   9   RESULTANT WIND DIRECTION   S (190)
  HIGHEST WIND SPEED    20   HIGHEST WIND DIRECTION     S (190)
  HIGHEST GUST SPEED    28   HIGHEST GUST DIRECTION     S (190)
  AVERAGE WIND SPEED     9.2


SKY COVER
  POSSIBLE SUNSHINE  MM
  AVERAGE SKY COVER 0.8


WEATHER CONDITIONS
 THE FOLLOWING WEATHER WAS RECORDED YESTERDAY.
  NO SIGNIFICANT WEATHER WAS OBSERVED.


RELATIVE HUMIDITY (PERCENT)
 HIGHEST    73           500 AM
 LOWEST     45           400 PM
 AVERAGE    59

..........................................................


THE HARTFORD CT CLIMATE NORMALS FOR TODAY
                         NORMAL    RECORD    YEAR
 MAXIMUM TEMPERATURE (F)   75        93      1977
 MINIMUM TEMPERATURE (F)   51        38      1997


SUNRISE AND SUNSET
MAY 28 2016...........SUNRISE   520 AM EDT   SUNSET   817 PM EDT
MAY 29 2016...........SUNRISE   519 AM EDT   SUNSET   818 PM EDT


-  INDICATES NEGATIVE NUMBERS.
R  INDICATES RECORD WAS SET OR TIED.
MM INDICATES DATA IS MISSING.
T  INDICATES TRACE AMOUNT.




$$
