284
CDUS41 KOKX 060621
CLIBDR


CLIMATE REPORT
NATIONAL WEATHER SERVICE NEW YORK NY
120 AM EST SAT FEB 6 2016


...................................

...THE BRIDGEPORT CT CLIMATE SUMMARY FOR FEBRUARY 5 2016...

CLIMATE NORMAL PERIOD 1981 TO 2010
CLIMATE RECORD PERIOD 1948 TO 2016


WEATHER ITEM   OBSERVED TIME   RECORD YEAR NORMAL DEPARTURE LAST
                VALUE   (LST)  VALUE       VALUE  FROM      YEAR
                                                  NORMAL
..................................................................
TEMPERATURE (F)
 YESTERDAY
  MAXIMUM         43    120 AM  60    1991  38      5       35
  MINIMUM         21   1153 PM   2    1996  24     -3       11
  AVERAGE         32                        31      1       23

PRECIPITATION (IN)
  YESTERDAY        0.80          1.35 1997   0.10   0.70     0.01
  MONTH TO DATE    2.06                      0.46   1.60     1.00
  SINCE DEC 1      9.26                      6.89   2.37    10.76
  SINCE JAN 1      4.32                      3.56   0.76     5.11

SNOWFALL (IN)
  YESTERDAY        8.0          11.0  2001   0.3    7.7      0.3
  MONTH TO DATE    8.0                       1.4    6.6     11.3
  SINCE OCT 1     19.0                      14.9    4.1     30.9
  SINCE JUL 1     19.0                      14.9    4.1     30.9
  SNOW DEPTH       2

DEGREE DAYS
 HEATING
  YESTERDAY       33                        34     -1       42
  MONTH TO DATE  112                       171    -59      220
  SINCE DEC 1   1636                      2173   -537     2163
  SINCE JUL 1   2380                      3147   -767     3069

 COOLING
  YESTERDAY        0                         0      0        0
  MONTH TO DATE    0                         0      0        0
  SINCE DEC 1      0                         0      0        0
  SINCE JAN 1      0                         0      0        0
..................................................................


WIND (MPH)
  HIGHEST WIND SPEED    22   HIGHEST WIND DIRECTION    NW (320)
  HIGHEST GUST SPEED    30   HIGHEST GUST DIRECTION     N (340)
  AVERAGE WIND SPEED    10.5


SKY COVER
  AVERAGE SKY COVER 0.4


WEATHER CONDITIONS
 THE FOLLOWING WEATHER WAS RECORDED YESTERDAY.
  LIGHT RAIN
  SNOW
  LIGHT SNOW
  FOG
  FOG W/VISIBILITY <= 1/4 MILE
  HAZE


RELATIVE HUMIDITY (PERCENT)
 HIGHEST    92          1100 AM
 LOWEST     40           400 PM
 AVERAGE    66

..........................................................


THE BRIDGEPORT CT CLIMATE NORMALS FOR TODAY
                         NORMAL    RECORD    YEAR
 MAXIMUM TEMPERATURE (F)   38        53      1991
 MINIMUM TEMPERATURE (F)   24         4      1995


SUNRISE AND SUNSET
FEBRUARY  6 2016......SUNRISE   659 AM EST   SUNSET   515 PM EST
FEBRUARY  7 2016......SUNRISE   658 AM EST   SUNSET   516 PM EST


-  INDICATES NEGATIVE NUMBERS.
R  INDICATES RECORD WAS SET OR TIED.
MM INDICATES DATA IS MISSING.
T  INDICATES TRACE AMOUNT.




$$
