436
CDAK48 PABE 240931
CLIBET


CLIMATE REPORT
NATIONAL WEATHER SERVICE ANCHORAGE, AK
131 AM AKDT MON JUL 24 2017


...................................

...THE BETHEL CLIMATE SUMMARY FOR JULY 23 2017...

CLIMATE NORMAL PERIOD 1981 TO 2010
CLIMATE RECORD PERIOD 1948 TO 2017


WEATHER ITEM   OBSERVED TIME   RECORD YEAR NORMAL DEPARTURE LAST
                VALUE   (LST)  VALUE       VALUE  FROM      YEAR
                                                  NORMAL
..................................................................
TEMPERATURE (F)
 YESTERDAY
  MAXIMUM         65        MM  81    1966  63      2       MM
  MINIMUM         53        MM  39    1937  49      4       MM
  AVERAGE         59                        56      3       MM

PRECIPITATION (IN)
  YESTERDAY        0.02          0.78 1960   0.09  -0.07     0.27
                                      1927
  MONTH TO DATE    2.19                      1.61   0.58     1.73
  SINCE JUN 1      3.58                      3.33   0.25     3.16
  SINCE JAN 1      8.55                      7.42   1.13     6.40

SNOWFALL (IN)
  YESTERDAY        0.0          MM      MM   0.0    0.0      0.0
  MONTH TO DATE    0.0                       0.0    0.0      0.0
  SINCE JUN 1      0.0                       T      0.0      0.0
  SINCE JUL 1      0.0                       0.0    0.0      0.0
  SNOW DEPTH       0

DEGREE DAYS
 HEATING
  YESTERDAY        6                         9     -3       MM
  MONTH TO DATE  151                       207    -56      115
  SINCE JUN 1    426                       585   -159      388
  SINCE JUL 1    151                       207    -56      115

 COOLING
  YESTERDAY        0                         0      0       MM
  MONTH TO DATE    3                         0      3       12
  SINCE JUN 1      3                         1      2       13
  SINCE JAN 1      3                         1      2       13
..................................................................


WIND (MPH)
  RESULTANT WIND SPEED  15   RESULTANT WIND DIRECTION   S (200)
  HIGHEST WIND SPEED    24   HIGHEST WIND DIRECTION     S (200)
  HIGHEST GUST SPEED    30   HIGHEST GUST DIRECTION     S (200)
  AVERAGE WIND SPEED    15.0



WEATHER CONDITIONS
 THE FOLLOWING WEATHER WAS RECORDED YESTERDAY.
  LIGHT RAIN
  FOG
  FOG W/VISIBILITY <= 1/4 MILE


RELATIVE HUMIDITY (PERCENT)
 HIGHEST   100
 LOWEST     72
 AVERAGE    86

..........................................................


THE BETHEL CLIMATE NORMALS FOR TODAY
                         NORMAL    RECORD    YEAR
 MAXIMUM TEMPERATURE (F)   63        83      1966
 MINIMUM TEMPERATURE (F)   49        36      1926


SUNRISE AND SUNSET
JULY 24 2017..........SUNRISE   604 AM AKDT  SUNSET  1141 PM AKDT
JULY 25 2017..........SUNRISE   607 AM AKDT  SUNSET  1139 PM AKDT


-  INDICATES NEGATIVE NUMBERS.
R  INDICATES RECORD WAS SET OR TIED.
MM INDICATES DATA IS MISSING.
T  INDICATES TRACE AMOUNT.




$$
