000
CDAK48 PABE 141128
CLIBET

CLIMATE REPORT
NATIONAL WEATHER SERVICE BETHEL, AK
328 AM AKDT MON JUL 14 2014

...................................
...THE BETHEL AP CLIMATE SUMMARY FOR JULY 13 2014...

CLIMATE NORMAL PERIOD  1981 TO  2010
CLIMATE RECORD PERIOD  1923 TO  2014

WEATHER ITEM   OBSERVED TIME    RECORD YEAR NORMAL DEPARTURE LAST
               VALUE    (LST)   VALUE       VALUE  FROM      YEAR
                                                   NORMAL
...................................................................
TEMPERATURE
YESTERDAY
 MAXIMUM            68  0108 PM    84  1956     64       4     78
 MINIMUM            48  0548 AM    38  1930     49      -1     51
 AVERAGE            58                          57       1     65

PRECIPITATION
(INCHES)
 YESTERDAY        0.48R          0.41  1982   0.08    0.40   0.00
 MONTH TO DATE    1.76                        0.82    0.94   1.16
 SINCE JUN 1      3.28                        2.54    0.74   2.77
 SINCE JAN 1      6.32                        6.63   -0.31   6.07

SNOWFALL
(INCHES)
 YESTERDAY         0.0            0.0  2014    0.0     0.0    0.0
 MONTH TO DATE     0.0                         0.0     0.0    0.0
 SINCE JUN 1       0.0                         0.0     0.0    0.0
 SINCE JUL 1       0.0                         0.0     0.0    0.0
 SNOW DEPTH (IN)     0                                          0

DEGREE DAYS
 HEATING
  YESTERDAY          7                           9      -2      0
  MONTH TO DATE     90                         117     -27    152
  SINCE JUN 1      510                         494      16    440
  SINCE JUL 1       90                         117     -27    152

 COOLING
  YESTERDAY          0                           0       0      0
  MONTH TO DATE      0                           0       0      0
  SINCE JUN 1        0                           0       0      7
  SINCE JAN 1        0                           0       0      7
...................................................................

WIND (MPH)
 HIGHEST WIND SPEED    18     HIGHEST WIND DIRECTION    290
 HIGHEST GUST SPEED    22     HIGHEST GUST DIRECTION    290
 AVERAGE WIND SPEED   5.6

SKY COVER
  POSSIBLE SUNSHINE    MM          AVERAGE SKY COVER     MM

WEATHER CONDITIONS
 THE FOLLOWING WEATHER WAS RECORDED YESTERDAY.
  FOG
RAIN


RELATIVE HUMIDITY
 HIGHEST RH     MM PERCENT       MM
 LOWEST  RH     MM PERCENT       MM
 AVERAGE RH     MM PERCENT       MM
...................................................................

THE BETHEL CLIMATE NORMALS FOR TODAY
                           NORMAL    RECORD   YEAR
 MAXIMUM TEMPERATURE (F)     64        83     1960
 MINIMUM TEMPERATURE (F)     49        38     1961

SUNRISE AND SUNSET
 JUL 14 2014..........SUNRISE  5:42 AM      SUNSET 12:04 AM
 JUL 15 2014..........SUNRISE  5:44 AM      SUNSET 12:02 AM

-  INDICATES NEGATIVE NUMBERS.
R  INDICATES RECORD HAS BEEN SET OR TIED.
MM INDICATES DATA IS MISSING.
T  INDICATES TRACE OF PRECIPITATION.

&&
-------------------------------------------------------------------

AMOUNT OF DAYLIGHT TODAY  (HOUR:MIN)........18 HOURS 22 MINUTES
GAIN/LOSS SINCE YESTERDAY (HOUR:MIN:SEC)....-0:03:43

$$
BDW JUL 14
