000
CDAK48 PAFC 251256
CLIBET


CLIMATE REPORT
NATIONAL WEATHER SERVICE ANCHORAGE, AK
456 AM AKDT MON SEP 25 2017


...................................

...THE BETHEL CLIMATE SUMMARY FOR SEPTEMBER 24 2017...

CLIMATE NORMAL PERIOD 1981 TO 2010
CLIMATE RECORD PERIOD 1948 TO 2017


WEATHER ITEM   OBSERVED TIME   RECORD YEAR NORMAL DEPARTURE LAST
                VALUE   (LST)  VALUE       VALUE  FROM      YEAR
                                                  NORMAL
..................................................................
TEMPERATURE (F)
 YESTERDAY
  MAXIMUM         47        MM  64    1934  49     -2       48
  MINIMUM         39        MM  19    1992  36      3       35
  AVERAGE         43                        42      1       42

PRECIPITATION (IN)
  YESTERDAY        0.09          1.02 1924   0.09   0.00      T
  MONTH TO DATE    2.66                      2.25   0.41     3.11
  SINCE SEP 1      2.66                      2.25   0.41     3.11
  SINCE JAN 1     17.59                     13.67   3.92    14.03

SNOWFALL (IN)
  YESTERDAY        0.0          MM      MM   0.0    0.0      0.0
  MONTH TO DATE    0.0                       0.3   -0.3      0.0
  SINCE SEP 1      0.0                       0.3   -0.3      0.0
  SINCE JUL 1      0.0                       0.3   -0.3      0.0
  SNOW DEPTH       0

DEGREE DAYS
 HEATING
  YESTERDAY       22                        23     -1       23
  MONTH TO DATE  434                       434      0      371
  SINCE SEP 1    434                       434      0      371
  SINCE JUL 1    985                      1070    -85      733

 COOLING
  YESTERDAY        0                         0      0        0
  MONTH TO DATE    0                         0      0        0
  SINCE SEP 1      0                         0      0        0
  SINCE JAN 1      6                         4      2       13
..................................................................


WIND (MPH)
  RESULTANT WIND SPEED   2   RESULTANT WIND DIRECTION  SE (150)
  HIGHEST WIND SPEED     7   HIGHEST WIND DIRECTION     E (80)
  HIGHEST GUST SPEED    MM   HIGHEST GUST DIRECTION    MM
  AVERAGE WIND SPEED     2.7



WEATHER CONDITIONS
 THE FOLLOWING WEATHER WAS RECORDED YESTERDAY.
  LIGHT RAIN
  FOG


RELATIVE HUMIDITY (PERCENT)
 HIGHEST   100
 LOWEST     93
 AVERAGE    97

..........................................................


THE BETHEL CLIMATE NORMALS FOR TODAY
                         NORMAL    RECORD    YEAR
 MAXIMUM TEMPERATURE (F)   48        63      1926
 MINIMUM TEMPERATURE (F)   35        21      1983


SUNRISE AND SUNSET
SEPTEMBER 25 2017.....SUNRISE   840 AM AKDT  SUNSET   836 PM AKDT
SEPTEMBER 26 2017.....SUNRISE   842 AM AKDT  SUNSET   833 PM AKDT


-  INDICATES NEGATIVE NUMBERS.
R  INDICATES RECORD WAS SET OR TIED.
MM INDICATES DATA IS MISSING.
T  INDICATES TRACE AMOUNT.




$$
