000
CDAK48 PAFC 231311
CLIBET

CLIMATE REPORT
NATIONAL WEATHER SERVICE ANCHORAGE, AK
509 AM AKDT SUN APR 23 2017


...................................

...THE BETHEL CLIMATE SUMMARY FOR APRIL 22 2017...

CLIMATE NORMAL PERIOD 1981 TO 2010
CLIMATE RECORD PERIOD 1948 TO 2017


WEATHER ITEM   OBSERVED TIME   RECORD YEAR NORMAL DEPARTURE LAST
                VALUE   (LST)  VALUE       VALUE  FROM      YEAR
                                                  NORMAL
..................................................................
TEMPERATURE (F)
 YESTERDAY
  MAXIMUM         54    433 PM  55    2014  38     16       57
                                      1996
                                      1940
  MINIMUM         30    456 AM  -4    1966  23      7       31
  AVERAGE         42                        31     11       44

PRECIPITATION (IN)
  YESTERDAY        0.00          0.57 1983   0.03  -0.03     0.00
  MONTH TO DATE    0.11                      0.52  -0.41     0.56
  SINCE MAR 1      0.41                      1.23  -0.82     1.29
  SINCE JAN 1      2.30                      2.73  -0.43     1.68

SNOWFALL (IN)
  YESTERDAY        0.0           2.5  1983   0.2   -0.2      0.0
  MONTH TO DATE    0.9                       4.7   -3.8      0.4
  SINCE MAR 1      3.8                      12.9   -9.1      2.9
  SINCE JUL 1     31.2                      58.7  -27.5     29.9
  SNOW DEPTH       0

DEGREE DAYS
 HEATING
  YESTERDAY       23                        34    -11       21
  MONTH TO DATE  679                       886   -207      554
  SINCE MAR 1   2504                      2430     74     1866
  SINCE JUL 1  10764                     11168   -404     9123

 COOLING
  YESTERDAY        0                         0      0        0
  MONTH TO DATE    0                         0      0        0
  SINCE MAR 1      0                         0      0        0
  SINCE JAN 1      0                         0      0        0
..................................................................


WIND (MPH)
  RESULTANT WIND SPEED  12   RESULTANT WIND DIRECTION  NE (50)
  HIGHEST WIND SPEED    23   HIGHEST WIND DIRECTION     E (80)
  HIGHEST GUST SPEED    31   HIGHEST GUST DIRECTION     E (70)
  AVERAGE WIND SPEED    12.2



WEATHER CONDITIONS
 THE FOLLOWING WEATHER WAS RECORDED YESTERDAY.
  NO SIGNIFICANT WEATHER WAS OBSERVED.


RELATIVE HUMIDITY (PERCENT)
 HIGHEST    85
 LOWEST     42
 AVERAGE    64

..........................................................


THE BETHEL CLIMATE NORMALS FOR TODAY
                         NORMAL    RECORD    YEAR
 MAXIMUM TEMPERATURE (F)   39        60      1996
 MINIMUM TEMPERATURE (F)   23        -7      1955


SUNRISE AND SUNSET
APRIL 23 2017.........SUNRISE   703 AM AKDT  SUNSET  1030 PM AKDT
APRIL 24 2017.........SUNRISE   700 AM AKDT  SUNSET  1033 PM AKDT

CIVIL TWILIGHT
APRIL 23 2017           START    612 AM GMT     END   1123 PM GMT
APRIL 24 2017           START    608 AM GMT     END   1126 PM GMT



-  INDICATES NEGATIVE NUMBERS.
R  INDICATES RECORD WAS SET OR TIED.
MM INDICATES DATA IS MISSING.
T  INDICATES TRACE AMOUNT.




$$
&&
------------------------------------------------------
AMOUNT OF DAYLIGHT TODAY  (HOUR:MIN)........15:28
GAIN/LOSS SINCE YESTERDAY (HOUR:MIN:SEC)....+0:05:32
