000
CDAK48 PABE 021231
CLIBET

CLIMATE REPORT
NATIONAL WEATHER SERVICE BETHEL, AK
431 AM AKDT WED SEP 2 2015

...................................
...THE BETHEL AP CLIMATE SUMMARY FOR SEPTEMBER 1 2015...

CLIMATE NORMAL PERIOD  1981 TO  2010
CLIMATE RECORD PERIOD  1923 TO  2015

WEATHER ITEM   OBSERVED TIME    RECORD YEAR NORMAL DEPARTURE LAST
               VALUE    (LST)   VALUE       VALUE  FROM      YEAR
                                                   NORMAL
...................................................................
TEMPERATURE
YESTERDAY
 MAXIMUM            63  0546 PM    67  2008     58       5     54
 MINIMUM           R31  0711 AM   R31  2015     44     -13     49
 AVERAGE            47                          51      -4     52

PRECIPITATION
(INCHES)
 YESTERDAY        0.00           1.47  2013   0.10   -0.10   0.07
 MONTH TO DATE    0.00                        0.10   -0.10   0.07
 SINCE SEP 1      0.00                        0.10   -0.10   0.07
 SINCE JAN 1      9.80                       11.52   -1.72   9.38

SNOWFALL
(INCHES)
 YESTERDAY         0.0            0.0  2015    0.0     0.0    0.0
 MONTH TO DATE     0.0                         0.0     0.0    0.0
 SINCE SEP 1       0.0                         0.0     0.0    0.0
 SINCE JUL 1       0.0                         0.0     0.0    0.0
 SNOW DEPTH (IN)     0                                          0

DEGREE DAYS
 HEATING
  YESTERDAY         18                          14       4     13
  MONTH TO DATE     18                          14       4     13
  SINCE SEP 1       18                          14       4     13
  SINCE JUL 1      632                         656     -24    534

 COOLING
  YESTERDAY          0                           0       0      0
  MONTH TO DATE      0                           0       0      0
  SINCE SEP 1        0                           0       0      0
  SINCE JAN 1       11                           0      11      0
...................................................................

WIND (MPH)
 HIGHEST WIND SPEED    12     HIGHEST WIND DIRECTION     70
 HIGHEST GUST SPEED    14     HIGHEST GUST DIRECTION     60
 AVERAGE WIND SPEED   6.3

WEATHER CONDITIONS
 THE FOLLOWING WEATHER WAS RECORDED YESTERDAY.

...................................................................

THE BETHEL CLIMATE NORMALS FOR TODAY
                           NORMAL    RECORD   YEAR
 MAXIMUM TEMPERATURE (F)     57        69     1974
 MINIMUM TEMPERATURE (F)     44        30     1983

SUNRISE AND SUNSET
 SEP 2 2015..........SUNRISE  7:43 AM      SUNSET  9:50 PM
 SEP 3 2015..........SUNRISE  7:46 AM      SUNSET  9:47 PM

-  INDICATES NEGATIVE NUMBERS.
R  INDICATES RECORD HAS BEEN SET OR TIED.
MM INDICATES DATA IS MISSING.
T  INDICATES TRACE OF PRECIPITATION.

&&
-------------------------------------------------------------------

AMOUNT OF DAYLIGHT TODAY  (HOUR:MIN)........14 HOURS 7 MINUTES
LOSS SINCE YESTERDAY (HOUR:MIN:SEC)....-0:05:32

$$
CR SEP 15
