000
CDAK48 PAFC 181301
CLIBET


CLIMATE REPORT
NATIONAL WEATHER SERVICE ANCHORAGE, AK
400 AM AKST SUN FEB 18 2018


...................................

...THE BETHEL CLIMATE SUMMARY FOR FEBRUARY 17 2018...

CLIMATE NORMAL PERIOD 1981 TO 2010
CLIMATE RECORD PERIOD 1948 TO 2018


WEATHER ITEM   OBSERVED TIME   RECORD YEAR NORMAL DEPARTURE LAST
                VALUE   (LST)  VALUE       VALUE  FROM      YEAR
                                                  NORMAL
..................................................................
TEMPERATURE (F)
 YESTERDAY
  MAXIMUM         39        MM  41    1944  19     20        0
  MINIMUM         16        MM -32    1971   5     11      -14
  AVERAGE         28                        12     16       -7

PRECIPITATION (IN)
  YESTERDAY        0.00          0.26 1952   0.02  -0.02     0.00
  MONTH TO DATE    0.77                      0.43   0.34     0.29
  SINCE SEP 1     10.85                      8.33   2.52     6.64
  SINCE JAN 1      1.07                      1.21  -0.14     1.50

SNOWFALL (IN)
  YESTERDAY        0.0           2.5  1952   0.3   -0.3      0.0
  MONTH TO DATE    4.2                       4.1    0.1      2.9
  SINCE SEP 1     23.9                      43.0  -19.1     23.8
  SINCE JUL 1     23.9                      43.0  -19.1     23.8
  SNOW DEPTH       8

DEGREE DAYS
 HEATING
  YESTERDAY       37                        53    -16       72
  MONTH TO DATE  746                       934   -188     1100
  SINCE DEC 1   3636                      4438   -802     4437
  SINCE JUL 1   6802                      8161  -1359     7665

 COOLING
  YESTERDAY        0                         0      0        0
  MONTH TO DATE    0                         0      0        0
  SINCE DEC 1      0                         0      0        0
  SINCE JAN 1      0                         0      0        0
..................................................................


WIND (MPH)
  RESULTANT WIND SPEED   9   RESULTANT WIND DIRECTION   E (90)
  HIGHEST WIND SPEED    14   HIGHEST WIND DIRECTION     E (100)
  HIGHEST GUST SPEED    MM   HIGHEST GUST DIRECTION    MM
  AVERAGE WIND SPEED    10.1



WEATHER CONDITIONS
 THE FOLLOWING WEATHER WAS RECORDED YESTERDAY.
  NO SIGNIFICANT WEATHER WAS OBSERVED.


RELATIVE HUMIDITY (PERCENT)
 HIGHEST    92
 LOWEST     59
 AVERAGE    76

..........................................................


THE BETHEL CLIMATE NORMALS FOR TODAY
                         NORMAL    RECORD    YEAR
 MAXIMUM TEMPERATURE (F)   19        48      1934
 MINIMUM TEMPERATURE (F)    5       -36      1932


SUNRISE AND SUNSET
FEBRUARY 18 2018......SUNRISE   919 AM AKST  SUNSET   645 PM AKST
FEBRUARY 19 2018......SUNRISE   916 AM AKST  SUNSET   647 PM AKST


-  INDICATES NEGATIVE NUMBERS.
R  INDICATES RECORD WAS SET OR TIED.
MM INDICATES DATA IS MISSING.
T  INDICATES TRACE AMOUNT.




$$
