000
CDAK48 PABE 271232
CLIBET

CLIMATE REPORT
NATIONAL WEATHER SERVICE BETHEL, AK
432 AM AKDT WED JUL 27 2016

...................................
...THE BETHEL AP CLIMATE SUMMARY FOR JULY 26 2016...

CLIMATE NORMAL PERIOD  1981 TO  2010
CLIMATE RECORD PERIOD  1923 TO  2016

WEATHER ITEM   OBSERVED TIME    RECORD YEAR NORMAL DEPARTURE LAST
               VALUE    (LST)   VALUE       VALUE  FROM      YEAR
                                                   NORMAL
...................................................................
TEMPERATURE
YESTERDAY
 MAXIMUM            71  0316 PM    80  2013     62       9     62
 MINIMUM            47  0546 AM    37  1925     49      -2     45
 AVERAGE            59                          56       3     54

PRECIPITATION
(INCHES)
 YESTERDAY        0.15           0.61  1982   0.09    0.06   0.01
 MONTH TO DATE    1.96                        1.87    0.09   1.94
 SINCE JUN 1      3.43                        3.59   -0.16   2.22
 SINCE JAN 1      6.69                        7.68   -0.99   6.62

SNOWFALL
(INCHES)
 YESTERDAY         0.0            0.0  2016    0.0     0.0    0.0
 MONTH TO DATE     0.0                         0.0     0.0    0.0
 SINCE JUN 1       0.0                         0.0     0.0    0.0
 SINCE JUL 1       0.0                         0.0     0.0    0.0
 SNOW DEPTH (IN)     0                                          0

DEGREE DAYS
 HEATING
  YESTERDAY          6                           9      -3     11
  MONTH TO DATE    149                         234     -85    204
  SINCE JUN 1      421                         611    -190    442
  SINCE JUL 1      149                         234     -85    204

 COOLING
  YESTERDAY          0                           0       0      0
  MONTH TO DATE     12                           0      12      1
  SINCE JUN 1       13                           0      13     11
  SINCE JAN 1       13                           0      13     11
...................................................................

WIND (MPH)
 HIGHEST WIND SPEED    22     HIGHEST WIND DIRECTION    160
 HIGHEST GUST SPEED    27     HIGHEST GUST DIRECTION    150
 AVERAGE WIND SPEED   8.7

WEATHER CONDITIONS
 THE FOLLOWING WEATHER WAS RECORDED YESTERDAY.
 FOG
 THUNDER
 RAIN

...................................................................

THE BETHEL CLIMATE NORMALS FOR TODAY
                           NORMAL    RECORD   YEAR
 MAXIMUM TEMPERATURE (F)     62        82     1953
 MINIMUM TEMPERATURE (F)     49        40     1936

SUNRISE AND SUNSET
 JUL 27 2016..........SUNRISE  6:13 AM      SUNSET 11:34 PM
 JUL 28 2016..........SUNRISE  6:15 AM      SUNSET 11:32 PM

-  INDICATES NEGATIVE NUMBERS.
R  INDICATES RECORD HAS BEEN SET OR TIED.
MM INDICATES DATA IS MISSING.
T  INDICATES TRACE OF PRECIPITATION.

&&
-------------------------------------------------------------------

AMOUNT OF DAYLIGHT TODAY  (HOUR:MIN)........17 HOURS 21 MINUTES
LOSS SINCE YESTERDAY (HOUR:MIN:SEC)....-0:04:52

$$
CR JUL 16
