000
CDAK48 PABE 251107
CLIBET

CLIMATE REPORT
NATIONAL WEATHER SERVICE BETHEL, AK
307 AM AKDT FRI JUL 25 2014

...................................
...THE BETHEL AP CLIMATE SUMMARY FOR JULY 24 2014...

CLIMATE NORMAL PERIOD  1981 TO  2010
CLIMATE RECORD PERIOD  1923 TO  2014

WEATHER ITEM   OBSERVED TIME    RECORD YEAR NORMAL DEPARTURE LAST
               VALUE    (LST)   VALUE       VALUE  FROM      YEAR
                                                   NORMAL
...................................................................
TEMPERATURE
YESTERDAY
 MAXIMUM            61  0742 PM    83  1966     63      -2     66
 MINIMUM            48  1159 PM    36  1926     49      -1     54
 AVERAGE            55                          56      -1     60

PRECIPITATION
(INCHES)
 YESTERDAY        0.00           1.39  1955   0.08   -0.08      T
 MONTH TO DATE    2.44                        1.69    0.75   2.22
 SINCE JUN 1      3.96                        3.41    0.55   3.83
 SINCE JAN 1      7.00                        7.50   -0.50   7.13

SNOWFALL
(INCHES)
 YESTERDAY         0.0            0.0  2014    0.0     0.0    0.0
 MONTH TO DATE     0.0                         0.0     0.0    0.0
 SINCE JUN 1       0.0                         0.0     0.0    0.0
 SINCE JUL 1       0.0                         0.0     0.0    0.0
 SNOW DEPTH (IN)     0                                          0

DEGREE DAYS
 HEATING
  YESTERDAY         10                           9       1      5
  MONTH TO DATE    220                         216       4    256
  SINCE JUN 1      640                         593      47    544
  SINCE JUL 1      220                         216       4    256

 COOLING
  YESTERDAY          0                           0       0      0
  MONTH TO DATE      0                           0       0      0
  SINCE JUN 1        0                           0       0      7
  SINCE JAN 1        0                           0       0      7
...................................................................

WIND (MPH)
 HIGHEST WIND SPEED    18     HIGHEST WIND DIRECTION    340
 HIGHEST GUST SPEED    25     HIGHEST GUST DIRECTION    340
 AVERAGE WIND SPEED   9.7

SKY COVER
  POSSIBLE SUNSHINE    MM          AVERAGE SKY COVER     MM

WEATHER CONDITIONS
 THE FOLLOWING WEATHER WAS RECORDED YESTERDAY.
  FOG


RELATIVE HUMIDITY
 HIGHEST RH     MM PERCENT       MM
 LOWEST  RH     MM PERCENT       MM
 AVERAGE RH     MM PERCENT       MM
...................................................................

THE BETHEL CLIMATE NORMALS FOR TODAY
                           NORMAL    RECORD   YEAR
 MAXIMUM TEMPERATURE (F)     63        83     1968
 MINIMUM TEMPERATURE (F)     49        40     1969

SUNRISE AND SUNSET
 JUL 25 2014..........SUNRISE  6:07 AM      SUNSET 11:40 PM
 JUL 26 2014..........SUNRISE  6:09 AM      SUNSET 11:38 PM

-  INDICATES NEGATIVE NUMBERS.
R  INDICATES RECORD HAS BEEN SET OR TIED.
MM INDICATES DATA IS MISSING.
T  INDICATES TRACE OF PRECIPITATION.

&&
-------------------------------------------------------------------

AMOUNT OF DAYLIGHT TODAY  (HOUR:MIN)........17 HOURS 33 MINUTES
GAIN/LOSS SINCE YESTERDAY (HOUR:MIN:SEC)....-0:04:43

$$
BDW JUL 14
