703
CDAK48 PAFC 260056 RRA
CLIBET

CLIMATE REPORT
NATIONAL WEATHER SERVICE ANCHORAGE, AK
454 PM AKDT SAT MAR 25 2017


...................................

...THE BETHEL CLIMATE SUMMARY FOR MARCH 25 2017...
VALID TODAY AS OF 0400 PM LOCAL TIME.

CLIMATE NORMAL PERIOD 1981 TO 2010
CLIMATE RECORD PERIOD 1948 TO 2017


WEATHER ITEM   OBSERVED TIME   RECORD YEAR NORMAL DEPARTURE LAST
                VALUE   (LST)  VALUE       VALUE  FROM      YEAR
                                                  NORMAL
..................................................................
TEMPERATURE (F)
 TODAY
  MAXIMUM         18    100 PM  46    1974  24     -6       36
  MINIMUM          4        MM -27    1975   9     -5       30
  AVERAGE         11                        17     -6       33

PRECIPITATION (IN)
  TODAY            0.00          0.42 1991   0.02  -0.02     0.01
  MONTH TO DATE    0.01                      0.57  -0.56     0.07
  SINCE MAR 1      0.01                      0.57  -0.56     0.07
  SINCE JAN 1      1.90                      2.07  -0.17     0.46

SNOWFALL (IN)
  TODAY            0.0           4.4  1964   0.3   -0.3      0.1
  MONTH TO DATE    T                         6.7   -6.7      0.1
  SINCE MAR 1      T                         6.7   -6.7      0.1
  SINCE JUL 1     27.4                      52.5  -25.1     27.1
  SNOW DEPTH       5

DEGREE DAYS
 HEATING
  TODAY           54                        48      6       32
  MONTH TO DATE 1503                      1261    242     1099
  SINCE MAR 1   1503                      1261    242     1099
  SINCE JUL 1   9763                      9999   -236     8356

 COOLING
  TODAY            0                         0      0        0
  MONTH TO DATE    0                         0      0        0
  SINCE MAR 1      0                         0      0        0
  SINCE JAN 1      0                         0      0        0
..................................................................


WIND (MPH)
  RESULTANT WIND SPEED  15   RESULTANT WIND DIRECTION   N (20)
  HIGHEST WIND SPEED    20   HIGHEST WIND DIRECTION     N (10)
  HIGHEST GUST SPEED    MM   HIGHEST GUST DIRECTION    MM
  AVERAGE WIND SPEED    14.6



WEATHER CONDITIONS
 THE FOLLOWING WEATHER WAS RECORDED TODAY.
  NO SIGNIFICANT WEATHER WAS OBSERVED.


RELATIVE HUMIDITY (PERCENT)
 HIGHEST    86
 LOWEST     73
 AVERAGE    80

..........................................................


THE BETHEL CLIMATE NORMALS FOR TOMORROW
                         NORMAL    RECORD    YEAR
 MAXIMUM TEMPERATURE (F)   24        46      1954
 MINIMUM TEMPERATURE (F)   10       -25      1925


SUNRISE AND SUNSET
MARCH 25 2017.........SUNRISE   831 AM AKDT  SUNSET   916 PM AKDT
MARCH 26 2017.........SUNRISE   828 AM AKDT  SUNSET   919 PM AKDT

CIVIL TWILIGHT
MARCH 25 2017           START    749 AM GMT     END   1000 PM GMT
MARCH 26 2017           START    746 AM GMT     END   1003 PM GMT



-  INDICATES NEGATIVE NUMBERS.
R  INDICATES RECORD WAS SET OR TIED.
MM INDICATES DATA IS MISSING.
T  INDICATES TRACE AMOUNT.




$$
&&
------------------------------------------------------
AMOUNT OF DAYLIGHT TODAY  (HOUR:MIN)........12:45
GAIN/LOSS SINCE YESTERDAY (HOUR:MIN:SEC)....+0:05:39

$$
