899
CDUS41 KCTP 062217
CLIBFD


CLIMATE REPORT
NATIONAL WEATHER SERVICE STATE COLLEGE PA
516 PM EST SAT FEB 6 2016


...................................

...THE BRADFORD CLIMATE SUMMARY FOR FEBRUARY 6 2016...
VALID TODAY AS OF 0500 PM LOCAL TIME.

CLIMATE NORMAL PERIOD 1981 TO 2010
CLIMATE RECORD PERIOD 1957 TO 2016


WEATHER ITEM   OBSERVED TIME   RECORD YEAR NORMAL DEPARTURE LAST
                VALUE   (LST)  VALUE       VALUE  FROM      YEAR
                                                  NORMAL
..................................................................
TEMPERATURE (F)
 TODAY
  MAXIMUM         37    341 PM  50    2005  31      6       19
  MINIMUM         11    124 AM -11    1979  14     -3       -2
  AVERAGE         24                        22      2        9

PRECIPITATION (IN)
  TODAY            0.00          1.26 2008   0.08  -0.08      T
  MONTH TO DATE    0.84                      0.50   0.34     0.67
  SINCE DEC 1      6.79                      7.19  -0.40     4.71
  SINCE JAN 1      1.99                      3.79  -1.80     2.51

DEGREE DAYS
 HEATING
  TODAY           41                        37      4       56
  MONTH TO DATE  201                       224    -23      295
  SINCE DEC 1   2308                      2800   -492     2857
  SINCE JUL 1   3788                      4635   -847     4675

 COOLING
  TODAY            0                         0      0        0
  MONTH TO DATE    0                         0      0        0
  SINCE DEC 1      0                         0      0        0
  SINCE JAN 1      0                         0      0        0
..................................................................


WIND (MPH)
  HIGHEST WIND SPEED    15   HIGHEST WIND DIRECTION     W (270)
  HIGHEST GUST SPEED    22   HIGHEST GUST DIRECTION    SW (230)
  AVERAGE WIND SPEED     6.3


SKY COVER
  POSSIBLE SUNSHINE  MM
  AVERAGE SKY COVER 0.5


WEATHER CONDITIONS
 THE FOLLOWING WEATHER WAS RECORDED TODAY.
  FOG


RELATIVE HUMIDITY (PERCENT)
 HIGHEST    84          1200 AM
 LOWEST     44           200 PM
 AVERAGE    64

..........................................................


THE BRADFORD CLIMATE NORMALS FOR TOMORROW
                         NORMAL    RECORD    YEAR
 MAXIMUM TEMPERATURE (F)   31        49      2005
 MINIMUM TEMPERATURE (F)   14       -10      1988


SUNRISE AND SUNSET
FEBRUARY  6 2016......SUNRISE   722 AM EST   SUNSET   536 PM EST
FEBRUARY  7 2016......SUNRISE   721 AM EST   SUNSET   537 PM EST


-  INDICATES NEGATIVE NUMBERS.
R  INDICATES RECORD WAS SET OR TIED.
MM INDICATES DATA IS MISSING.
T  INDICATES TRACE AMOUNT.




$$
