000
CDUS41 KCTP 200613
CLIBFD


CLIMATE REPORT
NATIONAL WEATHER SERVICE STATE COLLEGE PA
213 AM EDT FRI OCT 20 2017


...................................

...THE BRADFORD CLIMATE SUMMARY FOR OCTOBER 19 2017...

CLIMATE NORMAL PERIOD 1981 TO 2010
CLIMATE RECORD PERIOD 1957 TO 2017


WEATHER ITEM   OBSERVED TIME   RECORD YEAR NORMAL DEPARTURE LAST
                VALUE   (LST)  VALUE       VALUE  FROM      YEAR
                                                  NORMAL
..................................................................
TEMPERATURE (F)
 YESTERDAY
  MAXIMUM         67    343 PM  75    1963  56     11       68
  MINIMUM         38    636 AM  11    1974  35      3       46
  AVERAGE         53                        46      7       57

PRECIPITATION (IN)
  YESTERDAY        0.00          0.81 2002   0.11  -0.11     0.00
  MONTH TO DATE    2.85                      2.17   0.68     2.02
  SINCE SEP 1      5.24                      6.09  -0.85     4.57
  SINCE JAN 1     40.39                     36.04   4.35    33.57

DEGREE DAYS
 HEATING
  YESTERDAY       12                        15     -3        8
  MONTH TO DATE  167                       236    -69      213
  SINCE SEP 1    343                       500   -157      353
  SINCE JUL 1    452                       653   -201      396

 COOLING
  YESTERDAY        0                         0      0        0
  MONTH TO DATE    7                         0      7        3
  SINCE SEP 1     40                        15     25       45
  SINCE JAN 1    264                       192     72      370
..................................................................


WIND (MPH)
  HIGHEST WIND SPEED    17   HIGHEST WIND DIRECTION     W (280)
  HIGHEST GUST SPEED    28   HIGHEST GUST DIRECTION    SW (230)
  AVERAGE WIND SPEED     5.9


SKY COVER
  POSSIBLE SUNSHINE  MM
  AVERAGE SKY COVER 0.1


WEATHER CONDITIONS
 THE FOLLOWING WEATHER WAS RECORDED YESTERDAY.
  NO SIGNIFICANT WEATHER WAS OBSERVED.


RELATIVE HUMIDITY (PERCENT)
 HIGHEST    86           500 AM
 LOWEST     42           100 PM
 AVERAGE    64

..........................................................


THE BRADFORD CLIMATE NORMALS FOR TODAY
                         NORMAL    RECORD    YEAR
 MAXIMUM TEMPERATURE (F)   56        75      1963
 MINIMUM TEMPERATURE (F)   35        12      1972


SUNRISE AND SUNSET
OCTOBER 20 2017.......SUNRISE   733 AM EDT   SUNSET   625 PM EDT
OCTOBER 21 2017.......SUNRISE   734 AM EDT   SUNSET   624 PM EDT


-  INDICATES NEGATIVE NUMBERS.
R  INDICATES RECORD WAS SET OR TIED.
MM INDICATES DATA IS MISSING.
T  INDICATES TRACE AMOUNT.




$$
