000
CDUS41 KCTP 260633
CLIBFD


CLIMATE REPORT
NATIONAL WEATHER SERVICE STATE COLLEGE PA
233 AM EDT THU MAY 26 2016


...................................

...THE BRADFORD CLIMATE SUMMARY FOR MAY 25 2016...

CLIMATE NORMAL PERIOD 1981 TO 2010
CLIMATE RECORD PERIOD 1957 TO 2016


WEATHER ITEM   OBSERVED TIME   RECORD YEAR NORMAL DEPARTURE LAST
                VALUE   (LST)  VALUE       VALUE  FROM      YEAR
                                                  NORMAL
..................................................................
TEMPERATURE (F)
 YESTERDAY
  MAXIMUM         81    507 PM  84    2012  68     13       79
  MINIMUM         39    442 AM  30    1992  43     -4       51
  AVERAGE         60                        56      4       65

PRECIPITATION (IN)
  YESTERDAY        0.00          1.57 1994   0.15  -0.15     0.00
  MONTH TO DATE    3.21                      3.33  -0.12     1.48
  SINCE MAR 1      9.82                     10.25  -0.43     8.05
  SINCE JAN 1     14.43                     15.89  -1.46    10.89

DEGREE DAYS
 HEATING
  YESTERDAY        5                         6     -1        0
  MONTH TO DATE  366                       212    154      199
  SINCE MAR 1   1801                      1893    -92     1988
  SINCE JUL 1   6501                      7463   -962     7887

 COOLING
  YESTERDAY        0                         0      0        0
  MONTH TO DATE    0                         0      0       30
  SINCE MAR 1      0                         2     -2       30
  SINCE JAN 1      0                         2     -2       30
..................................................................


WIND (MPH)
  HIGHEST WIND SPEED    16   HIGHEST WIND DIRECTION     W (280)
  HIGHEST GUST SPEED    22   HIGHEST GUST DIRECTION     W (290)
  AVERAGE WIND SPEED     4.3


SKY COVER
  POSSIBLE SUNSHINE  MM
  AVERAGE SKY COVER 0.0


WEATHER CONDITIONS
 THE FOLLOWING WEATHER WAS RECORDED YESTERDAY.
  NO SIGNIFICANT WEATHER WAS OBSERVED.


RELATIVE HUMIDITY (PERCENT)
 HIGHEST    92           500 AM
 LOWEST     25           400 PM
 AVERAGE    59

..........................................................


THE BRADFORD CLIMATE NORMALS FOR TODAY
                         NORMAL    RECORD    YEAR
 MAXIMUM TEMPERATURE (F)   68        85      2012
 MINIMUM TEMPERATURE (F)   44        29      1988


SUNRISE AND SUNSET
MAY 26 2016...........SUNRISE   545 AM EDT   SUNSET   839 PM EDT
MAY 27 2016...........SUNRISE   545 AM EDT   SUNSET   839 PM EDT


-  INDICATES NEGATIVE NUMBERS.
R  INDICATES RECORD WAS SET OR TIED.
MM INDICATES DATA IS MISSING.
T  INDICATES TRACE AMOUNT.




$$
