000
CDUS41 KCTP 242119
CLIBFD


CLIMATE REPORT
NATIONAL WEATHER SERVICE STATE COLLEGE PA
518 PM EDT WED AUG 24 2016


...................................

...THE BRADFORD CLIMATE SUMMARY FOR AUGUST 24 2016...
VALID TODAY AS OF 0500 PM LOCAL TIME.

CLIMATE NORMAL PERIOD 1981 TO 2010
CLIMATE RECORD PERIOD 1957 TO 2016


WEATHER ITEM   OBSERVED TIME   RECORD YEAR NORMAL DEPARTURE LAST
                VALUE   (LST)  VALUE       VALUE  FROM      YEAR
                                                  NORMAL
..................................................................
TEMPERATURE (F)
 TODAY
  MAXIMUM         81    242 PM  84    1972  75      6       74
  MINIMUM         50    529 AM  33    1971  51     -1       55
  AVERAGE         66                        63      3       65

PRECIPITATION (IN)
  TODAY            0.00          1.31 1968   0.13  -0.13     0.00
  MONTH TO DATE    6.66                      3.22   3.44     1.16
  SINCE JUN 1     14.19                     12.32   1.87    11.32
  SINCE JAN 1     28.62                     29.06  -0.44    23.75

DEGREE DAYS
 HEATING
  TODAY            0                         1     -1        0
  MONTH TO DATE   12                        16     -4       43
  SINCE JUN 1    135                       225    -90      197
  SINCE JUL 1     43                        80    -37       90

 COOLING
  TODAY            1                         1      0        0
  MONTH TO DATE  123                        45     78       46
  SINCE JUN 1    276                       159    117      156
  SINCE JAN 1    295                       169    126      200
..................................................................


WIND (MPH)
  HIGHEST WIND SPEED    15   HIGHEST WIND DIRECTION     S (200)
  HIGHEST GUST SPEED    22   HIGHEST GUST DIRECTION     S (190)
  AVERAGE WIND SPEED     5.0


SKY COVER
  POSSIBLE SUNSHINE  MM
  AVERAGE SKY COVER 0.0


WEATHER CONDITIONS
 THE FOLLOWING WEATHER WAS RECORDED TODAY.
  FOG


RELATIVE HUMIDITY (PERCENT)
 HIGHEST   100          1200 AM
 LOWEST     45           300 PM
 AVERAGE    73

..........................................................


THE BRADFORD CLIMATE NORMALS FOR TOMORROW
                         NORMAL    RECORD    YEAR
 MAXIMUM TEMPERATURE (F)   75        86      1959
 MINIMUM TEMPERATURE (F)   51        36      1963


SUNRISE AND SUNSET
AUGUST 24 2016........SUNRISE   633 AM EDT   SUNSET   800 PM EDT
AUGUST 25 2016........SUNRISE   634 AM EDT   SUNSET   758 PM EDT


-  INDICATES NEGATIVE NUMBERS.
R  INDICATES RECORD WAS SET OR TIED.
MM INDICATES DATA IS MISSING.
T  INDICATES TRACE AMOUNT.




$$
