000
CDUS41 KCTP 300608
CLIBFD


CLIMATE REPORT
NATIONAL WEATHER SERVICE STATE COLLEGE PA
208 AM EDT SAT MAY 30 2015


...................................

...THE BRADFORD CLIMATE SUMMARY FOR MAY 29 2015...

CLIMATE NORMAL PERIOD 1981 TO 2010
CLIMATE RECORD PERIOD 1957 TO 2015


WEATHER ITEM   OBSERVED TIME   RECORD YEAR NORMAL DEPARTURE LAST
                VALUE   (LST)  VALUE       VALUE  FROM      YEAR
                                                  NORMAL
..................................................................
TEMPERATURE (F)
 YESTERDAY
  MAXIMUM         81    249 PM  87    2006  69     12       68
  MINIMUM         45    502 AM  29    2008  45      0       49
  AVERAGE         63                        57      6       59

PRECIPITATION (IN)
  YESTERDAY        T             0.76 1990   0.15  -0.15     0.00
  MONTH TO DATE    2.07                      3.89  -1.82     6.16
  SINCE MAR 1      8.64                     10.81  -2.17    12.42
  SINCE JAN 1     11.48                     16.45  -4.97    15.95

DEGREE DAYS
 HEATING
  YESTERDAY        2                         5     -3        6
  MONTH TO DATE  202                       233    -31      295
  SINCE MAR 1   1991                      1914     77     2080
  SINCE JUL 1   7890                      7484    406     7746

 COOLING
  YESTERDAY        0                         1     -1        0
  MONTH TO DATE   38                         1     37       16
  SINCE MAR 1     38                         3     35       18
  SINCE JAN 1     38                         3     35       18
..................................................................


WIND (MPH)
  HIGHEST WIND SPEED    17   HIGHEST WIND DIRECTION     S (200)
  HIGHEST GUST SPEED    25   HIGHEST GUST DIRECTION    SW (210)
  AVERAGE WIND SPEED     6.4


SKY COVER
  POSSIBLE SUNSHINE  MM
  AVERAGE SKY COVER 0.3


WEATHER CONDITIONS
 THE FOLLOWING WEATHER WAS RECORDED YESTERDAY.
  THUNDERSTORM
  LIGHT RAIN
  FOG


RELATIVE HUMIDITY (PERCENT)
 HIGHEST    96           600 AM
 LOWEST     45           100 PM
 AVERAGE    71

..........................................................


THE BRADFORD CLIMATE NORMALS FOR TODAY
                         NORMAL    RECORD    YEAR
 MAXIMUM TEMPERATURE (F)   69        88      2006
 MINIMUM TEMPERATURE (F)   45        28      1966


SUNRISE AND SUNSET
MAY 30 2015...........SUNRISE   543 AM EDT   SUNSET   841 PM EDT
MAY 31 2015...........SUNRISE   543 AM EDT   SUNSET   842 PM EDT


-  INDICATES NEGATIVE NUMBERS.
R  INDICATES RECORD WAS SET OR TIED.
MM INDICATES DATA IS MISSING.
T  INDICATES TRACE AMOUNT.




$$
