000
CDUS41 KCTP 230634
CLIBFD


CLIMATE REPORT
NATIONAL WEATHER SERVICE STATE COLLEGE PA
233 AM EDT WED AUG 23 2017


...................................

...THE BRADFORD CLIMATE SUMMARY FOR AUGUST 22 2017...

CLIMATE NORMAL PERIOD 1981 TO 2010
CLIMATE RECORD PERIOD 1957 TO 2017


WEATHER ITEM   OBSERVED TIME   RECORD YEAR NORMAL DEPARTURE LAST
                VALUE   (LST)  VALUE       VALUE  FROM      YEAR
                                                  NORMAL
..................................................................
TEMPERATURE (F)
 YESTERDAY
  MAXIMUM         81   1217 PM  83    1959  75      6       70
  MINIMUM         62   1159 PM  32    1982  52     10       47
  AVERAGE         72                        63      9       59

PRECIPITATION (IN)
  YESTERDAY        1.27          1.40 1987   0.13   1.14     0.00
  MONTH TO DATE    2.29                      2.96  -0.67     6.66
  SINCE JUN 1     13.87                     12.06   1.81    14.19
  SINCE JAN 1     35.07                     28.80   6.27    28.62

DEGREE DAYS
 HEATING
  YESTERDAY        0                         1     -1        6
  MONTH TO DATE   26                        14     12        7
  SINCE JUN 1    182                       223    -41      130
  SINCE JUL 1     50                        78    -28       38

 COOLING
  YESTERDAY        7                         1      6        0
  MONTH TO DATE   44                        43      1      122
  SINCE JUN 1    205                       157     48      275
  SINCE JAN 1    224                       167     57      294
..................................................................


WIND (MPH)
  HIGHEST WIND SPEED    30   HIGHEST WIND DIRECTION     W (280)
  HIGHEST GUST SPEED    46   HIGHEST GUST DIRECTION     W (280)
  AVERAGE WIND SPEED     7.4


SKY COVER
  POSSIBLE SUNSHINE  MM
  AVERAGE SKY COVER 0.6


WEATHER CONDITIONS
 THE FOLLOWING WEATHER WAS RECORDED YESTERDAY.
  THUNDERSTORM
  HEAVY RAIN
  RAIN
  LIGHT RAIN
  FOG
  FOG W/VISIBILITY <= 1/4 MILE


RELATIVE HUMIDITY (PERCENT)
 HIGHEST   100          1200 AM
 LOWEST     67          1100 AM
 AVERAGE    84

..........................................................


THE BRADFORD CLIMATE NORMALS FOR TODAY
                         NORMAL    RECORD    YEAR
 MAXIMUM TEMPERATURE (F)   75        85      1968
 MINIMUM TEMPERATURE (F)   52        37      1973


SUNRISE AND SUNSET
AUGUST 23 2017........SUNRISE   631 AM EDT   SUNSET   802 PM EDT
AUGUST 24 2017........SUNRISE   632 AM EDT   SUNSET   800 PM EDT


-  INDICATES NEGATIVE NUMBERS.
R  INDICATES RECORD WAS SET OR TIED.
MM INDICATES DATA IS MISSING.
T  INDICATES TRACE AMOUNT.




$$
