000
CDUS41 KCTP 200625
CLIBFD


CLIMATE REPORT
NATIONAL WEATHER SERVICE STATE COLLEGE PA
125 AM EST TUE FEB 20 2018


...................................

...THE BRADFORD CLIMATE SUMMARY FOR FEBRUARY 19 2018...

CLIMATE NORMAL PERIOD 1981 TO 2010
CLIMATE RECORD PERIOD 1957 TO 2018


WEATHER ITEM   OBSERVED TIME   RECORD YEAR NORMAL DEPARTURE LAST
                VALUE   (LST)  VALUE       VALUE  FROM      YEAR
                                                  NORMAL
..................................................................
TEMPERATURE (F)
 YESTERDAY
  MAXIMUM         53   1159 PM  62    1994  33     20       57
  MINIMUM         30   1213 AM -14    1993  15     15       36
  AVERAGE         42                        24     18       47

PRECIPITATION (IN)
  YESTERDAY        0.56          1.04 1964   0.08   0.48     0.00
  MONTH TO DATE    2.15                      1.58   0.57     1.92
  SINCE DEC 1      7.92                      8.27  -0.35     9.73
  SINCE JAN 1      5.80                      4.87   0.93     6.49

DEGREE DAYS
 HEATING
  YESTERDAY       23                        35    -12       18
  MONTH TO DATE  723                       695     28      697
  SINCE DEC 1   3368                      3271     97     2999
  SINCE JUL 1   4902                      5106   -204     4387

 COOLING
  YESTERDAY        0                         0      0        0
  MONTH TO DATE    0                         0      0        0
  SINCE DEC 1      0                         0      0        0
  SINCE JAN 1      0                         0      0        0
..................................................................


WIND (MPH)
  HIGHEST WIND SPEED    16   HIGHEST WIND DIRECTION     S (160)
  HIGHEST GUST SPEED    25   HIGHEST GUST DIRECTION     S (160)
  AVERAGE WIND SPEED     8.1


SKY COVER
  POSSIBLE SUNSHINE  MM
  AVERAGE SKY COVER 0.7


WEATHER CONDITIONS
 THE FOLLOWING WEATHER WAS RECORDED YESTERDAY.
  RAIN
  LIGHT RAIN
  FOG


RELATIVE HUMIDITY (PERCENT)
 HIGHEST   100           300 PM
 LOWEST     69           400 AM
 AVERAGE    85

..........................................................


THE BRADFORD CLIMATE NORMALS FOR TODAY
                         NORMAL    RECORD    YEAR
 MAXIMUM TEMPERATURE (F)   34        58      2016
 MINIMUM TEMPERATURE (F)   15       -15      2015


SUNRISE AND SUNSET
FEBRUARY 20 2018......SUNRISE   703 AM EST   SUNSET   554 PM EST
FEBRUARY 21 2018......SUNRISE   702 AM EST   SUNSET   555 PM EST


-  INDICATES NEGATIVE NUMBERS.
R  INDICATES RECORD WAS SET OR TIED.
MM INDICATES DATA IS MISSING.
T  INDICATES TRACE AMOUNT.




$$
