000
CDUS41 KCTP 130649
CLIBFD


CLIMATE REPORT
NATIONAL WEATHER SERVICE STATE COLLEGE PA
149 AM EST WED DEC 13 2017


...................................

...THE BRADFORD CLIMATE SUMMARY FOR DECEMBER 12 2017...

CLIMATE NORMAL PERIOD 1981 TO 2010
CLIMATE RECORD PERIOD 1957 TO 2017


WEATHER ITEM   OBSERVED TIME   RECORD YEAR NORMAL DEPARTURE LAST
                VALUE   (LST)  VALUE       VALUE  FROM      YEAR
                                                  NORMAL
..................................................................
TEMPERATURE (F)
 YESTERDAY
  MAXIMUM         31    101 AM  59    2015  34     -3       34
  MINIMUM          9   1046 PM -20    1988  19    -10       24
  AVERAGE         20                        27     -7       29

PRECIPITATION (IN)
  YESTERDAY        0.13          0.80 1983   0.11   0.02     0.21
  MONTH TO DATE    0.90                      1.41  -0.51     1.22
  SINCE DEC 1      0.90                      1.41  -0.51     1.22
  SINCE JAN 1     48.11                     42.47   5.64    42.48

DEGREE DAYS
 HEATING
  YESTERDAY       45                        34     11       36
  MONTH TO DATE  435                       380     55      432
  SINCE DEC 1    435                       380     55      432
  SINCE JUL 1   1969                      2215   -246     1820

 COOLING
  YESTERDAY        0                         0      0        0
  MONTH TO DATE    0                         0      0        0
  SINCE DEC 1      0                         0      0        0
  SINCE JAN 1    264                       193     71      370
..................................................................


WIND (MPH)
  HIGHEST WIND SPEED    24   HIGHEST WIND DIRECTION    NW (300)
  HIGHEST GUST SPEED    32   HIGHEST GUST DIRECTION    NW (300)
  AVERAGE WIND SPEED    10.5


SKY COVER
  POSSIBLE SUNSHINE  MM
  AVERAGE SKY COVER 1.0


WEATHER CONDITIONS
 THE FOLLOWING WEATHER WAS RECORDED YESTERDAY.
  LIGHT SNOW
  FOG
  HAZE


RELATIVE HUMIDITY (PERCENT)
 HIGHEST   100           500 AM
 LOWEST     67           200 PM
 AVERAGE    84

..........................................................


THE BRADFORD CLIMATE NORMALS FOR TODAY
                         NORMAL    RECORD    YEAR
 MAXIMUM TEMPERATURE (F)   33        61      2015
 MINIMUM TEMPERATURE (F)   19        -8      2005


SUNRISE AND SUNSET
DECEMBER 13 2017......SUNRISE   734 AM EST   SUNSET   444 PM EST
DECEMBER 14 2017......SUNRISE   734 AM EST   SUNSET   444 PM EST


-  INDICATES NEGATIVE NUMBERS.
R  INDICATES RECORD WAS SET OR TIED.
MM INDICATES DATA IS MISSING.
T  INDICATES TRACE AMOUNT.




$$
