000
CDUS41 KCTP 210627
CLIBFD


CLIMATE REPORT
NATIONAL WEATHER SERVICE STATE COLLEGE PA
227 AM EDT TUE OCT 21 2014


...................................

...THE BRADFORD CLIMATE SUMMARY FOR OCTOBER 20 2014...

CLIMATE NORMAL PERIOD 1981 TO 2010
CLIMATE RECORD PERIOD 1957 TO 2014


WEATHER ITEM   OBSERVED TIME   RECORD YEAR NORMAL DEPARTURE LAST
                VALUE   (LST)  VALUE       VALUE  FROM      YEAR
                                                  NORMAL
..................................................................
TEMPERATURE (F)
 YESTERDAY
  MAXIMUM         53    118 PM  75    1963  56     -3       52
  MINIMUM         32   1220 AM  12    1972  35     -3       37
  AVERAGE         43                        45     -2       45

PRECIPITATION (IN)
  YESTERDAY        0.18          0.92 2006   0.10   0.08     0.00
  MONTH TO DATE    3.08                      2.27   0.81     2.99
  SINCE SEP 1      5.33                      6.19  -0.86     5.52
  SINCE JAN 1     36.67                     36.14   0.53    26.93

DEGREE DAYS
 HEATING
  YESTERDAY       22                        15      7       20
  MONTH TO DATE  282                       251     31      196
  SINCE SEP 1    499                       515    -16      436
  SINCE JUL 1    683                       668     15      572

 COOLING
  YESTERDAY        0                         0      0        0
  MONTH TO DATE    1                         0      1        9
  SINCE SEP 1     26                        15     11       39
  SINCE JAN 1    196                       192      4      334
..................................................................


WIND (MPH)
  HIGHEST WIND SPEED    15   HIGHEST WIND DIRECTION    SW (220)
  HIGHEST GUST SPEED    21   HIGHEST GUST DIRECTION    SW (220)
  AVERAGE WIND SPEED     5.1


SKY COVER
  POSSIBLE SUNSHINE  MM
  AVERAGE SKY COVER 0.9


WEATHER CONDITIONS
 THE FOLLOWING WEATHER WAS RECORDED YESTERDAY.
  LIGHT RAIN
  FOG


RELATIVE HUMIDITY (PERCENT)
 HIGHEST    86          1100 PM
 LOWEST     59           100 PM
 AVERAGE    73

..........................................................


THE BRADFORD CLIMATE NORMALS FOR TODAY
                         NORMAL    RECORD    YEAR
 MAXIMUM TEMPERATURE (F)   55        75      1979
 MINIMUM TEMPERATURE (F)   35        21      1972


SUNRISE AND SUNSET
OCTOBER 21 2014.......SUNRISE   734 AM EDT   SUNSET   624 PM EDT
OCTOBER 22 2014.......SUNRISE   735 AM EDT   SUNSET   623 PM EDT


-  INDICATES NEGATIVE NUMBERS.
R  INDICATES RECORD WAS SET OR TIED.
MM INDICATES DATA IS MISSING.
T  INDICATES TRACE AMOUNT.




$$
