000
CDUS45 KCYS 250727
CLIBFF


CLIMATE REPORT
NATIONAL WEATHER SERVICE CHEYENNE WY
1227 AM MST THU DEC 25 2014


...................................

...THE SCOTTSBLUFF NEBRASKA AIRPORT CLIMATE SUMMARY FOR DECEMBER 24 2014...

CLIMATE NORMAL PERIOD 1981 TO 2010
CLIMATE RECORD PERIOD 1871 TO 2014


WEATHER ITEM   OBSERVED TIME   RECORD YEAR NORMAL DEPARTURE LAST
                VALUE   (LST)  VALUE       VALUE  FROM      YEAR
                                                  NORMAL
..................................................................
TEMPERATURE (F)
 YESTERDAY
  MAXIMUM         44    334 PM  65    1955  39      5       44
  MINIMUM          8    739 AM -22    1998  12     -4       20
  AVERAGE         26                        25      1       32

PRECIPITATION (IN)
  YESTERDAY        T             0.80 1893   0.02  -0.02     0.00
  MONTH TO DATE    0.80                      0.40   0.40     0.63
  SINCE JAN 1     18.60                     15.68   2.92    13.37

SNOWFALL (IN)
  YESTERDAY        0.0           8.0  1893   0.2   -0.2      0.0
  MONTH TO DATE   10.5                       5.5    5.0     11.2
  SINCE JUL 1     16.1                      14.4    1.7     24.1
  SNOW DEPTH       3

DEGREE DAYS
 HEATING
  YESTERDAY       39                        40     -1       33
  MONTH TO DATE  820                       933   -113     1004
  SINCE DEC 1    820                       933   -113     1004
  SINCE JUL 1   2265                      2498   -233     2509

 COOLING
  YESTERDAY        0                         0      0        0
  MONTH TO DATE    0                         0      0        0
  SINCE DEC 1      0                         0      0        0
  SINCE JAN 1    719                       724     -5     1047
..................................................................


WIND (MPH)
  HIGHEST WIND SPEED    24   HIGHEST WIND DIRECTION     W (270)
  HIGHEST GUST SPEED    30   HIGHEST GUST DIRECTION     W (270)
  AVERAGE WIND SPEED     6.0


SKY COVER
  AVERAGE SKY COVER 0.0


WEATHER CONDITIONS
 THE FOLLOWING WEATHER WAS RECORDED YESTERDAY.
  NO SIGNIFICANT WEATHER WAS OBSERVED.


RELATIVE HUMIDITY (PERCENT)
 HIGHEST    91           400 AM
 LOWEST     49           200 PM
 AVERAGE    70

..........................................................


THE SCOTTSBLUFF NEBRASKA AIRPORT CLIMATE NORMALS FOR TODAY
                         NORMAL    RECORD    YEAR
 MAXIMUM TEMPERATURE (F)   39        66      1971
 MINIMUM TEMPERATURE (F)   12       -14      1987


SUNRISE AND SUNSET
DECEMBER 25 2014......SUNRISE   720 AM MST   SUNSET   429 PM MST
DECEMBER 26 2014......SUNRISE   721 AM MST   SUNSET   429 PM MST


-  INDICATES NEGATIVE NUMBERS.
R  INDICATES RECORD WAS SET OR TIED.
MM INDICATES DATA IS MISSING.
T  INDICATES TRACE AMOUNT.




$$
