000
CDUS45 KCYS 310728
CLIBFF


CLIMATE REPORT
NATIONAL WEATHER SERVICE CHEYENNE WY
127 AM MDT TUE MAY 31 2016


...................................

...THE SCOTTSBLUFF NE AIRPORT CLIMATE SUMMARY FOR MAY 30 2016...

CLIMATE NORMAL PERIOD 1981 TO 2010
CLIMATE RECORD PERIOD 1871 TO 2016


WEATHER ITEM   OBSERVED TIME   RECORD YEAR NORMAL DEPARTURE LAST
                VALUE   (LST)  VALUE       VALUE  FROM      YEAR
                                                  NORMAL
..................................................................
TEMPERATURE (F)
 YESTERDAY
  MAXIMUM         80   1136 AM  99    1939  76      4       70
  MINIMUM         48    442 AM  30    1947  48      0       47
  AVERAGE         64                        62      2       59

PRECIPITATION (IN)
  YESTERDAY        0.01          1.70 1895   0.10  -0.09     0.00
  MONTH TO DATE    1.62                      2.38  -0.76     7.95
  SINCE JAN 1      9.12                      6.22   2.90    12.16

SNOWFALL (IN)
  YESTERDAY        0.0          MM      MM   0.0    0.0      0.0
  MONTH TO DATE    0.0                       0.5   -0.5      8.0
  SINCE JUL 1     34.6                      42.1   -7.5     51.7
  SNOW DEPTH       0

DEGREE DAYS
 HEATING
  YESTERDAY        1                         5     -4        6
  MONTH TO DATE  290                       259     31      352
  SINCE MAR 1   1482                      1640   -158     1441
  SINCE JUL 1   5912                      6552   -640     6156

 COOLING
  YESTERDAY        0                         1     -1        0
  MONTH TO DATE    4                        19    -15        0
  SINCE MAR 1      4                        21    -17        0
  SINCE JAN 1      4                        21    -17        0
..................................................................


WIND (MPH)
  HIGHEST WIND SPEED    25   HIGHEST WIND DIRECTION     S (200)
  HIGHEST GUST SPEED    34   HIGHEST GUST DIRECTION     S (190)
  AVERAGE WIND SPEED     8.8


SKY COVER
  AVERAGE SKY COVER 0.1


WEATHER CONDITIONS
 THE FOLLOWING WEATHER WAS RECORDED YESTERDAY.
  THUNDERSTORM
  LIGHT RAIN


RELATIVE HUMIDITY (PERCENT)
 HIGHEST    93           500 AM
 LOWEST     28          1100 AM
 AVERAGE    61

..........................................................


THE SCOTTSBLUFF NE AIRPORT CLIMATE NORMALS FOR TODAY
                         NORMAL    RECORD    YEAR
 MAXIMUM TEMPERATURE (F)   76        93      1940
                                             1933
 MINIMUM TEMPERATURE (F)   48        32      1917


SUNRISE AND SUNSET
MAY 31 2016...........SUNRISE   522 AM MDT   SUNSET   823 PM MDT
JUNE  1 2016..........SUNRISE   522 AM MDT   SUNSET   823 PM MDT


-  INDICATES NEGATIVE NUMBERS.
R  INDICATES RECORD WAS SET OR TIED.
MM INDICATES DATA IS MISSING.
T  INDICATES TRACE AMOUNT.




$$
