000
CDUS45 KCYS 282233
CLIBFF


CLIMATE REPORT
NATIONAL WEATHER SERVICE CHEYENNE WY
333 PM MST WED JAN 28 2015


...................................

...THE SCOTTSBLUFF NEBRASKA AIRPORT CLIMATE SUMMARY FOR JANUARY 28 2015...
VALID AS OF 0300 PM LOCAL TIME.

CLIMATE NORMAL PERIOD 1981 TO 2010
CLIMATE RECORD PERIOD 1871 TO 2015


WEATHER ITEM   OBSERVED TIME   RECORD YEAR NORMAL DEPARTURE LAST
                VALUE   (LST)  VALUE       VALUE  FROM      YEAR
                                                  NORMAL
..................................................................
TEMPERATURE (F)
 TODAY
  MAXIMUM         MM        MM  68    1931  42     MM       33
  MINIMUM         MM        MM -16    1948  14     MM        3
                                      1904
  AVERAGE         MM                        28     MM       18

PRECIPITATION (IN)
  TODAY            0.00          0.19 1991   0.02  -0.02     0.00
  MONTH TO DATE    0.25                      0.37  -0.12     0.30
  SINCE DEC 1      1.72                      0.88   0.84     0.93
  SINCE JAN 1      0.25                      0.37  -0.12     0.30

SNOWFALL (IN)
  TODAY            0.0           2.9  1951   0.1   -0.1      0.0
  MONTH TO DATE    3.4                       4.8   -1.4      3.7
  SINCE JUL 1     34.3                      20.8   13.5     27.8
  SNOW DEPTH      MM

DEGREE DAYS
 HEATING
  TODAY           MM                        37     MM       47
  MONTH TO DATE 1057                      1059     -2      963
  SINCE DEC 1   2265                      2266     -1     2186
  SINCE JUL 1   3710                      3831   -121     3691

 COOLING
  TODAY           MM                         0     MM        0
  MONTH TO DATE    0                         0      0        0
  SINCE DEC 1      0                         0      0        0
  SINCE JAN 1      0                         0      0        0
..................................................................


WIND (MPH)
  HIGHEST WIND SPEED    MM   HIGHEST WIND DIRECTION    MM
  HIGHEST GUST SPEED    MM   HIGHEST GUST DIRECTION    MM
  AVERAGE WIND SPEED    MM


SKY COVER
  AVERAGE SKY COVER  MM


WEATHER CONDITIONS
 THE FOLLOWING WEATHER WAS RECORDED TODAY.
  NO SIGNIFICANT WEATHER WAS OBSERVED.


RELATIVE HUMIDITY (PERCENT)
 HIGHEST    MM
 LOWEST     MM
 AVERAGE    MM

..........................................................


THE SCOTTSBLUFF NEBRASKA AIRPORT CLIMATE NORMALS FOR TOMORROW
                         NORMAL    RECORD    YEAR
 MAXIMUM TEMPERATURE (F)   42        69      1920
 MINIMUM TEMPERATURE (F)   14       -16      1949
                                             1916


SUNRISE AND SUNSET
JANUARY 28 2015.......SUNRISE   711 AM MST   SUNSET   504 PM MST
JANUARY 29 2015.......SUNRISE   710 AM MST   SUNSET   506 PM MST


-  INDICATES NEGATIVE NUMBERS.
R  INDICATES RECORD WAS SET OR TIED.
MM INDICATES DATA IS MISSING.
T  INDICATES TRACE AMOUNT.




$$
