000
CDUS46 KHNX 280022
CLIBFL


CLIMATE REPORT
NATIONAL WEATHER SERVICE SAN JOAQUIN VALLEY, CA
522 PM PDT THU JUL 27 2017


...................................

...THE BAKERSFIELD CLIMATE SUMMARY FOR JULY 27 2017...
VALID AS OF 0400 PM LOCAL TIME.

CLIMATE NORMAL PERIOD 1981 TO 2010
CLIMATE RECORD PERIOD 1889 TO 2017


WEATHER ITEM   OBSERVED TIME   RECORD YEAR NORMAL DEPARTURE LAST
                VALUE   (LST)  VALUE       VALUE  FROM      YEAR
                                                  NORMAL
..................................................................
TEMPERATURE (F)
 TODAY
  MAXIMUM        102        MM 117    1933  98      4      108
                                      1908
  MINIMUM         77        MM  52    1914  71      6       79
  AVERAGE         90                        85      5       94

PRECIPITATION (IN)
  TODAY            0.00          T    1969   0.00   0.00     0.00
                                      1964
  MONTH TO DATE    0.00                      0.00   0.00     0.00
  SINCE OCT 1      7.82                      6.35   1.47     5.43
  SINCE JAN 1      4.79                      4.39   0.40     4.10

SNOWFALL (IN)
  TODAY            0.0
  MONTH TO DATE    0.0
  SINCE JUN 1      0.0
  SINCE JUL 1      0.0
  SNOW DEPTH       0

DEGREE DAYS
 HEATING
  TODAY            0                         0      0        0
  MONTH TO DATE    0                         0      0        0
  SINCE JUN 1      1                         2     -1        0
  SINCE JUL 1      0                         0      0        0

 COOLING
  TODAY           25                        20      5       29
  MONTH TO DATE  654                       507    147      550
  SINCE JUN 1   1196                       886    310     1084
  SINCE JAN 1   1545                      1153    392     1441
..................................................................


WIND (MPH)
  HIGHEST WIND SPEED    12   HIGHEST WIND DIRECTION    NW (310)
  HIGHEST GUST SPEED    MM   HIGHEST GUST DIRECTION    MM
  AVERAGE WIND SPEED     4.9




RELATIVE HUMIDITY (PERCENT)
 HIGHEST    54
 LOWEST     20
 AVERAGE    37

..........................................................


THE BAKERSFIELD CLIMATE NORMALS FOR TOMORROW
                         NORMAL    RECORD    YEAR
 MAXIMUM TEMPERATURE (F)   98       118      1908
 MINIMUM TEMPERATURE (F)   71        50      1914


SUNRISE AND SUNSET
JULY 27 2017..........SUNRISE   601 AM PDT   SUNSET   804 PM PDT
JULY 28 2017..........SUNRISE   602 AM PDT   SUNSET   803 PM PDT


-  INDICATES NEGATIVE NUMBERS.
R  INDICATES RECORD WAS SET OR TIED.
MM INDICATES DATA IS MISSING.
T  INDICATES TRACE AMOUNT.




$$
