000
CDUS46 KHNX 300823
CLIBFL


CLIMATE REPORT
NATIONAL WEATHER SERVICE SAN JOAQUIN VALLEY, CA
123 AM PDT TUE MAY 30 2017


...................................

...THE BAKERSFIELD CLIMATE SUMMARY FOR MAY 29 2017...

CLIMATE NORMAL PERIOD 1981 TO 2010
CLIMATE RECORD PERIOD 1889 TO 2017


WEATHER ITEM   OBSERVED TIME   RECORD YEAR NORMAL DEPARTURE
                VALUE   (LST)  VALUE       VALUE  FROM
                                                  NORMAL
...............................................................
TEMPERATURE (F)
 YESTERDAY
  MAXIMUM         93        MM 106    1973  87      6
  MINIMUM         68        MM  45    1927  60      8
                                      1893
  AVERAGE         81                        73      8

PRECIPITATION (IN)
  YESTERDAY        0.00          0.70 1919   0.00   0.00
  MONTH TO DATE    0.05                      0.17  -0.12
  SINCE OCT 1      7.81                      6.26   1.55
  SINCE JAN 1      4.78                      4.30   0.48

SNOWFALL (IN)
  YESTERDAY        0.0
  MONTH TO DATE    0.0
  SINCE MAR 1      0.0
  SINCE JUL 1      0.0
  SNOW DEPTH       0

DEGREE DAYS
 HEATING
  YESTERDAY        0                                0
  MONTH TO DATE   23                               -7
  SINCE MAR 1    247                             -151
  SINCE JUL 1   1615                             -557

 COOLING
  YESTERDAY       16                                7
  MONTH TO DATE  248                               64
  SINCE MAR 1    325                               75
  SINCE JAN 1    327                               77
...............................................................


WIND (MPH)
  HIGHEST WIND SPEED    12   HIGHEST WIND DIRECTION    NW (300)
  HIGHEST GUST SPEED    18   HIGHEST GUST DIRECTION    NW (300)
  AVERAGE WIND SPEED     4.7




RELATIVE HUMIDITY (PERCENT)
 HIGHEST    63
 LOWEST     28
 AVERAGE    46

..........................................................


THE BAKERSFIELD CLIMATE NORMALS FOR TODAY
                         NORMAL    RECORD    YEAR
 MAXIMUM TEMPERATURE (F)   87       108      1910
 MINIMUM TEMPERATURE (F)   60        41      1906


SUNRISE AND SUNSET
MAY 30 2017...........SUNRISE   543 AM PDT   SUNSET   805 PM PDT
MAY 31 2017...........SUNRISE   543 AM PDT   SUNSET   806 PM PDT


-  INDICATES NEGATIVE NUMBERS.
R  INDICATES RECORD WAS SET OR TIED.
MM INDICATES DATA IS MISSING.
T  INDICATES TRACE AMOUNT.




$$
