000
CDUS46 KHNX 260826
CLIBFL


CLIMATE REPORT
NATIONAL WEATHER SERVICE SAN JOAQUIN VALLEY, CA
125 AM PDT THU MAY 26 2016


...................................

...THE BAKERSFIELD CLIMATE SUMMARY FOR MAY 25 2016...

CLIMATE NORMAL PERIOD 1981 TO 2010
CLIMATE RECORD PERIOD 1889 TO 2016


WEATHER ITEM   OBSERVED TIME   RECORD YEAR NORMAL DEPARTURE
                VALUE   (LST)  VALUE       VALUE  FROM
                                                  NORMAL
...............................................................
TEMPERATURE (F)
 YESTERDAY
  MAXIMUM         77    521 PM 106    1982  86     -9
  MINIMUM         60    734 AM  39    1893  59      1
  AVERAGE         69                        73     -4

PRECIPITATION (IN)
  YESTERDAY        0.00          0.60 1902   0.01  -0.01
  MONTH TO DATE    0.55                      0.16   0.39
  SINCE OCT 1      5.43                      6.25  -0.82
  SINCE JAN 1      4.10                      4.29  -0.19

SNOWFALL (IN)
  YESTERDAY        0.0
  MONTH TO DATE    0.0
  SINCE MAR 1      0.0
  SINCE JUL 1      0.0
  SNOW DEPTH       0

DEGREE DAYS
 HEATING
  YESTERDAY        0                                0
  MONTH TO DATE    6                              -24
  SINCE MAR 1    174                             -224
  SINCE JUL 1   1692                             -480

 COOLING
  YESTERDAY        4                               -4
  MONTH TO DATE  172                               22
  SINCE MAR 1    274                               58
  SINCE JAN 1    274                               58
...............................................................


WIND (MPH)
  HIGHEST WIND SPEED    15   HIGHEST WIND DIRECTION    NW (300)
  HIGHEST GUST SPEED    19   HIGHEST GUST DIRECTION    NW (310)
  AVERAGE WIND SPEED     6.1




RELATIVE HUMIDITY (PERCENT)
 HIGHEST    60
 LOWEST     29
 AVERAGE    45

..........................................................


THE BAKERSFIELD CLIMATE NORMALS FOR TODAY
                         NORMAL    RECORD    YEAR
 MAXIMUM TEMPERATURE (F)   86       107      1951
 MINIMUM TEMPERATURE (F)   60        40      1918


SUNRISE AND SUNSET
MAY 26 2016...........SUNRISE   545 AM PDT   SUNSET   802 PM PDT
MAY 27 2016...........SUNRISE   544 AM PDT   SUNSET   803 PM PDT


-  INDICATES NEGATIVE NUMBERS.
R  INDICATES RECORD WAS SET OR TIED.
MM INDICATES DATA IS MISSING.
T  INDICATES TRACE AMOUNT.




$$
