000
CDUS46 KHNX 170821
CLIBFL


CLIMATE REPORT
NATIONAL WEATHER SERVICE SAN JOAQUIN VALLEY, CA
1221 AM PST WED DEC 17 2014


...................................

...THE BAKERSFIELD CLIMATE SUMMARY FOR DECEMBER 16 2014...

CLIMATE NORMAL PERIOD 1981 TO 2010
CLIMATE RECORD PERIOD 1889 TO 2014


WEATHER ITEM   OBSERVED TIME   RECORD YEAR NORMAL DEPARTURE
                VALUE   (LST)  VALUE       VALUE  FROM
                                                  NORMAL
...............................................................
TEMPERATURE (F)
 YESTERDAY
  MAXIMUM         61    319 PM  77    1976  56      5
  MINIMUM         48   1232 AM  22    1901  39      9
  AVERAGE         55                        48      7

PRECIPITATION (IN)
  YESTERDAY        0.06          0.64 1957   0.03   0.03
  MONTH TO DATE    1.69                      0.47   1.22
  SINCE JUL 1      2.35                      1.53   0.82
  SINCE JAN 1      3.69                      5.92  -2.23

SNOWFALL (IN)
  YESTERDAY       MM
  MONTH TO DATE    0.0
  SINCE DEC 1      0.0
  SINCE JUL 1      0.0
  SNOW DEPTH       0

DEGREE DAYS
 HEATING
  YESTERDAY       10                               -8
  MONTH TO DATE  113                             -149
  SINCE DEC 1    113                             -149
  SINCE JUL 1    287                             -333

 COOLING
  YESTERDAY        0                                0
  MONTH TO DATE    0                                0
  SINCE DEC 1      0                                0
  SINCE JAN 1   2983                              725
...............................................................


WIND (MPH)
  HIGHEST WIND SPEED     9   HIGHEST WIND DIRECTION     W (270)
  HIGHEST GUST SPEED    11   HIGHEST GUST DIRECTION     W (260)
  AVERAGE WIND SPEED     2.7




RELATIVE HUMIDITY (PERCENT)
 HIGHEST    93
 LOWEST     60
 AVERAGE    77

..........................................................


THE BAKERSFIELD CLIMATE NORMALS FOR TODAY
                         NORMAL    RECORD    YEAR
 MAXIMUM TEMPERATURE (F)   56        75      1977
 MINIMUM TEMPERATURE (F)   39        23      1901


SUNRISE AND SUNSET
DECEMBER 17 2014......SUNRISE   659 AM PST   SUNSET   446 PM PST
DECEMBER 18 2014......SUNRISE   700 AM PST   SUNSET   446 PM PST


-  INDICATES NEGATIVE NUMBERS.
R  INDICATES RECORD WAS SET OR TIED.
MM INDICATES DATA IS MISSING.
T  INDICATES TRACE AMOUNT.




$$
