000
CDUS46 KHNX 260824
CLIBFL


CLIMATE REPORT
NATIONAL WEATHER SERVICE SAN JOAQUIN VALLEY, CA
122 AM PDT TUE JUL 26 2016


...................................

...THE BAKERSFIELD CLIMATE SUMMARY FOR JULY 25 2016...

CLIMATE NORMAL PERIOD 1981 TO 2010
CLIMATE RECORD PERIOD 1889 TO 2016


WEATHER ITEM   OBSERVED TIME   RECORD YEAR NORMAL DEPARTURE
                VALUE   (LST)  VALUE       VALUE  FROM
                                                  NORMAL
...............................................................
TEMPERATURE (F)
 YESTERDAY
  MAXIMUM        105    404 PM 116    1931  98      7
  MINIMUM         76    526 AM  50    1913  71      5
  AVERAGE         91                        85      6

PRECIPITATION (IN)
  YESTERDAY        0.00          0.00 2015   0.00   0.00
                                      2014
                                      2013
  MONTH TO DATE    0.00                      0.00   0.00
  SINCE OCT 1      5.43                      6.35  -0.92
  SINCE JAN 1      4.10                      4.39  -0.29

SNOWFALL (IN)
  YESTERDAY        0.0
  MONTH TO DATE    0.0
  SINCE JUN 1      0.0
  SINCE JUL 1      0.0
  SNOW DEPTH       0

DEGREE DAYS
 HEATING
  YESTERDAY        0                                0
  MONTH TO DATE    0                                0
  SINCE JUN 1      0                               -2
  SINCE JUL 1      0                                0

 COOLING
  YESTERDAY       26                                6
  MONTH TO DATE  496                               29
  SINCE JUN 1   1030                              184
  SINCE JAN 1   1387                              274
...............................................................


WIND (MPH)
  HIGHEST WIND SPEED    14   HIGHEST WIND DIRECTION    NW (300)
  HIGHEST GUST SPEED    19   HIGHEST GUST DIRECTION     W (290)
  AVERAGE WIND SPEED     7.1




RELATIVE HUMIDITY (PERCENT)
 HIGHEST    24
 LOWEST     10
 AVERAGE    17

..........................................................


THE BAKERSFIELD CLIMATE NORMALS FOR TODAY
                         NORMAL    RECORD    YEAR
 MAXIMUM TEMPERATURE (F)   98       117      1931
 MINIMUM TEMPERATURE (F)   71        55      1903


SUNRISE AND SUNSET
JULY 26 2016..........SUNRISE   601 AM PDT   SUNSET   804 PM PDT
JULY 27 2016..........SUNRISE   601 AM PDT   SUNSET   804 PM PDT


-  INDICATES NEGATIVE NUMBERS.
R  INDICATES RECORD WAS SET OR TIED.
MM INDICATES DATA IS MISSING.
T  INDICATES TRACE AMOUNT.




$$
