000
CDUS46 KHNX 140826
CLIBFL


CLIMATE REPORT
NATIONAL WEATHER SERVICE SAN JOAQUIN VALLEY, CA
125 AM PDT MON JUL 14 2014


...................................

...THE BAKERSFIELD CLIMATE SUMMARY FOR JULY 13 2014...

CLIMATE NORMAL PERIOD 1981 TO 2010
CLIMATE RECORD PERIOD 1889 TO 2014


WEATHER ITEM   OBSERVED TIME   RECORD YEAR NORMAL DEPARTURE
                VALUE   (LST)  VALUE       VALUE  FROM
                                                  NORMAL
...............................................................
TEMPERATURE (F)
 YESTERDAY
  MAXIMUM        100    451 PM 111    1908  97      3
  MINIMUM         72    510 AM  46    1914  71      1
  AVERAGE         86                        84      2

PRECIPITATION (IN)
  YESTERDAY        0.00          T    1953   0.00   0.00
  MONTH TO DATE    0.00                      0.00   0.00
  SINCE JUL 1      0.00                      0.00   0.00
  SINCE JAN 1      1.34                      4.39  -3.05

SNOWFALL (IN)
  YESTERDAY        0.0
  MONTH TO DATE    0.0
  SINCE JUN 1      0.0
  SINCE JUL 1      0.0
  SNOW DEPTH       0

DEGREE DAYS
 HEATING
  YESTERDAY        0                                0
  MONTH TO DATE    0                                0
  SINCE JUN 1      0                               -2
  SINCE JUL 1      0                                0

 COOLING
  YESTERDAY       21                                2
  MONTH TO DATE  302                               69
  SINCE JUN 1    805                              193
  SINCE JAN 1   1257                              378
...............................................................


WIND (MPH)
  HIGHEST WIND SPEED    13   HIGHEST WIND DIRECTION    NW (310)
  HIGHEST GUST SPEED    16   HIGHEST GUST DIRECTION     W (280)
  AVERAGE WIND SPEED     4.4




RELATIVE HUMIDITY (PERCENT)
 HIGHEST    53
 LOWEST     16
 AVERAGE    35

..........................................................


THE BAKERSFIELD CLIMATE NORMALS FOR TODAY
                         NORMAL    RECORD    YEAR
 MAXIMUM TEMPERATURE (F)   97       112      1908
 MINIMUM TEMPERATURE (F)   71        50      1914


SUNRISE AND SUNSET
JULY 14 2014..........SUNRISE   552 AM PDT   SUNSET   812 PM PDT
JULY 15 2014..........SUNRISE   553 AM PDT   SUNSET   811 PM PDT


-  INDICATES NEGATIVE NUMBERS.
R  INDICATES RECORD WAS SET OR TIED.
MM INDICATES DATA IS MISSING.
T  INDICATES TRACE AMOUNT.




$$
