000
CDUS46 KHNX 280824
CLIBFL


CLIMATE REPORT
NATIONAL WEATHER SERVICE SAN JOAQUIN VALLEY, CA
124 AM PDT TUE MAR 28 2017


...................................

...THE BAKERSFIELD CLIMATE SUMMARY FOR MARCH 27 2017...

CLIMATE NORMAL PERIOD 1981 TO 2010
CLIMATE RECORD PERIOD 1889 TO 2017


WEATHER ITEM   OBSERVED TIME   RECORD YEAR NORMAL DEPARTURE
                VALUE   (LST)  VALUE       VALUE  FROM
                                                  NORMAL
...............................................................
TEMPERATURE (F)
 YESTERDAY
  MAXIMUM         68    341 PM  93    2015  70     -2
  MINIMUM         49   1159 PM  32    1908  47      2
                                      1907
  AVERAGE         59                        59      0

PRECIPITATION (IN)
  YESTERDAY        0.00          0.39 1910   0.04  -0.04
  MONTH TO DATE    0.16                      1.09  -0.93
  SINCE OCT 1      7.41                      5.45   1.96
  SINCE JAN 1      4.38                      3.49   0.89

SNOWFALL (IN)
  YESTERDAY        0.0
  MONTH TO DATE    0.0
  SINCE MAR 1      0.0
  SINCE JUL 1      0.0
  SNOW DEPTH       0

DEGREE DAYS
 HEATING
  YESTERDAY        6                               -1
  MONTH TO DATE  152                              -61
  SINCE MAR 1    152                              -61
  SINCE JUL 1   1520                             -467

 COOLING
  YESTERDAY        0                                0
  MONTH TO DATE   24                               24
  SINCE MAR 1     24                               24
  SINCE JAN 1     26                               26
...............................................................


WIND (MPH)
  HIGHEST WIND SPEED    25   HIGHEST WIND DIRECTION    NW (330)
  HIGHEST GUST SPEED    30   HIGHEST GUST DIRECTION    NW (330)
  AVERAGE WIND SPEED    11.2




RELATIVE HUMIDITY (PERCENT)
 HIGHEST    83
 LOWEST     37
 AVERAGE    60

..........................................................


THE BAKERSFIELD CLIMATE NORMALS FOR TODAY
                         NORMAL    RECORD    YEAR
 MAXIMUM TEMPERATURE (F)   71        88      1893
 MINIMUM TEMPERATURE (F)   47        24      1907


SUNRISE AND SUNSET
MARCH 28 2017.........SUNRISE   648 AM PDT   SUNSET   715 PM PDT
MARCH 29 2017.........SUNRISE   647 AM PDT   SUNSET   716 PM PDT


-  INDICATES NEGATIVE NUMBERS.
R  INDICATES RECORD WAS SET OR TIED.
MM INDICATES DATA IS MISSING.
T  INDICATES TRACE AMOUNT.




$$
