000
CDUS46 KHNX 260824
CLIBFL


CLIMATE REPORT
NATIONAL WEATHER SERVICE SAN JOAQUIN VALLEY, CA
123 AM PDT SUN OCT 26 2014


...................................

...THE BAKERSFIELD CLIMATE SUMMARY FOR OCTOBER 25 2014...

CLIMATE NORMAL PERIOD 1981 TO 2010
CLIMATE RECORD PERIOD 1889 TO 2014


WEATHER ITEM   OBSERVED TIME   RECORD YEAR NORMAL DEPARTURE
                VALUE   (LST)  VALUE       VALUE  FROM
                                                  NORMAL
...............................................................
TEMPERATURE (F)
 YESTERDAY
  MAXIMUM         80    300 PM  94    1917  75      5
  MINIMUM         59    245 AM  35    1899  52      7
  AVERAGE         70                        64      6

PRECIPITATION (IN)
  YESTERDAY        0.00          1.51 1940   0.01  -0.01
  MONTH TO DATE    0.00                      0.20  -0.20
  SINCE JUL 1      0.01                      0.32  -0.31
  SINCE JAN 1      1.35                      4.71  -3.36

SNOWFALL (IN)
  YESTERDAY        0.0
  MONTH TO DATE    0.0
  SINCE SEP 1      0.0
  SINCE JUL 1      0.0
  SNOW DEPTH       0

DEGREE DAYS
 HEATING
  YESTERDAY        0                               -3
  MONTH TO DATE    0                              -31
  SINCE SEP 1      0                              -33
  SINCE JUL 1      0                              -33

 COOLING
  YESTERDAY        5                                3
  MONTH TO DATE  209                               92
  SINCE SEP 1    694                              215
  SINCE JAN 1   2975                              728
...............................................................


WIND (MPH)
  HIGHEST WIND SPEED    21   HIGHEST WIND DIRECTION     N (10)
  HIGHEST GUST SPEED    26   HIGHEST GUST DIRECTION     N (10)
  AVERAGE WIND SPEED     8.5




RELATIVE HUMIDITY (PERCENT)
 HIGHEST    67
 LOWEST     26
 AVERAGE    47

..........................................................


THE BAKERSFIELD CLIMATE NORMALS FOR TODAY
                         NORMAL    RECORD    YEAR
 MAXIMUM TEMPERATURE (F)   75        92      2003
 MINIMUM TEMPERATURE (F)   52        35      1939


SUNRISE AND SUNSET
OCTOBER 26 2014.......SUNRISE   712 AM PDT   SUNSET   608 PM PDT
OCTOBER 27 2014.......SUNRISE   713 AM PDT   SUNSET   606 PM PDT


-  INDICATES NEGATIVE NUMBERS.
R  INDICATES RECORD WAS SET OR TIED.
MM INDICATES DATA IS MISSING.
T  INDICATES TRACE AMOUNT.




$$
