000
CDUS46 KHNX 050822
CLIBFL


CLIMATE REPORT
NATIONAL WEATHER SERVICE SAN JOAQUIN VALLEY, CA
121 AM PDT SUN JUL 5 2015


...................................

...THE BAKERSFIELD CLIMATE SUMMARY FOR JULY 4 2015...

CLIMATE NORMAL PERIOD 1981 TO 2010
CLIMATE RECORD PERIOD 1889 TO 2015


WEATHER ITEM   OBSERVED TIME   RECORD YEAR NORMAL DEPARTURE
                VALUE   (LST)  VALUE       VALUE  FROM
                                                  NORMAL
...............................................................
TEMPERATURE (F)
 YESTERDAY
  MAXIMUM        102    607 PM 114    1931  96      6
  MINIMUM         76    459 AM  49    1913  69      7
  AVERAGE         89                        82      7

PRECIPITATION (IN)
  YESTERDAY        0.00          T    2001   0.00   0.00
  MONTH TO DATE    T                         0.00   0.00
  SINCE OCT 1      5.29                      6.35  -1.06
  SINCE JAN 1      2.62                      4.39  -1.77

SNOWFALL (IN)
  YESTERDAY        0.0
  MONTH TO DATE    0.0
  SINCE JUN 1      0.0
  SINCE JUL 1      0.0
  SNOW DEPTH       0

DEGREE DAYS
 HEATING
  YESTERDAY        0                                0
  MONTH TO DATE    0                                0
  SINCE JUN 1      0                               -2
  SINCE JUL 1      0                                0

 COOLING
  YESTERDAY       24                                7
  MONTH TO DATE  103                               35
  SINCE JUN 1    656                              209
  SINCE JAN 1   1001                              287
...............................................................


WIND (MPH)
  HIGHEST WIND SPEED    17   HIGHEST WIND DIRECTION     W (290)
  HIGHEST GUST SPEED    21   HIGHEST GUST DIRECTION     W (280)
  AVERAGE WIND SPEED     7.4




RELATIVE HUMIDITY (PERCENT)
 HIGHEST    40
 LOWEST     18
 AVERAGE    29

..........................................................


THE BAKERSFIELD CLIMATE NORMALS FOR TODAY
                         NORMAL    RECORD    YEAR
 MAXIMUM TEMPERATURE (F)   96       114      1931
 MINIMUM TEMPERATURE (F)   69        53      1948
                                             1913


SUNRISE AND SUNSET
JULY  5 2015..........SUNRISE   547 AM PDT   SUNSET   815 PM PDT
JULY  6 2015..........SUNRISE   547 AM PDT   SUNSET   815 PM PDT


-  INDICATES NEGATIVE NUMBERS.
R  INDICATES RECORD WAS SET OR TIED.
MM INDICATES DATA IS MISSING.
T  INDICATES TRACE AMOUNT.




$$
