565
CDUS44 KAMA 090727
CLIBGD


CLIMATE REPORT
NATIONAL WEATHER SERVICE AMARILLO TX
127 AM CST TUE FEB 9 2016


...................................

...THE BORGER CLIMATE SUMMARY FOR FEBRUARY 8 2016...

CLIMATE NORMAL PERIOD 1981 TO 2010
CLIMATE RECORD PERIOD 1949 TO 2016


WEATHER ITEM   OBSERVED TIME   RECORD YEAR NORMAL DEPARTURE LAST
                VALUE   (LST)  VALUE       VALUE  FROM      YEAR
                                                  NORMAL
..................................................................
TEMPERATURE (F)
 YESTERDAY
  MAXIMUM         54    250 PM  81    1957  54      0       77
  MINIMUM         26    614 AM   0    2011  28     -2       45
  AVERAGE         40                        41     -1       61

PRECIPITATION (IN)
  YESTERDAY        0.00          0.83 1980   0.03  -0.03     0.00
  MONTH TO DATE    0.23                      0.20   0.03      T
  SINCE DEC 1      1.35                      1.56  -0.21     1.37
  SINCE JAN 1      0.51                      0.79  -0.28     1.23

SNOWFALL (IN)
  YESTERDAY        0.0           6.5  1980                   0.0
  MONTH TO DATE    0.0                                        T
  SINCE DEC 1      6.7                                       9.1
  SINCE JUL 1      7.5                                      11.0
  SNOW DEPTH       0

DEGREE DAYS
 HEATING
  YESTERDAY       25                        24      1        4
  MONTH TO DATE  220                       195     25      142
  SINCE DEC 1   1661                      1830   -169     1678
  SINCE JUL 1   2233                      2547   -314     2363

 COOLING
  YESTERDAY        0                         0      0        0
  MONTH TO DATE    0                         0      0        0
  SINCE DEC 1      0                         0      0        0
  SINCE JAN 1      0                         0      0        0
..................................................................


WIND (MPH)
  RESULTANT WIND SPEED  11   RESULTANT WIND DIRECTION  NW (320)
  HIGHEST WIND SPEED    29   HIGHEST WIND DIRECTION     N (350)
  HIGHEST GUST SPEED    36   HIGHEST GUST DIRECTION     N (350)
  AVERAGE WIND SPEED    12.7


SKY COVER
  AVERAGE SKY COVER 0.0


WEATHER CONDITIONS
 THE FOLLOWING WEATHER WAS RECORDED YESTERDAY.
  NO SIGNIFICANT WEATHER WAS OBSERVED.


RELATIVE HUMIDITY (PERCENT)
 HIGHEST    63           600 AM
 LOWEST     20          1100 AM
 AVERAGE    42

..........................................................


THE BORGER CLIMATE NORMALS FOR TODAY
                         NORMAL    RECORD    YEAR
 MAXIMUM TEMPERATURE (F)   54        81      1976
 MINIMUM TEMPERATURE (F)   28         1      2011


SUNRISE AND SUNSET
FEBRUARY  9 2016......SUNRISE   739 AM CST   SUNSET   621 PM CST
FEBRUARY 10 2016......SUNRISE   738 AM CST   SUNSET   622 PM CST


-  INDICATES NEGATIVE NUMBERS.
R  INDICATES RECORD WAS SET OR TIED.
MM INDICATES DATA IS MISSING.
T  INDICATES TRACE AMOUNT.




$$
