000
CDUS44 KAMA 230703
CLIBGD


CLIMATE REPORT
NATIONAL WEATHER SERVICE AMARILLO TX
201 AM CDT THU OCT 23 2014


...................................

...THE BORGER CLIMATE SUMMARY FOR OCTOBER 22 2014...

CLIMATE NORMAL PERIOD 1981 TO 2013
CLIMATE RECORD PERIOD 1949 TO 2014


WEATHER ITEM   OBSERVED TIME   RECORD YEAR NORMAL DEPARTURE LAST
                VALUE   (LST)  VALUE       VALUE  FROM      YEAR
                                                  NORMAL
..................................................................
TEMPERATURE (F)
 YESTERDAY
  MAXIMUM         72    328 PM  91    1961  71      1       76
  MINIMUM         59    231 AM  30    1996  45     14       43
  AVERAGE         66                        58      8       60

PRECIPITATION (IN)
  YESTERDAY        0.09          1.52 1953   0.04   0.05     0.00
  MONTH TO DATE    0.85                      1.33  -0.48     0.24
  SINCE SEP 1      2.67                      3.71  -1.04     2.50
  SINCE JAN 1     10.41                     19.72  -9.31    14.06

SNOWFALL (IN)
  YESTERDAY        0.0           0.0                         0.0
  MONTH TO DATE    0.0                                       0.0
  SINCE SEP 1      0.0                                       0.0
  SINCE JUL 1      0.0                                       0.0
  SNOW DEPTH       0

DEGREE DAYS
 HEATING
  YESTERDAY        0                         7     -7        5
  MONTH TO DATE   60                       110    -50      129
  SINCE SEP 1     77                       137    -60      132
  SINCE JUL 1     78                       138    -60      132

 COOLING
  YESTERDAY        1                         1      0        0
  MONTH TO DATE   52                        46      6       53
  SINCE SEP 1    291                       281     10      404
  SINCE JAN 1   2025                      1831    194     2215
..................................................................


WIND (MPH)
  RESULTANT WIND SPEED  11   RESULTANT WIND DIRECTION   S (180)
  HIGHEST WIND SPEED    MM   HIGHEST WIND DIRECTION    MM
  HIGHEST GUST SPEED    MM   HIGHEST GUST DIRECTION    MM
  AVERAGE WIND SPEED    MM


SKY COVER
  AVERAGE SKY COVER 0.6


WEATHER CONDITIONS
 THE FOLLOWING WEATHER WAS RECORDED YESTERDAY.
  RAIN
  LIGHT RAIN
  FOG


RELATIVE HUMIDITY (PERCENT)
 HIGHEST    90           900 AM
 LOWEST     61           200 PM
 AVERAGE    76

..........................................................


THE BORGER CLIMATE NORMALS FOR TODAY
                         NORMAL    RECORD    YEAR
 MAXIMUM TEMPERATURE (F)   71        93      2012
 MINIMUM TEMPERATURE (F)   45        30      1981


SUNRISE AND SUNSET
OCTOBER 23 2014.......SUNRISE   759 AM CDT   SUNSET   700 PM CDT
OCTOBER 24 2014.......SUNRISE   800 AM CDT   SUNSET   659 PM CDT


-  INDICATES NEGATIVE NUMBERS.
R  INDICATES RECORD WAS SET OR TIED.
MM INDICATES DATA IS MISSING.
T  INDICATES TRACE AMOUNT.


&&

REMARKS...
MISSING WIND DATA DUE TO PARTIAL ASOS OUTAGE. DATA MAY BE RESTORED
AFTER OUTAGE IS RESOLVED.

$$

NF
