000
CDUS44 KAMA 020638
CLIBGD


CLIMATE REPORT
NATIONAL WEATHER SERVICE AMARILLO TX
137 AM CDT THU JUL 2 2015


...................................

...THE BORGER CLIMATE SUMMARY FOR JULY 1 2015...

CLIMATE NORMAL PERIOD 1981 TO 2013
CLIMATE RECORD PERIOD 1949 TO 2015


WEATHER ITEM   OBSERVED TIME   RECORD YEAR NORMAL DEPARTURE LAST
                VALUE   (LST)  VALUE       VALUE  FROM      YEAR
                                                  NORMAL
..................................................................
TEMPERATURE (F)
 YESTERDAY
  MAXIMUM         99    300 PM 106    1980  93      6       84
  MINIMUM         68    445 AM  56    1995  68      0       66
  AVERAGE         84                        80      4       75

PRECIPITATION (IN)
  YESTERDAY        0.00          2.38 1968   0.13  -0.13     0.70
  MONTH TO DATE    0.00                      0.13  -0.13     0.70
  SINCE JUN 1      5.15                      3.30   1.85     2.44
  SINCE JAN 1     20.67                     10.35  10.32     4.56

SNOWFALL (IN)
  YESTERDAY        0.0           0.0  2013                   0.0
                                      2012
                                      2011
  MONTH TO DATE    0.0                                       0.0
  SINCE JUN 1      0.0                                       0.0
  SINCE JUL 1      0.0                                       0.0
  SNOW DEPTH       0

DEGREE DAYS
 HEATING
  YESTERDAY        0                         0      0        0
  MONTH TO DATE    0                         0      0        0
  SINCE JUN 1      0                         3     -3        3
  SINCE JUL 1      0                         0      0        0

 COOLING
  YESTERDAY       19                        15      4       10
  MONTH TO DATE   19                        15      4       10
  SINCE JUN 1    432                       373     59      417
  SINCE JAN 1    556                       570    -14      731
..................................................................


WIND (MPH)
  RESULTANT WIND SPEED  10   RESULTANT WIND DIRECTION  SW (210)
  HIGHEST WIND SPEED    21   HIGHEST WIND DIRECTION    SW (240)
  HIGHEST GUST SPEED    27   HIGHEST GUST DIRECTION    SW (240)
  AVERAGE WIND SPEED    11.0


SKY COVER
  AVERAGE SKY COVER 0.0


WEATHER CONDITIONS
 THE FOLLOWING WEATHER WAS RECORDED YESTERDAY.
  NO SIGNIFICANT WEATHER WAS OBSERVED.


RELATIVE HUMIDITY (PERCENT)
 HIGHEST    73           500 AM
 LOWEST     24           300 PM
 AVERAGE    49

..........................................................


THE BORGER CLIMATE NORMALS FOR TODAY
                         NORMAL    RECORD    YEAR
 MAXIMUM TEMPERATURE (F)   93       104      1953
 MINIMUM TEMPERATURE (F)   68        57      2013
                                             1995


SUNRISE AND SUNSET
JULY  2 2015..........SUNRISE   634 AM CDT   SUNSET   905 PM CDT
JULY  3 2015..........SUNRISE   634 AM CDT   SUNSET   905 PM CDT


-  INDICATES NEGATIVE NUMBERS.
R  INDICATES RECORD WAS SET OR TIED.
MM INDICATES DATA IS MISSING.
T  INDICATES TRACE AMOUNT.




$$
