000
CDUS44 KAMA 210728
CLIBGD


CLIMATE REPORT
NATIONAL WEATHER SERVICE AMARILLO TX
128 AM CST WED FEB 21 2018


...................................

...THE BORGER CLIMATE SUMMARY FOR FEBRUARY 20 2018...

CLIMATE NORMAL PERIOD 1981 TO 2010
CLIMATE RECORD PERIOD 1949 TO 2018


WEATHER ITEM   OBSERVED TIME   RECORD YEAR NORMAL DEPARTURE LAST
                VALUE   (LST)  VALUE       VALUE  FROM      YEAR
                                                  NORMAL
..................................................................
TEMPERATURE (F)
 YESTERDAY
  MAXIMUM         60    146 AM  84    1981  56      4       70
  MINIMUM         19    857 AM   6    1955  30    -11       43
  AVERAGE         40                        43     -3       57

PRECIPITATION (IN)
  YESTERDAY        T             0.68 1990   0.02  -0.02     0.00
  MONTH TO DATE    T                         0.47  -0.47     0.37
  SINCE DEC 1      0.01                      1.83  -1.82     3.70
  SINCE JAN 1      0.01                      1.06  -1.05     3.48

SNOWFALL (IN)
  YESTERDAY        T             3.5  1969                   0.0
  MONTH TO DATE    T                                          T
  SINCE DEC 1      1.2                                       3.6
  SINCE JUL 1      2.0                                       3.6
  SNOW DEPTH       0

DEGREE DAYS
 HEATING
  YESTERDAY       25                        22      3        8
  MONTH TO DATE  453                       473    -20      321
  SINCE DEC 1   1970                      2108   -138     1850
  SINCE JUL 1   2493                      2825   -332     2223

 COOLING
  YESTERDAY        0                         0      0        0
  MONTH TO DATE    0                         0      0       14
  SINCE DEC 1      0                         0      0       14
  SINCE JAN 1      0                         0      0       14
..................................................................


WIND (MPH)
  RESULTANT WIND SPEED   8   RESULTANT WIND DIRECTION  NE (30)
  HIGHEST WIND SPEED    23   HIGHEST WIND DIRECTION     N (350)
  HIGHEST GUST SPEED    32   HIGHEST GUST DIRECTION     S (190)
  AVERAGE WIND SPEED    14.7


SKY COVER
  AVERAGE SKY COVER 0.4


WEATHER CONDITIONS
 THE FOLLOWING WEATHER WAS RECORDED YESTERDAY.
  LIGHT SNOW
  FOG


RELATIVE HUMIDITY (PERCENT)
 HIGHEST    92           700 AM
 LOWEST     27           400 PM
 AVERAGE    60

..........................................................


THE BORGER CLIMATE NORMALS FOR TODAY
                         NORMAL    RECORD    YEAR
 MAXIMUM TEMPERATURE (F)   56        80      1996
 MINIMUM TEMPERATURE (F)   31         7      1978


SUNRISE AND SUNSET
FEBRUARY 21 2018......SUNRISE   725 AM CST   SUNSET   633 PM CST
FEBRUARY 22 2018......SUNRISE   724 AM CST   SUNSET   634 PM CST


-  INDICATES NEGATIVE NUMBERS.
R  INDICATES RECORD WAS SET OR TIED.
MM INDICATES DATA IS MISSING.
T  INDICATES TRACE AMOUNT.




$$
