000
CDUS44 KAMA 220640
CLIBGD


CLIMATE REPORT
NATIONAL WEATHER SERVICE AMARILLO TX
140 AM CDT TUE JUL 22 2014


...................................

...THE BORGER CLIMATE SUMMARY FOR JULY 21 2014...

CLIMATE NORMAL PERIOD 1981 TO 2013
CLIMATE RECORD PERIOD 1949 TO 2014


WEATHER ITEM   OBSERVED TIME   RECORD YEAR NORMAL DEPARTURE LAST
                VALUE   (LST)  VALUE       VALUE  FROM      YEAR
                                                  NORMAL
..................................................................
TEMPERATURE (F)
 YESTERDAY
  MAXIMUM         98    429 PM 104    2012  95      3       95
                                      2001
  MINIMUM         76    653 AM  57    1988  70      6       73
  AVERAGE         87                        82      5       84

PRECIPITATION (IN)
  YESTERDAY        0.00          2.31 1958   0.05  -0.05     0.00
  MONTH TO DATE    2.52                      1.60   0.92     1.77
  SINCE JUN 1      4.26                      4.77  -0.51     3.94
  SINCE JAN 1      6.38                     11.82  -5.44     8.41

SNOWFALL (IN)
  YESTERDAY        0.0           0.0  2013                   0.0
                                      2012
                                      2011
  MONTH TO DATE    0.0                                       0.0
  SINCE JUN 1      0.0                                       0.0
  SINCE JUL 1      0.0                                       0.0
  SNOW DEPTH       0

DEGREE DAYS
 HEATING
  YESTERDAY        0                         0      0        0
  MONTH TO DATE    1                         0      1        0
  SINCE JUN 1      4                         3      1        0
  SINCE JUL 1      1                         0      1        0

 COOLING
  YESTERDAY       22                        17      5       19
  MONTH TO DATE  308                       349    -41      338
  SINCE JUN 1    715                       707      8      831
  SINCE JAN 1   1029                       904    125     1119
..................................................................


WIND (MPH)
  RESULTANT WIND SPEED  13   RESULTANT WIND DIRECTION   S (170)
  HIGHEST WIND SPEED    23   HIGHEST WIND DIRECTION     S (170)
  HIGHEST GUST SPEED    33   HIGHEST GUST DIRECTION     S (170)
  AVERAGE WIND SPEED    13.1


SKY COVER
  AVERAGE SKY COVER 0.0


WEATHER CONDITIONS
 THE FOLLOWING WEATHER WAS RECORDED YESTERDAY.
  NO SIGNIFICANT WEATHER WAS OBSERVED.


RELATIVE HUMIDITY (PERCENT)
 HIGHEST    74           600 AM
 LOWEST     33           400 PM
 AVERAGE    54

..........................................................


THE BORGER CLIMATE NORMALS FOR TODAY
                         NORMAL    RECORD    YEAR
 MAXIMUM TEMPERATURE (F)   95       105      2001
 MINIMUM TEMPERATURE (F)   70        57      1970


SUNRISE AND SUNSET
JULY 22 2014..........SUNRISE   646 AM CDT   SUNSET   858 PM CDT
JULY 23 2014..........SUNRISE   647 AM CDT   SUNSET   857 PM CDT


-  INDICATES NEGATIVE NUMBERS.
R  INDICATES RECORD WAS SET OR TIED.
MM INDICATES DATA IS MISSING.
T  INDICATES TRACE AMOUNT.




$$
