000
CDUS41 KBGM 260728
CLIBGM


CLIMATE REPORT
NATIONAL WEATHER SERVICE BINGHAMTON NY
328 AM EDT FRI AUG 26 2016


...................................

...THE BINGHAMTON NY CLIMATE SUMMARY FOR AUGUST 25 2016...

CLIMATE NORMAL PERIOD 1981 TO 2010
CLIMATE RECORD PERIOD 1951 TO 2016


WEATHER ITEM   OBSERVED TIME   RECORD YEAR NORMAL DEPARTURE LAST
                VALUE   (LST)  VALUE       VALUE  FROM      YEAR
                                                  NORMAL
..................................................................
TEMPERATURE (F)
 YESTERDAY
  MAXIMUM         77    539 PM  91    2007  75      2       74
  MINIMUM         66    718 AM  41    1971  57      9       56
  AVERAGE         72                        66      6       65

PRECIPITATION (IN)
  YESTERDAY        0.02          1.04 1961   0.11  -0.09     0.00
  MONTH TO DATE    5.03                      2.80   2.23     3.08
  SINCE JUN 1     10.96                     10.81   0.15    17.97
  SINCE JAN 1     23.35                     25.56  -2.21    31.52

SNOWFALL (IN)
  YESTERDAY        0.0           0.0  2002   0.0    0.0      0.0
                                      2001
                                      2000
  MONTH TO DATE    0.0                       0.0    0.0      0.0
  SINCE JUN 1      0.0                       0.0    0.0       T
  SINCE JUL 1      0.0                       0.0    0.0       T
  SNOW DEPTH       0

DEGREE DAYS
 HEATING
  YESTERDAY        0                         2     -2        0
  MONTH TO DATE    6                        27    -21       13
  SINCE JUN 1     78                       142    -64      114
  SINCE JUL 1      9                        51    -42       37

 COOLING
  YESTERDAY        7                         3      4        0
  MONTH TO DATE  149                        94     55       86
  SINCE JUN 1    429                       306    123      255
  SINCE JAN 1    475                       329    146      328
..................................................................


WIND (MPH)
  HIGHEST WIND SPEED    14   HIGHEST WIND DIRECTION    SW (220)
  HIGHEST GUST SPEED    18   HIGHEST GUST DIRECTION    SW (230)
  AVERAGE WIND SPEED     7.2


SKY COVER
  AVERAGE SKY COVER 0.3


WEATHER CONDITIONS
 THE FOLLOWING WEATHER WAS RECORDED YESTERDAY.
  HEAVY RAIN
  LIGHT RAIN
  FOG


RELATIVE HUMIDITY (PERCENT)
 HIGHEST    93           900 PM
 LOWEST     73          1200 AM
 AVERAGE    83

..........................................................


THE BINGHAMTON NY CLIMATE NORMALS FOR TODAY
                         NORMAL    RECORD    YEAR
 MAXIMUM TEMPERATURE (F)   75        88      1983
                                             1959
 MINIMUM TEMPERATURE (F)   57        46      1989
                                             1963


SUNRISE AND SUNSET
AUGUST 26 2016........SUNRISE   623 AM EDT   SUNSET   747 PM EDT
AUGUST 27 2016........SUNRISE   625 AM EDT   SUNSET   745 PM EDT


-  INDICATES NEGATIVE NUMBERS.
R  INDICATES RECORD WAS SET OR TIED.
MM INDICATES DATA IS MISSING.
T  INDICATES TRACE AMOUNT.




$$
