000
CDUS41 KBGM 280536
CLIBGM


CLIMATE REPORT
NATIONAL WEATHER SERVICE BINGHAMTON NY
134 AM EDT SAT MAR 28 2015


...................................

...THE BINGHAMTON NY CLIMATE SUMMARY FOR MARCH 27 2015...

CLIMATE NORMAL PERIOD 1981 TO 2010
CLIMATE RECORD PERIOD 1951 TO 2015


WEATHER ITEM   OBSERVED TIME   RECORD YEAR NORMAL DEPARTURE LAST
                VALUE   (LST)  VALUE       VALUE  FROM      YEAR
                                                  NORMAL
..................................................................
TEMPERATURE (F)
 YESTERDAY
  MAXIMUM         36    118 PM  72    1989  45     -9       40
  MINIMUM         24   1159 PM   9    2014  28     -4        9
                                      1975
  AVERAGE         30                        37     -7       25

PRECIPITATION (IN)
  YESTERDAY        T             0.66 1992   0.11  -0.11      T
  MONTH TO DATE    1.84                      2.56  -0.72     1.11
  SINCE MAR 1      1.84                      2.56  -0.72     1.11
  SINCE JAN 1      5.78                      7.32  -1.54     6.80

SNOWFALL (IN)
  YESTERDAY        0.1           5.0  1959   0.3   -0.2      0.0
  MONTH TO DATE   13.4                      13.8   -0.4      1.5
  SINCE MAR 1     13.4                      13.8   -0.4      1.5
  SINCE JUL 1     89.2                      77.7   11.5     84.0
  SNOW DEPTH       4

DEGREE DAYS
 HEATING
  YESTERDAY       35                        28      7       40
  MONTH TO DATE 1020                       889    131     1093
  SINCE MAR 1   1020                       889    131     1093
  SINCE JUL 1   6552                      6088    464     6564

 COOLING
  YESTERDAY        0                         0      0        0
  MONTH TO DATE    0                         0      0        0
  SINCE MAR 1      0                         0      0        0
  SINCE JAN 1      0                         0      0        0
..................................................................


WIND (MPH)
  HIGHEST WIND SPEED    21   HIGHEST WIND DIRECTION     N (350)
  HIGHEST GUST SPEED    24   HIGHEST GUST DIRECTION     N (360)
  AVERAGE WIND SPEED     8.8


SKY COVER
  AVERAGE SKY COVER 1.0


WEATHER CONDITIONS
 THE FOLLOWING WEATHER WAS RECORDED YESTERDAY.
  LIGHT SNOW
  FOG


RELATIVE HUMIDITY (PERCENT)
 HIGHEST    92          1200 AM
 LOWEST     61           300 PM
 AVERAGE    77

..........................................................


THE BINGHAMTON NY CLIMATE NORMALS FOR TODAY
                         NORMAL    RECORD    YEAR
 MAXIMUM TEMPERATURE (F)   46        78      1998
 MINIMUM TEMPERATURE (F)   29        11      1975


SUNRISE AND SUNSET
MARCH 28 2015.........SUNRISE   654 AM EDT   SUNSET   725 PM EDT
MARCH 29 2015.........SUNRISE   652 AM EDT   SUNSET   726 PM EDT


-  INDICATES NEGATIVE NUMBERS.
R  INDICATES RECORD WAS SET OR TIED.
MM INDICATES DATA IS MISSING.
T  INDICATES TRACE AMOUNT.

$$
