000
CDUS41 KBGM 230547
CLIBGM


CLIMATE REPORT
NATIONAL WEATHER SERVICE BINGHAMTON NY
146 AM EDT SAT AUG 23 2014


...................................

...THE BINGHAMTON NY CLIMATE SUMMARY FOR AUGUST 22 2014...

CLIMATE NORMAL PERIOD 1981 TO 2010
CLIMATE RECORD PERIOD 1951 TO 2014


WEATHER ITEM   OBSERVED TIME   RECORD YEAR NORMAL DEPARTURE LAST
                VALUE   (LST)  VALUE       VALUE  FROM      YEAR
                                                  NORMAL
..................................................................
TEMPERATURE (F)
 YESTERDAY
  MAXIMUM         77    140 PM  87    1955  76      1       82
  MINIMUM         60    623 AM  42    1982  58      2       64
  AVERAGE         69                        67      2       73

PRECIPITATION (IN)
  YESTERDAY        0.19          1.80 2010   0.11   0.08     0.42
  MONTH TO DATE    4.99                      2.47   2.52     4.26
  SINCE JUN 1     13.20                     10.48   2.72    16.02
  SINCE JAN 1     28.56                     25.23   3.33    29.18

SNOWFALL (IN)
  YESTERDAY        0.0           0.0  2002   0.0    0.0      0.0
                                      2001
                                      2000
  MONTH TO DATE    0.0                       0.0    0.0      0.0
  SINCE JUN 1      T                         0.0    0.0      0.0
  SINCE JUL 1      T                         0.0    0.0      0.0
  SNOW DEPTH       0

DEGREE DAYS
 HEATING
  YESTERDAY        0                         1     -1        0
  MONTH TO DATE   29                        22      7       34
  SINCE JUN 1     99                       137    -38      135
  SINCE JUL 1     54                        46      8       48

 COOLING
  YESTERDAY        4                         3      1        8
  MONTH TO DATE   56                        85    -29       39
  SINCE JUN 1    264                       297    -33      342
  SINCE JAN 1    289                       320    -31      385
..................................................................


WIND (MPH)
  HIGHEST WIND SPEED    15   HIGHEST WIND DIRECTION    SE (150)
  HIGHEST GUST SPEED    18   HIGHEST GUST DIRECTION    SE (140)
  AVERAGE WIND SPEED     6.1


SKY COVER
  AVERAGE SKY COVER 0.8


WEATHER CONDITIONS
 THE FOLLOWING WEATHER WAS RECORDED YESTERDAY.
  RAIN
  LIGHT RAIN
  FOG
  FOG W/VISIBILITY <= 1/4 MILE


RELATIVE HUMIDITY (PERCENT)
 HIGHEST   100           200 AM
 LOWEST     73           100 PM
 AVERAGE    87

..........................................................


THE BINGHAMTON NY CLIMATE NORMALS FOR TODAY
                         NORMAL    RECORD    YEAR
 MAXIMUM TEMPERATURE (F)   76        85      1974
 MINIMUM TEMPERATURE (F)   58        43      1973
                                             1952


SUNRISE AND SUNSET
AUGUST 23 2014........SUNRISE   620 AM EDT   SUNSET   752 PM EDT
AUGUST 24 2014........SUNRISE   621 AM EDT   SUNSET   751 PM EDT


-  INDICATES NEGATIVE NUMBERS.
R  INDICATES RECORD WAS SET OR TIED.
MM INDICATES DATA IS MISSING.
T  INDICATES TRACE AMOUNT.

$$
