000
CDUS41 KBGM 230557
CLIBGM


CLIMATE REPORT
NATIONAL WEATHER SERVICE BINGHAMTON NY
1256 AM EST THU NOV 23 2017


...................................

...THE BINGHAMTON NY CLIMATE SUMMARY FOR NOVEMBER 22 2017...

CLIMATE NORMAL PERIOD 1981 TO 2010
CLIMATE RECORD PERIOD 1951 TO 2017


WEATHER ITEM   OBSERVED TIME   RECORD YEAR NORMAL DEPARTURE LAST
                VALUE   (LST)  VALUE       VALUE  FROM      YEAR
                                                  NORMAL
..................................................................
TEMPERATURE (F)
 YESTERDAY
  MAXIMUM         44    405 AM  65    2007  42      2       28
  MINIMUM         26   1159 PM  10    1989  29     -3       24
  AVERAGE         35                        36     -1       26

PRECIPITATION (IN)
  YESTERDAY        0.05          1.75 1991   0.12  -0.07     0.17
  MONTH TO DATE    1.60                      2.42  -0.82     1.62
  SINCE SEP 1      6.99                      9.38  -2.39     8.48
  SINCE JAN 1     46.73                     35.59  11.14    32.03

SNOWFALL (IN)
  YESTERDAY        T             2.9  2016   0.3   -0.3      2.9
  MONTH TO DATE    1.8                       3.3   -1.5     27.6
  SINCE SEP 1      1.8                       4.3   -2.5     28.6
  SINCE JUL 1      1.8                       4.3   -2.5     28.6
  SNOW DEPTH       0

DEGREE DAYS
 HEATING
  YESTERDAY       30                        29      1       39
  MONTH TO DATE  609                       556     53      515
  SINCE SEP 1   1086                      1265   -179     1117
  SINCE JUL 1   1167                      1328   -161     1126

 COOLING
  YESTERDAY        0                         0      0        0
  MONTH TO DATE    0                         0      0        0
  SINCE SEP 1     78                        33     45       52
  SINCE JAN 1    349                       381    -32      563
..................................................................


WIND (MPH)
  HIGHEST WIND SPEED    22   HIGHEST WIND DIRECTION    NW (320)
  HIGHEST GUST SPEED    30   HIGHEST GUST DIRECTION    NW (300)
  AVERAGE WIND SPEED    11.3


SKY COVER
  AVERAGE SKY COVER 0.9


WEATHER CONDITIONS
 THE FOLLOWING WEATHER WAS RECORDED YESTERDAY.
  LIGHT RAIN
  LIGHT SNOW
  FOG


RELATIVE HUMIDITY (PERCENT)
 HIGHEST    92           800 AM
 LOWEST     53          1200 AM
 AVERAGE    73

..........................................................


THE BINGHAMTON NY CLIMATE NORMALS FOR TODAY
                         NORMAL    RECORD    YEAR
 MAXIMUM TEMPERATURE (F)   42        65      1979
 MINIMUM TEMPERATURE (F)   29        12      2008
                                             1989


SUNRISE AND SUNSET
NOVEMBER 23 2017......SUNRISE   704 AM EST   SUNSET   436 PM EST
NOVEMBER 24 2017......SUNRISE   705 AM EST   SUNSET   436 PM EST


-  INDICATES NEGATIVE NUMBERS.
R  INDICATES RECORD WAS SET OR TIED.
MM INDICATES DATA IS MISSING.
T  INDICATES TRACE AMOUNT.




$$
