000
CDUS41 KCAR 310526
CLIBGR


CLIMATE REPORT
NATIONAL WEATHER SERVICE CARIBOU, ME
126 AM EDT MON AUG 31 2015


...................................

...THE BANGOR ME CLIMATE SUMMARY FOR AUGUST 30 2015...

CLIMATE NORMAL PERIOD 1981 TO 2010
CLIMATE RECORD PERIOD 1925 TO 2015


WEATHER ITEM   OBSERVED TIME   RECORD YEAR NORMAL DEPARTURE LAST
                VALUE   (LST)  VALUE       VALUE  FROM      YEAR
                                                  NORMAL
..................................................................
TEMPERATURE (F)
 YESTERDAY
  MAXIMUM         81    338 PM  95    1937  76      5       73
  MINIMUM         61   1159 PM  37    1942  53      8       48
                                      1940
  AVERAGE         71                        64      7       61

PRECIPITATION (IN)
  YESTERDAY        0.00          0.87 1975   0.09  -0.09     0.00
  MONTH TO DATE    2.63                      2.90  -0.27     2.81
  SINCE JUN 1      8.69                     10.12  -1.43    13.18
  SINCE JAN 1     19.74                     26.17  -6.43    27.59

SNOWFALL (IN)
  YESTERDAY        0.0           0.0  2002   0.0             0.0
                                      2001
  MONTH TO DATE    0.0                       0.0             0.0
  SINCE JUN 1      0.0                       0.0             0.0
  SINCE JUL 1      0.0                       0.0             0.0
  SNOW DEPTH       0

DEGREE DAYS
 HEATING
  YESTERDAY        0                         3     -3        4
  MONTH TO DATE    0                        41    -41       16
  SINCE JUN 1    205                       171     34       92
  SINCE JUL 1     29                        64    -35       21

 COOLING
  YESTERDAY        6                         2      4        0
  MONTH TO DATE  157                        99     58       90
  SINCE JUN 1    281                       283     -2      309
  SINCE JAN 1    304                       289     15      309
..................................................................


WIND (MPH)
  RESULTANT WIND SPEED   2   RESULTANT WIND DIRECTION   W (250)
  HIGHEST WIND SPEED    14   HIGHEST WIND DIRECTION    NW (320)
  HIGHEST GUST SPEED    19   HIGHEST GUST DIRECTION    NW (330)


SKY COVER
  POSSIBLE SUNSHINE  MM
  AVERAGE SKY COVER 0.6


WEATHER CONDITIONS
 THE FOLLOWING WEATHER WAS RECORDED YESTERDAY.
  FOG


RELATIVE HUMIDITY (PERCENT)
 HIGHEST   100
 LOWEST     51
 AVERAGE    76

..........................................................


THE BANGOR ME CLIMATE NORMALS FOR TODAY
                         NORMAL    RECORD    YEAR
 MAXIMUM TEMPERATURE (F)   75        97      2010
 MINIMUM TEMPERATURE (F)   53        37      1946
                                             1942


SUNRISE AND SUNSET
AUGUST 31 2015........SUNRISE   556 AM EDT   SUNSET   714 PM EDT
SEPTEMBER  1 2015.....SUNRISE   557 AM EDT   SUNSET   713 PM EDT


-  INDICATES NEGATIVE NUMBERS.
R  INDICATES RECORD WAS SET OR TIED.
MM INDICATES DATA IS MISSING.
T  INDICATES TRACE AMOUNT.




$$
