000
CDUS41 KCAR 300532
CLIBGR


CLIMATE REPORT
NATIONAL WEATHER SERVICE CARIBOU, ME
128 AM EDT SAT AUG 30 2014


...................................

...THE BANGOR ME CLIMATE SUMMARY FOR AUGUST 29 2014...

CLIMATE NORMAL PERIOD 1981 TO 2010
CLIMATE RECORD PERIOD 1925 TO 2014


WEATHER ITEM   OBSERVED TIME   RECORD YEAR NORMAL DEPARTURE LAST
                VALUE   (LST)  VALUE       VALUE  FROM      YEAR
                                                  NORMAL
..................................................................
TEMPERATURE (F)
 YESTERDAY
  MAXIMUM         73    406 PM  97    1948  76     -3       67
  MINIMUM         49   1158 PM  36    1940  54     -5       54
  AVERAGE         61                        65     -4       61

PRECIPITATION (IN)
  YESTERDAY        0.00          2.08 2009   0.09  -0.09     0.04
  MONTH TO DATE    2.81                      2.81   0.00     4.32
  SINCE JUN 1     13.18                     10.03   3.15    13.52
  SINCE JAN 1     27.59                     26.08   1.51    24.81

SNOWFALL (IN)
  YESTERDAY        0.0           0.0  2002   0.0             0.0
                                      2001
  MONTH TO DATE    0.0                       0.0             0.0
  SINCE JUN 1      0.0                       0.0             0.0
  SINCE JUL 1      0.0                       0.0             0.0
  SNOW DEPTH       0

DEGREE DAYS
 HEATING
  YESTERDAY        4                         3      1        4
  MONTH TO DATE   12                        38    -26       21
  SINCE JUN 1     88                       168    -80      129
  SINCE JUL 1     17                        61    -44       29

 COOLING
  YESTERDAY        0                         2     -2        0
  MONTH TO DATE   90                        97     -7       65
  SINCE JUN 1    309                       281     28      307
  SINCE JAN 1    309                       287     22      315
..................................................................


WIND (MPH)
  RESULTANT WIND SPEED   7   RESULTANT WIND DIRECTION   N (350)
  HIGHEST WIND SPEED    17   HIGHEST WIND DIRECTION     N (360)
  HIGHEST GUST SPEED    22   HIGHEST GUST DIRECTION     N (360)


SKY COVER
  POSSIBLE SUNSHINE  MM
  AVERAGE SKY COVER 0.4


WEATHER CONDITIONS
 THE FOLLOWING WEATHER WAS RECORDED YESTERDAY.
  NO SIGNIFICANT WEATHER WAS OBSERVED.


RELATIVE HUMIDITY (PERCENT)
 HIGHEST    89
 LOWEST     31
 AVERAGE    60

..........................................................


THE BANGOR ME CLIMATE NORMALS FOR TODAY
                         NORMAL    RECORD    YEAR
 MAXIMUM TEMPERATURE (F)   76        95      1937
 MINIMUM TEMPERATURE (F)   53        37      1942
                                             1940


SUNRISE AND SUNSET
AUGUST 30 2014........SUNRISE   555 AM EDT   SUNSET   716 PM EDT
AUGUST 31 2014........SUNRISE   556 AM EDT   SUNSET   714 PM EDT


-  INDICATES NEGATIVE NUMBERS.
R  INDICATES RECORD WAS SET OR TIED.
MM INDICATES DATA IS MISSING.
T  INDICATES TRACE AMOUNT.




$$
