000
CDUS41 KCAR 240527
CLIBGR


CLIMATE REPORT
NATIONAL WEATHER SERVICE CARIBOU, ME
127 AM EDT THU AUG 24 2017


...................................

...THE BANGOR ME CLIMATE SUMMARY FOR AUGUST 23 2017...

CLIMATE NORMAL PERIOD 1981 TO 2010
CLIMATE RECORD PERIOD 1925 TO 2017


WEATHER ITEM   OBSERVED TIME   RECORD YEAR NORMAL DEPARTURE LAST
                VALUE   (LST)  VALUE       VALUE  FROM      YEAR
                                                  NORMAL
..................................................................
TEMPERATURE (F)
 YESTERDAY
  MAXIMUM         82    246 PM  92    1933  77      5       80
  MINIMUM         56   1104 PM  37    1940  55      1       52
  AVERAGE         69                        66      3       66

PRECIPITATION (IN)
  YESTERDAY        0.01          1.13 1964   0.09  -0.08     0.00
  MONTH TO DATE    1.64                      2.27  -0.63     2.22
  SINCE JUN 1      7.87                      9.49  -1.62     7.76
  SINCE JAN 1     26.17                     25.54   0.63    21.97

SNOWFALL (IN)
  YESTERDAY        0.0           0.0  2002   0.0             0.0
                                      2001
  MONTH TO DATE    0.0                       0.0             0.0
  SINCE JUN 1      T                         0.0             0.0
  SINCE JUL 1      0.0                       0.0             0.0
  SNOW DEPTH       0

DEGREE DAYS
 HEATING
  YESTERDAY        0                         2     -2        0
  MONTH TO DATE    6                        25    -19        4
  SINCE JUN 1    111                       155    -44      130
  SINCE JUL 1     20                        48    -28       27

 COOLING
  YESTERDAY        4                         3      1        1
  MONTH TO DATE  110                        83     27      120
  SINCE JUN 1    274                       267      7      340
  SINCE JAN 1    281                       273      8      350
..................................................................


WIND (MPH)
  RESULTANT WIND SPEED   6   RESULTANT WIND DIRECTION  SW (220)
  HIGHEST WIND SPEED    16   HIGHEST WIND DIRECTION    NW (320)
  HIGHEST GUST SPEED    23   HIGHEST GUST DIRECTION    NW (320)


SKY COVER
  POSSIBLE SUNSHINE  MM
  AVERAGE SKY COVER 0.6


WEATHER CONDITIONS
 THE FOLLOWING WEATHER WAS RECORDED YESTERDAY.
  LIGHT RAIN
  FOG


RELATIVE HUMIDITY (PERCENT)
 HIGHEST    90
 LOWEST     35
 AVERAGE    63

..........................................................


THE BANGOR ME CLIMATE NORMALS FOR TODAY
                         NORMAL    RECORD    YEAR
 MAXIMUM TEMPERATURE (F)   77        91      1948
 MINIMUM TEMPERATURE (F)   55        38      1945


SUNRISE AND SUNSET
AUGUST 24 2017........SUNRISE   548 AM EDT   SUNSET   726 PM EDT
AUGUST 25 2017........SUNRISE   549 AM EDT   SUNSET   724 PM EDT


-  INDICATES NEGATIVE NUMBERS.
R  INDICATES RECORD WAS SET OR TIED.
MM INDICATES DATA IS MISSING.
T  INDICATES TRACE AMOUNT.




$$
