000
CDUS41 KCAR 290536
CLIBGR


CLIMATE REPORT
NATIONAL WEATHER SERVICE CARIBOU, ME
135 AM EDT SUN MAY 29 2016


...................................

...THE BANGOR ME CLIMATE SUMMARY FOR MAY 28 2016...

CLIMATE NORMAL PERIOD 1981 TO 2010
CLIMATE RECORD PERIOD 1925 TO 2016


WEATHER ITEM   OBSERVED TIME   RECORD YEAR NORMAL DEPARTURE LAST
                VALUE   (LST)  VALUE       VALUE  FROM      YEAR
                                                  NORMAL
..................................................................
TEMPERATURE (F)
 YESTERDAY
  MAXIMUM         88    250 PM  90    1959  69     19       82
  MINIMUM         53    400 AM  33    1994  46      7       60
  AVERAGE         71                        58     13       71

PRECIPITATION (IN)
  YESTERDAY        T             1.43 1961   0.12  -0.12     0.83
  MONTH TO DATE    1.97                      3.27  -1.30     2.03
  SINCE MAR 1      7.82                     10.27  -2.45     5.87
  SINCE JAN 1     14.09                     15.68  -1.59    10.76

SNOWFALL (IN)
  YESTERDAY        0.0           0.0  2002   0.0             0.0
                                      2001
  MONTH TO DATE    T                         0.1             0.0
  SINCE MAR 1      6.0                      15.5            21.9
  SINCE JUL 1     44.6                      66.2           139.0
  SNOW DEPTH       0

DEGREE DAYS
 HEATING
  YESTERDAY        0                         8     -8        0
  MONTH TO DATE  221                       334   -113      244
  SINCE MAR 1   1934                      2086   -152     2219
  SINCE JUL 1   6849                      7732   -883     8109

 COOLING
  YESTERDAY        6                         0      6        6
  MONTH TO DATE   16                         0     16       17
  SINCE MAR 1     16                         0     16       17
  SINCE JAN 1     16                         0     16       17
..................................................................


WIND (MPH)
  RESULTANT WIND SPEED   4   RESULTANT WIND DIRECTION  NE (40)
  HIGHEST WIND SPEED    16   HIGHEST WIND DIRECTION    NE (50)
  HIGHEST GUST SPEED    23   HIGHEST GUST DIRECTION    NE (50)


SKY COVER
  POSSIBLE SUNSHINE  MM
  AVERAGE SKY COVER 0.6


WEATHER CONDITIONS
 THE FOLLOWING WEATHER WAS RECORDED YESTERDAY.
  THUNDERSTORM
  LIGHT RAIN
  FOG
  HAZE


RELATIVE HUMIDITY (PERCENT)
 HIGHEST    93
 LOWEST     46
 AVERAGE    70

..........................................................


THE BANGOR ME CLIMATE NORMALS FOR TODAY
                         NORMAL    RECORD    YEAR
 MAXIMUM TEMPERATURE (F)   69        94      1931
 MINIMUM TEMPERATURE (F)   47        33      1970


SUNRISE AND SUNSET
MAY 29 2016...........SUNRISE   454 AM EDT   SUNSET   812 PM EDT
MAY 30 2016...........SUNRISE   453 AM EDT   SUNSET   813 PM EDT


-  INDICATES NEGATIVE NUMBERS.
R  INDICATES RECORD WAS SET OR TIED.
MM INDICATES DATA IS MISSING.
T  INDICATES TRACE AMOUNT.




$$
