000
CDUS41 KCAR 120527
CLIBGR


CLIMATE REPORT
NATIONAL WEATHER SERVICE CARIBOU, ME
1226 AM EST TUE DEC 12 2017


...................................

...THE BANGOR ME CLIMATE SUMMARY FOR DECEMBER 11 2017...

CLIMATE NORMAL PERIOD 1981 TO 2010
CLIMATE RECORD PERIOD 1925 TO 2017


WEATHER ITEM   OBSERVED TIME   RECORD YEAR NORMAL DEPARTURE LAST
                VALUE   (LST)  VALUE       VALUE  FROM      YEAR
                                                  NORMAL
..................................................................
TEMPERATURE (F)
 YESTERDAY
  MAXIMUM         33    119 PM  59    1966  35     -2       25
  MINIMUM         13    154 AM -19    1929  18     -5        9
  AVERAGE         23                        26     -3       17

PRECIPITATION (IN)
  YESTERDAY        T             1.81 1993   0.12  -0.12     0.00
  MONTH TO DATE    1.66                      1.42   0.24     0.96
  SINCE DEC 1      1.66                      1.42   0.24     0.96
  SINCE JAN 1     39.16                     39.87  -0.71    31.54

SNOWFALL (IN)
  YESTERDAY        T             3.0  1994   0.4             0.0
  MONTH TO DATE    5.7                       4.2             1.8
  SINCE DEC 1      5.7                       4.2             1.8
  SINCE JUL 1      5.7                       6.6             3.3
  SNOW DEPTH       6

DEGREE DAYS
 HEATING
  YESTERDAY       42                        38      4       48
  MONTH TO DATE  362                       398    -36      429
  SINCE DEC 1    362                       398    -36      429
  SINCE JUL 1   1621                      2067   -446     1848

 COOLING
  YESTERDAY        0                         0      0        0
  MONTH TO DATE    0                         0      0        0
  SINCE DEC 1      0                         0      0        0
  SINCE JAN 1    368                       318     50      448
..................................................................


WIND (MPH)
  RESULTANT WIND SPEED   2   RESULTANT WIND DIRECTION   N (0)
  HIGHEST WIND SPEED    17   HIGHEST WIND DIRECTION     N (340)
  HIGHEST GUST SPEED    20   HIGHEST GUST DIRECTION     N (340)


SKY COVER
  POSSIBLE SUNSHINE  MM
  AVERAGE SKY COVER 0.7


WEATHER CONDITIONS
 THE FOLLOWING WEATHER WAS RECORDED YESTERDAY.
  LIGHT SNOW


RELATIVE HUMIDITY (PERCENT)
 HIGHEST   100
 LOWEST     67
 AVERAGE    84

..........................................................


THE BANGOR ME CLIMATE NORMALS FOR TODAY
                         NORMAL    RECORD    YEAR
 MAXIMUM TEMPERATURE (F)   35        53      2015
                                             1979
 MINIMUM TEMPERATURE (F)   17       -20      1929


SUNRISE AND SUNSET
DECEMBER 12 2017......SUNRISE   704 AM EST   SUNSET   354 PM EST
DECEMBER 13 2017......SUNRISE   704 AM EST   SUNSET   355 PM EST


-  INDICATES NEGATIVE NUMBERS.
R  INDICATES RECORD WAS SET OR TIED.
MM INDICATES DATA IS MISSING.
T  INDICATES TRACE AMOUNT.




$$
