000
CDUS41 KCAR 010535
CLIBGR


CLIMATE REPORT
NATIONAL WEATHER SERVICE CARIBOU, ME
1232 AM EST SUN MAR 1 2015


...................................

...THE BANGOR ME CLIMATE SUMMARY FOR FEBRUARY 28 2015...

CLIMATE NORMAL PERIOD 1981 TO 2010
CLIMATE RECORD PERIOD 1925 TO 2015


WEATHER ITEM   OBSERVED TIME   RECORD YEAR NORMAL DEPARTURE LAST
                VALUE   (LST)  VALUE       VALUE  FROM      YEAR
                                                  NORMAL
..................................................................
TEMPERATURE (F)
 YESTERDAY
  MAXIMUM         27    432 PM  50    1954  35     -8       21
  MINIMUM        -16R   404 AM -11    1934  14    -30        3
  AVERAGE          6                        25    -19       12

PRECIPITATION (IN)
  YESTERDAY        0.00          0.90 1958   0.10  -0.10      T
  MONTH TO DATE    2.20                      2.52  -0.32     1.99
  SINCE DEC 1     10.12                      8.89   1.23     8.10
  SINCE JAN 1      4.89                      5.41  -0.52     5.17

SNOWFALL (IN)
  YESTERDAY        0.0           8.0  1958   0.5              T
  MONTH TO DATE   42.4                      14.7            25.2
  SINCE DEC 1     91.2                      48.3            62.5
  SINCE JUL 1    117.1                      50.7            63.2
  SNOW DEPTH      50

DEGREE DAYS
 HEATING
  YESTERDAY       59                        40     19       53
  MONTH TO DATE 1640                      1238    402     1310
  SINCE DEC 1   4306                      3977    329     4167
  SINCE JUL 1   5890                      5646    244     5752

 COOLING
  YESTERDAY        0                         0      0        0
  MONTH TO DATE    0                         0      0        0
  SINCE DEC 1      0                         0      0        0
  SINCE JAN 1      0                         0      0        0
..................................................................


WIND (MPH)
  RESULTANT WIND SPEED   4   RESULTANT WIND DIRECTION  SW (240)
  HIGHEST WIND SPEED    15   HIGHEST WIND DIRECTION    SW (240)
  HIGHEST GUST SPEED    19   HIGHEST GUST DIRECTION    SW (240)


SKY COVER
  POSSIBLE SUNSHINE  MM
  AVERAGE SKY COVER 0.0


WEATHER CONDITIONS
 THE FOLLOWING WEATHER WAS RECORDED YESTERDAY.
  NO SIGNIFICANT WEATHER WAS OBSERVED.


RELATIVE HUMIDITY (PERCENT)
 HIGHEST    78
 LOWEST     29
 AVERAGE    54

..........................................................


THE BANGOR ME CLIMATE NORMALS FOR TODAY
                         NORMAL    RECORD    YEAR
 MAXIMUM TEMPERATURE (F)   35        53      1974
 MINIMUM TEMPERATURE (F)   15       -11      2001
                                             1982


SUNRISE AND SUNSET
MARCH  1 2015.........SUNRISE   613 AM EST   SUNSET   523 PM EST
MARCH  2 2015.........SUNRISE   612 AM EST   SUNSET   524 PM EST


-  INDICATES NEGATIVE NUMBERS.
R  INDICATES RECORD WAS SET OR TIED.
MM INDICATES DATA IS MISSING.
T  INDICATES TRACE AMOUNT.




$$
