000
CDUS41 KCAR 302026
CLIBGR


CLIMATE REPORT
NATIONAL WEATHER SERVICE CARIBOU, ME
426 PM EDT MON MAR 30 2015


...................................

...THE BANGOR ME CLIMATE SUMMARY FOR MARCH 30 2015...
VALID TODAY AS OF 0400 PM LOCAL TIME.

CLIMATE NORMAL PERIOD 1981 TO 2010
CLIMATE RECORD PERIOD 1925 TO 2015


WEATHER ITEM   OBSERVED TIME   RECORD YEAR NORMAL DEPARTURE LAST
                VALUE   (LST)  VALUE       VALUE  FROM      YEAR
                                                  NORMAL
..................................................................
TEMPERATURE (F)
 TODAY
  MAXIMUM         39   1103 AM  71    1977  45     -6       36
  MINIMUM         26    234 AM  13    1943  26      0       31
  AVERAGE         33                        36     -3       34

PRECIPITATION (IN)
  TODAY            0.02          1.34 2014   0.12  -0.10     1.34
  MONTH TO DATE    1.43                      3.26  -1.83     3.62
  SINCE MAR 1      1.43                      3.26  -1.83     3.62
  SINCE JAN 1      6.32                      8.67  -2.35     8.79

SNOWFALL (IN)
  TODAY            T             7.0  2001   0.2   -0.2       T
  MONTH TO DATE   15.6                      11.4    4.2     15.7
  SINCE MAR 1     15.6                      11.4    4.2     15.7
  SINCE JUL 1    132.7                      62.1   70.6     78.9
  SNOW DEPTH      MM

DEGREE DAYS
 HEATING
  TODAY           32                        29      3       31
  MONTH TO DATE 1221                      1047    174     1272
  SINCE MAR 1   1221                      1047    174     1272
  SINCE JUL 1   7111                      6693    418     7024

 COOLING
  TODAY            0                         0      0        0
  MONTH TO DATE    0                         0      0        0
  SINCE MAR 1      0                         0      0        0
  SINCE JAN 1      0                         0      0        0
..................................................................


WIND (MPH)
  HIGHEST WIND SPEED    23   HIGHEST WIND DIRECTION     S (170)
  HIGHEST GUST SPEED    32   HIGHEST GUST DIRECTION     S (180)
  AVERAGE WIND SPEED    11.3


SKY COVER
  POSSIBLE SUNSHINE  MM
  AVERAGE SKY COVER 0.7


WEATHER CONDITIONS
 THE FOLLOWING WEATHER WAS RECORDED TODAY.
  LIGHT SNOW
  FOG


RELATIVE HUMIDITY (PERCENT)
 HIGHEST    96           200 PM
 LOWEST     63          1200 AM
 AVERAGE    80

..........................................................


THE BANGOR ME CLIMATE NORMALS FOR TOMORROW
                         NORMAL    RECORD    YEAR
 MAXIMUM TEMPERATURE (F)   46        69      2006
 MINIMUM TEMPERATURE (F)   27         9      1969


SUNRISE AND SUNSET
MARCH 30 2015.........SUNRISE   620 AM EDT   SUNSET   700 PM EDT
MARCH 31 2015.........SUNRISE   618 AM EDT   SUNSET   701 PM EDT


-  INDICATES NEGATIVE NUMBERS.
R  INDICATES RECORD WAS SET OR TIED.
MM INDICATES DATA IS MISSING.
T  INDICATES TRACE AMOUNT.




$$
