000
CDUS41 KCAR 060527
CLIBGR


CLIMATE REPORT
NATIONAL WEATHER SERVICE CARIBOU, ME
127 AM EDT FRI MAY 6 2016


...................................

...THE BANGOR ME CLIMATE SUMMARY FOR MAY 5 2016...

CLIMATE NORMAL PERIOD 1981 TO 2010
CLIMATE RECORD PERIOD 1925 TO 2016


WEATHER ITEM   OBSERVED TIME   RECORD YEAR NORMAL DEPARTURE LAST
                VALUE   (LST)  VALUE       VALUE  FROM      YEAR
                                                  NORMAL
..................................................................
TEMPERATURE (F)
 YESTERDAY
  MAXIMUM         51    301 PM  87    1944  61    -10       72
  MINIMUM         44    850 AM  27    1946  39      5       51
  AVERAGE         48                        50     -2       62

PRECIPITATION (IN)
  YESTERDAY        0.14          0.79 1994   0.12   0.02      T
  MONTH TO DATE    0.85                      0.58   0.27      T
  SINCE MAR 1      6.70                      7.58  -0.88     3.84
  SINCE JAN 1     12.97                     12.99  -0.02     8.73

SNOWFALL (IN)
  YESTERDAY        0.0           0.0  2002   0.0             0.0
                                      2001
  MONTH TO DATE    0.0                       0.0             0.0
  SINCE MAR 1      6.0                      15.4            21.9
  SINCE JUL 1     44.6                      66.1           139.0
  SNOW DEPTH       0

DEGREE DAYS
 HEATING
  YESTERDAY       17                        15      2        3
  MONTH TO DATE   78                        78      0       58
  SINCE MAR 1   1791                      1830    -39     2033
  SINCE JUL 1   6706                      7476   -770     7923

 COOLING
  YESTERDAY        0                         0      0        0
  MONTH TO DATE    0                         0      0        0
  SINCE MAR 1      0                         0      0        0
  SINCE JAN 1      0                         0      0        0
..................................................................


WIND (MPH)
  RESULTANT WIND SPEED  13   RESULTANT WIND DIRECTION  NE (30)
  HIGHEST WIND SPEED    22   HIGHEST WIND DIRECTION    NE (30)
  HIGHEST GUST SPEED    30   HIGHEST GUST DIRECTION    NE (30)


SKY COVER
  POSSIBLE SUNSHINE  MM
  AVERAGE SKY COVER 1.0


WEATHER CONDITIONS
 THE FOLLOWING WEATHER WAS RECORDED YESTERDAY.
  LIGHT RAIN
  FOG
  HAZE


RELATIVE HUMIDITY (PERCENT)
 HIGHEST    89
 LOWEST     66
 AVERAGE    78

..........................................................


THE BANGOR ME CLIMATE NORMALS FOR TODAY
                         NORMAL    RECORD    YEAR
 MAXIMUM TEMPERATURE (F)   62        87      1930
 MINIMUM TEMPERATURE (F)   39        29      1940


SUNRISE AND SUNSET
MAY  6 2016...........SUNRISE   517 AM EDT   SUNSET   747 PM EDT
MAY  7 2016...........SUNRISE   516 AM EDT   SUNSET   748 PM EDT


-  INDICATES NEGATIVE NUMBERS.
R  INDICATES RECORD WAS SET OR TIED.
MM INDICATES DATA IS MISSING.
T  INDICATES TRACE AMOUNT.




$$
