000
CDUS41 KCAR 270542
CLIBGR


CLIMATE REPORT
NATIONAL WEATHER SERVICE CARIBOU, ME
142 AM EDT WED MAY 27 2015


...................................

...THE BANGOR ME CLIMATE SUMMARY FOR MAY 26 2015...

CLIMATE NORMAL PERIOD 1981 TO 2010
CLIMATE RECORD PERIOD 1925 TO 2015


WEATHER ITEM   OBSERVED TIME   RECORD YEAR NORMAL DEPARTURE LAST
                VALUE   (LST)  VALUE       VALUE  FROM      YEAR
                                                  NORMAL
..................................................................
TEMPERATURE (F)
 YESTERDAY
  MAXIMUM         81    343 PM  88    2010  68     13       77
                                      1933
  MINIMUM         56    621 AM  32    2009  46     10       51
  AVERAGE         69                        57     12       64

PRECIPITATION (IN)
  YESTERDAY        0.19          2.41 2005   0.13   0.06     0.05
  MONTH TO DATE    1.20                      3.03  -1.83     2.97
  SINCE MAR 1      5.04                     10.03  -4.99     8.90
  SINCE JAN 1      9.93                     15.44  -5.51    14.07

SNOWFALL (IN)
  YESTERDAY        0.0           0.0  2002   0.0             0.0
                                      2001
  MONTH TO DATE    0.0                       0.1             0.0
  SINCE MAR 1     21.9                      15.5            16.8
  SINCE JUL 1    139.0                      66.2            80.0
  SNOW DEPTH       0

DEGREE DAYS
 HEATING
  YESTERDAY        0                         8     -8        1
  MONTH TO DATE  244                       318    -74      265
  SINCE MAR 1   2219                      2070    149     2258
  SINCE JUL 1   8109                      7716    393     8010

 COOLING
  YESTERDAY        4                         0      4        0
  MONTH TO DATE    7                         0      7        0
  SINCE MAR 1      7                         0      7        0
  SINCE JAN 1      7                         0      7        0
..................................................................


WIND (MPH)
  RESULTANT WIND SPEED  10   RESULTANT WIND DIRECTION   S (180)
  HIGHEST WIND SPEED    18   HIGHEST WIND DIRECTION     S (170)
  HIGHEST GUST SPEED    21   HIGHEST GUST DIRECTION     S (170)


SKY COVER
  POSSIBLE SUNSHINE  MM
  AVERAGE SKY COVER 0.7


WEATHER CONDITIONS
 THE FOLLOWING WEATHER WAS RECORDED YESTERDAY.
  LIGHT RAIN
  FOG
  HAZE


RELATIVE HUMIDITY (PERCENT)
 HIGHEST   100
 LOWEST     54
 AVERAGE    77

..........................................................


THE BANGOR ME CLIMATE NORMALS FOR TODAY
                         NORMAL    RECORD    YEAR
 MAXIMUM TEMPERATURE (F)   69        89      1933
 MINIMUM TEMPERATURE (F)   46        31      1969
                                             1939


SUNRISE AND SUNSET
MAY 27 2015...........SUNRISE   456 AM EDT   SUNSET   809 PM EDT
MAY 28 2015...........SUNRISE   455 AM EDT   SUNSET   810 PM EDT


-  INDICATES NEGATIVE NUMBERS.
R  INDICATES RECORD WAS SET OR TIED.
MM INDICATES DATA IS MISSING.
T  INDICATES TRACE AMOUNT.




$$
