000
CDUS41 KCAR 170532
CLIBGR


CLIMATE REPORT
NATIONAL WEATHER SERVICE CARIBOU, ME
131 AM EDT THU APR 17 2014


...................................

...THE BANGOR ME CLIMATE SUMMARY FOR APRIL 16 2014...

CLIMATE NORMAL PERIOD 1981 TO 2010
CLIMATE RECORD PERIOD 1925 TO 2014


WEATHER ITEM   OBSERVED TIME   RECORD YEAR NORMAL DEPARTURE LAST
                VALUE   (LST)  VALUE       VALUE  FROM      YEAR
                                                  NORMAL
..................................................................
TEMPERATURE (F)
 YESTERDAY
  MAXIMUM         41   1204 AM  77    1976  53    -12       51
                                      1973
  MINIMUM         21   1151 PM  17    1943  33    -12       36
                                      1926
  AVERAGE         31                        43    -12       44

PRECIPITATION (IN)
  YESTERDAY        0.38          1.73 2007   0.12   0.26     0.06
  MONTH TO DATE    1.73                      1.97  -0.24     1.13
  SINCE MAR 1      5.38                      5.35   0.03     3.18
  SINCE JAN 1     10.55                     10.76  -0.21     6.09

SNOWFALL (IN)
  YESTERDAY        1.0           4.1  1988   0.1             0.0
  MONTH TO DATE    1.1                       3.0             1.1
  SINCE MAR 1     16.8                      14.7            14.8
  SINCE JUL 1     80.0                      65.4            74.3
  SNOW DEPTH       1

DEGREE DAYS
 HEATING
  YESTERDAY       34                        22     12       21
  MONTH TO DATE  382                       406    -24      442
  SINCE MAR 1   1686                      1483    203     1445
  SINCE JUL 1   7438                      7129    309     6822

 COOLING
  YESTERDAY        0                         0      0        0
  MONTH TO DATE    0                         0      0        0
  SINCE MAR 1      0                         0      0        0
  SINCE JAN 1      0                         0      0        0
..................................................................


WIND (MPH)
  RESULTANT WIND SPEED  15   RESULTANT WIND DIRECTION  NW (310)
  HIGHEST WIND SPEED    30   HIGHEST WIND DIRECTION    NW (320)
  HIGHEST GUST SPEED    37   HIGHEST GUST DIRECTION    NW (320)


SKY COVER
  POSSIBLE SUNSHINE  MM
  AVERAGE SKY COVER 0.5


WEATHER CONDITIONS
 THE FOLLOWING WEATHER WAS RECORDED YESTERDAY.
  RAIN
  LIGHT RAIN
  HEAVY SNOW
  SNOW
  LIGHT SNOW
  SLEET
  FOG


RELATIVE HUMIDITY (PERCENT)
 HIGHEST    92
 LOWEST     35
 AVERAGE    64

..........................................................


THE BANGOR ME CLIMATE NORMALS FOR TODAY
                         NORMAL    RECORD    YEAR
 MAXIMUM TEMPERATURE (F)   54        83      2012
 MINIMUM TEMPERATURE (F)   33        17      2003
                                             1930


SUNRISE AND SUNSET
APRIL 17 2014.........SUNRISE   548 AM EDT   SUNSET   723 PM EDT
APRIL 18 2014.........SUNRISE   546 AM EDT   SUNSET   724 PM EDT


-  INDICATES NEGATIVE NUMBERS.
R  INDICATES RECORD WAS SET OR TIED.
MM INDICATES DATA IS MISSING.
T  INDICATES TRACE AMOUNT.




$$
