000
CDUS41 KCAR 250542
CLIBGR


CLIMATE REPORT
NATIONAL WEATHER SERVICE CARIBOU, ME
139 AM EDT THU AUG 25 2016


...................................

...THE BANGOR ME CLIMATE SUMMARY FOR AUGUST 24 2016...

CLIMATE NORMAL PERIOD 1981 TO 2010
CLIMATE RECORD PERIOD 1925 TO 2016


WEATHER ITEM   OBSERVED TIME   RECORD YEAR NORMAL DEPARTURE LAST
                VALUE   (LST)  VALUE       VALUE  FROM      YEAR
                                                  NORMAL
..................................................................
TEMPERATURE (F)
 YESTERDAY
  MAXIMUM         84    330 PM  91    1948  77      7       82
  MINIMUM         57    509 AM  38    1945  55      2       68
  AVERAGE         71                        66      5       75

PRECIPITATION (IN)
  YESTERDAY        0.00          1.65 1933   0.09  -0.09      T
  MONTH TO DATE    2.22                      2.36  -0.14     2.58
  SINCE JUN 1      7.76                      9.58  -1.82     8.64
  SINCE JAN 1     21.97                     25.63  -3.66    19.69

SNOWFALL (IN)
  YESTERDAY        0.0           0.0  2002   0.0             0.0
                                      2001
  MONTH TO DATE    0.0                       0.0             0.0
  SINCE JUN 1      0.0                       0.0             0.0
  SINCE JUL 1      0.0                       0.0             0.0
  SNOW DEPTH       0

DEGREE DAYS
 HEATING
  YESTERDAY        0                         2     -2        0
  MONTH TO DATE    4                        27    -23        0
  SINCE JUN 1    130                       157    -27      205
  SINCE JUL 1     27                        50    -23       29

 COOLING
  YESTERDAY        6                         3      3       10
  MONTH TO DATE  126                        86     40      136
  SINCE JUN 1    346                       270     76      260
  SINCE JAN 1    356                       276     80      283
..................................................................


WIND (MPH)
  RESULTANT WIND SPEED   5   RESULTANT WIND DIRECTION   S (200)
  HIGHEST WIND SPEED    15   HIGHEST WIND DIRECTION    SW (230)
  HIGHEST GUST SPEED    19   HIGHEST GUST DIRECTION    SW (240)


SKY COVER
  POSSIBLE SUNSHINE  MM
  AVERAGE SKY COVER 0.3


WEATHER CONDITIONS
 THE FOLLOWING WEATHER WAS RECORDED YESTERDAY.
  HAZE


RELATIVE HUMIDITY (PERCENT)
 HIGHEST    87
 LOWEST     43
 AVERAGE    65

..........................................................


THE BANGOR ME CLIMATE NORMALS FOR TODAY
                         NORMAL    RECORD    YEAR
 MAXIMUM TEMPERATURE (F)   77        95      1948
 MINIMUM TEMPERATURE (F)   54        29      1942


SUNRISE AND SUNSET
AUGUST 25 2016........SUNRISE   550 AM EDT   SUNSET   724 PM EDT
AUGUST 26 2016........SUNRISE   551 AM EDT   SUNSET   722 PM EDT


-  INDICATES NEGATIVE NUMBERS.
R  INDICATES RECORD WAS SET OR TIED.
MM INDICATES DATA IS MISSING.
T  INDICATES TRACE AMOUNT.




$$
