000
CDUS41 KCAR 260526
CLIBGR


CLIMATE REPORT
NATIONAL WEATHER SERVICE CARIBOU, ME
126 AM EDT MON SEP 26 2016


...................................

...THE BANGOR ME CLIMATE SUMMARY FOR SEPTEMBER 25 2016...

CLIMATE NORMAL PERIOD 1981 TO 2010
CLIMATE RECORD PERIOD 1925 TO 2016


WEATHER ITEM   OBSERVED TIME   RECORD YEAR NORMAL DEPARTURE LAST
                VALUE   (LST)  VALUE       VALUE  FROM      YEAR
                                                  NORMAL
..................................................................
TEMPERATURE (F)
 YESTERDAY
  MAXIMUM         58   1257 PM  88    1930  66     -8       57
  MINIMUM         40    609 AM  27    1944  44     -4       39
  AVERAGE         49                        55     -6       48

PRECIPITATION (IN)
  YESTERDAY        0.02          2.10 1991   0.15  -0.13     0.00
  MONTH TO DATE    1.14                      3.09  -1.95     1.41
  SINCE SEP 1      1.14                      3.09  -1.95     1.41
  SINCE JAN 1     23.13                     29.34  -6.21    21.15

SNOWFALL (IN)
  YESTERDAY        0.0           0.0  2002   0.0             0.0
                                      2001
  MONTH TO DATE    0.0                       0.0             0.0
  SINCE SEP 1      0.0                       0.0             0.0
  SINCE JUL 1      0.0                       0.0             0.0
  SNOW DEPTH       0

DEGREE DAYS
 HEATING
  YESTERDAY       16                        10      6       17
  MONTH TO DATE   85                       153    -68       65
  SINCE SEP 1     85                       153    -68       65
  SINCE JUL 1    112                       216   -104       94

 COOLING
  YESTERDAY        0                         0      0        0
  MONTH TO DATE   59                        21     38       91
  SINCE SEP 1     59                        21     38       91
  SINCE JAN 1    448                       315    133      400
..................................................................


WIND (MPH)
  RESULTANT WIND SPEED   8   RESULTANT WIND DIRECTION  NW (300)
  HIGHEST WIND SPEED    25   HIGHEST WIND DIRECTION     N (340)
  HIGHEST GUST SPEED    33   HIGHEST GUST DIRECTION     N (350)


SKY COVER
  POSSIBLE SUNSHINE  MM
  AVERAGE SKY COVER 0.4


WEATHER CONDITIONS
 THE FOLLOWING WEATHER WAS RECORDED YESTERDAY.
  LIGHT RAIN


RELATIVE HUMIDITY (PERCENT)
 HIGHEST    85
 LOWEST     43
 AVERAGE    64

..........................................................


THE BANGOR ME CLIMATE NORMALS FOR TODAY
                         NORMAL    RECORD    YEAR
 MAXIMUM TEMPERATURE (F)   66        91      2007
 MINIMUM TEMPERATURE (F)   44        29      2009


SUNRISE AND SUNSET
SEPTEMBER 26 2016.....SUNRISE   628 AM EDT   SUNSET   624 PM EDT
SEPTEMBER 27 2016.....SUNRISE   629 AM EDT   SUNSET   622 PM EDT


-  INDICATES NEGATIVE NUMBERS.
R  INDICATES RECORD WAS SET OR TIED.
MM INDICATES DATA IS MISSING.
T  INDICATES TRACE AMOUNT.




$$
