000
CDUS41 KCAR 300539
CLIBGR


CLIMATE REPORT
NATIONAL WEATHER SERVICE CARIBOU, ME
134 AM EDT SAT JUL 30 2016


...................................

...THE BANGOR ME CLIMATE SUMMARY FOR JULY 29 2016...

CLIMATE NORMAL PERIOD 1981 TO 2010
CLIMATE RECORD PERIOD 1925 TO 2016


WEATHER ITEM   OBSERVED TIME   RECORD YEAR NORMAL DEPARTURE LAST
                VALUE   (LST)  VALUE       VALUE  FROM      YEAR
                                                  NORMAL
..................................................................
TEMPERATURE (F)
 YESTERDAY
  MAXIMUM         88    128 PM  98    1949  80      8       87
  MINIMUM         67   1159 PM  46    1987  58      9       58
  AVERAGE         78                        69      9       73

PRECIPITATION (IN)
  YESTERDAY        0.00          2.68 1958   0.12  -0.12     0.00
  MONTH TO DATE    2.69                      3.23  -0.54     1.03
  SINCE JUN 1      5.54                      6.99  -1.45     5.93
  SINCE JAN 1     19.75                     23.04  -3.29    16.98

SNOWFALL (IN)
  YESTERDAY        0.0           0.0  2002   0.0             0.0
                                      2001
  MONTH TO DATE    0.0                       0.0             0.0
  SINCE JUN 1      0.0                       0.0             0.0
  SINCE JUL 1      0.0                       0.0             0.0
  SNOW DEPTH       0

DEGREE DAYS
 HEATING
  YESTERDAY        0                         1     -1        0
  MONTH TO DATE   11                        29    -18       29
  SINCE JUN 1     58                       136    -78      205
  SINCE JUL 1     11                        29    -18       29

 COOLING
  YESTERDAY       13                         5      8        8
  MONTH TO DATE  263                       126    137       84
  SINCE JUN 1    319                       178    141      108
  SINCE JAN 1    344                       184    160      131
..................................................................


WIND (MPH)
  RESULTANT WIND SPEED   4   RESULTANT WIND DIRECTION   N (10)
  HIGHEST WIND SPEED    12   HIGHEST WIND DIRECTION     N (360)
  HIGHEST GUST SPEED    17   HIGHEST GUST DIRECTION     N (20)


SKY COVER
  POSSIBLE SUNSHINE  MM
  AVERAGE SKY COVER 0.7


WEATHER CONDITIONS
 THE FOLLOWING WEATHER WAS RECORDED YESTERDAY.
  FOG
  HAZE


RELATIVE HUMIDITY (PERCENT)
 HIGHEST    90
 LOWEST     36
 AVERAGE    63

..........................................................


THE BANGOR ME CLIMATE NORMALS FOR TODAY
                         NORMAL    RECORD    YEAR
 MAXIMUM TEMPERATURE (F)   80        99      1949
 MINIMUM TEMPERATURE (F)   58        46      1968


SUNRISE AND SUNSET
JULY 30 2016..........SUNRISE   519 AM EDT   SUNSET   803 PM EDT
JULY 31 2016..........SUNRISE   521 AM EDT   SUNSET   802 PM EDT


-  INDICATES NEGATIVE NUMBERS.
R  INDICATES RECORD WAS SET OR TIED.
MM INDICATES DATA IS MISSING.
T  INDICATES TRACE AMOUNT.




$$
