000
CDUS44 KBMX 230743
CLIBHM


CLIMATE REPORT
NATIONAL WEATHER SERVICE BIRMINGHAM, AL
240 AM CDT SAT MAY 23 2015


...................................

...THE BIRMINGHAM CLIMATE SUMMARY FOR MAY 22 2015...

CLIMATE NORMAL PERIOD 1981 TO 2010
CLIMATE RECORD PERIOD 2014 TO 2015


WEATHER ITEM   OBSERVED TIME   RECORD YEAR NORMAL DEPARTURE LAST
                VALUE   (LST)  VALUE       VALUE  FROM      YEAR
                                                  NORMAL
..................................................................
TEMPERATURE (F)
 YESTERDAY
  MAXIMUM         78    417 PM  96    1962  83     -5       88
  MINIMUM         48    442 AM  42    1993  62    -14       63
  AVERAGE         63                        72     -9       76

PRECIPITATION (IN)
  YESTERDAY        0.00          2.54 1939   0.15  -0.15     0.00
  MONTH TO DATE    0.32                      3.59  -3.27     1.58
  SINCE MAR 1     14.79                     13.20   1.59    15.19
  SINCE JAN 1     23.49                     22.57   0.92    22.12

DEGREE DAYS
 COOLING
  YESTERDAY        0                         8     -8       11
  MONTH TO DATE  167                       121     46      125
  SINCE MAR 1    249                       201     48      181
  SINCE JAN 1    249                       205     44      184
..................................................................


WIND (MPH)
  HIGHEST WIND SPEED    14   HIGHEST WIND DIRECTION     N (360)
  HIGHEST GUST SPEED    18   HIGHEST GUST DIRECTION     N (360)
  AVERAGE WIND SPEED     6.1


SKY COVER
  AVERAGE SKY COVER 0.3


WEATHER CONDITIONS
 THE FOLLOWING WEATHER WAS RECORDED YESTERDAY.
  NO SIGNIFICANT WEATHER WAS OBSERVED.


RELATIVE HUMIDITY (PERCENT)
 HIGHEST    93           200 AM
 LOWEST     38           200 PM
 AVERAGE    66

..........................................................


THE BIRMINGHAM CLIMATE NORMALS FOR TODAY
                         NORMAL    RECORD    YEAR
 MAXIMUM TEMPERATURE (F)   83        95      1996
                                             1970
 MINIMUM TEMPERATURE (F)   62        47      1954


SUNRISE AND SUNSET
MAY 23 2015...........SUNRISE   542 AM CDT   SUNSET   746 PM CDT
MAY 24 2015...........SUNRISE   541 AM CDT   SUNSET   747 PM CDT


-  INDICATES NEGATIVE NUMBERS.
R  INDICATES RECORD WAS SET OR TIED.
MM INDICATES DATA IS MISSING.
T  INDICATES TRACE AMOUNT.




$$
