000
CDUS44 KBMX 272212
CLIBHM


CLIMATE REPORT
NATIONAL WEATHER SERVICE BIRMINGHAM, AL
411 PM CST SAT DEC 27 2014


...................................

...THE BIRMINGHAM CLIMATE SUMMARY FOR DECEMBER 27 2014...
VALID AS OF 0400 PM LOCAL TIME.

CLIMATE NORMAL PERIOD 1981 TO 2010
CLIMATE RECORD PERIOD 1895 TO 2014


WEATHER ITEM   OBSERVED TIME   RECORD YEAR NORMAL DEPARTURE LAST
                VALUE   (LST)  VALUE       VALUE  FROM      YEAR
                                                  NORMAL
..................................................................
TEMPERATURE (F)
 TODAY
  MAXIMUM         59    107 PM  75    2008  54      5       55
  MINIMUM         47    854 AM  10    1925  35     12       25
  AVERAGE         53                        44      9       40

PRECIPITATION (IN)
  TODAY            0.16          7.70 1942   0.13   0.03     0.00
  MONTH TO DATE    4.51                      3.93   0.58     5.65
  SINCE DEC 1      4.51                      3.93   0.58     5.65
  SINCE JAN 1     47.13                     53.20  -6.07    66.46

SNOWFALL (IN)
  TODAY            0.0                       0.0    0.0      0.0
  MONTH TO DATE    0.0                       0.1   -0.1      0.0
  SINCE DEC 1      0.0                       0.1   -0.1      0.0
  SINCE JUL 1      0.0                       0.1   -0.1      0.0
  SNOW DEPTH       0

..................................................................


WIND (MPH)
  HIGHEST WIND SPEED    12   HIGHEST WIND DIRECTION    SE (130)
  HIGHEST GUST SPEED    17   HIGHEST GUST DIRECTION     S (200)
  AVERAGE WIND SPEED     5.5


SKY COVER
  AVERAGE SKY COVER 0.9


WEATHER CONDITIONS
 THE FOLLOWING WEATHER WAS RECORDED TODAY.
  LIGHT RAIN
  FOG


RELATIVE HUMIDITY (PERCENT)
 HIGHEST    86           800 AM
 LOWEST     50           200 AM
 AVERAGE    68

..........................................................


THE BIRMINGHAM CLIMATE NORMALS FOR TOMORROW
                         NORMAL    RECORD    YEAR
 MAXIMUM TEMPERATURE (F)   54        76      1984
 MINIMUM TEMPERATURE (F)   35         7      1925


SUNRISE AND SUNSET
DECEMBER 27 2014......SUNRISE   650 AM CST   SUNSET   446 PM CST
DECEMBER 28 2014......SUNRISE   650 AM CST   SUNSET   447 PM CST


-  INDICATES NEGATIVE NUMBERS.
R  INDICATES RECORD WAS SET OR TIED.
MM INDICATES DATA IS MISSING.
T  INDICATES TRACE AMOUNT.




$$
