000
CDUS44 KBMX 240753
CLIBHM


CLIMATE REPORT
NATIONAL WEATHER SERVICE BIRMINGHAM, AL
152 AM CST MON NOV 24 2014


...................................

...THE BIRMINGHAM CLIMATE SUMMARY FOR NOVEMBER 23 2014...

CLIMATE NORMAL PERIOD 1981 TO 2010
CLIMATE RECORD PERIOD 1895 TO 2014


WEATHER ITEM   OBSERVED TIME   RECORD YEAR NORMAL DEPARTURE LAST
                VALUE   (LST)  VALUE       VALUE  FROM      YEAR
                                                  NORMAL
..................................................................
TEMPERATURE (F)
 YESTERDAY
  MAXIMUM         65    351 PM  80    1921  63      2       57
  MINIMUM         55    515 AM  19    1970  41     14       36
  AVERAGE         60                        52      8       47

PRECIPITATION (IN)
  YESTERDAY        0.92          2.42 1983   0.18   0.74      T
  MONTH TO DATE    4.46                      3.60   0.86     1.05
  SINCE SEP 1      9.76                     10.94  -1.18     5.48
  SINCE JAN 1     42.62                     48.02  -5.40    57.74

SNOWFALL (IN)
  YESTERDAY        0.0                       0.0    0.0      0.0
  MONTH TO DATE    0.0                       0.0    0.0      0.0
  SINCE SEP 1      0.0                       0.0    0.0      0.0
  SINCE JUL 1      0.0                       0.0    0.0      0.0
  SNOW DEPTH       0

DEGREE DAYS
 HEATING
  YESTERDAY        5                        13     -8       18
  MONTH TO DATE  367                       230    137      245
  SINCE SEP 1    454                       357     97      342
  SINCE JUL 1    454                       357     97      342
..................................................................


WIND (MPH)
  HIGHEST WIND SPEED    22   HIGHEST WIND DIRECTION     S (190)
  HIGHEST GUST SPEED    31   HIGHEST GUST DIRECTION     S (180)
  AVERAGE WIND SPEED    12.7


SKY COVER
  AVERAGE SKY COVER 0.9


WEATHER CONDITIONS
 THE FOLLOWING WEATHER WAS RECORDED YESTERDAY.
  THUNDERSTORM
  HEAVY RAIN
  RAIN
  LIGHT RAIN
  FOG
  HAZE


RELATIVE HUMIDITY (PERCENT)
 HIGHEST    93           500 AM
 LOWEST     84           400 PM
 AVERAGE    89

..........................................................


THE BIRMINGHAM CLIMATE NORMALS FOR TODAY
                         NORMAL    RECORD    YEAR
 MAXIMUM TEMPERATURE (F)   62        79      1921
 MINIMUM TEMPERATURE (F)   41        13      1970


SUNRISE AND SUNSET
NOVEMBER 24 2014......SUNRISE   627 AM CST   SUNSET   440 PM CST
NOVEMBER 25 2014......SUNRISE   628 AM CST   SUNSET   440 PM CST


-  INDICATES NEGATIVE NUMBERS.
R  INDICATES RECORD WAS SET OR TIED.
MM INDICATES DATA IS MISSING.
T  INDICATES TRACE AMOUNT.




$$
