644
CDUS44 KBMX 182152
CLIBHM


CLIMATE REPORT
NATIONAL WEATHER SERVICE BIRMINGHAM, AL
452 PM CDT FRI AUG 18 2017


...................................

...THE BIRMINGHAM CLIMATE SUMMARY FOR AUGUST 18 2017...
VALID TODAY AS OF 0400 PM LOCAL TIME.

CLIMATE NORMAL PERIOD 1981 TO 2010
CLIMATE RECORD PERIOD 1895 TO 2017


WEATHER ITEM   OBSERVED TIME   RECORD YEAR NORMAL DEPARTURE LAST
                VALUE   (LST)  VALUE       VALUE  FROM      YEAR
                                                  NORMAL
..................................................................
TEMPERATURE (F)
 TODAY
  MAXIMUM         91    245 PM 103    1995  91      0       90
  MINIMUM         76    644 AM  59    1992  71      5       74
  AVERAGE         84                        81      3       82

PRECIPITATION (IN)
  TODAY            0.00          1.57 1928   0.12  -0.12     0.04
  MONTH TO DATE    3.65                      2.36   1.29     1.10
  SINCE JUN 1     23.94                     11.54  12.40    12.14
  SINCE JAN 1     51.60                     35.51  16.09    33.75

DEGREE DAYS
 COOLING
  TODAY           19                        16      3       17
  MONTH TO DATE  284                       288     -4      333
  SINCE JUN 1   1174                      1169      5     1402
  SINCE JAN 1   1636                      1451    185     1725
..................................................................


WIND (MPH)
  HIGHEST WIND SPEED    16   HIGHEST WIND DIRECTION    NW (320)
  HIGHEST GUST SPEED    22   HIGHEST GUST DIRECTION    SW (220)
  AVERAGE WIND SPEED     9.3


SKY COVER
  AVERAGE SKY COVER 0.6


WEATHER CONDITIONS
 THE FOLLOWING WEATHER WAS RECORDED TODAY.
  FOG


RELATIVE HUMIDITY (PERCENT)
 HIGHEST    94           500 AM
 LOWEST     47           100 PM
 AVERAGE    71

..........................................................


THE BIRMINGHAM CLIMATE NORMALS FOR TOMORROW
                         NORMAL    RECORD    YEAR
 MAXIMUM TEMPERATURE (F)   91       103      1999
                                             1990
 MINIMUM TEMPERATURE (F)   71        62      1992
                                             1976
                                             1967


SUNRISE AND SUNSET
AUGUST 18 2017........SUNRISE   612 AM CDT   SUNSET   729 PM CDT
AUGUST 19 2017........SUNRISE   612 AM CDT   SUNSET   728 PM CDT


-  INDICATES NEGATIVE NUMBERS.
R  INDICATES RECORD WAS SET OR TIED.
MM INDICATES DATA IS MISSING.
T  INDICATES TRACE AMOUNT.




$$
