000
CDUS44 KBMX 222150
CLIBHM


CLIMATE REPORT
NATIONAL WEATHER SERVICE BIRMINGHAM, AL
450 PM CDT THU JUN 22 2017


...................................

...THE BIRMINGHAM CLIMATE SUMMARY FOR JUNE 22 2017...
VALID TODAY AS OF 0400 PM LOCAL TIME.

CLIMATE NORMAL PERIOD 1981 TO 2010
CLIMATE RECORD PERIOD 1895 TO 2017


WEATHER ITEM   OBSERVED TIME   RECORD YEAR NORMAL DEPARTURE LAST
                VALUE   (LST)  VALUE       VALUE  FROM      YEAR
                                                  NORMAL
..................................................................
TEMPERATURE (F)
 TODAY
  MAXIMUM         79   1212 PM 101    1930  89    -10       92
  MINIMUM         73    618 AM  51    1992  69      4       75
  AVERAGE         76                        79     -3       84

PRECIPITATION (IN)
  TODAY            2.12          2.29 1947   0.15   1.97     0.00
  MONTH TO DATE    5.78                      3.15   2.63     2.62
  SINCE JUN 1      5.78                      3.15   2.63     2.62
  SINCE JAN 1     33.44                     27.12   6.32    24.23

DEGREE DAYS
 COOLING
  TODAY           11                        14     -3       19
  MONTH TO DATE  264                       265     -1      329
  SINCE JUN 1    264                       265     -1      329
  SINCE JAN 1    726                       547    179      652
..................................................................


WIND (MPH)
  HIGHEST WIND SPEED    16   HIGHEST WIND DIRECTION     S (170)
  HIGHEST GUST SPEED    24   HIGHEST GUST DIRECTION     S (170)
  AVERAGE WIND SPEED     8.3


SKY COVER
  AVERAGE SKY COVER 1.0


WEATHER CONDITIONS
 THE FOLLOWING WEATHER WAS RECORDED TODAY.
  THUNDERSTORM
  HEAVY RAIN
  RAIN
  LIGHT RAIN
  FOG


RELATIVE HUMIDITY (PERCENT)
 HIGHEST    93          1200 AM
 LOWEST     85          1000 AM
 AVERAGE    89

..........................................................


THE BIRMINGHAM CLIMATE NORMALS FOR TOMORROW
                         NORMAL    RECORD    YEAR
 MAXIMUM TEMPERATURE (F)   89       100      1897
 MINIMUM TEMPERATURE (F)   69        48      1972


SUNRISE AND SUNSET
JUNE 22 2017..........SUNRISE   538 AM CDT   SUNSET   801 PM CDT
JUNE 23 2017..........SUNRISE   538 AM CDT   SUNSET   801 PM CDT


-  INDICATES NEGATIVE NUMBERS.
R  INDICATES RECORD WAS SET OR TIED.
MM INDICATES DATA IS MISSING.
T  INDICATES TRACE AMOUNT.




$$
