000
CDUS44 KBMX 210854
CLIBHM


CLIMATE REPORT
NATIONAL WEATHER SERVICE BIRMINGHAM, AL
254 AM CST WED FEB 21 2018


...................................

...THE BIRMINGHAM CLIMATE SUMMARY FOR FEBRUARY 20 2018...

CLIMATE NORMAL PERIOD 1981 TO 2010
CLIMATE RECORD PERIOD 1895 TO 2018


WEATHER ITEM   OBSERVED TIME   RECORD YEAR NORMAL DEPARTURE LAST
                VALUE   (LST)  VALUE       VALUE  FROM      YEAR
                                                  NORMAL
..................................................................
TEMPERATURE (F)
 YESTERDAY
  MAXIMUM         80R   115 PM  78    1986  60     20       77
  MINIMUM         64    655 AM  16    1958  38     26       49
  AVERAGE         72                        49     23       63

PRECIPITATION (IN)
  YESTERDAY        0.00          3.02 1961   0.17  -0.17     0.00
  MONTH TO DATE    6.24                      3.18   3.06     2.25
  SINCE DEC 1     11.60                     12.47  -0.87    11.35
  SINCE JAN 1      7.59                      8.02  -0.43     8.96

SNOWFALL (IN)
  YESTERDAY        0.0                       0.0    0.0      0.0
  MONTH TO DATE    0.0                       0.1   -0.1      0.0
  SINCE DEC 1      4.0                       0.8    3.2      0.3
  SINCE JUL 1      4.0                       0.8    3.2      0.3
  SNOW DEPTH       0

DEGREE DAYS
 HEATING
  YESTERDAY        0                        16    -16        2
  MONTH TO DATE  222                       367   -145      221
  SINCE DEC 1   1582                      1614    -32     1094
  SINCE JUL 1   1984                      2072    -88     1326
..................................................................


WIND (MPH)
  HIGHEST WIND SPEED    18   HIGHEST WIND DIRECTION     S (160)
  HIGHEST GUST SPEED    26   HIGHEST GUST DIRECTION    SE (130)
  AVERAGE WIND SPEED     9.6


SKY COVER
  AVERAGE SKY COVER 0.5


WEATHER CONDITIONS
 THE FOLLOWING WEATHER WAS RECORDED YESTERDAY.
  NO SIGNIFICANT WEATHER WAS OBSERVED.


RELATIVE HUMIDITY (PERCENT)
 HIGHEST    79           900 PM
 LOWEST     54           100 PM
 AVERAGE    67

..........................................................


THE BIRMINGHAM CLIMATE NORMALS FOR TODAY
                         NORMAL    RECORD    YEAR
 MAXIMUM TEMPERATURE (F)   60        78      1922
 MINIMUM TEMPERATURE (F)   39        18      1963
                                             1959


SUNRISE AND SUNSET
FEBRUARY 21 2018......SUNRISE   625 AM CST   SUNSET   537 PM CST
FEBRUARY 22 2018......SUNRISE   624 AM CST   SUNSET   538 PM CST


-  INDICATES NEGATIVE NUMBERS.
R  INDICATES RECORD WAS SET OR TIED.
MM INDICATES DATA IS MISSING.
T  INDICATES TRACE AMOUNT.




$$
