000
CDUS44 KBMX 280918
CLIBHM


CLIMATE REPORT
NATIONAL WEATHER SERVICE BIRMINGHAM, AL
317 AM CST FRI NOV 28 2014


...................................

...THE BIRMINGHAM CLIMATE SUMMARY FOR NOVEMBER 27 2014...

CLIMATE NORMAL PERIOD 1981 TO 2010
CLIMATE RECORD PERIOD 1895 TO 2014


WEATHER ITEM   OBSERVED TIME   RECORD YEAR NORMAL DEPARTURE LAST
                VALUE   (LST)  VALUE       VALUE  FROM      YEAR
                                                  NORMAL
..................................................................
TEMPERATURE (F)
 YESTERDAY
  MAXIMUM         47    259 PM  81    1990  61    -14       40
  MINIMUM         31   1120 PM  18    1903  40     -9       22
  AVERAGE         39                        51    -12       31

PRECIPITATION (IN)
  YESTERDAY        0.00          4.41 1983   0.18  -0.18      T
  MONTH TO DATE    4.46                      4.30   0.16     4.12
  SINCE SEP 1      9.76                     11.64  -1.88     8.55
  SINCE JAN 1     42.62                     48.72  -6.10    60.81

SNOWFALL (IN)
  YESTERDAY        0.0                       0.0    0.0      0.0
  MONTH TO DATE    0.0                       0.0    0.0      0.0
  SINCE SEP 1      0.0                       0.0    0.0      0.0
  SINCE JUL 1      0.0                       0.0    0.0      0.0
  SNOW DEPTH       0

DEGREE DAYS
 HEATING
  YESTERDAY       26                        14     12       34
  MONTH TO DATE  434                       286    148      357
  SINCE SEP 1    521                       413    108      454
  SINCE JUL 1    521                       413    108      454
..................................................................


WIND (MPH)
  HIGHEST WIND SPEED    18   HIGHEST WIND DIRECTION    NW (320)
  HIGHEST GUST SPEED    23   HIGHEST GUST DIRECTION    NW (320)
  AVERAGE WIND SPEED     7.1


SKY COVER
  AVERAGE SKY COVER 0.5


WEATHER CONDITIONS
 THE FOLLOWING WEATHER WAS RECORDED YESTERDAY.
  NO SIGNIFICANT WEATHER WAS OBSERVED.


RELATIVE HUMIDITY (PERCENT)
 HIGHEST    76           500 AM
 LOWEST     49           400 PM
 AVERAGE    63

..........................................................


THE BIRMINGHAM CLIMATE NORMALS FOR TODAY
                         NORMAL    RECORD    YEAR
 MAXIMUM TEMPERATURE (F)   61        77      1908
 MINIMUM TEMPERATURE (F)   40        18      2013


SUNRISE AND SUNSET
NOVEMBER 28 2014......SUNRISE   631 AM CST   SUNSET   439 PM CST
NOVEMBER 29 2014......SUNRISE   631 AM CST   SUNSET   439 PM CST


-  INDICATES NEGATIVE NUMBERS.
R  INDICATES RECORD WAS SET OR TIED.
MM INDICATES DATA IS MISSING.
T  INDICATES TRACE AMOUNT.




$$
