000
CDUS45 KVEF 200828
CLIBIH


CLIMATE REPORT
NATIONAL WEATHER SERVICE LAS VEGAS, NV
127 AM PDT THU JUL 20 2017


...................................

...THE BISHOP CA CLIMATE SUMMARY FOR JULY 19 2017...

CLIMATE NORMAL PERIOD 1981 TO 2010
CLIMATE RECORD PERIOD 1943 TO 2017


WEATHER ITEM   OBSERVED TIME   RECORD YEAR NORMAL DEPARTURE LAST
                VALUE   (LST)  VALUE       VALUE  FROM      YEAR
                                                  NORMAL
..................................................................
TEMPERATURE (F)
 YESTERDAY
  MAXIMUM        101    406 PM 108    2005  99      2      100
  MINIMUM         56    355 AM  47    2016  57     -1       47
                                      2000
                                      1993
  AVERAGE         79                        78      1       74

PRECIPITATION (IN)
  YESTERDAY        0.00          0.37 1984   0.01  -0.01     0.00
  MONTH TO DATE    T                         0.10  -0.10      T
  SINCE OCT 1      9.16                      4.79   4.37     3.88
  SINCE JAN 1      8.80                      3.17   5.63     3.07

SNOWFALL (IN)
  YESTERDAY        0.0          MM      MM   0.0    0.0      0.0
  MONTH TO DATE    0.0                       0.0    0.0      0.0
  SINCE JUN 1      0.0                       0.0    0.0      0.0
  SINCE JUL 1      0.0                       0.0    0.0      0.0
  SNOW DEPTH       0

DEGREE DAYS
 HEATING
  YESTERDAY        0                         0      0        0
  MONTH TO DATE    0                         0      0        0
  SINCE JUN 1     14                        19     -5        3
  SINCE JUL 1      0                         0      0        0

 COOLING
  YESTERDAY       14                        13      1        9
  MONTH TO DATE  316                       230     86      246
  SINCE JUN 1    649                       444    205      606
  SINCE JAN 1    706                       512    194      653
..................................................................


WIND (MPH)
  RESULTANT WIND SPEED   5   RESULTANT WIND DIRECTION   S (180)
  HIGHEST WIND SPEED    22   HIGHEST WIND DIRECTION     S (170)
  HIGHEST GUST SPEED    28   HIGHEST GUST DIRECTION     S (170)
  AVERAGE WIND SPEED    10.0


SKY COVER
  POSSIBLE SUNSHINE  MM
  AVERAGE SKY COVER 0.0


WEATHER CONDITIONS
 THE FOLLOWING WEATHER WAS RECORDED YESTERDAY.
  NO SIGNIFICANT WEATHER WAS OBSERVED.


RELATIVE HUMIDITY (PERCENT)
 HIGHEST    51           400 AM
 LOWEST      9          1200 PM
 AVERAGE    30

..........................................................


THE BISHOP CA CLIMATE NORMALS FOR TODAY
                         NORMAL    RECORD    YEAR
 MAXIMUM TEMPERATURE (F)   99       107      2013
                                             2005
 MINIMUM TEMPERATURE (F)   57        40      1983


SUNRISE AND SUNSET
JULY 20 2017..........SUNRISE   549 AM PDT   SUNSET   811 PM PDT
JULY 21 2017..........SUNRISE   549 AM PDT   SUNSET   810 PM PDT


-  INDICATES NEGATIVE NUMBERS.
R  INDICATES RECORD WAS SET OR TIED.
MM INDICATES DATA IS MISSING.
T  INDICATES TRACE AMOUNT.




$$
