000
CDUS45 KVEF 230831
CLIBIH


CLIMATE REPORT
NATIONAL WEATHER SERVICE LAS VEGAS, NV
128 AM PDT SAT MAY 23 2015


...................................

...THE BISHOP CA CLIMATE SUMMARY FOR MAY 22 2015...

CLIMATE NORMAL PERIOD 1981 TO 2010
CLIMATE RECORD PERIOD 1943 TO 2015


WEATHER ITEM   OBSERVED TIME   RECORD YEAR NORMAL DEPARTURE LAST
                VALUE   (LST)  VALUE       VALUE  FROM      YEAR
                                                  NORMAL
..................................................................
TEMPERATURE (F)
 YESTERDAY
  MAXIMUM         71    249 PM  99    1984  84    -13       70
  MINIMUM         48    533 AM  25    2010  46      2       45
  AVERAGE         60                        65     -5       58

PRECIPITATION (IN)
  YESTERDAY        0.04          0.09 2014   0.01   0.03     0.09
  MONTH TO DATE    0.86                      0.13   0.73     0.24
  SINCE OCT 1      1.60                      4.44  -2.84     2.48
  SINCE JAN 1      1.14                      2.82  -1.68     2.26

SNOWFALL (IN)
  YESTERDAY        0                         0.0    0.0      0.0
  MONTH TO DATE    T                         0.0    0.0      0.0
  SINCE MAR 1      T                         0.9   -0.9      0.1
  SINCE JUL 1      T                         6.8   -6.8      0.6
  SNOW DEPTH       0

DEGREE DAYS
 HEATING
  YESTERDAY        5                         3      2        7
  MONTH TO DATE  127                        98     29       88
  SINCE MAR 1    677                       933   -256      732
  SINCE JUL 1   3118                      4140  -1022     3682

 COOLING
  YESTERDAY        0                         3     -3        0
  MONTH TO DATE    1                        32    -31       25
  SINCE MAR 1      5                        36    -31       29
  SINCE JAN 1      5                        36    -31       29
..................................................................


WIND (MPH)
  RESULTANT WIND SPEED   8   RESULTANT WIND DIRECTION   N (340)
  HIGHEST WIND SPEED    18   HIGHEST WIND DIRECTION     W (250)
  HIGHEST GUST SPEED    23   HIGHEST GUST DIRECTION    NW (310)
  AVERAGE WIND SPEED     9.2


SKY COVER
  POSSIBLE SUNSHINE  MM
  AVERAGE SKY COVER 0.6


WEATHER CONDITIONS
 THE FOLLOWING WEATHER WAS RECORDED YESTERDAY.
  LIGHT RAIN


RELATIVE HUMIDITY (PERCENT)
 HIGHEST    86           300 AM
 LOWEST     32           300 PM
 AVERAGE    59

..........................................................


THE BISHOP CA CLIMATE NORMALS FOR TODAY
                         NORMAL    RECORD    YEAR
 MAXIMUM TEMPERATURE (F)   85        98      2001
                                             2000
                                             1984
 MINIMUM TEMPERATURE (F)   46        33      1959


SUNRISE AND SUNSET
MAY 23 2015...........SUNRISE   539 AM PDT   SUNSET   802 PM PDT
MAY 24 2015...........SUNRISE   538 AM PDT   SUNSET   803 PM PDT


-  INDICATES NEGATIVE NUMBERS.
R  INDICATES RECORD WAS SET OR TIED.
MM INDICATES DATA IS MISSING.
T  INDICATES TRACE AMOUNT.




$$
