000
CDUS45 KVEF 240829
CLIBIH


CLIMATE REPORT
NATIONAL WEATHER SERVICE LAS VEGAS, NV
1228 AM PST SAT FEB 24 2018


...................................

...THE BISHOP CA CLIMATE SUMMARY FOR FEBRUARY 23 2018...

CLIMATE NORMAL PERIOD 1981 TO 2010
CLIMATE RECORD PERIOD 1943 TO 2018


WEATHER ITEM   OBSERVED TIME   RECORD YEAR NORMAL DEPARTURE LAST
                VALUE   (LST)  VALUE       VALUE  FROM      YEAR
                                                  NORMAL
..................................................................
TEMPERATURE (F)
 YESTERDAY
  MAXIMUM         41    235 PM  74    1995  60    -19       47
                                      1989
  MINIMUM         18   1155 PM  14    1951  28    -10       27
                                      1944
  AVERAGE         30                        44    -14       37

PRECIPITATION (IN)
  YESTERDAY        T             1.13 1998   0.03  -0.03     0.00
  MONTH TO DATE    T                         0.70  -0.70     2.21
  SINCE OCT 1      0.20                      3.37  -3.17     7.80
  SINCE JAN 1      0.04                      1.75  -1.71     7.44

SNOWFALL (IN)
  YESTERDAY        0.2           5.7  1969   0.0    0.2      0.0
  MONTH TO DATE    0.2                       0.6   -0.4      0.0
  SINCE DEC 1      0.2                       7.0   -6.8      8.6
  SINCE JUL 1      0.2                       7.3   -7.1      8.6
  SNOW DEPTH       0

DEGREE DAYS
 HEATING
  YESTERDAY       35                        21     14       28
  MONTH TO DATE  504                       536    -32      457
  SINCE DEC 1   1877                      2204   -327     2121
  SINCE JUL 1   2677                      3105   -428     2864

 COOLING
  YESTERDAY        0                         0      0        0
  MONTH TO DATE    0                         0      0        0
  SINCE DEC 1      0                         0      0        0
  SINCE JAN 1      0                         0      0        0
..................................................................


WIND (MPH)
  RESULTANT WIND SPEED  14   RESULTANT WIND DIRECTION   N (350)
  HIGHEST WIND SPEED    26   HIGHEST WIND DIRECTION     N (360)
  HIGHEST GUST SPEED    35   HIGHEST GUST DIRECTION     N (350)
  AVERAGE WIND SPEED    14.8


SKY COVER
  POSSIBLE SUNSHINE  MM
  AVERAGE SKY COVER 0.4


WEATHER CONDITIONS
 THE FOLLOWING WEATHER WAS RECORDED YESTERDAY.
  LIGHT SNOW
  FOG


RELATIVE HUMIDITY (PERCENT)
 HIGHEST    88           400 AM
 LOWEST     18           100 PM
 AVERAGE    53

..........................................................


THE BISHOP CA CLIMATE NORMALS FOR TODAY
                         NORMAL    RECORD    YEAR
 MAXIMUM TEMPERATURE (F)   60        76      1989
                                             1986
 MINIMUM TEMPERATURE (F)   28        10      1944


SUNRISE AND SUNSET
FEBRUARY 24 2018......SUNRISE   631 AM PST   SUNSET   543 PM PST
FEBRUARY 25 2018......SUNRISE   630 AM PST   SUNSET   544 PM PST


-  INDICATES NEGATIVE NUMBERS.
R  INDICATES RECORD WAS SET OR TIED.
MM INDICATES DATA IS MISSING.
T  INDICATES TRACE AMOUNT.




$$
