000
CDUS45 KVEF 050027
CLIBIH


CLIMATE REPORT
NATIONAL WEATHER SERVICE LAS VEGAS, NV
527 PM PDT FRI SEP 4 2015


...................................

...THE BISHOP CA CLIMATE SUMMARY FOR SEPTEMBER 4 2015...
VALID TODAY AS OF 0500 PM LOCAL TIME.

CLIMATE NORMAL PERIOD 1981 TO 2010
CLIMATE RECORD PERIOD 1943 TO 2015


WEATHER ITEM   OBSERVED RECORD YEAR NORMAL DEPARTURE LAST
                VALUE   VALUE       VALUE  FROM      YEAR
                                           NORMAL
...........................................................
TEMPERATURE (F)
 TODAY
  MAXIMUM         87    103    1955  92     -5       95
  MINIMUM         46     41    2004  50     -4       64
                               1970
  AVERAGE         67

PRECIPITATION (IN)
  TODAY            0.00   0.28 1978   0.00   0.00     0.00
  MONTH TO DATE    0.00               0.01  -0.01     0.00
  SINCE OCT 1      3.01               4.99  -1.98     2.83
  SINCE JAN 1      2.55               3.37  -0.82     2.61

SNOWFALL (IN)
  TODAY            0.0   MM      MM   0.0    0.0      0.0
  MONTH TO DATE    0.0                0.0    0.0      0.0
  SINCE SEP 1      0.0                0.0    0.0      0.0
  SINCE JUL 1      0.0                0.0    0.0      0.0
  SNOW DEPTH       0

DEGREE DAYS
 HEATING
  TODAY            0                  0      0        0
  MONTH TO DATE    0                  0      0        0
  SINCE SEP 1      0                  0      0        0
  SINCE JUL 1      0                  2     -2        0

 COOLING
  TODAY            2                  6     -4       15
  MONTH TO DATE   22                 27     -5       51
  SINCE SEP 1     22                 27     -5       51
  SINCE JAN 1   1172               1004    168     1198
...........................................................


WIND (MPH)
  RESULTANT WIND SPEED   4   RESULTANT WIND DIRECTION   S (160)
  HIGHEST WIND SPEED    18   HIGHEST WIND DIRECTION     S (160)
  HIGHEST GUST SPEED    23   HIGHEST GUST DIRECTION    SE (140)
  AVERAGE WIND SPEED     7.4


SKY COVER
  POSSIBLE SUNSHINE  MM
  AVERAGE SKY COVER 0.0


WEATHER CONDITIONS
 THE FOLLOWING WEATHER WAS RECORDED TODAY.
  NO SIGNIFICANT WEATHER WAS OBSERVED.


RELATIVE HUMIDITY (PERCENT)
 HIGHEST    44           400 AM
 LOWEST      9           200 PM
 AVERAGE    27

..........................................................


THE BISHOP CA CLIMATE NORMALS FOR TOMORROW
                         NORMAL    RECORD    YEAR
 MAXIMUM TEMPERATURE (F)   92       103      1955
 MINIMUM TEMPERATURE (F)   50        38      1985


SUNRISE AND SUNSET
SEPTEMBER  4 2015.....SUNRISE   626 AM PDT   SUNSET   718 PM PDT
SEPTEMBER  5 2015.....SUNRISE   627 AM PDT   SUNSET   717 PM PDT


-  INDICATES NEGATIVE NUMBERS.
R  INDICATES RECORD WAS SET OR TIED.
MM INDICATES DATA IS MISSING.
T  INDICATES TRACE AMOUNT.




$$
