000
CDUS45 KVEF 080827
CLIBIH


CLIMATE REPORT
NATIONAL WEATHER SERVICE LAS VEGAS, NV
1226 AM PST THU DEC 8 2016


...................................

...THE BISHOP CA CLIMATE SUMMARY FOR DECEMBER 7 2016...

CLIMATE NORMAL PERIOD 1981 TO 2010
CLIMATE RECORD PERIOD 1943 TO 2016


WEATHER ITEM   OBSERVED TIME   RECORD YEAR NORMAL DEPARTURE LAST
                VALUE   (LST)  VALUE       VALUE  FROM      YEAR
                                                  NORMAL
..................................................................
TEMPERATURE (F)
 YESTERDAY
  MAXIMUM         48    307 PM  73    1962  54     -6       58
  MINIMUM         27   1141 PM   8    1998  23      4       22
  AVERAGE         38                        38      0       40

PRECIPITATION (IN)
  YESTERDAY        0.00          0.65 1992   0.02  -0.02     0.00
  MONTH TO DATE    0.00                      0.13  -0.13     0.00
  SINCE OCT 1      0.09                      0.95  -0.86     0.75
  SINCE JAN 1      3.16                      4.50  -1.34     3.31

SNOWFALL (IN)
  YESTERDAY        0.0           T    2009   0.0    0.0      0.0
                                      1997
                                      1952
  MONTH TO DATE    0.0                       0.1   -0.1      0.0
  SINCE DEC 1      0.0                       0.1   -0.1      0.0
  SINCE JUL 1      0.0                       0.4   -0.4      0.0
  SNOW DEPTH       0

DEGREE DAYS
 HEATING
  YESTERDAY       27                        27      0       25
  MONTH TO DATE  161                       182    -21      183
  SINCE DEC 1    161                       182    -21      183
  SINCE JUL 1    904                      1083   -179      997

 COOLING
  YESTERDAY        0                         0      0        0
  MONTH TO DATE    0                         0      0        0
  SINCE DEC 1      0                         0      0        0
  SINCE JAN 1   1361                      1104    257     1376
..................................................................


WIND (MPH)
  RESULTANT WIND SPEED   7   RESULTANT WIND DIRECTION   N (10)
  HIGHEST WIND SPEED    23   HIGHEST WIND DIRECTION     N (20)
  HIGHEST GUST SPEED    32   HIGHEST GUST DIRECTION     N (360)
  AVERAGE WIND SPEED     6.7


SKY COVER
  POSSIBLE SUNSHINE  MM
  AVERAGE SKY COVER 0.2


WEATHER CONDITIONS
 THE FOLLOWING WEATHER WAS RECORDED YESTERDAY.
  NO SIGNIFICANT WEATHER WAS OBSERVED.


RELATIVE HUMIDITY (PERCENT)
 HIGHEST    49           600 AM
 LOWEST     23           300 PM
 AVERAGE    36

..........................................................


THE BISHOP CA CLIMATE NORMALS FOR TODAY
                         NORMAL    RECORD    YEAR
 MAXIMUM TEMPERATURE (F)   54        72      1962
 MINIMUM TEMPERATURE (F)   23         7      2013


SUNRISE AND SUNSET
DECEMBER  8 2016......SUNRISE   656 AM PST   SUNSET   436 PM PST
DECEMBER  9 2016......SUNRISE   656 AM PST   SUNSET   436 PM PST


-  INDICATES NEGATIVE NUMBERS.
R  INDICATES RECORD WAS SET OR TIED.
MM INDICATES DATA IS MISSING.
T  INDICATES TRACE AMOUNT.




$$
