000
CDUS45 KVEF 270827
CLIBIH


CLIMATE REPORT
NATIONAL WEATHER SERVICE LAS VEGAS, NV
126 AM PDT FRI MAY 27 2016


...................................

...THE BISHOP CA CLIMATE SUMMARY FOR MAY 26 2016...

CLIMATE NORMAL PERIOD 1981 TO 2010
CLIMATE RECORD PERIOD 1943 TO 2016


WEATHER ITEM   OBSERVED TIME   RECORD YEAR NORMAL DEPARTURE LAST
                VALUE   (LST)  VALUE       VALUE  FROM      YEAR
                                                  NORMAL
..................................................................
TEMPERATURE (F)
 YESTERDAY
  MAXIMUM         79    337 PM 101    1951  86     -7       85
  MINIMUM         44    505 AM  33    1980  47     -3       54
  AVERAGE         62                        66     -4       70

PRECIPITATION (IN)
  YESTERDAY        0.00          0.51 1981   0.01  -0.01      T
  MONTH TO DATE    0.34                      0.16   0.18     1.39
  SINCE OCT 1      3.38                      4.47  -1.09     2.13
  SINCE JAN 1      2.57                      2.85  -0.28     1.67

SNOWFALL (IN)
  YESTERDAY        0.0          MM      MM   0.0    0.0      0.0
  MONTH TO DATE    0.0                       0.0    0.0       T
  SINCE MAR 1      T                         0.6   -0.6       T
  SINCE JUL 1      2.0                       8.0   -6.0       T
  SNOW DEPTH       0

DEGREE DAYS
 HEATING
  YESTERDAY        3                         2      1        0
  MONTH TO DATE   94                       107    -13      127
  SINCE MAR 1    696                       942   -246      677
  SINCE JUL 1   3752                      4149   -397     3118

 COOLING
  YESTERDAY        0                         3     -3        5
  MONTH TO DATE   28                        44    -16        9
  SINCE MAR 1     28                        48    -20       13
  SINCE JAN 1     28                        48    -20       13
..................................................................


WIND (MPH)
  RESULTANT WIND SPEED   4   RESULTANT WIND DIRECTION   N (350)
  HIGHEST WIND SPEED    15   HIGHEST WIND DIRECTION     N (340)
  HIGHEST GUST SPEED    24   HIGHEST GUST DIRECTION    NW (330)
  AVERAGE WIND SPEED     6.8


SKY COVER
  POSSIBLE SUNSHINE  MM
  AVERAGE SKY COVER 0.4


WEATHER CONDITIONS
 THE FOLLOWING WEATHER WAS RECORDED YESTERDAY.
  NO SIGNIFICANT WEATHER WAS OBSERVED.


RELATIVE HUMIDITY (PERCENT)
 HIGHEST    83           500 AM
 LOWEST     17           200 PM
 AVERAGE    50

..........................................................


THE BISHOP CA CLIMATE NORMALS FOR TODAY
                         NORMAL    RECORD    YEAR
 MAXIMUM TEMPERATURE (F)   86       100      2003
 MINIMUM TEMPERATURE (F)   47        27      1998


SUNRISE AND SUNSET
MAY 27 2016...........SUNRISE   536 AM PDT   SUNSET   806 PM PDT
MAY 28 2016...........SUNRISE   536 AM PDT   SUNSET   806 PM PDT


-  INDICATES NEGATIVE NUMBERS.
R  INDICATES RECORD WAS SET OR TIED.
MM INDICATES DATA IS MISSING.
T  INDICATES TRACE AMOUNT.




$$
