000
CDUS45 KVEF 220826
CLIBIH


CLIMATE REPORT
NATIONAL WEATHER SERVICE LAS VEGAS, NV
125 AM PDT FRI AUG 22 2014


...................................

...THE BISHOP CA CLIMATE SUMMARY FOR AUGUST 21 2014...

CLIMATE NORMAL PERIOD 1981 TO 2010
CLIMATE RECORD PERIOD 1943 TO 2014


WEATHER ITEM   OBSERVED TIME   RECORD YEAR NORMAL DEPARTURE LAST
                VALUE   (LST)  VALUE       VALUE  FROM      YEAR
                                                  NORMAL
..................................................................
TEMPERATURE (F)
 YESTERDAY
  MAXIMUM         92    424 PM 104    1950  96     -4       94
  MINIMUM         51    557 AM  41    1968  53     -2       60
  AVERAGE         72                        74     -2       77

PRECIPITATION (IN)
  YESTERDAY        0.00          0.42 1984   0.01  -0.01     0.00
  MONTH TO DATE    0.20                      0.09   0.11     0.16
  SINCE OCT 1      2.83                      4.95  -2.12     2.34
  SINCE JAN 1      2.61                      3.33  -0.72     1.11

SNOWFALL (IN)
  YESTERDAY        0.0                       0.0    0.0      0.0
  MONTH TO DATE    0.0                       0.0    0.0      0.0
  SINCE JUN 1      0.0                       0.0    0.0      0.0
  SINCE JUL 1      0.0                       0.0    0.0      0.0
  SNOW DEPTH       0

DEGREE DAYS
 HEATING
  YESTERDAY        0                         0      0        0
  MONTH TO DATE    0                         0      0        0
  SINCE JUN 1      0                        20    -20        0
  SINCE JUL 1      0                         1     -1        0

 COOLING
  YESTERDAY        7                         9     -2       12
  MONTH TO DATE  205                       230    -25      195
  SINCE JUN 1    965                       826    139      980
  SINCE JAN 1   1050                       894    156     1066
..................................................................


WIND (MPH)
  RESULTANT WIND SPEED   8   RESULTANT WIND DIRECTION   S (160)
  HIGHEST WIND SPEED    21   HIGHEST WIND DIRECTION    SE (140)
  HIGHEST GUST SPEED    28   HIGHEST GUST DIRECTION     S (170)
  AVERAGE WIND SPEED    10.4


SKY COVER
  POSSIBLE SUNSHINE  MM
  AVERAGE SKY COVER 0.0


WEATHER CONDITIONS
 THE FOLLOWING WEATHER WAS RECORDED YESTERDAY.
  NO SIGNIFICANT WEATHER WAS OBSERVED.


RELATIVE HUMIDITY (PERCENT)
 HIGHEST    50           600 AM
 LOWEST      9           200 PM
 AVERAGE    30

..........................................................


THE BISHOP CA CLIMATE NORMALS FOR TODAY
                         NORMAL    RECORD    YEAR
 MAXIMUM TEMPERATURE (F)   95       102      2007
                                             1991
                                             1982
 MINIMUM TEMPERATURE (F)   53        34      1947


SUNRISE AND SUNSET
AUGUST 22 2014........SUNRISE   616 AM PDT   SUNSET   736 PM PDT
AUGUST 23 2014........SUNRISE   616 AM PDT   SUNSET   735 PM PDT


-  INDICATES NEGATIVE NUMBERS.
R  INDICATES RECORD WAS SET OR TIED.
MM INDICATES DATA IS MISSING.
T  INDICATES TRACE AMOUNT.




$$
