000
CDUS45 KVEF 220835
CLIBIH


CLIMATE REPORT
NATIONAL WEATHER SERVICE LAS VEGAS, NV
1235 AM PST MON DEC 22 2014


...................................

...THE BISHOP CA CLIMATE SUMMARY FOR DECEMBER 21 2014...

CLIMATE NORMAL PERIOD 1981 TO 2010
CLIMATE RECORD PERIOD 1943 TO 2014


WEATHER ITEM   OBSERVED TIME   RECORD YEAR NORMAL DEPARTURE LAST
                VALUE   (LST)  VALUE       VALUE  FROM      YEAR
                                                  NORMAL
..................................................................
TEMPERATURE (F)
 YESTERDAY
  MAXIMUM         60    333 PM  69    1960  53      7       62
  MINIMUM         29    619 AM  -4    1990  22      7       34
                                      1967
  AVERAGE         45                        37      8       48

PRECIPITATION (IN)
  YESTERDAY        0.00          0.59 1945   0.03  -0.03     0.00
  MONTH TO DATE    0.46                      0.45   0.01     0.03
  SINCE OCT 1      0.46                      1.27  -0.81     0.22
  SINCE JAN 1      3.23                      4.83  -1.60     1.33

SNOWFALL (IN)
  YESTERDAY        0.0           3.8  1977   0.1   -0.1      0.0
  MONTH TO DATE    0.0                       0.7   -0.7      0.5
  SINCE DEC 1      0.0                       0.7   -0.7      0.5
  SINCE JUL 1      0.0                       1.1   -1.1      0.5
  SNOW DEPTH       0

DEGREE DAYS
 HEATING
  YESTERDAY       20                        28     -8       17
  MONTH TO DATE  483                       569    -86      583
  SINCE DEC 1    483                       569    -86      583
  SINCE JUL 1   1134                      1470   -336     1586

 COOLING
  YESTERDAY        0                         0      0        0
  MONTH TO DATE    0                         0      0        0
  SINCE DEC 1      0                         0      0        0
  SINCE JAN 1   1384                      1104    280     1337
..................................................................


WIND (MPH)
  RESULTANT WIND SPEED   3   RESULTANT WIND DIRECTION  NW (320)
  HIGHEST WIND SPEED    15   HIGHEST WIND DIRECTION     N (340)
  HIGHEST GUST SPEED    19   HIGHEST GUST DIRECTION     N (340)
  AVERAGE WIND SPEED     4.5


SKY COVER
  POSSIBLE SUNSHINE  MM
  AVERAGE SKY COVER 0.0


WEATHER CONDITIONS
 THE FOLLOWING WEATHER WAS RECORDED YESTERDAY.
  NO SIGNIFICANT WEATHER WAS OBSERVED.


RELATIVE HUMIDITY (PERCENT)
 HIGHEST    92           300 AM
 LOWEST     36           100 PM
 AVERAGE    64

..........................................................


THE BISHOP CA CLIMATE NORMALS FOR TODAY
                         NORMAL    RECORD    YEAR
 MAXIMUM TEMPERATURE (F)   53        71      2000
 MINIMUM TEMPERATURE (F)   22        -8      1990


SUNRISE AND SUNSET
DECEMBER 22 2014......SUNRISE   705 AM PST   SUNSET   440 PM PST
DECEMBER 23 2014......SUNRISE   705 AM PST   SUNSET   440 PM PST


-  INDICATES NEGATIVE NUMBERS.
R  INDICATES RECORD WAS SET OR TIED.
MM INDICATES DATA IS MISSING.
T  INDICATES TRACE AMOUNT.




$$
