000
CDUS45 KBYZ 282324
CLIBIL


CLIMATE REPORT
NATIONAL WEATHER SERVICE BILLINGS MT
424 PM MST SAT FEB 28 2015


...................................

...THE BILLINGS MT CLIMATE SUMMARY FOR FEBRUARY 28 2015...
VALID TODAY AS OF 0400 PM LOCAL TIME.

CLIMATE NORMAL PERIOD 1981 TO 2010
CLIMATE RECORD PERIOD 1934 TO 2015


WEATHER ITEM   OBSERVED TIME   RECORD YEAR NORMAL DEPARTURE LAST
                VALUE   (LST)  VALUE       VALUE  FROM      YEAR
                                                  NORMAL
..................................................................
TEMPERATURE (F)
 TODAY
  MAXIMUM         29    159 PM  71    1992  44    -15       27
  MINIMUM         15    742 AM -17    1962  23     -8       -3
  AVERAGE         22                        33    -11       12

PRECIPITATION (IN)
  TODAY            T             0.34 1953   0.02  -0.02     0.28
  MONTH TO DATE    0.21                      0.48  -0.27     2.06
  SINCE OCT 1      2.87                      3.27  -0.40     7.97
  SINCE JAN 1      1.30                      0.96   0.34     3.08

SNOWFALL (IN)
  TODAY            T             7.3  2014   0.3   -0.3      7.3
  MONTH TO DATE    3.8                       6.2   -2.4     37.0
  SINCE DEC 1     30.9                      22.8    8.1     79.1
  SINCE JUL 1     44.1                      34.5    9.6     90.2
  SNOW DEPTH       T

DEGREE DAYS
 HEATING
  TODAY           43                        32     11       53
  MONTH TO DATE  875                       969    -94     1286
  SINCE DEC 1   3039                      3337   -298     3672
  SINCE JUL 1   4640                      4965   -325     5273

 COOLING
  TODAY            0                         0      0        0
  MONTH TO DATE    0                         0      0        0
  SINCE DEC 1      0                         0      0        0
  SINCE JAN 1      0                         0      0        0
..................................................................


WIND (MPH)
  HIGHEST WIND SPEED    12   HIGHEST WIND DIRECTION    NE (40)
  HIGHEST GUST SPEED    18   HIGHEST GUST DIRECTION    SE (140)
  AVERAGE WIND SPEED     3.8


SKY COVER
  POSSIBLE SUNSHINE  MM
  AVERAGE SKY COVER 0.9


WEATHER CONDITIONS
 THE FOLLOWING WEATHER WAS RECORDED TODAY.
  LIGHT SNOW


RELATIVE HUMIDITY (PERCENT)
 HIGHEST    80           600 AM
 LOWEST     42           300 PM
 AVERAGE    61

..........................................................


THE BILLINGS MT CLIMATE NORMALS FOR TOMORROW
                         NORMAL    RECORD    YEAR
 MAXIMUM TEMPERATURE (F)   44        67      1992
 MINIMUM TEMPERATURE (F)   23       -18      2014


SUNRISE AND SUNSET
FEBRUARY 28 2015......SUNRISE   655 AM MST   SUNSET   559 PM MST
MARCH  1 2015.........SUNRISE   653 AM MST   SUNSET   601 PM MST


-  INDICATES NEGATIVE NUMBERS.
R  INDICATES RECORD WAS SET OR TIED.
MM INDICATES DATA IS MISSING.
T  INDICATES TRACE AMOUNT.




$$
