000
CDUS45 KBYZ 122236
CLIBIL


CLIMATE REPORT
NATIONAL WEATHER SERVICE BILLINGS MT
434 PM MDT SAT JUL 12 2014


...................................

...THE BILLINGS MT CLIMATE SUMMARY FOR JULY 12 2014...
VALID TODAY AS OF 0400 PM LOCAL TIME.

CLIMATE NORMAL PERIOD 1981 TO 2010
CLIMATE RECORD PERIOD 1934 TO 2014


WEATHER ITEM   OBSERVED TIME   RECORD YEAR NORMAL DEPARTURE LAST
                VALUE   (LST)  VALUE       VALUE  FROM      YEAR
                                                  NORMAL
..................................................................
TEMPERATURE (F)
 TODAY
  MAXIMUM         87    247 PM 107    2002  87      0       91
  MINIMUM         64    554 AM  43    1951  59      5       67
  AVERAGE         76                        72      4       79

PRECIPITATION (IN)
  TODAY            0.00          0.80 1965   0.04  -0.04     0.00
  MONTH TO DATE    0.10                      0.56  -0.46     0.50
  SINCE OCT 1     14.57                     10.85   3.72     9.87
  SINCE JAN 1      9.68                      8.54   1.14     7.82

SNOWFALL (IN)
  TODAY            0.0           0.0  2002   0.0    0.0      0.0
                                      2001
                                      2000
  MONTH TO DATE    0.0                       0.0    0.0      0.0
  SINCE JUN 1      T                         0.0    0.0      0.0
  SINCE JUL 1      0.0                       0.0    0.0      0.0
  SNOW DEPTH       0

DEGREE DAYS
 HEATING
  TODAY            0                         1     -1        0
  MONTH TO DATE    0                        12    -12        0
  SINCE JUN 1     89                       108    -19       73
  SINCE JUL 1      0                        12    -12        0

 COOLING
  TODAY           11                         8      3       14
  MONTH TO DATE  110                        83     27      138
  SINCE JUN 1    129                       168    -39      234
  SINCE JAN 1    145                       185    -40      261
..................................................................


WIND (MPH)
  HIGHEST WIND SPEED    12   HIGHEST WIND DIRECTION     E (90)
  HIGHEST GUST SPEED    17   HIGHEST GUST DIRECTION     E (70)
  AVERAGE WIND SPEED     6.8


SKY COVER
  POSSIBLE SUNSHINE  MM
  AVERAGE SKY COVER 0.5


WEATHER CONDITIONS
 THE FOLLOWING WEATHER WAS RECORDED TODAY.
  NO SIGNIFICANT WEATHER WAS OBSERVED.


RELATIVE HUMIDITY (PERCENT)
 HIGHEST    MM           500 AM
 LOWEST     32           200 PM
 AVERAGE    MM

..........................................................


THE BILLINGS MT CLIMATE NORMALS FOR TOMORROW
                         NORMAL    RECORD    YEAR
 MAXIMUM TEMPERATURE (F)   87       106      2005
                                             2002
 MINIMUM TEMPERATURE (F)   59        48      1950


SUNRISE AND SUNSET
JULY 12 2014..........SUNRISE   536 AM MDT   SUNSET   903 PM MDT
JULY 13 2014..........SUNRISE   537 AM MDT   SUNSET   902 PM MDT


-  INDICATES NEGATIVE NUMBERS.
R  INDICATES RECORD WAS SET OR TIED.
MM INDICATES DATA IS MISSING.
T  INDICATES TRACE AMOUNT.




$$
