000
CDUS45 KBYZ 220933
CLIBIL


CLIMATE REPORT
NATIONAL WEATHER SERVICE BILLINGS MT
331 AM MDT TUE JUL 22 2014


...................................

...THE BILLINGS MT CLIMATE SUMMARY FOR JULY 21 2014...

CLIMATE NORMAL PERIOD 1981 TO 2010
CLIMATE RECORD PERIOD 1934 TO 2014


WEATHER ITEM   OBSERVED TIME   RECORD YEAR NORMAL DEPARTURE LAST
                VALUE   (LST)  VALUE       VALUE  FROM      YEAR
                                                  NORMAL
..................................................................
TEMPERATURE (F)
 YESTERDAY
  MAXIMUM         83    257 PM 103    1936  88     -5       94
  MINIMUM         63    422 AM  44    1939  60      3       59
  AVERAGE         73                        74     -1       77

PRECIPITATION (IN)
  YESTERDAY        T             0.88 2010   0.04  -0.04     0.00
  MONTH TO DATE    0.12                      0.95  -0.83     0.51
  SINCE OCT 1     14.59                     11.24   3.35     9.88
  SINCE JAN 1      9.70                      8.93   0.77     7.83

SNOWFALL (IN)
  YESTERDAY        0.0           0.0  2002   0.0    0.0      0.0
                                      2001
                                      2000
  MONTH TO DATE    0.0                       0.0    0.0      0.0
  SINCE JUN 1      T                         0.0    0.0      0.0
  SINCE JUL 1      0.0                       0.0    0.0      0.0
  SNOW DEPTH       0

DEGREE DAYS
 HEATING
  YESTERDAY        0                         0      0        0
  MONTH TO DATE    1                        12    -11        0
  SINCE JUN 1     90                       108    -18       73
  SINCE JUL 1      1                        12    -11        0

 COOLING
  YESTERDAY        8                         9     -1       12
  MONTH TO DATE  194                       162     32      222
  SINCE JUN 1    213                       247    -34      318
  SINCE JAN 1    229                       264    -35      345
..................................................................


WIND (MPH)
  HIGHEST WIND SPEED    30   HIGHEST WIND DIRECTION    NW (330)
  HIGHEST GUST SPEED    37   HIGHEST GUST DIRECTION    NW (330)
  AVERAGE WIND SPEED     8.0


SKY COVER
  POSSIBLE SUNSHINE  MM
  AVERAGE SKY COVER 0.8


WEATHER CONDITIONS
 THE FOLLOWING WEATHER WAS RECORDED YESTERDAY.
  NO SIGNIFICANT WEATHER WAS OBSERVED.


RELATIVE HUMIDITY (PERCENT)
 HIGHEST    68           800 AM
 LOWEST     33          1200 AM
 AVERAGE    51

..........................................................


THE BILLINGS MT CLIMATE NORMALS FOR TODAY
                         NORMAL    RECORD    YEAR
 MAXIMUM TEMPERATURE (F)   88       103      1936
 MINIMUM TEMPERATURE (F)   60        45      1939


SUNRISE AND SUNSET
JULY 22 2014..........SUNRISE   546 AM MDT   SUNSET   855 PM MDT
JULY 23 2014..........SUNRISE   547 AM MDT   SUNSET   854 PM MDT


-  INDICATES NEGATIVE NUMBERS.
R  INDICATES RECORD WAS SET OR TIED.
MM INDICATES DATA IS MISSING.
T  INDICATES TRACE AMOUNT.





&&

...THE CLIMATE SUMMARY FOR SOUTHWEST BILLINGS FOR 21 JULY 2014...

HIGH TEMPERATURE........................83
LOW TEMPERATURE.........................64

PRECIPITATION...........................T
MONTHLY PRECIPITATION TOTAL.............0.22
YEARLY PRECIPITATION TOTAL..............9.87

SNOWFALL................................0.0
MONTHLY SNOWFALL TOTAL..................0.0
TOTAL SNOWFALL SINCE JULY 1.............0.0

SNOW DEPTH AT MIDNIGHT..................0

$$
