000
CDUS45 KBYZ 051036
CLIBIL


CLIMATE REPORT
NATIONAL WEATHER SERVICE BILLINGS MT
335 AM MST MON DEC 5 2016


...................................

...THE BILLINGS MT CLIMATE SUMMARY FOR DECEMBER 4 2016...

CLIMATE NORMAL PERIOD 1981 TO 2010
CLIMATE RECORD PERIOD 1934 TO 2016


WEATHER ITEM   OBSERVED TIME   RECORD YEAR NORMAL DEPARTURE LAST
                VALUE   (LST)  VALUE       VALUE  FROM      YEAR
                                                  NORMAL
..................................................................
TEMPERATURE (F)
 YESTERDAY
  MAXIMUM         43    405 PM  65    1979  37      6       56
  MINIMUM         28    109 AM -11    1972  20      8       34
  AVERAGE         36                        28      8       45

PRECIPITATION (IN)
  YESTERDAY        T             0.97 1978   0.02  -0.02     0.00
  MONTH TO DATE    T                         0.07  -0.07     0.00
  SINCE OCT 1      3.89                      1.88   2.01     2.28
  SINCE JAN 1     13.22                     13.23  -0.01    12.39

SNOWFALL (IN)
  YESTERDAY        T            13.7  1978   0.2   -0.2      0.0
  MONTH TO DATE    T                         1.0   -1.0      0.0
  SINCE DEC 1      T                         1.0   -1.0      0.0
  SINCE JUL 1      5.3                      12.7   -7.4      4.1
  SNOW DEPTH       0

DEGREE DAYS
 HEATING
  YESTERDAY       29                        37     -8       20
  MONTH TO DATE  115                       145    -30      122
  SINCE DEC 1    115                       145    -30      122
  SINCE JUL 1   1374                      1773   -399     1510

 COOLING
  YESTERDAY        0                         0      0        0
  MONTH TO DATE    0                         0      0        0
  SINCE DEC 1      0                         0      0        0
  SINCE JAN 1    738                       636    102      757
..................................................................


WIND (MPH)
  HIGHEST WIND SPEED    30   HIGHEST WIND DIRECTION    NW (320)
  HIGHEST GUST SPEED    39   HIGHEST GUST DIRECTION    NW (320)
  AVERAGE WIND SPEED    12.4


SKY COVER
  POSSIBLE SUNSHINE  MM
  AVERAGE SKY COVER 0.8


WEATHER CONDITIONS
 THE FOLLOWING WEATHER WAS RECORDED YESTERDAY.
  SLEET


RELATIVE HUMIDITY (PERCENT)
 HIGHEST    75          1000 PM
 LOWEST     33           200 PM
 AVERAGE    54

..........................................................


THE BILLINGS MT CLIMATE NORMALS FOR TODAY
                         NORMAL    RECORD    YEAR
 MAXIMUM TEMPERATURE (F)   36        73      1939
 MINIMUM TEMPERATURE (F)   20       -16      1972


SUNRISE AND SUNSET
DECEMBER  5 2016......SUNRISE   740 AM MST   SUNSET   430 PM MST
DECEMBER  6 2016......SUNRISE   741 AM MST   SUNSET   430 PM MST


-  INDICATES NEGATIVE NUMBERS.
R  INDICATES RECORD WAS SET OR TIED.
MM INDICATES DATA IS MISSING.
T  INDICATES TRACE AMOUNT.





&&

...THE CLIMATE SUMMARY FOR SOUTHWEST BILLINGS FOR 04 DECEMBER 2016...

HIGH TEMPERATURE........................45
LOW TEMPERATURE.........................25

PRECIPITATION...........................T
MONTHLY PRECIPITATION TOTAL.............T
YEARLY PRECIPITATION TOTAL..............14.13

SNOWFALL................................T
MONTHLY SNOWFALL TOTAL..................T
TOTAL SNOWFALL SINCE JULY 1.............4.2

SNOW DEPTH AT MIDNIGHT..................0

$$
