000
CDUS45 KBYZ 280932
CLIBIL


CLIMATE REPORT
NATIONAL WEATHER SERVICE BILLINGS MT
331 AM MDT THU MAY 28 2015


...................................

...THE BILLINGS MT CLIMATE SUMMARY FOR MAY 27 2015...

CLIMATE NORMAL PERIOD 1981 TO 2010
CLIMATE RECORD PERIOD 1934 TO 2015


WEATHER ITEM   OBSERVED TIME   RECORD YEAR NORMAL DEPARTURE LAST
                VALUE   (LST)  VALUE       VALUE  FROM      YEAR
                                                  NORMAL
..................................................................
TEMPERATURE (F)
 YESTERDAY
  MAXIMUM         67    424 PM  91    1969  71     -4       75
                                      1936
  MINIMUM         51    542 AM  35    1954  47      4       54
  AVERAGE         59                        59      0       65

PRECIPITATION (IN)
  YESTERDAY        0.05          1.50 1987   0.07  -0.02     0.00
  MONTH TO DATE    2.01                      1.88   0.13     2.23
  SINCE OCT 1      6.82                      7.87  -1.05    12.70
  SINCE JAN 1      5.25                      5.56  -0.31     7.81

SNOWFALL (IN)
  YESTERDAY        0.0           T    2013   0.0    0.0      0.0
                                      1955
  MONTH TO DATE    T                         2.0   -2.0      2.1
  SINCE MAR 1     11.3                      20.5   -9.2     13.3
  SINCE JUL 1     55.4                      55.0    0.4    103.5
  SNOW DEPTH       0

DEGREE DAYS
 HEATING
  YESTERDAY        6                         7     -1        0
  MONTH TO DATE  324                       283     41      291
  SINCE MAR 1   1390                      1695   -305     1800
  SINCE JUL 1   6031                      6660   -629     7073

 COOLING
  YESTERDAY        0                         1     -1        0
  MONTH TO DATE    0                         9     -9       11
  SINCE MAR 1      0                        10    -10       11
  SINCE JAN 1      0                        10    -10       11
..................................................................


WIND (MPH)
  HIGHEST WIND SPEED    25   HIGHEST WIND DIRECTION    NW (310)
  HIGHEST GUST SPEED    33   HIGHEST GUST DIRECTION    NW (310)
  AVERAGE WIND SPEED     5.4


SKY COVER
  POSSIBLE SUNSHINE  MM
  AVERAGE SKY COVER 0.7


WEATHER CONDITIONS
 THE FOLLOWING WEATHER WAS RECORDED YESTERDAY.
  THUNDERSTORM
  LIGHT RAIN
  FOG


RELATIVE HUMIDITY (PERCENT)
 HIGHEST    93           700 AM
 LOWEST     52           400 PM
 AVERAGE    73

..........................................................


THE BILLINGS MT CLIMATE NORMALS FOR TODAY
                         NORMAL    RECORD    YEAR
 MAXIMUM TEMPERATURE (F)   71        91      1958
 MINIMUM TEMPERATURE (F)   47        27      1947


SUNRISE AND SUNSET
MAY 28 2015...........SUNRISE   530 AM MDT   SUNSET   853 PM MDT
MAY 29 2015...........SUNRISE   530 AM MDT   SUNSET   854 PM MDT


-  INDICATES NEGATIVE NUMBERS.
R  INDICATES RECORD WAS SET OR TIED.
MM INDICATES DATA IS MISSING.
T  INDICATES TRACE AMOUNT.





&&

...THE CLIMATE SUMMARY FOR SOUTHWEST BILLINGS FOR 27 MAY 2015...

HIGH TEMPERATURE........................68
LOW TEMPERATURE.........................50

PRECIPITATION...........................0.16
MONTHLY PRECIPITATION TOTAL.............2.26
YEARLY PRECIPITATION TOTAL..............5.51

SNOWFALL................................0.0
MONTHLY SNOWFALL TOTAL..................0.0
TOTAL SNOWFALL SINCE JULY 1.............53.3

SNOW DEPTH AT MIDNIGHT..................0

$$
