000
CDUS45 KBYZ 230723
CLIBIL


CLIMATE REPORT
NATIONAL WEATHER SERVICE BILLINGS MT
123 AM MDT TUE MAY 23 2017


...................................

...THE BILLINGS MT CLIMATE SUMMARY FOR MAY 22 2017...

CLIMATE NORMAL PERIOD 1981 TO 2010
CLIMATE RECORD PERIOD 1934 TO 2017


WEATHER ITEM   OBSERVED TIME   RECORD YEAR NORMAL DEPARTURE LAST
                VALUE   (LST)  VALUE       VALUE  FROM      YEAR
                                                  NORMAL
..................................................................
TEMPERATURE (F)
 YESTERDAY
  MAXIMUM         70    415 PM  94    1980  69      1       69
  MINIMUM         51    439 AM  32    1963  46      5       44
  AVERAGE         61                        57      4       57

PRECIPITATION (IN)
  YESTERDAY        T             1.62 2007   0.08  -0.08     0.00
  MONTH TO DATE    1.58                      1.51   0.07     1.82
  SINCE OCT 1     14.16                      7.50   6.66     8.03
  SINCE JAN 1      8.60                      5.19   3.41     5.18

SNOWFALL (IN)
  YESTERDAY        0.0           T    2007   0.1   -0.1      0.0
                                      2002
                                      1966
  MONTH TO DATE    T                         1.9   -1.9       T
  SINCE MAR 1     13.8                      20.4   -6.6      3.7
  SINCE JUL 1     74.1                      54.9   19.2     28.1
  SNOW DEPTH       0

DEGREE DAYS
 HEATING
  YESTERDAY        4                         8     -4        8
  MONTH TO DATE  203                       246    -43      214
  SINCE MAR 1   1435                      1658   -223     1347
  SINCE JUL 1   6520                      6623   -103     5608

 COOLING
  YESTERDAY        0                         1     -1        0
  MONTH TO DATE   13                         4      9        8
  SINCE MAR 1     13                         5      8       11
  SINCE JAN 1     13                         5      8       11
..................................................................


WIND (MPH)
  HIGHEST WIND SPEED    29   HIGHEST WIND DIRECTION    NW (330)
  HIGHEST GUST SPEED    36   HIGHEST GUST DIRECTION     N (340)
  AVERAGE WIND SPEED     9.9


SKY COVER
  POSSIBLE SUNSHINE  MM
  AVERAGE SKY COVER 0.6


WEATHER CONDITIONS
 THE FOLLOWING WEATHER WAS RECORDED YESTERDAY.
  LIGHT RAIN


RELATIVE HUMIDITY (PERCENT)
 HIGHEST    63           500 AM
 LOWEST     27           500 PM
 AVERAGE    45

..........................................................


THE BILLINGS MT CLIMATE NORMALS FOR TODAY
                         NORMAL    RECORD    YEAR
 MAXIMUM TEMPERATURE (F)   70        88      1985
 MINIMUM TEMPERATURE (F)   46        29      2002


SUNRISE AND SUNSET
MAY 23 2017...........SUNRISE   534 AM MDT   SUNSET   848 PM MDT
MAY 24 2017...........SUNRISE   533 AM MDT   SUNSET   849 PM MDT


-  INDICATES NEGATIVE NUMBERS.
R  INDICATES RECORD WAS SET OR TIED.
MM INDICATES DATA IS MISSING.
T  INDICATES TRACE AMOUNT.




$$
