000
CDUS45 KBYZ 280931
CLIBIL


CLIMATE REPORT
NATIONAL WEATHER SERVICE BILLINGS MT
331 AM MDT THU AUG 28 2014


...................................

...THE BILLINGS MT CLIMATE SUMMARY FOR AUGUST 27 2014...

CLIMATE NORMAL PERIOD 1981 TO 2010
CLIMATE RECORD PERIOD 1934 TO 2014


WEATHER ITEM   OBSERVED TIME   RECORD YEAR NORMAL DEPARTURE LAST
                VALUE   (LST)  VALUE       VALUE  FROM      YEAR
                                                  NORMAL
..................................................................
TEMPERATURE (F)
 YESTERDAY
  MAXIMUM         85    546 PM 100    2011  83      2       91
  MINIMUM         55    520 AM  42    1993  55      0       67
  AVERAGE         70                        69      1       79

PRECIPITATION (IN)
  YESTERDAY        0.00          0.37 1957   0.02  -0.02     0.00
  MONTH TO DATE    1.81                      0.64   1.17     0.19
  SINCE OCT 1     16.62                     12.25   4.37    10.23
  SINCE JAN 1     11.73                      9.94   1.79     8.18

SNOWFALL (IN)
  YESTERDAY        0.0           0.0  2002   0.0    0.0      0.0
                                      2000
  MONTH TO DATE    0.0                       0.0    0.0       T
  SINCE JUN 1      T                         0.0    0.0       T
  SINCE JUL 1      0.0                       0.0    0.0       T
  SNOW DEPTH       0

DEGREE DAYS
 HEATING
  YESTERDAY        0                         1     -1        0
  MONTH TO DATE   45                        12     33        0
  SINCE JUN 1    135                       123     12       73
  SINCE JUL 1     46                        27     19        0

 COOLING
  YESTERDAY        5                         5      0       14
  MONTH TO DATE  202                       204     -2      267
  SINCE JUN 1    525                       545    -20      661
  SINCE JAN 1    541                       562    -21      688
...............................................................
 HIGHEST    77           500 AM
 LOWEST     23           400 PM
 AVERAGE    50

..........................................................


THE BILLINGS MT CLIMATE NORMALS FOR TODAY
                         NORMAL    RECORD    YEAR
 MAXIMUM TEMPERATURE (F)   82        99      2012
                                             1983
 MINIMUM TEMPERATURE (F)   54        42      1960


SUNRISE AND SUNSET
AUGUST 28 2014........SUNRISE   630 AM MDT   SUNSET   759 PM MDT
AUGUST 29 2014........SUNRISE   631 AM MDT   SUNSET   758 PM MDT

                                            ...


WIND (MPH)
  HIGHEST WIND SPEED    20   HIGHEST WIND DIRECTION    SW (240)
  HIGHEST GUST SPEED    23   HIGHEST GUST DIRECTION     W (250)
  AVERAGE WIND SPEED     8.3


SKY COVER
  POSSIBLE SUNSHINE  MM
  AVERAGE SKY COVER 0.2


WEATHER CONDITIONS
 THE FOLLOWING WEATHER WAS RECORDED YESTERDAY.
  NO SIGNIFICANT WEATHER WAS OBSERVED.


RELATIVE HUMIDITY (PERCENT)
-  INDICATES NEGATIVE NUMBERS.
R  INDICATES RECORD WAS SET OR TIED.
MM INDICATES DATA IS MISSING.
T  INDICATES TRACE AMOUNT.





&&

...THE CLIMATE SUMMARY FOR SOUTHWEST BILLINGS FOR 27 AUGUST 2014...

HIGH TEMPERATURE........................87
LOW TEMPERATURE.........................52

PRECIPITATION...........................0.00
MONTHLY PRECIPITATION TOTAL.............1.85
YEARLY PRECIPITATION TOTAL..............12.41

SNOWFALL................................0.0
MONTHLY SNOWFALL TOTAL..................0.0
TOTAL SNOWFALL SINCE JULY 1.............0.0

SNOW DEPTH AT MIDNIGHT..................0

$$
