998
CDUS43 KBIS 040853
CLIBIS


CLIMATE REPORT
NATIONAL WEATHER SERVICE BISMARCK ND
253 AM CST SUN DEC 4 2016


...................................

...THE BISMARCK ND CLIMATE SUMMARY FOR DECEMBER 3 2016...

CLIMATE NORMAL PERIOD 1981 TO 2010
CLIMATE RECORD PERIOD 1875 TO 2016


WEATHER ITEM   OBSERVED TIME   RECORD YEAR NORMAL DEPARTURE LAST
                VALUE   (LST)  VALUE       VALUE  FROM      YEAR
                                                  NORMAL
..................................................................
TEMPERATURE (F)
 YESTERDAY
  MAXIMUM         31    142 PM  60    1916  30      1       44
  MINIMUM         15    241 AM -20    1897  10      5       13
  AVERAGE         23                        20      3       29

PRECIPITATION (IN)
  YESTERDAY        0.01          0.45 2010   0.02  -0.01     0.00
  MONTH TO DATE    0.03                      0.05  -0.02     0.15
  SINCE DEC 1      0.03                      0.05  -0.02     0.15
  SINCE JAN 1     21.45                     17.41   4.04    16.97

SNOWFALL (IN)
  YESTERDAY        0.4           5.6  2010   0.3    0.1      0.0
  MONTH TO DATE    0.4                       0.9   -0.5      1.9
  SINCE DEC 1      0.4                       0.9   -0.5      1.9
  SINCE JUL 1     19.4                      12.1    7.3      3.7
  SNOW DEPTH       5

DEGREE DAYS
 HEATING
  YESTERDAY       42                        45     -3       36
  MONTH TO DATE  122                       133    -11      116
  SINCE DEC 1    122                       133    -11      116
  SINCE JUL 1   1602                      2119   -517     1701

 COOLING
  YESTERDAY        0                         0      0        0
  MONTH TO DATE    0                         0      0        0
  SINCE DEC 1      0                         0      0        0
  SINCE JAN 1    548                       520     28      622
..................................................................


WIND (MPH)
  HIGHEST WIND SPEED    21   HIGHEST WIND DIRECTION    SE (150)
  HIGHEST GUST SPEED    23   HIGHEST GUST DIRECTION    SE (150)
  AVERAGE WIND SPEED     7.3


SKY COVER
  POSSIBLE SUNSHINE  MM
  AVERAGE SKY COVER 0.6


WEATHER CONDITIONS
 THE FOLLOWING WEATHER WAS RECORDED YESTERDAY.
  LIGHT SNOW
  FOG


RELATIVE HUMIDITY (PERCENT)
 HIGHEST   100           200 AM
 LOWEST     78           200 PM
 AVERAGE    89

..........................................................


THE BISMARCK ND CLIMATE NORMALS FOR TODAY
                         NORMAL    RECORD    YEAR
 MAXIMUM TEMPERATURE (F)   30        65      1979
 MINIMUM TEMPERATURE (F)   10       -20      1875


SUNRISE AND SUNSET
DECEMBER  4 2016......SUNRISE   811 AM CST   SUNSET   455 PM CST
DECEMBER  5 2016......SUNRISE   812 AM CST   SUNSET   455 PM CST


-  INDICATES NEGATIVE NUMBERS.
R  INDICATES RECORD WAS SET OR TIED.
MM INDICATES DATA IS MISSING.
T  INDICATES TRACE AMOUNT.




$$
