000
CDUS43 KBIS 272336
CLIBIS


CLIMATE REPORT
NATIONAL WEATHER SERVICE BISMARCK ND
535 PM CST TUE JAN 27 2015


...................................

...THE BISMARCK ND CLIMATE SUMMARY FOR JANUARY 27 2015...
VALID TODAY AS OF 0500 PM LOCAL TIME.

CLIMATE NORMAL PERIOD 1981 TO 2010
CLIMATE RECORD PERIOD 1875 TO 2015


WEATHER ITEM   OBSERVED TIME   RECORD YEAR NORMAL DEPARTURE LAST
                VALUE   (LST)  VALUE       VALUE  FROM      YEAR
                                                  NORMAL
..................................................................
TEMPERATURE (F)
 TODAY
  MAXIMUM         52R   337 PM  48    2008  24     28        0
  MINIMUM         29    845 AM -35    1915   3     26      -10
  AVERAGE         41                        14     27       -5

PRECIPITATION (IN)
  TODAY            0.00          0.60 1903   0.01  -0.01     0.00
  MONTH TO DATE    0.67                      0.38   0.29     0.34
  SINCE DEC 1      0.78                      0.87  -0.09     1.60
  SINCE JAN 1      0.67                      0.38   0.29     0.34

SNOWFALL (IN)
  TODAY            0.0           6.0  1903   0.2   -0.2      0.0
  MONTH TO DATE    5.6                       7.9   -2.3      5.0
  SINCE DEC 1      8.0                      17.2   -9.2     20.5
  SINCE JUL 1     15.9                      28.4  -12.5     22.1
  SNOW DEPTH       0

DEGREE DAYS
 HEATING
  TODAY           24                        52    -28       70
  MONTH TO DATE 1256                      1416   -160     1346
  SINCE DEC 1   2651                      2930   -279     3121
  SINCE JUL 1   4723                      4916   -193     5076

 COOLING
  TODAY            0                         0      0        0
  MONTH TO DATE    0                         0      0        0
  SINCE DEC 1      0                         0      0        0
  SINCE JAN 1      0                         0      0        0
..................................................................


WIND (MPH)
  RESULTANT WIND SPEED   4   RESULTANT WIND DIRECTION  SE (150)
  HIGHEST WIND SPEED    10   HIGHEST WIND DIRECTION    SW (210)
  HIGHEST GUST SPEED    13   HIGHEST GUST DIRECTION    SW (220)
  AVERAGE WIND SPEED     5.8


SKY COVER
  POSSIBLE SUNSHINE  MM
  AVERAGE SKY COVER 0.0


WEATHER CONDITIONS
 THE FOLLOWING WEATHER WAS RECORDED TODAY.
  NO SIGNIFICANT WEATHER WAS OBSERVED.


RELATIVE HUMIDITY (PERCENT)
 HIGHEST   100           500 AM
 LOWEST     38           500 PM
 AVERAGE    69

..........................................................


THE BISMARCK ND CLIMATE NORMALS FOR TOMORROW
                         NORMAL    RECORD    YEAR
 MAXIMUM TEMPERATURE (F)   24        46      1919
 MINIMUM TEMPERATURE (F)    3       -39      1966


SUNRISE AND SUNSET
JANUARY 27 2015.......SUNRISE   813 AM CST   SUNSET   539 PM CST
JANUARY 28 2015.......SUNRISE   812 AM CST   SUNSET   540 PM CST


-  INDICATES NEGATIVE NUMBERS.
R  INDICATES RECORD WAS SET OR TIED.
MM INDICATES DATA IS MISSING.
T  INDICATES TRACE AMOUNT.




$$
