000
CDUS43 KBIS 110736
CLIBIS


CLIMATE REPORT
NATIONAL WEATHER SERVICE BISMARCK ND
236 AM CDT FRI JUL 11 2014


...................................

...THE BISMARCK ND CLIMATE SUMMARY FOR JULY 10 2014...

CLIMATE NORMAL PERIOD 1981 TO 2010
CLIMATE RECORD PERIOD 1875 TO 2014


WEATHER ITEM   OBSERVED TIME   RECORD YEAR NORMAL DEPARTURE LAST
                VALUE   (LST)  VALUE       VALUE  FROM      YEAR
                                                  NORMAL
..................................................................
TEMPERATURE (F)
 YESTERDAY
  MAXIMUM         79    518 PM 110    1936  84     -5       82
  MINIMUM         59    546 AM  43    1951  57      2       49
  AVERAGE         69                        70     -1       66

PRECIPITATION (IN)
  YESTERDAY        T             1.36 1935   0.10  -0.10     0.00
  MONTH TO DATE    0.42                      0.99  -0.57     0.38
  SINCE JUN 1      3.44                      4.16  -0.72     3.09
  SINCE JAN 1      7.63                      9.63  -2.00    13.69

SNOWFALL (IN)
  YESTERDAY        0.0           0.0  2002   0.0    0.0      0.0
                                      2001
  MONTH TO DATE    0.0                       0.0    0.0      0.0
  SINCE JUN 1      0.0                       0.0    0.0      0.0
  SINCE JUL 1      0.0                       0.0    0.0      0.0
  SNOW DEPTH       0

DEGREE DAYS
 HEATING
  YESTERDAY        0                         1     -1        0
  MONTH TO DATE   12                        10      2        0
  SINCE JUN 1    106                       103      3       86
  SINCE JUL 1     12                        10      2        0

 COOLING
  YESTERDAY        4                         6     -2        1
  MONTH TO DATE   43                        55    -12       61
  SINCE JUN 1     96                       138    -42      145
  SINCE JAN 1    147                       155     -8      157
..................................................................


WIND (MPH)
  HIGHEST WIND SPEED    15   HIGHEST WIND DIRECTION    SE (150)
  HIGHEST GUST SPEED    18   HIGHEST GUST DIRECTION    SE (140)
  AVERAGE WIND SPEED     7.2


SKY COVER
  POSSIBLE SUNSHINE  MM
  AVERAGE SKY COVER 0.1


WEATHER CONDITIONS
 THE FOLLOWING WEATHER WAS RECORDED YESTERDAY.
  LIGHT RAIN
  FOG
  HAZE


RELATIVE HUMIDITY (PERCENT)
 HIGHEST    93          1100 PM
 LOWEST     62           400 PM
 AVERAGE    78

..........................................................


THE BISMARCK ND CLIMATE NORMALS FOR TODAY
                         NORMAL    RECORD    YEAR
 MAXIMUM TEMPERATURE (F)   84       109      1973
 MINIMUM TEMPERATURE (F)   57        44      1951


SUNRISE AND SUNSET
JULY 11 2014..........SUNRISE   600 AM CDT   SUNSET   936 PM CDT
JULY 12 2014..........SUNRISE   601 AM CDT   SUNSET   936 PM CDT


-  INDICATES NEGATIVE NUMBERS.
R  INDICATES RECORD WAS SET OR TIED.
MM INDICATES DATA IS MISSING.
T  INDICATES TRACE AMOUNT.




$$
