000
CDUS43 KBIS 280724
CLIBIS


CLIMATE REPORT
NATIONAL WEATHER SERVICE BISMARCK ND
223 AM CDT SAT MAR 28 2015


...................................

...THE BISMARCK ND CLIMATE SUMMARY FOR MARCH 27 2015...

CLIMATE NORMAL PERIOD 1981 TO 2010
CLIMATE RECORD PERIOD 1875 TO 2015


WEATHER ITEM   OBSERVED TIME   RECORD YEAR NORMAL DEPARTURE LAST
                VALUE   (LST)  VALUE       VALUE  FROM      YEAR
                                                  NORMAL
..................................................................
TEMPERATURE (F)
 YESTERDAY
  MAXIMUM         51    513 PM  81    1946  46      5       37
  MINIMUM         25    841 AM -10    1914  24      1       17
  AVERAGE         38                        35      3       27

PRECIPITATION (IN)
  YESTERDAY        0.02          0.87 1975   0.03  -0.01     0.00
  MONTH TO DATE    0.20                      0.74  -0.54     0.23
  SINCE MAR 1      0.20                      0.74  -0.54     0.23
  SINCE JAN 1      1.34                      1.68  -0.34     0.80

SNOWFALL (IN)
  YESTERDAY        0.2           7.8  1975   0.3   -0.1      0.0
  MONTH TO DATE    0.8                       8.1   -7.3      2.2
  SINCE MAR 1      0.8                       8.1   -7.3      2.2
  SINCE JUL 1     23.7                      45.6  -21.9     27.4
  SNOW DEPTH       0

DEGREE DAYS
 HEATING
  YESTERDAY       27                        30     -3       38
  MONTH TO DATE  827                       973   -146     1031
  SINCE MAR 1    827                       973   -146     1031
  SINCE JUL 1   7188                      7404   -216     7883

 COOLING
  YESTERDAY        0                         0      0        0
  MONTH TO DATE    0                         0      0        0
  SINCE MAR 1      0                         0      0        0
  SINCE JAN 1      0                         0      0        0
..................................................................


WIND (MPH)
  HIGHEST WIND SPEED    20   HIGHEST WIND DIRECTION     S (200)
  HIGHEST GUST SPEED    22   HIGHEST GUST DIRECTION     S (160)
  AVERAGE WIND SPEED    10.6


SKY COVER
  POSSIBLE SUNSHINE  MM
  AVERAGE SKY COVER 0.7


WEATHER CONDITIONS
 THE FOLLOWING WEATHER WAS RECORDED YESTERDAY.
  LIGHT SNOW
  FOG
  HAZE


RELATIVE HUMIDITY (PERCENT)
 HIGHEST    89          1000 PM
 LOWEST     52           500 PM
 AVERAGE    71

..........................................................


THE BISMARCK ND CLIMATE NORMALS FOR TODAY
                         NORMAL    RECORD    YEAR
 MAXIMUM TEMPERATURE (F)   47        78      1986
 MINIMUM TEMPERATURE (F)   24        -7      1964


SUNRISE AND SUNSET
MARCH 28 2015.........SUNRISE   731 AM CDT   SUNSET   806 PM CDT
MARCH 29 2015.........SUNRISE   729 AM CDT   SUNSET   808 PM CDT


-  INDICATES NEGATIVE NUMBERS.
R  INDICATES RECORD WAS SET OR TIED.
MM INDICATES DATA IS MISSING.
T  INDICATES TRACE AMOUNT.




$$
