000
CDUS43 KBIS 180021
CLIBIS


CLIMATE REPORT
NATIONAL WEATHER SERVICE BISMARCK ND
620 PM CST TUE JAN 17 2017


...................................

...THE BISMARCK ND CLIMATE SUMMARY FOR JANUARY 17 2017...
VALID TODAY AS OF 0600 PM LOCAL TIME.

CLIMATE NORMAL PERIOD 1981 TO 2010
CLIMATE RECORD PERIOD 1875 TO 2017


WEATHER ITEM   OBSERVED TIME   RECORD YEAR NORMAL DEPARTURE LAST
                VALUE   (LST)  VALUE       VALUE  FROM      YEAR
                                                  NORMAL
..................................................................
TEMPERATURE (F)
 TODAY
  MAXIMUM         34    359 PM  54    1926  23     11        6
  MINIMUM         -1    602 AM -40    1967   2     -3      -12
  AVERAGE         17                        12      5       -3

PRECIPITATION (IN)
  TODAY            0.00          0.58 1996   0.02  -0.02     0.00
  MONTH TO DATE    0.61                      0.26   0.35     0.12
  SINCE DEC 1      2.66                      0.75   1.91     1.03
  SINCE JAN 1      0.61                      0.26   0.35     0.12

SNOWFALL (IN)
  TODAY            0.0          13.2  1996   0.2   -0.2      0.0
  MONTH TO DATE   14.0                       5.3    8.7      1.6
  SINCE DEC 1     38.5                      14.6   23.9     14.4
  SINCE JUL 1     57.5                      25.8   31.7     16.2
  SNOW DEPTH      11

DEGREE DAYS
 HEATING
  TODAY           48                        53     -5       68
  MONTH TO DATE 1127                       896    231      905
  SINCE DEC 1   2807                      2410    397     2228
  SINCE JUL 1   4287                      4396   -109     3813

 COOLING
  TODAY            0                         0      0        0
  MONTH TO DATE    0                         0      0        0
  SINCE DEC 1      0                         0      0        0
  SINCE JAN 1      0                         0      0        0
..................................................................


WIND (MPH)
  RESULTANT WIND SPEED   1   RESULTANT WIND DIRECTION   S (160)
  HIGHEST WIND SPEED     9   HIGHEST WIND DIRECTION    SW (220)
  HIGHEST GUST SPEED    11   HIGHEST GUST DIRECTION    SW (230)
  AVERAGE WIND SPEED     2.3


SKY COVER
  POSSIBLE SUNSHINE  MM
  AVERAGE SKY COVER 0.0


WEATHER CONDITIONS
 THE FOLLOWING WEATHER WAS RECORDED TODAY.
  FOG
  HAZE


RELATIVE HUMIDITY (PERCENT)
 HIGHEST    88           200 AM
 LOWEST     51           400 PM
 AVERAGE    70

..........................................................


THE BISMARCK ND CLIMATE NORMALS FOR TOMORROW
                         NORMAL    RECORD    YEAR
 MAXIMUM TEMPERATURE (F)   23        56      1908
 MINIMUM TEMPERATURE (F)    2       -44      1950


SUNRISE AND SUNSET
JANUARY 17 2017.......SUNRISE   822 AM CST   SUNSET   525 PM CST
JANUARY 18 2017.......SUNRISE   821 AM CST   SUNSET   526 PM CST


-  INDICATES NEGATIVE NUMBERS.
R  INDICATES RECORD WAS SET OR TIED.
MM INDICATES DATA IS MISSING.
T  INDICATES TRACE AMOUNT.




$$
