000
CDUS43 KBIS 220728
CLIBIS


CLIMATE REPORT
NATIONAL WEATHER SERVICE BISMARCK ND
227 AM CDT MON SEP 22 2014


...................................

...THE BISMARCK ND CLIMATE SUMMARY FOR SEPTEMBER 21 2014...

CLIMATE NORMAL PERIOD 1981 TO 2010
CLIMATE RECORD PERIOD 1875 TO 2014


WEATHER ITEM   OBSERVED TIME   RECORD YEAR NORMAL DEPARTURE LAST
                VALUE   (LST)  VALUE       VALUE  FROM      YEAR
                                                  NORMAL
..................................................................
TEMPERATURE (F)
 YESTERDAY
  MAXIMUM         75    423 PM  93    1937  70      5       73
                                      1922
  MINIMUM         44    531 AM  20    1878  43      1       37
  AVERAGE         60                        56      4       55

PRECIPITATION (IN)
  YESTERDAY        0.00          0.63 2000   0.05  -0.05     0.00
  MONTH TO DATE    0.26                      1.17  -0.91     3.91
  SINCE SEP 1      0.26                      1.17  -0.91     3.91
  SINCE JAN 1     12.95                     14.98  -2.03    20.22

SNOWFALL (IN)
  YESTERDAY        0.0           0.0  2002   0.0    0.0      0.0
                                      2001
  MONTH TO DATE    0.0                       0.1   -0.1      0.0
  SINCE SEP 1      0.0                       0.1   -0.1      0.0
  SINCE JUL 1      0.0                       0.1   -0.1      0.0
  SNOW DEPTH       0

DEGREE DAYS
 HEATING
  YESTERDAY        5                         9     -4       10
  MONTH TO DATE  152                       127     25       53
  SINCE SEP 1    152                       127     25       53
  SINCE JUL 1    214                       182     32       81

 COOLING
  YESTERDAY        0                         1     -1        0
  MONTH TO DATE   15                        36    -21       74
  SINCE SEP 1     15                        36    -21       74
  SINCE JAN 1    421                       517    -96      554
..................................................................


WIND (MPH)
  HIGHEST WIND SPEED    12   HIGHEST WIND DIRECTION    NW (320)
  HIGHEST GUST SPEED    17   HIGHEST GUST DIRECTION    NW (330)
  AVERAGE WIND SPEED     5.4


SKY COVER
  POSSIBLE SUNSHINE  MM
  AVERAGE SKY COVER 0.0


WEATHER CONDITIONS
 THE FOLLOWING WEATHER WAS RECORDED YESTERDAY.
  NO SIGNIFICANT WEATHER WAS OBSERVED.


RELATIVE HUMIDITY (PERCENT)
 HIGHEST    86           700 AM
 LOWEST     27           400 PM
 AVERAGE    57

..........................................................


THE BISMARCK ND CLIMATE NORMALS FOR TODAY
                         NORMAL    RECORD    YEAR
 MAXIMUM TEMPERATURE (F)   69        95      1936
 MINIMUM TEMPERATURE (F)   42        20      1995


SUNRISE AND SUNSET
SEPTEMBER 22 2014.....SUNRISE   730 AM CDT   SUNSET   741 PM CDT
SEPTEMBER 23 2014.....SUNRISE   731 AM CDT   SUNSET   739 PM CDT


-  INDICATES NEGATIVE NUMBERS.
R  INDICATES RECORD WAS SET OR TIED.
MM INDICATES DATA IS MISSING.
T  INDICATES TRACE AMOUNT.




$$
