000
CDUS43 KBIS 020827
CLIBIS


CLIMATE REPORT
NATIONAL WEATHER SERVICE BISMARCK ND
326 AM CDT THU JUL 2 2015


...................................

...THE BISMARCK ND CLIMATE SUMMARY FOR JULY 1 2015...

CLIMATE NORMAL PERIOD 1981 TO 2010
CLIMATE RECORD PERIOD 1875 TO 2015


WEATHER ITEM   OBSERVED TIME   RECORD YEAR NORMAL DEPARTURE LAST
                VALUE   (LST)  VALUE       VALUE  FROM      YEAR
                                                  NORMAL
..................................................................
TEMPERATURE (F)
 YESTERDAY
  MAXIMUM         79    322 PM 102    1881  82     -3       69
  MINIMUM         61    338 AM  39    1884  56      5       50
  AVERAGE         70                        69      1       60

PRECIPITATION (IN)
  YESTERDAY        T             2.70 1993   0.10  -0.10     0.05
  MONTH TO DATE    T                         0.10  -0.10     0.05
  SINCE JUN 1      4.98                      3.27   1.71     3.07
  SINCE JAN 1     12.25                      8.74   3.51     7.26

SNOWFALL (IN)
  YESTERDAY        0.0           0.0  2002   0.0    0.0      0.0
                                      2001
  MONTH TO DATE    0.0                       0.0    0.0      0.0
  SINCE JUN 1      0.0                       0.0    0.0      0.0
  SINCE JUL 1      0.0                       0.0    0.0      0.0
  SNOW DEPTH       0

DEGREE DAYS
 HEATING
  YESTERDAY        0                         1     -1        5
  MONTH TO DATE    0                         1     -1        5
  SINCE JUN 1     43                        94    -51       99
  SINCE JUL 1      0                         1     -1        5

 COOLING
  YESTERDAY        5                         5      0        0
  MONTH TO DATE    5                         5      0        0
  SINCE JUN 1     99                        88     11       53
  SINCE JAN 1    105                       105      0      104
..................................................................


WIND (MPH)
  HIGHEST WIND SPEED    15   HIGHEST WIND DIRECTION     S (160)
  HIGHEST GUST SPEED    18   HIGHEST GUST DIRECTION    SE (140)
  AVERAGE WIND SPEED     3.7


SKY COVER
  POSSIBLE SUNSHINE  MM
  AVERAGE SKY COVER 0.6


WEATHER CONDITIONS
 THE FOLLOWING WEATHER WAS RECORDED YESTERDAY.
  FOG
  HAZE


RELATIVE HUMIDITY (PERCENT)
 HIGHEST    97           300 AM
 LOWEST     58           600 PM
 AVERAGE    78

..........................................................


THE BISMARCK ND CLIMATE NORMALS FOR TODAY
                         NORMAL    RECORD    YEAR
 MAXIMUM TEMPERATURE (F)   82       107      1949
 MINIMUM TEMPERATURE (F)   56        39      1945


SUNRISE AND SUNSET
JULY  2 2015..........SUNRISE   553 AM CDT   SUNSET   940 PM CDT
JULY  3 2015..........SUNRISE   554 AM CDT   SUNSET   940 PM CDT


-  INDICATES NEGATIVE NUMBERS.
R  INDICATES RECORD WAS SET OR TIED.
MM INDICATES DATA IS MISSING.
T  INDICATES TRACE AMOUNT.




$$
