000
CDUS43 KBIS 180724
CLIBIS


CLIMATE REPORT
NATIONAL WEATHER SERVICE BISMARCK ND
124 AM CST MON DEC 18 2017


...................................

...THE BISMARCK ND CLIMATE SUMMARY FOR DECEMBER 17 2017...

CLIMATE NORMAL PERIOD 1981 TO 2010
CLIMATE RECORD PERIOD 1875 TO 2017


WEATHER ITEM   OBSERVED TIME   RECORD YEAR NORMAL DEPARTURE LAST
                VALUE   (LST)  VALUE       VALUE  FROM      YEAR
                                                  NORMAL
..................................................................
TEMPERATURE (F)
 YESTERDAY
  MAXIMUM         42    312 PM  57    1890  25     17       -4
  MINIMUM         14    914 AM -31    2016   5      9      -31
  AVERAGE         28                        15     13      -17

PRECIPITATION (IN)
  YESTERDAY        0.00          0.49 1967   0.02  -0.02      T
  MONTH TO DATE    0.19                      0.26  -0.07     0.65
  SINCE DEC 1      0.19                      0.26  -0.07     0.65
  SINCE JAN 1     13.56                     17.62  -4.06    22.07

SNOWFALL (IN)
  YESTERDAY        0.0           5.8  1967
  MONTH TO DATE    2.6
  SINCE DEC 1      2.6
  SINCE JUL 1      3.9

DEGREE DAYS
 HEATING
  YESTERDAY       37                        50    -13       82
  MONTH TO DATE  561                       798   -237     1017
  SINCE DEC 1    561                       798   -237     1017
  SINCE JUL 1   2300                      2784   -484     2497

 COOLING
  YESTERDAY        0                         0      0        0
  MONTH TO DATE    0                         0      0        0
  SINCE DEC 1      0                         0      0        0
  SINCE JAN 1    615                       520     95      548
..................................................................


WIND (MPH)
  HIGHEST WIND SPEED    13   HIGHEST WIND DIRECTION    SW (210)
  HIGHEST GUST SPEED    16   HIGHEST GUST DIRECTION    SW (220)
  AVERAGE WIND SPEED     5.2


SKY COVER
  POSSIBLE SUNSHINE  MM
  AVERAGE SKY COVER 0.2


WEATHER CONDITIONS
 THE FOLLOWING WEATHER WAS RECORDED YESTERDAY.
  FOG


RELATIVE HUMIDITY (PERCENT)
 HIGHEST    92          1200 AM
 LOWEST     43           300 PM
 AVERAGE    68

..........................................................


THE BISMARCK ND CLIMATE NORMALS FOR TODAY
                         NORMAL    RECORD    YEAR
 MAXIMUM TEMPERATURE (F)   25        56      2011
                                             1979
 MINIMUM TEMPERATURE (F)    5       -36      1951


SUNRISE AND SUNSET
DECEMBER 18 2017......SUNRISE   823 AM CST   SUNSET   456 PM CST
DECEMBER 19 2017......SUNRISE   824 AM CST   SUNSET   457 PM CST


-  INDICATES NEGATIVE NUMBERS.
R  INDICATES RECORD WAS SET OR TIED.
MM INDICATES DATA IS MISSING.
T  INDICATES TRACE AMOUNT.




$$
