562
CDUS43 KGRR 312123
CLIBIV


CLIMATE REPORT
NATIONAL WEATHER SERVICE GRAND RAPIDS, MI
523 PM EDT TUE MAY 31 2016


...................................

...THE HOLLAND/TULIP CITY MI CLIMATE SUMMARY FOR MAY 31 2016...
VALID TODAY AS OF 0500 PM LOCAL TIME.

CLIMATE NORMAL PERIOD 1981 TO 2010
CLIMATE RECORD PERIOD 1996 TO 2016


WEATHER ITEM   OBSERVED TIME   NORMAL DEPARTURE LAST
                VALUE   (LST)  VALUE  FROM      YEAR
                                      NORMAL
......................................................
TEMPERATURE (F)
 TODAY
  MAXIMUM         87    357 PM  74     13       63
  MINIMUM         54    444 AM  53      1       46
  AVERAGE         71            64      7       55

PRECIPITATION (IN)
  TODAY            0.00          0.07  -0.07      T
  MONTH TO DATE    2.35          3.18  -0.83     4.79
  SINCE MAR 1      9.27          8.70   0.57     9.33
  SINCE JAN 1     13.13         12.59   0.54    10.81

DEGREE DAYS
 HEATING
  TODAY            0             4     -4       10
  MONTH TO DATE  209           232    -23      197
  SINCE MAR 1   1512          1612   -100     1667
  SINCE JUL 1   5502          6112   -610     6634

 COOLING
  TODAY            6             3      3        0
  MONTH TO DATE   58            38     20       49
  SINCE MAR 1     59            42     17       49
  SINCE JAN 1     59            42     17       49
......................................................


WIND (MPH)
  RESULTANT WIND SPEED   6   RESULTANT WIND DIRECTION  SE (130)
  HIGHEST WIND SPEED    16   HIGHEST WIND DIRECTION    SE (140)
  HIGHEST GUST SPEED    22   HIGHEST GUST DIRECTION    SE (120)
  AVERAGE WIND SPEED     6.0


SKY COVER
  AVERAGE SKY COVER 0.0


WEATHER CONDITIONS
 THE FOLLOWING WEATHER WAS RECORDED TODAY.
  FOG


RELATIVE HUMIDITY (PERCENT)
 HIGHEST   100           200 AM
 LOWEST     24           400 PM
 AVERAGE    62

..........................................................


THE HOLLAND/TULIP CITY MI CLIMATE NORMALS FOR TOMORROW
                         NORMAL
 MAXIMUM TEMPERATURE (F)   74
 MINIMUM TEMPERATURE (F)   54


SUNRISE AND SUNSET
MAY 31 2016...........SUNRISE   609 AM EDT   SUNSET   916 PM EDT
JUNE  1 2016..........SUNRISE   609 AM EDT   SUNSET   917 PM EDT


-  INDICATES NEGATIVE NUMBERS.
R  INDICATES RECORD WAS SET OR TIED.
MM INDICATES DATA IS MISSING.
T  INDICATES TRACE AMOUNT.




$$
