000
CDUS43 KGRR 242227
CLIBIV


CLIMATE REPORT
NATIONAL WEATHER SERVICE GRAND RAPIDS, MI
527 PM EST SAT JAN 24 2015


...................................

...THE HOLLAND/TULIP CITY MI CLIMATE SUMMARY FOR JANUARY 24 2015...
VALID TODAY AS OF 0500 PM LOCAL TIME.

CLIMATE NORMAL PERIOD 1981 TO 2010
CLIMATE RECORD PERIOD 1996 TO 2015


WEATHER ITEM   OBSERVED TIME   RECORD YEAR NORMAL DEPARTURE LAST
                VALUE   (LST)  VALUE       VALUE  FROM      YEAR
                                                  NORMAL
..................................................................
TEMPERATURE (F)
 TODAY
  MAXIMUM         39    202 PM  MM      MM  32      7       26
  MINIMUM         33    112 AM  MM      MM  19     14        0
  AVERAGE         36                        26     10       13

PRECIPITATION (IN)
  TODAY            T            MM      MM   0.06  -0.06     0.19
  MONTH TO DATE    0.60                      1.61  -1.01     1.93
  SINCE DEC 1      1.99                      3.91  -1.92     3.56
  SINCE JAN 1      0.60                      1.61  -1.01     1.93

DEGREE DAYS
 HEATING
  TODAY           29                        39    -10       52
  MONTH TO DATE  992                       927     65     1085
  SINCE DEC 1   1927                      1972    -45     2265
  SINCE JUL 1   3318                      3195    123     3501

 COOLING
  TODAY            0                         0      0        0
  MONTH TO DATE    0                         0      0        0
  SINCE DEC 1      0                         0      0        0
  SINCE JAN 1      0                         0      0        0
..................................................................


WIND (MPH)
  RESULTANT WIND SPEED  11   RESULTANT WIND DIRECTION   W (260)
  HIGHEST WIND SPEED    18   HIGHEST WIND DIRECTION    SW (240)
  HIGHEST GUST SPEED    23   HIGHEST GUST DIRECTION    SW (230)
  AVERAGE WIND SPEED    10.9



WEATHER CONDITIONS
 THE FOLLOWING WEATHER WAS RECORDED TODAY.
  LIGHT SNOW
  HAZE


RELATIVE HUMIDITY (PERCENT)
 HIGHEST    82           300 AM
 LOWEST     70          1200 PM
 AVERAGE    76

..........................................................




SUNRISE AND SUNSET
JANUARY 24 2015.......SUNRISE   807 AM EST   SUNSET   547 PM EST
JANUARY 25 2015.......SUNRISE   806 AM EST   SUNSET   548 PM EST


-  INDICATES NEGATIVE NUMBERS.
R  INDICATES RECORD WAS SET OR TIED.
MM INDICATES DATA IS MISSING.
T  INDICATES TRACE AMOUNT.




$$
