691
CDUS46 KBOI 270931
CLIBKE


CLIMATE REPORT
NATIONAL WEATHER SERVICE BOISE ID
331 AM MDT TUE JUN 27 2017


...................................

...THE BAKER OR CLIMATE SUMMARY FOR JUNE 26 2017...

CLIMATE NORMAL PERIOD 1981 TO 2010
CLIMATE RECORD PERIOD 1928 TO 2017


WEATHER ITEM   OBSERVED TIME   RECORD YEAR NORMAL DEPARTURE LAST
                VALUE   (LST)  VALUE       VALUE  FROM      YEAR
                                                  NORMAL
..................................................................
TEMPERATURE (F)
 YESTERDAY
  MAXIMUM         86   1129 AM  96    2002  77      9       87
  MINIMUM         48    429 AM  30    1976  44      4       40
  AVERAGE         67                        60      7       64

PRECIPITATION (IN)
  YESTERDAY        0.05          1.54 1934   0.04   0.01     0.00
  MONTH TO DATE    1.00                      1.07  -0.07     0.37
  SINCE OCT 1      7.53                      8.11  -0.58     5.25
  SINCE JAN 1      4.79                      5.60  -0.81     2.71

DEGREE DAYS
 HEATING
  YESTERDAY        0                         5     -5        1
  MONTH TO DATE  169                       206    -37      192
  SINCE JUN 1    169                       206    -37      192
  SINCE JUL 1   7847                      7653    194     6875

 COOLING
  YESTERDAY        2                         1      1        0
  MONTH TO DATE   19                        11      8       23
  SINCE JUN 1     19                        11      8       23
  SINCE JAN 1     19                        13      6       23
..................................................................


WIND (MPH)
  RESULTANT WIND SPEED   3   RESULTANT WIND DIRECTION  NW (310)
  HIGHEST WIND SPEED    32   HIGHEST WIND DIRECTION    NW (310)
  HIGHEST GUST SPEED    44   HIGHEST GUST DIRECTION    NW (300)
  AVERAGE WIND SPEED     8.6


SKY COVER
  AVERAGE SKY COVER 0.0


WEATHER CONDITIONS
 THE FOLLOWING WEATHER WAS RECORDED YESTERDAY.
  LIGHT RAIN
  HAZE


RELATIVE HUMIDITY (PERCENT)
 HIGHEST   100          1000 PM
 LOWEST     27          1100 AM
 AVERAGE    64

..........................................................


THE BAKER OR CLIMATE NORMALS FOR TODAY
                         NORMAL    RECORD    YEAR
 MAXIMUM TEMPERATURE (F)   78        99      2015
 MINIMUM TEMPERATURE (F)   44        32      1998
                                             1965


SUNRISE AND SUNSET
JUNE 27 2017..........SUNRISE   507 AM PDT   SUNSET   841 PM PDT
JUNE 28 2017..........SUNRISE   508 AM PDT   SUNSET   841 PM PDT


-  INDICATES NEGATIVE NUMBERS.
R  INDICATES RECORD WAS SET OR TIED.
MM INDICATES DATA IS MISSING.
T  INDICATES TRACE AMOUNT.




$$
