000
CDUS46 KBOI 280931
CLIBKE


CLIMATE REPORT
NATIONAL WEATHER SERVICE BOISE ID
231 AM MST SAT FEB 28 2015


...................................

...THE BAKER OR CLIMATE SUMMARY FOR FEBRUARY 27 2015...

CLIMATE NORMAL PERIOD 1981 TO 2010
CLIMATE RECORD PERIOD 1948 TO 2015


WEATHER ITEM   OBSERVED TIME   RECORD YEAR NORMAL DEPARTURE LAST
                VALUE   (LST)  VALUE       VALUE  FROM      YEAR
                                                  NORMAL
..................................................................
TEMPERATURE (F)
 YESTERDAY
  MAXIMUM         45    251 PM  63    1992  44      1       50
  MINIMUM         28    517 AM  -5    1993  21      7       32
  AVERAGE         37                        33      4       41

PRECIPITATION (IN)
  YESTERDAY        0.01          0.08 1979   0.02  -0.01     0.02
  MONTH TO DATE    0.71                      0.56   0.15     1.12
  SINCE OCT 1      3.30                      3.87  -0.57     2.79
  SINCE JAN 1      1.10                      1.36  -0.26     1.62

DEGREE DAYS
 HEATING
  YESTERDAY       28                        32     -4       24
  MONTH TO DATE  699                       963   -264      954
  SINCE DEC 1   2841                      3449   -608     3575
  SINCE JUL 1   4644                      5486   -842     5500

 COOLING
  YESTERDAY        0                         0      0        0
  MONTH TO DATE    0                         0      0        0
  SINCE DEC 1      0                         0      0        0
  SINCE JAN 1      0                         0      0        0
..................................................................


WIND (MPH)
  RESULTANT WIND SPEED   2   RESULTANT WIND DIRECTION   E (90)
  HIGHEST WIND SPEED    13   HIGHEST WIND DIRECTION     E (80)
  HIGHEST GUST SPEED    16   HIGHEST GUST DIRECTION     E (100)
  AVERAGE WIND SPEED     4.3


SKY COVER
  AVERAGE SKY COVER 0.7


WEATHER CONDITIONS
 THE FOLLOWING WEATHER WAS RECORDED YESTERDAY.
  LIGHT RAIN
  FOG


RELATIVE HUMIDITY (PERCENT)
 HIGHEST   100          1200 AM
 LOWEST     58           400 PM
 AVERAGE    79

..........................................................


THE BAKER OR CLIMATE NORMALS FOR TODAY
                         NORMAL    RECORD    YEAR
 MAXIMUM TEMPERATURE (F)   45        65      1986
 MINIMUM TEMPERATURE (F)   22        -9      1960


SUNRISE AND SUNSET
FEBRUARY 28 2015......SUNRISE   631 AM PST   SUNSET   537 PM PST
MARCH  1 2015.........SUNRISE   629 AM PST   SUNSET   539 PM PST


-  INDICATES NEGATIVE NUMBERS.
R  INDICATES RECORD WAS SET OR TIED.
MM INDICATES DATA IS MISSING.
T  INDICATES TRACE AMOUNT.




$$
