000
CDUS46 KBOI 050946
CLIBKE


CLIMATE REPORT
NATIONAL WEATHER SERVICE BOISE ID
246 AM MST FRI FEB 5 2016


...................................

...THE BAKER OR CLIMATE SUMMARY FOR FEBRUARY 4 2016...

CLIMATE NORMAL PERIOD 1981 TO 2010
CLIMATE RECORD PERIOD 1948 TO 2016


WEATHER ITEM   OBSERVED TIME   RECORD YEAR NORMAL DEPARTURE LAST
                VALUE   (LST)  VALUE       VALUE  FROM      YEAR
                                                  NORMAL
..................................................................
TEMPERATURE (F)
 YESTERDAY
  MAXIMUM         32    430 PM  56    1963  37     -5       42
  MINIMUM         24    700 AM -25    1989  18      6       32
  AVERAGE         28                        27      1       37

PRECIPITATION (IN)
  YESTERDAY        0.07          0.08 1996   0.02   0.05     0.05
  MONTH TO DATE    0.07                      0.08  -0.01     0.23
  SINCE OCT 1      3.00                      3.39  -0.39     2.82
  SINCE JAN 1      0.46                      0.88  -0.42     0.62

DEGREE DAYS
 HEATING
  YESTERDAY       37                        38     -1       28
  MONTH TO DATE  168                       152     16      122
  SINCE DEC 1   2463                      2638   -175     2264
  SINCE JUL 1   4314                      4675   -361     4067

 COOLING
  YESTERDAY        0                         0      0        0
  MONTH TO DATE    0                         0      0        0
  SINCE DEC 1      0                         0      0        0
  SINCE JAN 1      0                         0      0        0
..................................................................


WIND (MPH)
  RESULTANT WIND SPEED   1   RESULTANT WIND DIRECTION  SE (140)
  HIGHEST WIND SPEED    13   HIGHEST WIND DIRECTION     E (80)
  HIGHEST GUST SPEED    16   HIGHEST GUST DIRECTION     E (80)
  AVERAGE WIND SPEED     3.1


SKY COVER
  AVERAGE SKY COVER 0.9


WEATHER CONDITIONS
 THE FOLLOWING WEATHER WAS RECORDED YESTERDAY.
  LIGHT SNOW
  FOG


RELATIVE HUMIDITY (PERCENT)
 HIGHEST   100           700 AM
 LOWEST     85           100 AM
 AVERAGE    93

..........................................................


THE BAKER OR CLIMATE NORMALS FOR TODAY
                         NORMAL    RECORD    YEAR
 MAXIMUM TEMPERATURE (F)   37        59      1963
 MINIMUM TEMPERATURE (F)   18       -25      1989


SUNRISE AND SUNSET
FEBRUARY  5 2016......SUNRISE   706 AM PST   SUNSET   505 PM PST
FEBRUARY  6 2016......SUNRISE   705 AM PST   SUNSET   506 PM PST


-  INDICATES NEGATIVE NUMBERS.
R  INDICATES RECORD WAS SET OR TIED.
MM INDICATES DATA IS MISSING.
T  INDICATES TRACE AMOUNT.




$$
