000
CDUS46 KBOI 300931
CLIBKE


CLIMATE REPORT
NATIONAL WEATHER SERVICE BOISE ID
331 AM MDT THU JUL 30 2015


...................................

...THE BAKER OR CLIMATE SUMMARY FOR JULY 29 2015...

CLIMATE NORMAL PERIOD 1981 TO 2010
CLIMATE RECORD PERIOD 1948 TO 2015


WEATHER ITEM   OBSERVED TIME   RECORD YEAR NORMAL DEPARTURE LAST
                VALUE   (LST)  VALUE       VALUE  FROM      YEAR
                                                  NORMAL
..................................................................
TEMPERATURE (F)
 YESTERDAY
  MAXIMUM         87    308 PM  98    2003  87      0       94
  MINIMUM         38    436 AM  35    1959  47     -9       52
  AVERAGE         63                        67     -4       73

PRECIPITATION (IN)
  YESTERDAY        0.00          0.45 1997   0.02  -0.02     0.00
  MONTH TO DATE    2.72                      0.61   2.11     0.05
  SINCE OCT 1      9.46                      8.83   0.63     6.09
  SINCE JAN 1      7.26                      6.32   0.94     4.92

DEGREE DAYS
 HEATING
  YESTERDAY        2                         1      1        0
  MONTH TO DATE   40                        65    -25       13
  SINCE JUN 1    124                       291   -167      246
  SINCE JUL 1     40                        65    -25       13

 COOLING
  YESTERDAY        0                         3     -3        8
  MONTH TO DATE   71                        68      3      148
  SINCE JUN 1    139                        84     55      148
  SINCE JAN 1    140                        86     54      148
..................................................................


WIND (MPH)
  RESULTANT WIND SPEED   1   RESULTANT WIND DIRECTION  NE (30)
  HIGHEST WIND SPEED    10   HIGHEST WIND DIRECTION    NE (50)
  HIGHEST GUST SPEED    14   HIGHEST GUST DIRECTION    NE (60)
  AVERAGE WIND SPEED     2.3


SKY COVER
  AVERAGE SKY COVER 0.0


WEATHER CONDITIONS
 THE FOLLOWING WEATHER WAS RECORDED YESTERDAY.
  NO SIGNIFICANT WEATHER WAS OBSERVED.


RELATIVE HUMIDITY (PERCENT)
 HIGHEST    92           400 AM
 LOWEST     17           300 PM
 AVERAGE    55

..........................................................


THE BAKER OR CLIMATE NORMALS FOR TODAY
                         NORMAL    RECORD    YEAR
 MAXIMUM TEMPERATURE (F)   87       101      2003
 MINIMUM TEMPERATURE (F)   47        38      1950


SUNRISE AND SUNSET
JULY 30 2015..........SUNRISE   535 AM PDT   SUNSET   820 PM PDT
JULY 31 2015..........SUNRISE   536 AM PDT   SUNSET   819 PM PDT


-  INDICATES NEGATIVE NUMBERS.
R  INDICATES RECORD WAS SET OR TIED.
MM INDICATES DATA IS MISSING.
T  INDICATES TRACE AMOUNT.




$$
