000
CDUS46 KBOI 260931
CLIBKE


CLIMATE REPORT
NATIONAL WEATHER SERVICE BOISE ID
331 AM MDT SAT JUL 26 2014


...................................

...THE BAKER OR CLIMATE SUMMARY FOR JULY 25 2014...

CLIMATE NORMAL PERIOD 1981 TO 2010
CLIMATE RECORD PERIOD 1948 TO 2014


WEATHER ITEM   OBSERVED TIME   RECORD YEAR NORMAL DEPARTURE LAST
                VALUE   (LST)  VALUE       VALUE  FROM      YEAR
                                                  NORMAL
..................................................................
TEMPERATURE (F)
 YESTERDAY
  MAXIMUM         81    356 PM 100    1978  86     -5       94
  MINIMUM         39    453 AM  36    1948  47     -8       53
  AVERAGE         60                        67     -7       74

PRECIPITATION (IN)
  YESTERDAY        0.00          0.31 2003   0.02  -0.02     0.00
  MONTH TO DATE    0.05                      0.54  -0.49     0.05
  SINCE OCT 1      6.09                      8.76  -2.67     7.86
  SINCE JAN 1      4.92                      6.25  -1.33     5.68

DEGREE DAYS
 HEATING
  YESTERDAY        5                         1      4        0
  MONTH TO DATE   12                        61    -49       15
  SINCE JUN 1    245                       287    -42      211
  SINCE JUL 1     12                        61    -49       15

 COOLING
  YESTERDAY        0                         3     -3        9
  MONTH TO DATE  122                        56     66       88
  SINCE JUN 1    122                        72     50      115
  SINCE JAN 1    122                        74     48      119
..................................................................


WIND (MPH)
  RESULTANT WIND SPEED   4   RESULTANT WIND DIRECTION  NW (300)
  HIGHEST WIND SPEED    18   HIGHEST WIND DIRECTION    NW (320)
  HIGHEST GUST SPEED    22   HIGHEST GUST DIRECTION    NW (330)
  AVERAGE WIND SPEED     5.2


SKY COVER
  AVERAGE SKY COVER 0.0


WEATHER CONDITIONS
 THE FOLLOWING WEATHER WAS RECORDED YESTERDAY.
  NO SIGNIFICANT WEATHER WAS OBSERVED.


RELATIVE HUMIDITY (PERCENT)
 HIGHEST    92           500 AM
 LOWEST     20          1200 PM
 AVERAGE    56

..........................................................


THE BAKER OR CLIMATE NORMALS FOR TODAY
                         NORMAL    RECORD    YEAR
 MAXIMUM TEMPERATURE (F)   87        99      1996
 MINIMUM TEMPERATURE (F)   47        37      1966


SUNRISE AND SUNSET
JULY 26 2014..........SUNRISE   530 AM PDT   SUNSET   824 PM PDT
JULY 27 2014..........SUNRISE   532 AM PDT   SUNSET   823 PM PDT


-  INDICATES NEGATIVE NUMBERS.
R  INDICATES RECORD WAS SET OR TIED.
MM INDICATES DATA IS MISSING.
T  INDICATES TRACE AMOUNT.




$$
