000
CDUS46 KBOI 290931
CLIBKE


CLIMATE REPORT
NATIONAL WEATHER SERVICE BOISE ID
330 AM MDT FRI MAY 29 2015


...................................

...THE BAKER OR CLIMATE SUMMARY FOR MAY 28 2015...

CLIMATE NORMAL PERIOD 1981 TO 2010
CLIMATE RECORD PERIOD 1948 TO 2015


WEATHER ITEM   OBSERVED TIME   RECORD YEAR NORMAL DEPARTURE LAST
                VALUE   (LST)  VALUE       VALUE  FROM      YEAR
                                                  NORMAL
..................................................................
TEMPERATURE (F)
 YESTERDAY
  MAXIMUM         75    407 PM  92    1983  69      6       58
  MINIMUM         35    450 AM  27    1954  39     -4       31
  AVERAGE         55                        54      1       45

PRECIPITATION (IN)
  YESTERDAY        0.00          1.26 2008   0.05  -0.05     0.02
  MONTH TO DATE    1.87                      1.32   0.55     0.58
  SINCE OCT 1      6.31                      6.88  -0.57     5.02
  SINCE JAN 1      4.11                      4.37  -0.26     3.85

DEGREE DAYS
 HEATING
  YESTERDAY       10                        11     -1       20
  MONTH TO DATE  333                       402    -69      352
  SINCE MAR 1   1699                      1895   -196     1751
  SINCE JUL 1   6375                      7415  -1040     7277

 COOLING
  YESTERDAY        0                         0      0        0
  MONTH TO DATE    0                         0      0        0
  SINCE MAR 1      0                         0      0        0
  SINCE JAN 1      0                         0      0        0
..................................................................


WIND (MPH)
  RESULTANT WIND SPEED   1   RESULTANT WIND DIRECTION   W (250)
  HIGHEST WIND SPEED     9   HIGHEST WIND DIRECTION     W (280)
  HIGHEST GUST SPEED    13   HIGHEST GUST DIRECTION     W (270)
  AVERAGE WIND SPEED     3.5


SKY COVER
  AVERAGE SKY COVER 0.2


WEATHER CONDITIONS
 THE FOLLOWING WEATHER WAS RECORDED YESTERDAY.
  FOG
  FOG W/VISIBILITY <= 1/4 MILE


RELATIVE HUMIDITY (PERCENT)
 HIGHEST   100           100 AM
 LOWEST     29           200 PM
 AVERAGE    65

..........................................................


THE BAKER OR CLIMATE NORMALS FOR TODAY
                         NORMAL    RECORD    YEAR
 MAXIMUM TEMPERATURE (F)   69        92      1986
 MINIMUM TEMPERATURE (F)   39        28      2014


SUNRISE AND SUNSET
MAY 29 2015...........SUNRISE   510 AM PDT   SUNSET   827 PM PDT
MAY 30 2015...........SUNRISE   510 AM PDT   SUNSET   828 PM PDT


-  INDICATES NEGATIVE NUMBERS.
R  INDICATES RECORD WAS SET OR TIED.
MM INDICATES DATA IS MISSING.
T  INDICATES TRACE AMOUNT.




$$
