000
CDUS46 KBOI 190932
CLIBKE


CLIMATE REPORT
NATIONAL WEATHER SERVICE BOISE ID
332 AM MDT FRI SEP 19 2014


...................................

...THE BAKER OR CLIMATE SUMMARY FOR SEPTEMBER 18 2014...

CLIMATE NORMAL PERIOD 1981 TO 2010
CLIMATE RECORD PERIOD 1948 TO 2014


WEATHER ITEM   OBSERVED TIME   RECORD YEAR NORMAL DEPARTURE LAST
                VALUE   (LST)  VALUE       VALUE  FROM      YEAR
                                                  NORMAL
..................................................................
TEMPERATURE (F)
 YESTERDAY
  MAXIMUM         84   1250 PM  95    1981  74     10       63
  MINIMUM         49   1143 PM  19    1965  36     13       32
  AVERAGE         67                        55     12       48

PRECIPITATION (IN)
  YESTERDAY        T             0.39 1980   0.02  -0.02     0.00
  MONTH TO DATE    T                         0.35  -0.35     0.72
  SINCE OCT 1      6.79                      9.93  -3.14     9.05
  SINCE JAN 1      5.62                      7.42  -1.80     6.87

DEGREE DAYS
 HEATING
  YESTERDAY        0                        10    -10       17
  MONTH TO DATE  139                       137      2       51
  SINCE SEP 1    139                       137      2       51
  SINCE JUL 1    216                       288    -72       83

 COOLING
  YESTERDAY        2                         0      2        0
  MONTH TO DATE   11                         7      4       28
  SINCE SEP 1     11                         7      4       28
  SINCE JAN 1    246                       167     79      258
..................................................................


WIND (MPH)
  RESULTANT WIND SPEED   3   RESULTANT WIND DIRECTION  SW (230)
  HIGHEST WIND SPEED    23   HIGHEST WIND DIRECTION     S (200)
  HIGHEST GUST SPEED    34   HIGHEST GUST DIRECTION    SW (210)
  AVERAGE WIND SPEED    10.1


SKY COVER
  AVERAGE SKY COVER 0.2


WEATHER CONDITIONS
 THE FOLLOWING WEATHER WAS RECORDED YESTERDAY.
  LIGHT RAIN
  HAZE


RELATIVE HUMIDITY (PERCENT)
 HIGHEST    83          1100 PM
 LOWEST     21          1100 AM
 AVERAGE    52

..........................................................


THE BAKER OR CLIMATE NORMALS FOR TODAY
                         NORMAL    RECORD    YEAR
 MAXIMUM TEMPERATURE (F)   73        90      1979
 MINIMUM TEMPERATURE (F)   35        22      1965


SUNRISE AND SUNSET
SEPTEMBER 19 2014.....SUNRISE   635 AM PDT   SUNSET   654 PM PDT
SEPTEMBER 20 2014.....SUNRISE   636 AM PDT   SUNSET   652 PM PDT


-  INDICATES NEGATIVE NUMBERS.
R  INDICATES RECORD WAS SET OR TIED.
MM INDICATES DATA IS MISSING.
T  INDICATES TRACE AMOUNT.




$$
