000
CDUS46 KBOI 271423
CLIBKE


CLIMATE REPORT
NATIONAL WEATHER SERVICE BOISE ID
823 AM MDT THU APR 27 2017


...................................

...THE BAKER OR CLIMATE SUMMARY FOR APRIL 26 2017...

CLIMATE NORMAL PERIOD 1981 TO 2010
CLIMATE RECORD PERIOD 1948 TO 2017


WEATHER ITEM   OBSERVED TIME   RECORD YEAR NORMAL DEPARTURE LAST
                VALUE   (LST)  VALUE       VALUE  FROM      YEAR
                                                  NORMAL
..................................................................
TEMPERATURE (F)
 YESTERDAY
  MAXIMUM         47    536 PM  81    2001  61    -14       62
  MINIMUM         34   1113 PM  14    2008  31      3       33
  AVERAGE         41                        46     -5       48

PRECIPITATION (IN)
  YESTERDAY        0.15          0.39 1981   0.03   0.12     0.00
  MONTH TO DATE    0.79                      0.71   0.08     0.35
  SINCE OCT 1      6.13                      5.42   0.71     3.81
  SINCE JAN 1      3.39                      2.91   0.48     1.27

DEGREE DAYS
 HEATING
  YESTERDAY       24                        19      5       17
  MONTH TO DATE  596                       571     25      411
  SINCE MAR 1   1328                      1419    -91     1198
  SINCE JUL 1   7156                      6939    217     6242

 COOLING
  YESTERDAY        0                         0      0        0
  MONTH TO DATE    0                         0      0        0
  SINCE MAR 1      0                         0      0        0
  SINCE JAN 1      0                         0      0        0
..................................................................


WIND (MPH)
  RESULTANT WIND SPEED   5   RESULTANT WIND DIRECTION   N (340)
  HIGHEST WIND SPEED    26   HIGHEST WIND DIRECTION    NW (320)
  HIGHEST GUST SPEED    33   HIGHEST GUST DIRECTION    NW (310)
  AVERAGE WIND SPEED     8.6


SKY COVER
  AVERAGE SKY COVER 0.6


WEATHER CONDITIONS
 THE FOLLOWING WEATHER WAS RECORDED YESTERDAY.
  LIGHT RAIN


RELATIVE HUMIDITY (PERCENT)
 HIGHEST    92           100 AM
 LOWEST     65           600 PM
 AVERAGE    79

..........................................................


THE BAKER OR CLIMATE NORMALS FOR TODAY
                         NORMAL    RECORD    YEAR
 MAXIMUM TEMPERATURE (F)   61        88      1987
 MINIMUM TEMPERATURE (F)   31        17      1970


SUNRISE AND SUNSET
APRIL 27 2017.........SUNRISE   546 AM PDT   SUNSET   752 PM PDT
APRIL 28 2017.........SUNRISE   545 AM PDT   SUNSET   753 PM PDT


-  INDICATES NEGATIVE NUMBERS.
R  INDICATES RECORD WAS SET OR TIED.
MM INDICATES DATA IS MISSING.
T  INDICATES TRACE AMOUNT.




$$
