000
CDUS46 KBOI 010930
CLIBKE


CLIMATE REPORT
NATIONAL WEATHER SERVICE BOISE ID
330 AM MDT WED JUL 1 2015


...................................

...THE BAKER OR CLIMATE SUMMARY FOR JUNE 30 2015...

CLIMATE NORMAL PERIOD 1981 TO 2010
CLIMATE RECORD PERIOD 1948 TO 2015


WEATHER ITEM   OBSERVED TIME   RECORD YEAR NORMAL DEPARTURE LAST
                VALUE   (LST)  VALUE       VALUE  FROM      YEAR
                                                  NORMAL
..................................................................
TEMPERATURE (F)
 YESTERDAY
  MAXIMUM         93    227 PM  95    2008  79     14       77
  MINIMUM         59    256 AM  29    1949  44     15       40
  AVERAGE         76                        62     14       59

PRECIPITATION (IN)
  YESTERDAY        T             0.51 1997   0.03  -0.03     0.00
  MONTH TO DATE    0.32                      1.18  -0.86     1.02
  SINCE OCT 1      6.74                      8.22  -1.48     6.04
  SINCE JAN 1      4.54                      5.71  -1.17     4.87

DEGREE DAYS
 HEATING
  YESTERDAY        0                         4     -4        6
  MONTH TO DATE   84                       225   -141      233
  SINCE JUN 1     84                       226   -142      233
  SINCE JUL 1   6462                      7673  -1211     7550

 COOLING
  YESTERDAY       11                         1     10        0
  MONTH TO DATE   68                        16     52        0
  SINCE JUN 1     68                        16     52        0
  SINCE JAN 1     69                        18     51        0
..................................................................


WIND (MPH)
  RESULTANT WIND SPEED   7   RESULTANT WIND DIRECTION  NW (300)
  HIGHEST WIND SPEED    21   HIGHEST WIND DIRECTION    NW (330)
  HIGHEST GUST SPEED    25   HIGHEST GUST DIRECTION     N (340)
  AVERAGE WIND SPEED     8.2


SKY COVER
  AVERAGE SKY COVER 0.0


WEATHER CONDITIONS
 THE FOLLOWING WEATHER WAS RECORDED YESTERDAY.
  LIGHT RAIN


RELATIVE HUMIDITY (PERCENT)
 HIGHEST    75           300 AM
 LOWEST     26           200 PM
 AVERAGE    51

..........................................................


THE BAKER OR CLIMATE NORMALS FOR TODAY
                         NORMAL    RECORD    YEAR
 MAXIMUM TEMPERATURE (F)   79        97      2013
 MINIMUM TEMPERATURE (F)   44        34      1973


SUNRISE AND SUNSET
JULY  1 2015..........SUNRISE   509 AM PDT   SUNSET   841 PM PDT
JULY  2 2015..........SUNRISE   509 AM PDT   SUNSET   841 PM PDT


-  INDICATES NEGATIVE NUMBERS.
R  INDICATES RECORD WAS SET OR TIED.
MM INDICATES DATA IS MISSING.
T  INDICATES TRACE AMOUNT.




$$
