000
CDUS46 KBOI 170935
CLIBKE


CLIMATE REPORT
NATIONAL WEATHER SERVICE BOISE ID
235 AM MST WED DEC 17 2014


...................................

...THE BAKER OR CLIMATE SUMMARY FOR DECEMBER 16 2014...

CLIMATE NORMAL PERIOD 1981 TO 2010
CLIMATE RECORD PERIOD 1948 TO 2014


WEATHER ITEM   OBSERVED TIME   RECORD YEAR NORMAL DEPARTURE LAST
                VALUE   (LST)  VALUE       VALUE  FROM      YEAR
                                                  NORMAL
..................................................................
TEMPERATURE (F)
 YESTERDAY
  MAXIMUM         38    211 PM  51    1982  33      5       37
  MINIMUM         31   1237 AM -16    1964  15     16        7
  AVERAGE         35                        24     11       22

PRECIPITATION (IN)
  YESTERDAY        T             0.22 1982   0.03  -0.03     0.00
  MONTH TO DATE    0.49                      0.50  -0.01     0.10
  SINCE OCT 1      1.21                      2.03  -0.82     0.64
  SINCE JAN 1      7.21                      9.65  -2.44     8.41

DEGREE DAYS
 HEATING
  YESTERDAY       30                        41    -11       43
  MONTH TO DATE  463                       631   -168      761
  SINCE DEC 1    463                       631   -168      761
  SINCE JUL 1   2266                      2668   -402     2686

 COOLING
  YESTERDAY        0                         0      0        0
  MONTH TO DATE    0                         0      0        0
  SINCE DEC 1      0                         0      0        0
  SINCE JAN 1    250                       169     81      258
..................................................................


WIND (MPH)
  RESULTANT WIND SPEED  11   RESULTANT WIND DIRECTION   E (100)
  HIGHEST WIND SPEED    15   HIGHEST WIND DIRECTION     E (100)
  HIGHEST GUST SPEED    MM   HIGHEST GUST DIRECTION    MM
  AVERAGE WIND SPEED    11.0


SKY COVER
  AVERAGE SKY COVER 0.7


WEATHER CONDITIONS
 THE FOLLOWING WEATHER WAS RECORDED YESTERDAY.
  LIGHT SNOW
  FOG


RELATIVE HUMIDITY (PERCENT)
 HIGHEST    89          1000 AM
 LOWEST     76           200 PM
 AVERAGE    83

..........................................................


THE BAKER OR CLIMATE NORMALS FOR TODAY
                         NORMAL    RECORD    YEAR
 MAXIMUM TEMPERATURE (F)   33        48      1979
 MINIMUM TEMPERATURE (F)   15       -22      1964


SUNRISE AND SUNSET
DECEMBER 17 2014......SUNRISE   723 AM PST   SUNSET   411 PM PST
DECEMBER 18 2014......SUNRISE   724 AM PST   SUNSET   412 PM PST


-  INDICATES NEGATIVE NUMBERS.
R  INDICATES RECORD WAS SET OR TIED.
MM INDICATES DATA IS MISSING.
T  INDICATES TRACE AMOUNT.




$$
