000
CDUS46 KBOI 280931
CLIBKE


CLIMATE REPORT
NATIONAL WEATHER SERVICE BOISE ID
330 AM MDT THU APR 28 2016


...................................

...THE BAKER OR CLIMATE SUMMARY FOR APRIL 27 2016...

CLIMATE NORMAL PERIOD 1981 TO 2010
CLIMATE RECORD PERIOD 1948 TO 2016


WEATHER ITEM   OBSERVED TIME   RECORD YEAR NORMAL DEPARTURE LAST
                VALUE   (LST)  VALUE       VALUE  FROM      YEAR
                                                  NORMAL
..................................................................
TEMPERATURE (F)
 YESTERDAY
  MAXIMUM         55    257 PM  88    1987  61     -6       69
  MINIMUM         38    544 AM  17    1970  31      7       22
  AVERAGE         47                        46      1       46

PRECIPITATION (IN)
  YESTERDAY        T             1.33 1978   0.04  -0.04     0.00
  MONTH TO DATE    0.35                      0.75  -0.40     0.62
  SINCE OCT 1      3.81                      5.46  -1.65     4.44
  SINCE JAN 1      1.27                      2.95  -1.68     2.24

DEGREE DAYS
 HEATING
  YESTERDAY       18                        19     -1       19
  MONTH TO DATE  429                       590   -161      615
  SINCE MAR 1   1216                      1438   -222     1317
  SINCE JUL 1   6260                      6958   -698     5993

 COOLING
  YESTERDAY        0                         0      0        0
  MONTH TO DATE    0                         0      0        0
  SINCE MAR 1      0                         0      0        0
  SINCE JAN 1      0                         0      0        0
..................................................................


WIND (MPH)
  RESULTANT WIND SPEED  10   RESULTANT WIND DIRECTION  NW (310)
  HIGHEST WIND SPEED    20   HIGHEST WIND DIRECTION    NW (330)
  HIGHEST GUST SPEED    25   HIGHEST GUST DIRECTION    NW (320)
  AVERAGE WIND SPEED    11.2


SKY COVER
  AVERAGE SKY COVER 0.5


WEATHER CONDITIONS
 THE FOLLOWING WEATHER WAS RECORDED YESTERDAY.
  LIGHT RAIN
  HAZE


RELATIVE HUMIDITY (PERCENT)
 HIGHEST    76           600 AM
 LOWEST     50           100 PM
 AVERAGE    63

..........................................................


THE BAKER OR CLIMATE NORMALS FOR TODAY
                         NORMAL    RECORD    YEAR
 MAXIMUM TEMPERATURE (F)   61        84      1987
 MINIMUM TEMPERATURE (F)   31        20      2002


SUNRISE AND SUNSET
APRIL 28 2016.........SUNRISE   545 AM PDT   SUNSET   753 PM PDT
APRIL 29 2016.........SUNRISE   543 AM PDT   SUNSET   755 PM PDT


-  INDICATES NEGATIVE NUMBERS.
R  INDICATES RECORD WAS SET OR TIED.
MM INDICATES DATA IS MISSING.
T  INDICATES TRACE AMOUNT.




$$
