719
CDUS46 KBOI 250931
CLIBKE


CLIMATE REPORT
NATIONAL WEATHER SERVICE BOISE ID
331 AM MDT SUN SEP 25 2016


...................................

...THE BAKER OR CLIMATE SUMMARY FOR SEPTEMBER 24 2016...

CLIMATE NORMAL PERIOD 1981 TO 2010
CLIMATE RECORD PERIOD 1948 TO 2016


WEATHER ITEM   OBSERVED TIME   RECORD YEAR NORMAL DEPARTURE LAST
                VALUE   (LST)  VALUE       VALUE  FROM      YEAR
                                                  NORMAL
..................................................................
TEMPERATURE (F)
 YESTERDAY
  MAXIMUM         67    248 PM  93    2001  71     -4       82
  MINIMUM         33   1159 PM  17    1961  34     -1       38
  AVERAGE         50                        52     -2       60

PRECIPITATION (IN)
  YESTERDAY        0.00          0.29 1986   0.01  -0.01     0.00
  MONTH TO DATE    0.07                      0.45  -0.38     0.68
  SINCE OCT 1      6.24                     10.03  -3.79    10.16
  SINCE JAN 1      3.70                      7.52  -3.82     7.96

DEGREE DAYS
 HEATING
  YESTERDAY       15                        13      2        5
  MONTH TO DATE  274                       207     67      223
  SINCE SEP 1    274                       207     67      223
  SINCE JUL 1    420                       358     62      319

 COOLING
  YESTERDAY        0                         0      0        0
  MONTH TO DATE    0                         7     -7        2
  SINCE SEP 1      0                         7     -7        2
  SINCE JAN 1    132                       167    -35      225
..................................................................


WIND (MPH)
  RESULTANT WIND SPEED   3   RESULTANT WIND DIRECTION  NW (300)
  HIGHEST WIND SPEED    16   HIGHEST WIND DIRECTION     N (340)
  HIGHEST GUST SPEED    20   HIGHEST GUST DIRECTION     N (340)
  AVERAGE WIND SPEED     5.3


SKY COVER
  AVERAGE SKY COVER 0.0


WEATHER CONDITIONS
 THE FOLLOWING WEATHER WAS RECORDED YESTERDAY.
  HAZE


RELATIVE HUMIDITY (PERCENT)
 HIGHEST    89           600 AM
 LOWEST     22           200 PM
 AVERAGE    56

..........................................................


THE BAKER OR CLIMATE NORMALS FOR TODAY
                         NORMAL    RECORD    YEAR
 MAXIMUM TEMPERATURE (F)   71        91      1943
 MINIMUM TEMPERATURE (F)   33        21      1970


SUNRISE AND SUNSET
SEPTEMBER 25 2016.....SUNRISE   643 AM PDT   SUNSET   642 PM PDT
SEPTEMBER 26 2016.....SUNRISE   644 AM PDT   SUNSET   640 PM PDT


-  INDICATES NEGATIVE NUMBERS.
R  INDICATES RECORD WAS SET OR TIED.
MM INDICATES DATA IS MISSING.
T  INDICATES TRACE AMOUNT.




$$
