000
CDUS46 KBOI 260931
CLIBKE


CLIMATE REPORT
NATIONAL WEATHER SERVICE BOISE ID
330 AM MDT TUE JUL 26 2016


...................................

...THE BAKER OR CLIMATE SUMMARY FOR JULY 25 2016...

CLIMATE NORMAL PERIOD 1981 TO 2010
CLIMATE RECORD PERIOD 1948 TO 2016


WEATHER ITEM   OBSERVED TIME   RECORD YEAR NORMAL DEPARTURE LAST
                VALUE   (LST)  VALUE       VALUE  FROM      YEAR
                                                  NORMAL
..................................................................
TEMPERATURE (F)
 YESTERDAY
  MAXIMUM         93    218 PM 100    1978  86      7       84
  MINIMUM         42    403 AM  36    1948  47     -5       49
  AVERAGE         68                        67      1       67

PRECIPITATION (IN)
  YESTERDAY        0.00          0.31 2003   0.02  -0.02     0.00
  MONTH TO DATE    0.80                      0.54   0.26     2.72
  SINCE OCT 1      6.05                      8.76  -2.71     9.46
  SINCE JAN 1      3.51                      6.25  -2.74     7.26

DEGREE DAYS
 HEATING
  YESTERDAY        0                         1     -1        0
  MONTH TO DATE   83                        61     22       17
  SINCE JUN 1    275                       287    -12      101
  SINCE JUL 1     83                        61     22       17

 COOLING
  YESTERDAY        3                         3      0        2
  MONTH TO DATE    6                        56    -50       71
  SINCE JUN 1     52                        72    -20      139
  SINCE JAN 1     52                        74    -22      140
..................................................................


WIND (MPH)
  RESULTANT WIND SPEED   5   RESULTANT WIND DIRECTION   W (280)
  HIGHEST WIND SPEED    20   HIGHEST WIND DIRECTION    NW (310)
  HIGHEST GUST SPEED    25   HIGHEST GUST DIRECTION    NW (320)
  AVERAGE WIND SPEED     6.0


SKY COVER
  AVERAGE SKY COVER 0.0


WEATHER CONDITIONS
 THE FOLLOWING WEATHER WAS RECORDED YESTERDAY.
  NO SIGNIFICANT WEATHER WAS OBSERVED.


RELATIVE HUMIDITY (PERCENT)
 HIGHEST    92           300 AM
 LOWEST     20           200 PM
 AVERAGE    56

..........................................................


THE BAKER OR CLIMATE NORMALS FOR TODAY
                         NORMAL    RECORD    YEAR
 MAXIMUM TEMPERATURE (F)   87        99      1996
 MINIMUM TEMPERATURE (F)   47        37      1966


SUNRISE AND SUNSET
JULY 26 2016..........SUNRISE   531 AM PDT   SUNSET   824 PM PDT
JULY 27 2016..........SUNRISE   532 AM PDT   SUNSET   823 PM PDT


-  INDICATES NEGATIVE NUMBERS.
R  INDICATES RECORD WAS SET OR TIED.
MM INDICATES DATA IS MISSING.
T  INDICATES TRACE AMOUNT.




$$
