097
CDUS41 KRLX 312116
CLIBKW


CLIMATE REPORT
NATIONAL WEATHER SERVICE CHARLESTON WV
516 PM EDT WED AUG 31 2016


...................................

...THE BECKLEY WV CLIMATE SUMMARY FOR AUGUST 31 2016...
VALID TODAY AS OF 0500 PM LOCAL TIME.

CLIMATE NORMAL PERIOD 1981 TO 2010
CLIMATE RECORD PERIOD 1963 TO 2016


WEATHER ITEM   OBSERVED TIME   RECORD YEAR NORMAL DEPARTURE LAST
                VALUE   (LST)  VALUE       VALUE  FROM      YEAR
                                                  NORMAL
..................................................................
TEMPERATURE (F)
 TODAY
  MAXIMUM         83    255 PM  94    1953  78      5       80
                                      1932
  MINIMUM         64    606 AM  39    1897  58      6       63
  AVERAGE         74                        68      6       72

PRECIPITATION (IN)
  TODAY            0.14          1.49 1940   0.08   0.06     0.00
  MONTH TO DATE    4.26                      3.47   0.79     2.65
  SINCE JUN 1     18.02                     12.50   5.52    17.13
  SINCE JAN 1     35.13                     29.66   5.47    37.07

DEGREE DAYS
 HEATING
  TODAY            0                         1     -1        0
  MONTH TO DATE    0                         7     -7       12
  SINCE JUN 1     16                        60    -44       22
  SINCE JUL 1      0                        21    -21       12

 COOLING
  TODAY            9                         4      5        7
  MONTH TO DATE  270                       160    110      155
  SINCE JUN 1    660                       452    208      552
  SINCE JAN 1    701                       493    208      658
..................................................................


WIND (MPH)
  HIGHEST WIND SPEED    17   HIGHEST WIND DIRECTION     N (340)
  HIGHEST GUST SPEED    22   HIGHEST GUST DIRECTION    NW (310)
  AVERAGE WIND SPEED     3.1


SKY COVER
  POSSIBLE SUNSHINE  MM
  AVERAGE SKY COVER 0.2


WEATHER CONDITIONS
 THE FOLLOWING WEATHER WAS RECORDED TODAY.
  HEAVY RAIN
  LIGHT RAIN


RELATIVE HUMIDITY (PERCENT)
 HIGHEST    93          1200 AM
 LOWEST     55           400 PM
 AVERAGE    74

..........................................................


THE BECKLEY WV CLIMATE NORMALS FOR TOMORROW
                         NORMAL    RECORD    YEAR
 MAXIMUM TEMPERATURE (F)   78        96      1953
                                             1932
 MINIMUM TEMPERATURE (F)   58        36      1940


SUNRISE AND SUNSET
AUGUST 31 2016........SUNRISE   654 AM EDT   SUNSET   754 PM EDT
SEPTEMBER  1 2016.....SUNRISE   655 AM EDT   SUNSET   753 PM EDT


-  INDICATES NEGATIVE NUMBERS.
R  INDICATES RECORD WAS SET OR TIED.
MM INDICATES DATA IS MISSING.
T  INDICATES TRACE AMOUNT.




$$
