000
CDUS41 KRLX 290735
CLIBKW


CLIMATE REPORT
NATIONAL WEATHER SERVICE CHARLESTON WV
334 AM EDT SUN MAY 29 2016


...................................

...THE BECKLEY WV CLIMATE SUMMARY FOR MAY 28 2016...

CLIMATE NORMAL PERIOD 1981 TO 2010
CLIMATE RECORD PERIOD 1963 TO 2016


WEATHER ITEM   OBSERVED TIME   RECORD YEAR NORMAL DEPARTURE LAST
                VALUE   (LST)  VALUE       VALUE  FROM      YEAR
                                                  NORMAL
..................................................................
TEMPERATURE (F)
 YESTERDAY
  MAXIMUM         81    443 PM  87    1955  73      8       81
                                      1941
  MINIMUM         63   1159 PM  30    1902  53     10       59
  AVERAGE         72                        63      9       70

PRECIPITATION (IN)
  YESTERDAY        0.00          1.10 1956   0.16  -0.16     0.00
  MONTH TO DATE    6.59                      4.20   2.39     0.92
  SINCE JAN 1     17.11                     16.70   0.41    19.72

SNOWFALL (IN)
  YESTERDAY        0.0
  MONTH TO DATE    0.0
  SINCE SEP 1     45.5
  SNOW DEPTH       0

DEGREE DAYS
 HEATING
  YESTERDAY        0                         4     -4        0
  MONTH TO DATE  200                       182     18       88
  SINCE MAR 1   1004                      1290   -286     1111
  SINCE JUL 1   4379                      5291   -912     5444

 COOLING
  YESTERDAY        7                         2      5        5
  MONTH TO DATE   23                        23      0       81
  SINCE MAR 1     31                        33     -2       84
  SINCE JAN 1     31                        33     -2       84
..................................................................


WIND (MPH)
  HIGHEST WIND SPEED    13   HIGHEST WIND DIRECTION     S (160)
  HIGHEST GUST SPEED    17   HIGHEST GUST DIRECTION    SE (130)
  AVERAGE WIND SPEED     5.9


SKY COVER
  POSSIBLE SUNSHINE  MM
  AVERAGE SKY COVER 0.1


WEATHER CONDITIONS
 THE FOLLOWING WEATHER WAS RECORDED YESTERDAY.
  NO SIGNIFICANT WEATHER WAS OBSERVED.


RELATIVE HUMIDITY (PERCENT)
 HIGHEST    84           400 AM
 LOWEST     33           300 PM
 AVERAGE    59

..........................................................


THE BECKLEY WV CLIMATE NORMALS FOR TODAY
                         NORMAL    RECORD    YEAR
 MAXIMUM TEMPERATURE (F)   73        88      1914
 MINIMUM TEMPERATURE (F)   53        33      1949


SUNRISE AND SUNSET
MAY 29 2016...........SUNRISE   605 AM EDT   SUNSET   839 PM EDT
MAY 30 2016...........SUNRISE   605 AM EDT   SUNSET   840 PM EDT


-  INDICATES NEGATIVE NUMBERS.
R  INDICATES RECORD WAS SET OR TIED.
MM INDICATES DATA IS MISSING.
T  INDICATES TRACE AMOUNT.




$$
