000
CDUS41 KRLX 080820
CLIBKW


CLIMATE REPORT
NATIONAL WEATHER SERVICE CHARLESTON WV
318 AM EST MON FEB 8 2016


...................................

...THE BECKLEY WV CLIMATE SUMMARY FOR FEBRUARY 7 2016...

CLIMATE NORMAL PERIOD 1981 TO 2010
CLIMATE RECORD PERIOD 1963 TO 2016


WEATHER ITEM   OBSERVED TIME   RECORD YEAR NORMAL DEPARTURE LAST
                VALUE   (LST)  VALUE       VALUE  FROM      YEAR
                                                  NORMAL
..................................................................
TEMPERATURE (F)
 YESTERDAY
  MAXIMUM         47    243 PM  70    1918  41      6       55
  MINIMUM         23    726 AM  -9    1912  24     -1       26
                                      1907
  AVERAGE         35                        33      2       41

PRECIPITATION (IN)
  YESTERDAY        0.00          1.03 1955   0.10  -0.10     0.00
  MONTH TO DATE    0.71                      0.67   0.04     0.74
  SINCE JAN 1      3.13                      3.48  -0.35     2.97

SNOWFALL (IN)
  YESTERDAY        0.0
  MONTH TO DATE    T
  SINCE SEP 1     18.7
  SNOW DEPTH       0

DEGREE DAYS
 HEATING
  YESTERDAY       30                        32     -2       24
  MONTH TO DATE  174                       228    -54      237
  SINCE DEC 1   1811                      2232   -421     2168
  SINCE JUL 1   2670                      3372   -702     3409

 COOLING
  YESTERDAY        0                         0      0        0
  MONTH TO DATE    0                         0      0        0
  SINCE DEC 1      0                         0      0        0
  SINCE JAN 1      0                         0      0        0
..................................................................


WIND (MPH)
  HIGHEST WIND SPEED    15   HIGHEST WIND DIRECTION    NW (320)
  HIGHEST GUST SPEED    20   HIGHEST GUST DIRECTION     N (360)
  AVERAGE WIND SPEED     3.5


SKY COVER
  POSSIBLE SUNSHINE  MM
  AVERAGE SKY COVER 0.1


WEATHER CONDITIONS
 THE FOLLOWING WEATHER WAS RECORDED YESTERDAY.
  NO SIGNIFICANT WEATHER WAS OBSERVED.


RELATIVE HUMIDITY (PERCENT)
 HIGHEST    74           700 AM
 LOWEST     37           400 PM
 AVERAGE    56

..........................................................


THE BECKLEY WV CLIMATE NORMALS FOR TODAY
                         NORMAL    RECORD    YEAR
 MAXIMUM TEMPERATURE (F)   42        75      1900
 MINIMUM TEMPERATURE (F)   25        -3      1978
                                             1936


SUNRISE AND SUNSET
FEBRUARY  8 2016......SUNRISE   722 AM EST   SUNSET   555 PM EST
FEBRUARY  9 2016......SUNRISE   721 AM EST   SUNSET   556 PM EST


-  INDICATES NEGATIVE NUMBERS.
R  INDICATES RECORD WAS SET OR TIED.
MM INDICATES DATA IS MISSING.
T  INDICATES TRACE AMOUNT.




$$
