000
CDUS41 KRLX 030825
CLIBKW


CLIMATE REPORT
NATIONAL WEATHER SERVICE CHARLESTON WV
324 AM EST TUE MAR 3 2015


...................................

...THE BECKLEY WV CLIMATE SUMMARY FOR MARCH 2 2015...

CLIMATE NORMAL PERIOD 1981 TO 2010
CLIMATE RECORD PERIOD 1963 TO 2015


WEATHER ITEM   OBSERVED TIME   RECORD YEAR NORMAL DEPARTURE LAST
                VALUE   (LST)  VALUE       VALUE  FROM      YEAR
                                                  NORMAL
..................................................................
TEMPERATURE (F)
 YESTERDAY
  MAXIMUM         42   1206 AM  72    1976  47     -5       56
  MINIMUM         27   1130 PM   3    1980  29     -2       31
  AVERAGE         35                        38     -3       44

PRECIPITATION (IN)
  YESTERDAY        0.15          0.93 1916   0.11   0.04     0.90
  MONTH TO DATE    0.28                      0.22   0.06     0.90
  SINCE JAN 1      6.93                      5.79   1.14     6.00

SNOWFALL (IN)
  YESTERDAY        T
  MONTH TO DATE    0.1
  SINCE SEP 1     59.1
  SNOW DEPTH      13

DEGREE DAYS
 HEATING
  YESTERDAY       30                        27      3       21
  MONTH TO DATE   59                        54      5       47
  SINCE MAR 1     59                        54      5       47
  SINCE JUL 1   4392                      4055    337     4255

 COOLING
  YESTERDAY        0                         0      0        0
  MONTH TO DATE    0                         0      0        0
  SINCE MAR 1      0                         0      0        0
  SINCE JAN 1      0                         0      0        0
..................................................................


WIND (MPH)
  HIGHEST WIND SPEED    17   HIGHEST WIND DIRECTION     N (350)
  HIGHEST GUST SPEED    26   HIGHEST GUST DIRECTION    NW (330)
  AVERAGE WIND SPEED     8.6


SKY COVER
  POSSIBLE SUNSHINE  MM
  AVERAGE SKY COVER 0.5


WEATHER CONDITIONS
 THE FOLLOWING WEATHER WAS RECORDED YESTERDAY.
  RAIN
  LIGHT RAIN
  LT FREEZING RAIN
  LIGHT SNOW
  FOG
  FOG W/VISIBILITY <= 1/4 MILE


RELATIVE HUMIDITY (PERCENT)
 HIGHEST    93           200 AM
 LOWEST     38           400 PM
 AVERAGE    66

..........................................................


THE BECKLEY WV CLIMATE NORMALS FOR TODAY
                         NORMAL    RECORD    YEAR
 MAXIMUM TEMPERATURE (F)   47        73      1974
 MINIMUM TEMPERATURE (F)   29        -5      1980


SUNRISE AND SUNSET
MARCH  3 2015.........SUNRISE   654 AM EST   SUNSET   620 PM EST
MARCH  4 2015.........SUNRISE   652 AM EST   SUNSET   621 PM EST


-  INDICATES NEGATIVE NUMBERS.
R  INDICATES RECORD WAS SET OR TIED.
MM INDICATES DATA IS MISSING.
T  INDICATES TRACE AMOUNT.




$$
