000
CDUS41 KRLX 280831
CLIBKW


CLIMATE REPORT
NATIONAL WEATHER SERVICE CHARLESTON WV
327 AM EST SUN DEC 28 2014


...................................

...THE BECKLEY WV CLIMATE SUMMARY FOR DECEMBER 27 2014...

CLIMATE NORMAL PERIOD 1981 TO 2010
CLIMATE RECORD PERIOD 1963 TO 2014


WEATHER ITEM   OBSERVED TIME   RECORD YEAR NORMAL DEPARTURE LAST
                VALUE   (LST)  VALUE       VALUE  FROM      YEAR
                                                  NORMAL
..................................................................
TEMPERATURE (F)
 YESTERDAY
  MAXIMUM         59    403 PM  67    1959  40     19       45
  MINIMUM         35    832 AM  -5    1948  24     11       20
  AVERAGE         47                        32     15       33

PRECIPITATION (IN)
  YESTERDAY        T             1.11 1990   0.10  -0.10     0.00
  MONTH TO DATE    2.58                      2.63  -0.05     4.81
  SINCE JAN 1     36.80                     40.82  -4.02    41.29

SNOWFALL (IN)
  YESTERDAY        0.0
  MONTH TO DATE    0.7
  SINCE SEP 1      4.4
  SNOW DEPTH       0

DEGREE DAYS
 HEATING
  YESTERDAY       18                        33    -15       32
  MONTH TO DATE  724                       820    -96      736
  SINCE DEC 1    724                       820    -96      736
  SINCE JUL 1   1965                      1960      5     1918

 COOLING
  YESTERDAY        0                         0      0        0
  MONTH TO DATE    0                         0      0        0
  SINCE DEC 1      0                         0      0        0
  SINCE JAN 1    602                       557     45      615
..................................................................


WIND (MPH)
  HIGHEST WIND SPEED    15   HIGHEST WIND DIRECTION    SW (220)
  HIGHEST GUST SPEED    19   HIGHEST GUST DIRECTION    SW (220)
  AVERAGE WIND SPEED     3.7


SKY COVER
  POSSIBLE SUNSHINE  MM
  AVERAGE SKY COVER 0.4


WEATHER CONDITIONS
 THE FOLLOWING WEATHER WAS RECORDED YESTERDAY.
  NO SIGNIFICANT WEATHER WAS OBSERVED.


RELATIVE HUMIDITY (PERCENT)
 HIGHEST    64           600 AM
 LOWEST     15           400 PM
 AVERAGE    40

..........................................................


THE BECKLEY WV CLIMATE NORMALS FOR TODAY
                         NORMAL    RECORD    YEAR
 MAXIMUM TEMPERATURE (F)   40        70      1984
 MINIMUM TEMPERATURE (F)   24        -6      1925


SUNRISE AND SUNSET
DECEMBER 28 2014......SUNRISE   739 AM EST   SUNSET   513 PM EST
DECEMBER 29 2014......SUNRISE   739 AM EST   SUNSET   514 PM EST


-  INDICATES NEGATIVE NUMBERS.
R  INDICATES RECORD WAS SET OR TIED.
MM INDICATES DATA IS MISSING.
T  INDICATES TRACE AMOUNT.




$$
