000
CDUS41 KRLX 200715
CLIBKW


CLIMATE REPORT
NATIONAL WEATHER SERVICE CHARLESTON WV
315 AM EDT SUN APR 20 2014


...................................

...THE BECKLEY WV CLIMATE SUMMARY FOR APRIL 19 2014...

CLIMATE NORMAL PERIOD 1981 TO 2010
CLIMATE RECORD PERIOD 1963 TO 2014


WEATHER ITEM   OBSERVED TIME   RECORD YEAR NORMAL DEPARTURE LAST
                VALUE   (LST)  VALUE       VALUE  FROM      YEAR
                                                  NORMAL
..................................................................
TEMPERATURE (F)
 YESTERDAY
  MAXIMUM         67    245 PM  84    1976  64      3       68
                                      1941
                                      1896
  MINIMUM         45    630 AM  20    1926  43      2       38
                                      1904
  AVERAGE         56                        53      3       53

PRECIPITATION (IN)
  YESTERDAY        0.00          1.12 1901   0.11  -0.11     0.51
  MONTH TO DATE    1.52                      2.06  -0.54     2.38
  SINCE JAN 1      9.09                     11.20  -2.11    10.72

SNOWFALL (IN)
  YESTERDAY        0.0
  MONTH TO DATE    0.6
  SINCE SEP 1     76.3
  SNOW DEPTH       0

DEGREE DAYS
 HEATING
  YESTERDAY        9                        12     -3       12
  MONTH TO DATE  222                       280    -58      217
  SINCE MAR 1   1040                       992     48     1131
  SINCE JUL 1   5248                      4993    255     4945

 COOLING
  YESTERDAY        0                         0      0        0
  MONTH TO DATE    5                         0      5       16
  SINCE MAR 1      5                         1      4       16
  SINCE JAN 1      5                         1      4       16
..................................................................


WIND (MPH)
  HIGHEST WIND SPEED    16   HIGHEST WIND DIRECTION     N (360)
  HIGHEST GUST SPEED    23   HIGHEST GUST DIRECTION     N (350)
  AVERAGE WIND SPEED     6.3


SKY COVER
  POSSIBLE SUNSHINE  MM
  AVERAGE SKY COVER 0.0


WEATHER CONDITIONS
 THE FOLLOWING WEATHER WAS RECORDED YESTERDAY.
  NO SIGNIFICANT WEATHER WAS OBSERVED.


RELATIVE HUMIDITY (PERCENT)
 HIGHEST    60           700 AM
 LOWEST     29           300 PM
 AVERAGE    45

..........................................................


THE BECKLEY WV CLIMATE NORMALS FOR TODAY
                         NORMAL    RECORD    YEAR
 MAXIMUM TEMPERATURE (F)   64        85      1976
 MINIMUM TEMPERATURE (F)   43        18      1904


SUNRISE AND SUNSET
APRIL 20 2014.........SUNRISE   643 AM EDT   SUNSET   805 PM EDT
APRIL 21 2014.........SUNRISE   641 AM EDT   SUNSET   806 PM EDT


-  INDICATES NEGATIVE NUMBERS.
R  INDICATES RECORD WAS SET OR TIED.
MM INDICATES DATA IS MISSING.
T  INDICATES TRACE AMOUNT.




$$
