000
CDUS41 KRLX 210822
CLIBKW


CLIMATE REPORT
NATIONAL WEATHER SERVICE CHARLESTON WV
322 AM EST TUE FEB 21 2017


...................................

...THE BECKLEY WV CLIMATE SUMMARY FOR FEBRUARY 20 2017...

CLIMATE NORMAL PERIOD 1981 TO 2010
CLIMATE RECORD PERIOD 1963 TO 2017


WEATHER ITEM   OBSERVED TIME   RECORD YEAR NORMAL DEPARTURE LAST
                VALUE   (LST)  VALUE       VALUE  FROM      YEAR
                                                  NORMAL
..................................................................
TEMPERATURE (F)
 YESTERDAY
  MAXIMUM         68    339 PM  69    1916  44     24       64
  MINIMUM         30    659 AM  -9    2015  27      3       47
  AVERAGE         49                        35     14       56

PRECIPITATION (IN)
  YESTERDAY        0.00          1.04 1957   0.10  -0.10      T
  MONTH TO DATE    0.48                      1.95  -1.47     1.76
  SINCE JAN 1      5.19                      4.76   0.43     4.18

SNOWFALL (IN)
  YESTERDAY        0.0
  MONTH TO DATE    0.5
  SINCE SEP 1     18.8
  SNOW DEPTH       0

DEGREE DAYS
 HEATING
  YESTERDAY       16                        30    -14        9
  MONTH TO DATE  498                       629   -131      669
  SINCE DEC 1   2237                      2633   -396     2306
  SINCE JUL 1   3012                      3773   -761     3165

 COOLING
  YESTERDAY        0                         0      0        0
  MONTH TO DATE    0                         0      0        0
  SINCE DEC 1      0                         0      0        0
  SINCE JAN 1      0                         0      0        0
..................................................................


WIND (MPH)
  HIGHEST WIND SPEED    15   HIGHEST WIND DIRECTION    SE (140)
  HIGHEST GUST SPEED    21   HIGHEST GUST DIRECTION    SE (150)
  AVERAGE WIND SPEED     4.9


SKY COVER
  POSSIBLE SUNSHINE  MM
  AVERAGE SKY COVER 0.2


WEATHER CONDITIONS
 THE FOLLOWING WEATHER WAS RECORDED YESTERDAY.
  FOG
  FOG W/VISIBILITY <= 1/4 MILE


RELATIVE HUMIDITY (PERCENT)
 HIGHEST   100          1200 AM
 LOWEST     11           400 PM
 AVERAGE    56

..........................................................


THE BECKLEY WV CLIMATE NORMALS FOR TODAY
                         NORMAL    RECORD    YEAR
 MAXIMUM TEMPERATURE (F)   45        70      1916
 MINIMUM TEMPERATURE (F)   27        -2      1968


SUNRISE AND SUNSET
FEBRUARY 21 2017......SUNRISE   706 AM EST   SUNSET   610 PM EST
FEBRUARY 22 2017......SUNRISE   705 AM EST   SUNSET   611 PM EST


-  INDICATES NEGATIVE NUMBERS.
R  INDICATES RECORD WAS SET OR TIED.
MM INDICATES DATA IS MISSING.
T  INDICATES TRACE AMOUNT.




$$
