000
CDUS41 KRLX 270818
CLIBKW


CLIMATE REPORT
NATIONAL WEATHER SERVICE CHARLESTON WV
316 AM EST TUE JAN 27 2015


...................................

...THE BECKLEY WV CLIMATE SUMMARY FOR JANUARY 26 2015...

CLIMATE NORMAL PERIOD 1981 TO 2010
CLIMATE RECORD PERIOD 1963 TO 2015


WEATHER ITEM   OBSERVED TIME   RECORD YEAR NORMAL DEPARTURE LAST
                VALUE   (LST)  VALUE       VALUE  FROM      YEAR
                                                  NORMAL
..................................................................
TEMPERATURE (F)
 YESTERDAY
  MAXIMUM         41    143 AM  73    1950  40      1       43
  MINIMUM         21   1159 PM -18    1897  23     -2        4
  AVERAGE         31                        31      0       24

PRECIPITATION (IN)
  YESTERDAY        0.15          1.18 1943   0.09   0.06     0.00
  MONTH TO DATE    1.93                      2.36  -0.43     1.87
  SINCE JAN 1      1.93                      2.36  -0.43     1.87

SNOWFALL (IN)
  YESTERDAY        0.5
  MONTH TO DATE    7.1
  SINCE SEP 1     11.5
  SNOW DEPTH       0

DEGREE DAYS
 HEATING
  YESTERDAY       34                        34      0       41
  MONTH TO DATE  880                       884     -4      998
  SINCE DEC 1   1732                      1837   -105     1854
  SINCE JUL 1   2973                      2977     -4     3036

 COOLING
  YESTERDAY        0                         0      0        0
  MONTH TO DATE    0                         0      0        0
  SINCE DEC 1      0                         0      0        0
  SINCE JAN 1      0                         0      0        0
..................................................................


WIND (MPH)
  HIGHEST WIND SPEED    18   HIGHEST WIND DIRECTION    NW (320)
  HIGHEST GUST SPEED    25   HIGHEST GUST DIRECTION     S (160)
  AVERAGE WIND SPEED     7.3


SKY COVER
  POSSIBLE SUNSHINE  MM
  AVERAGE SKY COVER 1.0


WEATHER CONDITIONS
 THE FOLLOWING WEATHER WAS RECORDED YESTERDAY.
  RAIN
  LIGHT RAIN
  SNOW
  LIGHT SNOW
  FOG


RELATIVE HUMIDITY (PERCENT)
 HIGHEST    92           400 PM
 LOWEST     70           300 AM
 AVERAGE    81

..........................................................


THE BECKLEY WV CLIMATE NORMALS FOR TODAY
                         NORMAL    RECORD    YEAR
 MAXIMUM TEMPERATURE (F)   40        69      1916
 MINIMUM TEMPERATURE (F)   23       -12      1936


SUNRISE AND SUNSET
JANUARY 27 2015.......SUNRISE   733 AM EST   SUNSET   542 PM EST
JANUARY 28 2015.......SUNRISE   732 AM EST   SUNSET   543 PM EST


-  INDICATES NEGATIVE NUMBERS.
R  INDICATES RECORD WAS SET OR TIED.
MM INDICATES DATA IS MISSING.
T  INDICATES TRACE AMOUNT.




$$
