000
CDUS41 KRNK 090829
CLIBLF


CLIMATE REPORT
NATIONAL WEATHER SERVICE BLACKSBURG VA
329 AM EST TUE FEB 9 2016


...................................

...THE BLUEFIELD WV CLIMATE SUMMARY FOR FEBRUARY 8 2016...

CLIMATE NORMAL PERIOD 1981 TO 2010
CLIMATE RECORD PERIOD 1959 TO 2016


WEATHER ITEM   OBSERVED TIME   RECORD YEAR NORMAL DEPARTURE LAST
                VALUE   (LST)  VALUE       VALUE  FROM      YEAR
                                                  NORMAL
..................................................................
TEMPERATURE (F)
 YESTERDAY
  MAXIMUM         39    406 PM  64    2001  44     -5       61
  MINIMUM         27   1159 PM   4    2003  28     -1       47
  AVERAGE         33                        36     -3       54

PRECIPITATION (IN)
  YESTERDAY        0.08          0.75 1974   0.09  -0.01     0.00
  MONTH TO DATE    0.81                      0.76   0.05     0.41
  SINCE DEC 1      6.49                      6.57  -0.08     4.28
  SINCE JAN 1      2.66                      3.66  -1.00     1.89

SNOWFALL (IN)
  YESTERDAY        0.8                                       0.0
  MONTH TO DATE    0.8                                       1.5
  SINCE DEC 1     19.5                                       4.5
  SINCE JUL 1     19.5                                       9.3
  SNOW DEPTH       1

DEGREE DAYS
 HEATING
  YESTERDAY       32                        29      3       11
  MONTH TO DATE  212                       236    -24      223
  SINCE DEC 1   1401                      2053   -652     1988
  SINCE JUL 1   2123                      2956   -833     3073

 COOLING
  YESTERDAY        0                         0      0        0
  MONTH TO DATE    0                         0      0        0
  SINCE DEC 1      3                         0      3        0
  SINCE JAN 1      0                         0      0        0
..................................................................


WIND (MPH)
  HIGHEST WIND SPEED    18   HIGHEST WIND DIRECTION     W (290)
  HIGHEST GUST SPEED    28   HIGHEST GUST DIRECTION     W (280)
  AVERAGE WIND SPEED     7.6


SKY COVER
  AVERAGE SKY COVER 0.6


WEATHER CONDITIONS
 THE FOLLOWING WEATHER WAS RECORDED YESTERDAY.
  HEAVY SNOW
  SNOW
  LIGHT SNOW
  FOG


RELATIVE HUMIDITY (PERCENT)
 HIGHEST    92           100 PM
 LOWEST     47           900 AM
 AVERAGE    70

..........................................................


THE BLUEFIELD WV CLIMATE NORMALS FOR TODAY
                         NORMAL    RECORD    YEAR
 MAXIMUM TEMPERATURE (F)   44        66      1990
 MINIMUM TEMPERATURE (F)   28         1      1995


SUNRISE AND SUNSET
FEBRUARY  9 2016......SUNRISE   721 AM EST   SUNSET   558 PM EST
FEBRUARY 10 2016......SUNRISE   720 AM EST   SUNSET   559 PM EST


-  INDICATES NEGATIVE NUMBERS.
R  INDICATES RECORD WAS SET OR TIED.
MM INDICATES DATA IS MISSING.
T  INDICATES TRACE AMOUNT.

REMARKS:

DUE TO AN EQUIPMENT OUTAGE AFFECTING THE TEMPERATURE ON DECEMBER 20-
21...JANUARY 19-20...AND JANUARY 22-25...ALL TEMPERATURE DATA AND
THE SEASONAL HEATING DEGREE DAY TOTAL AND DEPARTURE FROM NORMAL WILL
BE CALCULATED WITHOUT DATA FROM THESE DATES.

$$
