000
CDUS41 KRNK 312115
CLIBLF


CLIMATE REPORT
NATIONAL WEATHER SERVICE BLACKSBURG VA
514 PM EDT TUE MAY 31 2016


...................................

...THE BLUEFIELD WV CLIMATE SUMMARY FOR MAY 31 2016...
VALID TODAY AS OF 0500 PM LOCAL TIME.

CLIMATE NORMAL PERIOD 1981 TO 2010
CLIMATE RECORD PERIOD 1959 TO 2016


WEATHER ITEM   OBSERVED TIME   RECORD YEAR NORMAL DEPARTURE LAST
                VALUE   (LST)  VALUE       VALUE  FROM      YEAR
                                                  NORMAL
..................................................................
TEMPERATURE (F)
 TODAY
  MAXIMUM         80    400 PM  90    2011  75      5       84
  MINIMUM         59    530 AM  37    1984  57      2       65
  AVERAGE         70                        66      4       75

PRECIPITATION (IN)
  TODAY            0.00          0.99 1977   0.15  -0.15     0.03
  MONTH TO DATE    6.26                      4.31   1.95     1.82
  SINCE MAR 1      9.94                     11.16  -1.22    12.23
  SINCE JAN 1     14.76                     16.82  -2.06    15.79

SNOWFALL (IN)
  TODAY            0.0                                       0.0
  MONTH TO DATE    0.0                                       0.0
  SINCE MAR 1      2.6                                       3.1
  SINCE JUL 1     34.8                                      39.7
  SNOW DEPTH       0

DEGREE DAYS
 HEATING
  TODAY            0                         2     -2        0
  MONTH TO DATE  231                       136     95       63
  SINCE MAR 1   1053                      1073    -20      915
  SINCE JUL 1   3866                      4566   -700     4835

 COOLING
  TODAY            5                         3      2       10
  MONTH TO DATE   22                        63    -41      146
  SINCE MAR 1     27                        91    -64      157
  SINCE JAN 1     27                        91    -64      157
..................................................................


WIND (MPH)
  HIGHEST WIND SPEED    10   HIGHEST WIND DIRECTION     N (10)
  HIGHEST GUST SPEED    14   HIGHEST GUST DIRECTION     N (10)
  AVERAGE WIND SPEED     2.8


SKY COVER
  AVERAGE SKY COVER 0.2


WEATHER CONDITIONS
 THE FOLLOWING WEATHER WAS RECORDED TODAY.
  FOG


RELATIVE HUMIDITY (PERCENT)
 HIGHEST    90           300 AM
 LOWEST     42           300 PM
 AVERAGE    66

..........................................................


THE BLUEFIELD WV CLIMATE NORMALS FOR TOMORROW
                         NORMAL    RECORD    YEAR
 MAXIMUM TEMPERATURE (F)   75        87      2011
 MINIMUM TEMPERATURE (F)   57        39      1972


SUNRISE AND SUNSET
MAY 31 2016...........SUNRISE   606 AM EDT   SUNSET   839 PM EDT
JUNE  1 2016..........SUNRISE   606 AM EDT   SUNSET   840 PM EDT


-  INDICATES NEGATIVE NUMBERS.
R  INDICATES RECORD WAS SET OR TIED.
MM INDICATES DATA IS MISSING.
T  INDICATES TRACE AMOUNT.

REMARKS:
DUE TO A SENSOR FAILURE CAUSING MISSING TEMPERATURES ON DECEMBER 20-
21...JANUARY 19-20...AND JANUARY 22-25...THE SEASONAL HEATING DEGREE
DAY TOTAL AND DEPARTURE FROM NORMAL WILL BE CALCULATED WITHOUT DATA
FROM THESE DATES.


$$
JJM

$$
