000
CDUS41 KRNK 210910
CLIBLF


CLIMATE REPORT
NATIONAL WEATHER SERVICE BLACKSBURG VA
506 AM EDT SUN SEP 21 2014


...................................

...THE BLUEFIELD WV CLIMATE SUMMARY FOR SEPTEMBER 20 2014...

CLIMATE NORMAL PERIOD 1981 TO 2010
CLIMATE RECORD PERIOD 1959 TO 2014


WEATHER ITEM   OBSERVED TIME   RECORD YEAR NORMAL DEPARTURE LAST
                VALUE   (LST)  VALUE       VALUE  FROM      YEAR
                                                  NORMAL
..................................................................
TEMPERATURE (F)
 YESTERDAY
  MAXIMUM         76    407 PM  86    1998  73      3       82
  MINIMUM         61    708 AM  40    1991  56      5       65
  AVERAGE         69                        64      5

PRECIPITATION (IN)
  YESTERDAY        0.00          0.37 1970   0.11  -0.11     0.06
  MONTH TO DATE    2.19                      2.08   0.11     1.03
  SINCE SEP 1      2.19                      2.08   0.11     1.03
  SINCE JAN 1     26.81                     30.47  -3.66    31.25

SNOWFALL (IN)
  YESTERDAY        0.0
  MONTH TO DATE    0.0
  SINCE SEP 1      0.0
  SINCE JUL 1      0.0
  SNOW DEPTH       0

DEGREE DAYS
 HEATING
  YESTERDAY        0                         3     -3
  MONTH TO DATE   20                        29     -9
  SINCE SEP 1     20                        29     -9
  SINCE JUL 1     30                        35     -5

 COOLING
  YESTERDAY        4                         3      1
  MONTH TO DATE   96                        81     15
  SINCE SEP 1     96                        81     15
  SINCE JAN 1    809                       815     -6
..................................................................


WIND (MPH)
  HIGHEST WIND SPEED    14   HIGHEST WIND DIRECTION     S (170)
  HIGHEST GUST SPEED    21   HIGHEST GUST DIRECTION     S (170)
  AVERAGE WIND SPEED     5.2


SKY COVER
  POSSIBLE SUNSHINE  MM
  AVERAGE SKY COVER 0.3


WEATHER CONDITIONS
 THE FOLLOWING WEATHER WAS RECORDED YESTERDAY.
  NO SIGNIFICANT WEATHER WAS OBSERVED.


RELATIVE HUMIDITY (PERCENT)
 HIGHEST    78          1200 AM
 LOWEST     49          1200 PM
 AVERAGE    64

..........................................................


THE BLUEFIELD WV CLIMATE NORMALS FOR TODAY
                         NORMAL    RECORD    YEAR
 MAXIMUM TEMPERATURE (F)   73        86      2010
 MINIMUM TEMPERATURE (F)   55        36      1962


SUNRISE AND SUNSET
SEPTEMBER 21 2014.....SUNRISE   712 AM EDT   SUNSET   723 PM EDT
SEPTEMBER 22 2014.....SUNRISE   713 AM EDT   SUNSET   722 PM EDT


-  INDICATES NEGATIVE NUMBERS.
R  INDICATES RECORD WAS SET OR TIED.
MM INDICATES DATA IS MISSING.
T  INDICATES TRACE AMOUNT.

REMARKS:
DUE TO A POWER FAILURE CAUSING A MISSING LOW TEMPERATURE ON
MAY 30...THE SEASONAL TOTAL AND DEPARTURE FROM NORMAL FOR CDD
WILL BE CALCULATED WITHOUT DATA FROM THAT DATE.


$$
