000
CDUS41 KRNK 262111
CLIBLF


CLIMATE REPORT
NATIONAL WEATHER SERVICE BLACKSBURG VA
509 PM EDT TUE MAY 26 2015


...................................

...THE BLUEFIELD WV CLIMATE SUMMARY FOR MAY 26 2015...
VALID TODAY AS OF 0500 PM LOCAL TIME.

CLIMATE NORMAL PERIOD 1981 TO 2010
CLIMATE RECORD PERIOD 1959 TO 2015


WEATHER ITEM   OBSERVED TIME   RECORD YEAR NORMAL DEPARTURE LAST
                VALUE   (LST)  VALUE       VALUE  FROM      YEAR
                                                  NORMAL
..................................................................
TEMPERATURE (F)
 TODAY
  MAXIMUM         81   1216 PM  86    2012  74      7       81
                                      1991
  MINIMUM         66    541 AM  35    1988  56     10       58
  AVERAGE         74                        65      9       70

PRECIPITATION (IN)
  TODAY            0.02          0.89 2004   0.15  -0.13     0.00
  MONTH TO DATE    1.72                      3.55  -1.83     2.52
  SINCE MAR 1     12.13                     10.40   1.73     7.25
  SINCE JAN 1     15.69                     16.06  -0.37    11.38

SNOWFALL (IN)
  TODAY            0.0                                       0.0
  MONTH TO DATE    0.0                                       0.0
  SINCE MAR 1      3.1                                       9.4
  SINCE JUL 1     39.7                                      47.0
  SNOW DEPTH       0

DEGREE DAYS
 HEATING
  TODAY            0                         3     -3        0
  MONTH TO DATE   63                       124    -61       89
  SINCE MAR 1    915                      1061   -146     1017
  SINCE JUL 1   4835                      4554    281     4652

 COOLING
  TODAY            9                         3      6        5
  MONTH TO DATE  104                        47     57       84
  SINCE MAR 1    115                        75     40      104
  SINCE JAN 1    115                        75     40      104
..................................................................


WIND (MPH)
  HIGHEST WIND SPEED    12   HIGHEST WIND DIRECTION     S (180)
  HIGHEST GUST SPEED    17   HIGHEST GUST DIRECTION     S (180)
  AVERAGE WIND SPEED     6.0


SKY COVER
  AVERAGE SKY COVER 0.7


WEATHER CONDITIONS
 THE FOLLOWING WEATHER WAS RECORDED TODAY.
  THUNDERSTORM
  LIGHT RAIN


RELATIVE HUMIDITY (PERCENT)
 HIGHEST    73           200 PM
 LOWEST     58          1200 PM
 AVERAGE    66

..........................................................


THE BLUEFIELD WV CLIMATE NORMALS FOR TOMORROW
                         NORMAL    RECORD    YEAR
 MAXIMUM TEMPERATURE (F)   74        86      2012
 MINIMUM TEMPERATURE (F)   56        31      1961


SUNRISE AND SUNSET
MAY 26 2015...........SUNRISE   609 AM EDT   SUNSET   835 PM EDT
MAY 27 2015...........SUNRISE   608 AM EDT   SUNSET   836 PM EDT


-  INDICATES NEGATIVE NUMBERS.
R  INDICATES RECORD WAS SET OR TIED.
MM INDICATES DATA IS MISSING.
T  INDICATES TRACE AMOUNT.


$$

PW
