000
CDUS41 KRNK 190616
CLIBLF


CLIMATE REPORT
NATIONAL WEATHER SERVICE BLACKSBURG VA
215 AM EDT TUE SEP 19 2017


...................................

...THE BLUEFIELD WV CLIMATE SUMMARY FOR SEPTEMBER 18 2017...

CLIMATE NORMAL PERIOD 1981 TO 2010
CLIMATE RECORD PERIOD 1959 TO 2017


WEATHER ITEM   OBSERVED TIME   RECORD YEAR NORMAL DEPARTURE LAST
                VALUE   (LST)  VALUE       VALUE  FROM      YEAR
                                                  NORMAL
..................................................................
TEMPERATURE (F)
 YESTERDAY
  MAXIMUM         76    215 PM  86    1991  74      2       77
  MINIMUM         54    640 AM  41    1990  56     -2       63
  AVERAGE         65                        65      0       70

PRECIPITATION (IN)
  YESTERDAY        T             2.18 2012   0.12  -0.12     0.13
  MONTH TO DATE    0.84                      1.87  -1.03     0.21
  SINCE SEP 1      0.84                      1.87  -1.03     0.21
  SINCE JAN 1     32.90                     30.26   2.64    27.10

SNOWFALL (IN)
  YESTERDAY        0.0                                       0.0
  MONTH TO DATE    0.0                                       0.0
  SINCE SEP 1      0.0                                       0.0
  SINCE JUL 1      0.0                                       0.0
  SNOW DEPTH       0

DEGREE DAYS
 HEATING
  YESTERDAY        0                         3     -3        0
  MONTH TO DATE  102                        23     79        8
  SINCE SEP 1    102                        23     79        8
  SINCE JUL 1    128                        29     99        8

 COOLING
  YESTERDAY        0                         3     -3        5
  MONTH TO DATE    4                        75    -71       84
  SINCE SEP 1      4                        75    -71       84
  SINCE JAN 1    428                       809   -381      692
..................................................................


WIND (MPH)
  HIGHEST WIND SPEED     8   HIGHEST WIND DIRECTION    NW (300)
  HIGHEST GUST SPEED    10   HIGHEST GUST DIRECTION    NW (300)
  AVERAGE WIND SPEED     2.3


SKY COVER
  AVERAGE SKY COVER 0.4


WEATHER CONDITIONS
 THE FOLLOWING WEATHER WAS RECORDED YESTERDAY.
  LIGHT RAIN
  FOG


RELATIVE HUMIDITY (PERCENT)
 HIGHEST    93           500 AM
 LOWEST     53          1200 PM
 AVERAGE    73

..........................................................


THE BLUEFIELD WV CLIMATE NORMALS FOR TODAY
                         NORMAL    RECORD    YEAR
 MAXIMUM TEMPERATURE (F)   74        87      2005
 MINIMUM TEMPERATURE (F)   56        40      1973


SUNRISE AND SUNSET
SEPTEMBER 19 2017.....SUNRISE   710 AM EDT   SUNSET   726 PM EDT
SEPTEMBER 20 2017.....SUNRISE   711 AM EDT   SUNSET   724 PM EDT


-  INDICATES NEGATIVE NUMBERS.
R  INDICATES RECORD WAS SET OR TIED.
MM INDICATES DATA IS MISSING.
T  INDICATES TRACE AMOUNT.




$$
