000
CDUS41 KRNK 182142
CLIBLF


CLIMATE REPORT
NATIONAL WEATHER SERVICE BLACKSBURG VA
440 PM EST THU DEC 18 2014


...................................

...THE BLUEFIELD WV CLIMATE SUMMARY FOR DECEMBER 18 2014...
VALID TODAY AS OF 0400 PM LOCAL TIME.

CLIMATE NORMAL PERIOD 1981 TO 2010
CLIMATE RECORD PERIOD 1959 TO 2014


WEATHER ITEM   OBSERVED TIME   RECORD YEAR NORMAL DEPARTURE LAST
                VALUE   (LST)  VALUE       VALUE  FROM      YEAR
                                                  NORMAL
..................................................................
TEMPERATURE (F)
 TODAY
  MAXIMUM         39    223 PM  69    1990  44     -5       39
  MINIMUM         27    944 AM   5    1975  29     -2       24
  AVERAGE         33                        36     -3

PRECIPITATION (IN)
  TODAY            0.00          0.88 1967   0.09  -0.09      T
  MONTH TO DATE    1.32                      1.74  -0.42     2.68
  SINCE DEC 1      1.32                      1.74  -0.42     2.68
  SINCE JAN 1     36.18                     38.46  -2.28    39.69

SNOWFALL (IN)
  TODAY            0.0
  MONTH TO DATE    0.3
  SINCE DEC 1      0.3
  SINCE JUL 1      5.1
  SNOW DEPTH       0

DEGREE DAYS
 HEATING
  TODAY           32                        29      3
  MONTH TO DATE  453                       474    -21
  SINCE DEC 1    453                       474    -21
  SINCE JUL 1   1538                      1377    161

 COOLING
  TODAY            0                         0      0
  MONTH TO DATE    0                         0      0
  SINCE DEC 1      0                         0      0
  SINCE JAN 1    827                       853    -26
..................................................................


WIND (MPH)
  HIGHEST WIND SPEED    18   HIGHEST WIND DIRECTION    NW (300)
  HIGHEST GUST SPEED    28   HIGHEST GUST DIRECTION     W (290)
  AVERAGE WIND SPEED     8.2


SKY COVER
  POSSIBLE SUNSHINE  MM
  AVERAGE SKY COVER 0.8


WEATHER CONDITIONS
 THE FOLLOWING WEATHER WAS RECORDED TODAY.
  NO SIGNIFICANT WEATHER WAS OBSERVED.


RELATIVE HUMIDITY (PERCENT)
 HIGHEST    81           700 AM
 LOWEST     40           200 PM
 AVERAGE    61

..........................................................


THE BLUEFIELD WV CLIMATE NORMALS FOR TOMORROW
                         NORMAL    RECORD    YEAR
 MAXIMUM TEMPERATURE (F)   44        63      2008
                                             1968
 MINIMUM TEMPERATURE (F)   29         1      2004
                                             1963


SUNRISE AND SUNSET
DECEMBER 18 2014......SUNRISE   733 AM EST   SUNSET   509 PM EST
DECEMBER 19 2014......SUNRISE   734 AM EST   SUNSET   510 PM EST


-  INDICATES NEGATIVE NUMBERS.
R  INDICATES RECORD WAS SET OR TIED.
MM INDICATES DATA IS MISSING.
T  INDICATES TRACE AMOUNT.

REMARKS:
DUE TO A POWER FAILURE CAUSING A MISSING LOW TEMPERATURE ON
MAY 30...THE SEASONAL TOTAL AND DEPARTURE FROM NORMAL FOR CDD
WILL BE CALCULATED WITHOUT DATA FROM THAT DATE.


$$
