000
CDUS41 KRNK 230654
CLIBLF


CLIMATE REPORT
NATIONAL WEATHER SERVICE BLACKSBURG VA
252 AM EDT SUN JUL 23 2017


...................................

...THE BLUEFIELD WV CLIMATE SUMMARY FOR JULY 22 2017...

CLIMATE NORMAL PERIOD 1981 TO 2010
CLIMATE RECORD PERIOD 1959 TO 2017


WEATHER ITEM   OBSERVED TIME   RECORD YEAR NORMAL DEPARTURE LAST
                VALUE   (LST)  VALUE       VALUE  FROM      YEAR
                                                  NORMAL
..................................................................
TEMPERATURE (F)
 YESTERDAY
  MAXIMUM         87    401 PM  92    2011  81      6       83
  MINIMUM         68    600 AM  56    2007  65      3       62
                                      1970
  AVERAGE         78                        73      5       73

PRECIPITATION (IN)
  YESTERDAY        0.00          0.88 1962   0.13  -0.13     0.00
  MONTH TO DATE    2.15                      3.02  -0.87     4.01
  SINCE JUN 1      6.31                      7.16  -0.85     7.41
  SINCE JAN 1     27.11                     23.98   3.13    22.17

SNOWFALL (IN)
  YESTERDAY        0.0                                       0.0
  MONTH TO DATE    0.0                                       0.0
  SINCE JUN 1      0.0                                       0.0
  SINCE JUL 1      0.0                                       0.0
  SNOW DEPTH       0

DEGREE DAYS
 HEATING
  YESTERDAY        0                         0      0        0
  MONTH TO DATE    0                         0      0        0
  SINCE JUN 1     45                        22     23       16
  SINCE JUL 1      0                         0      0        0

 COOLING
  YESTERDAY       13                         8      5        8
  MONTH TO DATE  153                       176    -23      145
  SINCE JUN 1    228                       342   -114      268
  SINCE JAN 1    280                       433   -153      295
..................................................................


WIND (MPH)
  HIGHEST WIND SPEED    17   HIGHEST WIND DIRECTION     W (260)
  HIGHEST GUST SPEED    22   HIGHEST GUST DIRECTION     W (260)
  AVERAGE WIND SPEED     8.6


SKY COVER
  AVERAGE SKY COVER 0.2


WEATHER CONDITIONS
 THE FOLLOWING WEATHER WAS RECORDED YESTERDAY.
  NO SIGNIFICANT WEATHER WAS OBSERVED.


RELATIVE HUMIDITY (PERCENT)
 HIGHEST    90           300 AM
 LOWEST     45           400 PM
 AVERAGE    68

..........................................................


THE BLUEFIELD WV CLIMATE NORMALS FOR TODAY
                         NORMAL    RECORD    YEAR
 MAXIMUM TEMPERATURE (F)   81        90      1999
 MINIMUM TEMPERATURE (F)   65        55      1981


SUNRISE AND SUNSET
JULY 23 2017..........SUNRISE   622 AM EDT   SUNSET   840 PM EDT
JULY 24 2017..........SUNRISE   623 AM EDT   SUNSET   839 PM EDT


-  INDICATES NEGATIVE NUMBERS.
R  INDICATES RECORD WAS SET OR TIED.
MM INDICATES DATA IS MISSING.
T  INDICATES TRACE AMOUNT.




$$
