000
CDUS41 KRNK 250632
CLIBLF


CLIMATE REPORT
NATIONAL WEATHER SERVICE BLACKSBURG VA
227 AM EDT THU AUG 25 2016


...................................

...THE BLUEFIELD WV CLIMATE SUMMARY FOR AUGUST 24 2016...

CLIMATE NORMAL PERIOD 1981 TO 2010
CLIMATE RECORD PERIOD 1959 TO 2016


WEATHER ITEM   OBSERVED TIME   RECORD YEAR NORMAL DEPARTURE LAST
                VALUE   (LST)  VALUE       VALUE  FROM      YEAR
                                                  NORMAL
..................................................................
TEMPERATURE (F)
 YESTERDAY
  MAXIMUM         76    551 PM  95    2007  80     -4       81
  MINIMUM         64    623 AM  49    1997  63      1       62
  AVERAGE         70                        72     -2       72

PRECIPITATION (IN)
  YESTERDAY        0.00          0.76 1961   0.10  -0.10     0.00
  MONTH TO DATE    2.85                      2.59   0.26     2.39
  SINCE JUN 1     11.80                     10.90   0.90    10.76
  SINCE JAN 1     26.56                     27.72  -1.16    26.55

SNOWFALL (IN)
  YESTERDAY        0.0                                       0.0
  MONTH TO DATE    0.0                                       0.0
  SINCE JUN 1      0.0                                       0.0
  SINCE JUL 1      0.0                                       0.0
  SNOW DEPTH       0

DEGREE DAYS
 HEATING
  YESTERDAY        0                         0      0        0
  MONTH TO DATE    0                         0      0        0
  SINCE JUN 1     16                        24     -8        3
  SINCE JUL 1      0                         2     -2        0

 COOLING
  YESTERDAY        5                         7     -2        7
  MONTH TO DATE  157                       185    -28      195
  SINCE JUN 1    515                       599    -84      715
  SINCE JAN 1    542                       690   -148      872
..................................................................


WIND (MPH)
  HIGHEST WIND SPEED    10   HIGHEST WIND DIRECTION     S (170)
  HIGHEST GUST SPEED    20   HIGHEST GUST DIRECTION     S (170)
  AVERAGE WIND SPEED     3.7


SKY COVER
  AVERAGE SKY COVER 0.3


WEATHER CONDITIONS
 THE FOLLOWING WEATHER WAS RECORDED YESTERDAY.
  NO SIGNIFICANT WEATHER WAS OBSERVED.


RELATIVE HUMIDITY (PERCENT)
 HIGHEST    84           900 PM
 LOWEST     64           400 PM
 AVERAGE    74

..........................................................


THE BLUEFIELD WV CLIMATE NORMALS FOR TODAY
                         NORMAL    RECORD    YEAR
 MAXIMUM TEMPERATURE (F)   80        92      2007
 MINIMUM TEMPERATURE (F)   63        51      1986


SUNRISE AND SUNSET
AUGUST 25 2016........SUNRISE   650 AM EDT   SUNSET   803 PM EDT
AUGUST 26 2016........SUNRISE   651 AM EDT   SUNSET   801 PM EDT


-  INDICATES NEGATIVE NUMBERS.
R  INDICATES RECORD WAS SET OR TIED.
MM INDICATES DATA IS MISSING.
T  INDICATES TRACE AMOUNT.

$$

RAB
