000
CDUS41 KRNK 300926
CLIBLF


CLIMATE REPORT
NATIONAL WEATHER SERVICE BLACKSBURG VA
523 AM EDT WED JUL 30 2014


...................................

...THE BLUEFIELD WV CLIMATE SUMMARY FOR JULY 29 2014...

CLIMATE NORMAL PERIOD 1981 TO 2010
CLIMATE RECORD PERIOD 1959 TO 2014


WEATHER ITEM   OBSERVED TIME   RECORD YEAR NORMAL DEPARTURE LAST
                VALUE   (LST)  VALUE       VALUE  FROM      YEAR
                                                  NORMAL
..................................................................
TEMPERATURE (F)
 YESTERDAY
  MAXIMUM         71    357 PM  89    2011  81    -10       75
  MINIMUM         54R  1159 PM  55    2013  65    -11       55
                                      1992
  AVERAGE         63                        73    -10

PRECIPITATION (IN)
  YESTERDAY        0.04          1.34 1999   0.12  -0.08     0.00
  MONTH TO DATE    2.86                      3.93  -1.07     3.75
  SINCE JUN 1      6.46                      8.07  -1.61     8.58
  SINCE JAN 1     18.12                     24.89  -6.77    27.11

SNOWFALL (IN)
  YESTERDAY        0.0
  MONTH TO DATE    0.0
  SINCE JUN 1      0.0
  SINCE JUL 1      0.0
  SNOW DEPTH       0

DEGREE DAYS
 HEATING
  YESTERDAY        2                         0      2
  MONTH TO DATE    7                         0      7
  SINCE JUN 1      9                        22    -13
  SINCE JUL 1      7                         0      7

 COOLING
  YESTERDAY        0                         8     -8
  MONTH TO DATE  190                       232    -42
  SINCE JUN 1    411                       398     13
  SINCE JAN 1    540                       489     51
..................................................................


WIND (MPH)
  HIGHEST WIND SPEED    14   HIGHEST WIND DIRECTION     W (270)
  HIGHEST GUST SPEED    19   HIGHEST GUST DIRECTION    NW (310)
  AVERAGE WIND SPEED     6.6


SKY COVER
  POSSIBLE SUNSHINE  MM
  AVERAGE SKY COVER 0.6


WEATHER CONDITIONS
 THE FOLLOWING WEATHER WAS RECORDED YESTERDAY.
  LIGHT RAIN
  FOG


RELATIVE HUMIDITY (PERCENT)
 HIGHEST    87           500 AM
 LOWEST     51          1200 PM
 AVERAGE    69

..........................................................


THE BLUEFIELD WV CLIMATE NORMALS FOR TODAY
                         NORMAL    RECORD    YEAR
 MAXIMUM TEMPERATURE (F)   81        90      2011
 MINIMUM TEMPERATURE (F)   65        50      1981


SUNRISE AND SUNSET
JULY 30 2014..........SUNRISE   628 AM EDT   SUNSET   834 PM EDT
JULY 31 2014..........SUNRISE   629 AM EDT   SUNSET   833 PM EDT


-  INDICATES NEGATIVE NUMBERS.
R  INDICATES RECORD WAS SET OR TIED.
MM INDICATES DATA IS MISSING.
T  INDICATES TRACE AMOUNT.

REMARKS

DUE TO A POWER FAILURE CAUSING A MISSING LOW TEMPERATURE ON
MAY 30...THE SEASONAL TOTAL AND DEPARTURE FROM NORMAL FOR CDD
WILL BE CALCULATED WITHOUT DATA FROM THAT DATE.

$$

MBS
