000
CDUS41 KRNK 200615
CLIBLF


CLIMATE REPORT
NATIONAL WEATHER SERVICE BLACKSBURG VA
113 AM EST MON NOV 20 2017


...................................

...THE BLUEFIELD WV CLIMATE SUMMARY FOR NOVEMBER 19 2017...

CLIMATE NORMAL PERIOD 1981 TO 2010
CLIMATE RECORD PERIOD 1959 TO 2017


WEATHER ITEM   OBSERVED TIME   RECORD YEAR NORMAL DEPARTURE LAST
                VALUE   (LST)  VALUE       VALUE  FROM      YEAR
                                                  NORMAL
..................................................................
TEMPERATURE (F)
 YESTERDAY
  MAXIMUM         52   1238 AM  74    1985  54     -2       59
  MINIMUM         28   1159 PM  12    2014  38    -10       28
  AVERAGE         40                        46     -6       44

PRECIPITATION (IN)
  YESTERDAY        0.07          0.77 1984   0.09  -0.02     0.06
  MONTH TO DATE    1.31                      1.65  -0.34     0.41
  SINCE SEP 1      7.21                      7.29  -0.08     2.83
  SINCE JAN 1     39.27                     35.68   3.59    29.72

SNOWFALL (IN)
  YESTERDAY        T                                          T
  MONTH TO DATE    T                                          T
  SINCE SEP 1      0.3                                        T
  SINCE JUL 1      0.3                                        T
  SNOW DEPTH       0

DEGREE DAYS
 HEATING
  YESTERDAY       25                        19      6       21
  MONTH TO DATE  358                       304     54      255
  SINCE SEP 1    757                       662     95      521
  SINCE JUL 1    783                       668    115      521

 COOLING
  YESTERDAY        0                         0      0        0
  MONTH TO DATE    0                         0      0        1
  SINCE SEP 1     64                       117    -53      129
  SINCE JAN 1    488                       851   -363      737
..................................................................


WIND (MPH)
  HIGHEST WIND SPEED    31   HIGHEST WIND DIRECTION     W (280)
  HIGHEST GUST SPEED    45   HIGHEST GUST DIRECTION    NW (310)
  AVERAGE WIND SPEED    14.1


SKY COVER
  AVERAGE SKY COVER 1.0


WEATHER CONDITIONS
 THE FOLLOWING WEATHER WAS RECORDED YESTERDAY.
  RAIN
  LIGHT RAIN
  LIGHT SNOW
  FOG


RELATIVE HUMIDITY (PERCENT)
 HIGHEST    93           100 AM
 LOWEST     63          1000 PM
 AVERAGE    78

..........................................................


THE BLUEFIELD WV CLIMATE NORMALS FOR TODAY
                         NORMAL    RECORD    YEAR
 MAXIMUM TEMPERATURE (F)   54        74      1991
 MINIMUM TEMPERATURE (F)   37        18      1987


SUNRISE AND SUNSET
NOVEMBER 20 2017......SUNRISE   709 AM EST   SUNSET   511 PM EST
NOVEMBER 21 2017......SUNRISE   710 AM EST   SUNSET   511 PM EST


-  INDICATES NEGATIVE NUMBERS.
R  INDICATES RECORD WAS SET OR TIED.
MM INDICATES DATA IS MISSING.
T  INDICATES TRACE AMOUNT.

$$
RCS
