000
CDUS41 KRNK 250540
CLIBLF


CLIMATE REPORT
NATIONAL WEATHER SERVICE BLACKSBURG VA
1237 AM EST SAT FEB 25 2017


...................................

...THE BLUEFIELD WV CLIMATE SUMMARY FOR FEBRUARY 24 2017...

CLIMATE NORMAL PERIOD 1981 TO 2010
CLIMATE RECORD PERIOD 1959 TO 2017


WEATHER ITEM   OBSERVED TIME   RECORD YEAR NORMAL DEPARTURE LAST
                VALUE   (LST)  VALUE       VALUE  FROM      YEAR
                                                  NORMAL
..................................................................
TEMPERATURE (F)
 YESTERDAY
  MAXIMUM         71R   330 PM  71    1961  48     23       60
  MINIMUM         53    731 AM  -1    1967  31     22       32
  AVERAGE         62                        39     23       46

PRECIPITATION (IN)
  YESTERDAY        0.00          1.42 1972   0.10  -0.10     0.35
  MONTH TO DATE    0.99                      2.34  -1.35     2.90
  SINCE DEC 1      8.44                      8.15   0.29     8.58
  SINCE JAN 1      5.24                      5.24   0.00     4.75

SNOWFALL (IN)
  YESTERDAY        0.0                                       0.0
  MONTH TO DATE    0.9                                      12.4
  SINCE DEC 1     17.2                                      31.1
  SINCE JUL 1     17.2                                      31.1
  SNOW DEPTH       0

DEGREE DAYS
 HEATING
  YESTERDAY        3                        26    -23       19
  MONTH TO DATE  526                       673   -147      760
  SINCE DEC 1   2267                      2490   -223     1949
  SINCE JUL 1   3043                      3393   -350     2671

 COOLING
  YESTERDAY        0                         0      0        0
  MONTH TO DATE    0                         0      0        0
  SINCE DEC 1      0                         0      0        3
  SINCE JAN 1      0                         0      0        0
..................................................................


WIND (MPH)
  HIGHEST WIND SPEED    17   HIGHEST WIND DIRECTION     S (170)
  HIGHEST GUST SPEED    29   HIGHEST GUST DIRECTION    SE (150)
  AVERAGE WIND SPEED     7.5


SKY COVER
  AVERAGE SKY COVER 0.0


WEATHER CONDITIONS
 THE FOLLOWING WEATHER WAS RECORDED YESTERDAY.
  NO SIGNIFICANT WEATHER WAS OBSERVED.


RELATIVE HUMIDITY (PERCENT)
 HIGHEST    72           100 AM
 LOWEST     37           300 PM
 AVERAGE    55

..........................................................


THE BLUEFIELD WV CLIMATE NORMALS FOR TODAY
                         NORMAL    RECORD    YEAR
 MAXIMUM TEMPERATURE (F)   48        68      2000
 MINIMUM TEMPERATURE (F)   31        -6      1967


SUNRISE AND SUNSET
FEBRUARY 25 2017......SUNRISE   701 AM EST   SUNSET   615 PM EST
FEBRUARY 26 2017......SUNRISE   700 AM EST   SUNSET   616 PM EST


-  INDICATES NEGATIVE NUMBERS.
R  INDICATES RECORD WAS SET OR TIED.
MM INDICATES DATA IS MISSING.
T  INDICATES TRACE AMOUNT.


REMARKS:

DUE TO A POWER OUTAGE CAUSING A MISSING HIGH TEMPERATURE ON NOVEMBER
10...THE SEASONAL HEATING DEGREE DAY TOTAL AND DEPARTURE FROM
NORMAL WILL BE CALCULATED WITHOUT DATA FROM THIS DATE.

$$
