000
CDUS41 KRNK 202217
CLIBLF


CLIMATE REPORT
NATIONAL WEATHER SERVICE BLACKSBURG VA
515 PM EST SAT JAN 20 2018


...................................

...THE BLUEFIELD WV CLIMATE SUMMARY FOR JANUARY 20 2018...
VALID TODAY AS OF 0500 PM LOCAL TIME.

CLIMATE NORMAL PERIOD 1981 TO 2010
CLIMATE RECORD PERIOD 1959 TO 2018


WEATHER ITEM   OBSERVED TIME   RECORD YEAR NORMAL DEPARTURE LAST
                VALUE   (LST)  VALUE       VALUE  FROM      YEAR
                                                  NORMAL
..................................................................
TEMPERATURE (F)
 TODAY
  MAXIMUM         46    259 PM  60    2006  42      4       59
                                      1988
  MINIMUM         31    526 AM -20    1985  26      5       45
  AVERAGE         39                        34      5       52

PRECIPITATION (IN)
  TODAY            0.00          2.05 1972   0.09  -0.09     0.13
  MONTH TO DATE    1.14                      1.88  -0.74     2.43
  SINCE DEC 1      2.10                      4.79  -2.69     5.63
  SINCE JAN 1      1.14                      1.88  -0.74     2.43

SNOWFALL (IN)
  TODAY            0.0                                       0.0
  MONTH TO DATE    2.6                                       3.8
  SINCE DEC 1      6.3                                       9.7
  SINCE JUL 1      6.6                                       9.7
  SNOW DEPTH      MM

DEGREE DAYS
 HEATING
  TODAY           26                        31     -5       13
  MONTH TO DATE  832                       620    212      521
  SINCE DEC 1   1824                      1482    342     1445
  SINCE JUL 1   2851                      2385    466     2221

 COOLING
  TODAY            0                         0      0        0
  MONTH TO DATE    0                         0      0        0
  SINCE DEC 1      0                         0      0        0
  SINCE JAN 1      0                         0      0        0
..................................................................


WIND (MPH)
  HIGHEST WIND SPEED    23   HIGHEST WIND DIRECTION     W (270)
  HIGHEST GUST SPEED    32   HIGHEST GUST DIRECTION     W (260)
  AVERAGE WIND SPEED    13.7


SKY COVER
  AVERAGE SKY COVER 0.6


WEATHER CONDITIONS
 THE FOLLOWING WEATHER WAS RECORDED TODAY.
  NO SIGNIFICANT WEATHER WAS OBSERVED.


RELATIVE HUMIDITY (PERCENT)
 HIGHEST    70           800 AM
 LOWEST     23          1200 AM
 AVERAGE    47

..........................................................


THE BLUEFIELD WV CLIMATE NORMALS FOR TOMORROW
                         NORMAL    RECORD    YEAR
 MAXIMUM TEMPERATURE (F)   42        60      1999
 MINIMUM TEMPERATURE (F)   26       -21      1985


SUNRISE AND SUNSET
JANUARY 20 2018.......SUNRISE   736 AM EST   SUNSET   536 PM EST
JANUARY 21 2018.......SUNRISE   735 AM EST   SUNSET   537 PM EST


-  INDICATES NEGATIVE NUMBERS.
R  INDICATES RECORD WAS SET OR TIED.
MM INDICATES DATA IS MISSING.
T  INDICATES TRACE AMOUNT.

$$
