000
CDUS46 KSEW 250827
CLIBLI


CLIMATE REPORT
NATIONAL WEATHER SERVICE SEATTLE WA
127 AM PDT FRI JUL 25 2014


...................................

...THE BELLINGHAM WA AIRPORT CLIMATE SUMMARY FOR JULY 24 2014...

CLIMATE NORMAL PERIOD 1981 TO 2010
CLIMATE RECORD PERIOD 1949 TO 2014


WEATHER ITEM   OBSERVED TIME   RECORD YEAR NORMAL DEPARTURE LAST
                VALUE   (LST)  VALUE       VALUE  FROM      YEAR
                                                  NORMAL
..................................................................
TEMPERATURE (F)
 YESTERDAY
  MAXIMUM         67    436 PM  86    2004  72     -5       77
  MINIMUM         55    743 AM  43    1957  54      1       55
  AVERAGE         61                        63     -2       66

PRECIPITATION (IN)
  YESTERDAY        0.31R         0.07 1987   0.04   0.27     0.00
  MONTH TO DATE    1.13                      0.97   0.16     0.05
  SINCE OCT 1     29.40                     32.61  -3.21    16.69
  SINCE JAN 1     19.09                     18.91   0.18    14.91

DEGREE DAYS
 HEATING
  YESTERDAY        4                         2      2        0
  MONTH TO DATE   31                        71    -40       33
  SINCE JUN 1    167                       272   -105      168

 COOLING
  YESTERDAY        0                         0      0        1
  MONTH TO DATE   40                         0     40       33
  SINCE JUN 1     41                         4     37       47
  SINCE JAN 1     42                         4     38       47
..................................................................


WIND (MPH)
  RESULTANT WIND SPEED  10   RESULTANT WIND DIRECTION   S (160)
  HIGHEST WIND SPEED    17   HIGHEST WIND DIRECTION    SE (150)
  HIGHEST GUST SPEED    23   HIGHEST GUST DIRECTION     S (160)
  AVERAGE WIND SPEED     9.9


SKY COVER
  AVERAGE SKY COVER 0.7


WEATHER CONDITIONS
 THE FOLLOWING WEATHER WAS RECORDED YESTERDAY.
  LIGHT RAIN
  FOG


RELATIVE HUMIDITY (PERCENT)
 HIGHEST    93           600 AM
 LOWEST     56           500 PM
 AVERAGE    75

..........................................................


THE BELLINGHAM WA AIRPORT CLIMATE NORMALS FOR TODAY
                         NORMAL    RECORD    YEAR
 MAXIMUM TEMPERATURE (F)   72        92      1988
 MINIMUM TEMPERATURE (F)   54        45      1954
                                             1952


SUNRISE AND SUNSET
JULY 25 2014..........SUNRISE   535 AM PDT   SUNSET   858 PM PDT
JULY 26 2014..........SUNRISE   536 AM PDT   SUNSET   856 PM PDT


-  INDICATES NEGATIVE NUMBERS.
R  INDICATES RECORD WAS SET OR TIED.
MM INDICATES DATA IS MISSING.
T  INDICATES TRACE AMOUNT.




$$
