000
CDUS46 KSEW 200826
CLIBLI


CLIMATE REPORT
NATIONAL WEATHER SERVICE SEATTLE WA
126 AM PDT SAT SEP 20 2014


...................................

...THE BELLINGHAM WA AIRPORT CLIMATE SUMMARY FOR SEPTEMBER 19 2014...

CLIMATE NORMAL PERIOD 1981 TO 2010
CLIMATE RECORD PERIOD 1949 TO 2014


WEATHER ITEM   OBSERVED TIME   RECORD YEAR NORMAL DEPARTURE LAST
                VALUE   (LST)  VALUE       VALUE  FROM      YEAR
                                                  NORMAL
..................................................................
TEMPERATURE (F)
 YESTERDAY
  MAXIMUM         68    506 PM  85    1974  66      2       77
  MINIMUM         57   1032 PM  33    1957  47     10       50
  AVERAGE         63                        57      6       64

PRECIPITATION (IN)
  YESTERDAY        T             0.72 1960   0.06  -0.06     0.00
  MONTH TO DATE    0.54                      1.05  -0.51     1.47
  SINCE OCT 1     30.62                     35.10  -4.48    19.33
  SINCE JAN 1     20.31                     21.40  -1.09    17.55

DEGREE DAYS
 HEATING
  YESTERDAY        2                         8     -6        1
  MONTH TO DATE   63                       120    -57       44
  SINCE SEP 1     63                       120    -57       44

 COOLING
  YESTERDAY        0                         0      0        0
  MONTH TO DATE    2                         0      2        6
  SINCE SEP 1      2                         0      2        6
  SINCE JAN 1    117                        40     77       95
..................................................................


WIND (MPH)
  RESULTANT WIND SPEED   3   RESULTANT WIND DIRECTION   S (160)
  HIGHEST WIND SPEED    13   HIGHEST WIND DIRECTION     S (160)
  HIGHEST GUST SPEED    17   HIGHEST GUST DIRECTION     S (180)
  AVERAGE WIND SPEED     4.3


SKY COVER
  AVERAGE SKY COVER 0.9


WEATHER CONDITIONS
 THE FOLLOWING WEATHER WAS RECORDED YESTERDAY.
  LIGHT RAIN
  FOG


RELATIVE HUMIDITY (PERCENT)
 HIGHEST    97           900 AM
 LOWEST     73           300 PM
 AVERAGE    85

..........................................................


THE BELLINGHAM WA AIRPORT CLIMATE NORMALS FOR TODAY
                         NORMAL    RECORD    YEAR
 MAXIMUM TEMPERATURE (F)   66        89      1974
 MINIMUM TEMPERATURE (F)   47        35      1983
                                             1968


SUNRISE AND SUNSET
SEPTEMBER 20 2014.....SUNRISE   654 AM PDT   SUNSET   712 PM PDT
SEPTEMBER 21 2014.....SUNRISE   655 AM PDT   SUNSET   710 PM PDT


-  INDICATES NEGATIVE NUMBERS.
R  INDICATES RECORD WAS SET OR TIED.
MM INDICATES DATA IS MISSING.
T  INDICATES TRACE AMOUNT.




$$
