000
CDUS46 KSEW 270829
CLIBLI


CLIMATE REPORT
NATIONAL WEATHER SERVICE SEATTLE WA
129 AM PDT THU AUG 27 2015


...................................

...THE BELLINGHAM WA AIRPORT CLIMATE SUMMARY FOR AUGUST 26 2015...

CLIMATE NORMAL PERIOD 1981 TO 2010
CLIMATE RECORD PERIOD 1949 TO 2015


WEATHER ITEM   OBSERVED TIME   RECORD YEAR NORMAL DEPARTURE LAST
                VALUE   (LST)  VALUE       VALUE  FROM      YEAR
                                                  NORMAL
..................................................................
TEMPERATURE (F)
 YESTERDAY
  MAXIMUM         78    320 PM  84    2014  71      7       84
  MINIMUM         49    551 AM  42    1949  52     -3       57
  AVERAGE         64                        61      3       71

PRECIPITATION (IN)
  YESTERDAY        0.00          0.60 1960   0.04  -0.04     0.00
  MONTH TO DATE    0.22                      0.98  -0.76     0.67
  SINCE OCT 1     30.52                     33.80  -3.28    30.07
  SINCE JAN 1     15.79                     20.10  -4.31    19.76

DEGREE DAYS
 HEATING
  YESTERDAY        1                         4     -3        0
  MONTH TO DATE   21                        60    -39       10
  SINCE JUN 1    103                       362   -259      181

 COOLING
  YESTERDAY        0                         0      0        6
  MONTH TO DATE   51                         0     51       57
  SINCE JUN 1    189                        23    166      109
  SINCE JAN 1    189                        23    166      110
..................................................................


WIND (MPH)
  RESULTANT WIND SPEED   1   RESULTANT WIND DIRECTION   S (160)
  HIGHEST WIND SPEED     7   HIGHEST WIND DIRECTION     S (180)
  HIGHEST GUST SPEED    10   HIGHEST GUST DIRECTION     S (190)
  AVERAGE WIND SPEED     1.4


SKY COVER
  AVERAGE SKY COVER 0.0


WEATHER CONDITIONS
 THE FOLLOWING WEATHER WAS RECORDED YESTERDAY.
  NO SIGNIFICANT WEATHER WAS OBSERVED.


RELATIVE HUMIDITY (PERCENT)
 HIGHEST    93           400 AM
 LOWEST     36           400 PM
 AVERAGE    65

..........................................................


THE BELLINGHAM WA AIRPORT CLIMATE NORMALS FOR TODAY
                         NORMAL    RECORD    YEAR
 MAXIMUM TEMPERATURE (F)   71        85      1994
 MINIMUM TEMPERATURE (F)   52        41      1954


SUNRISE AND SUNSET
AUGUST 27 2015........SUNRISE   620 AM PDT   SUNSET   803 PM PDT
AUGUST 28 2015........SUNRISE   621 AM PDT   SUNSET   801 PM PDT


-  INDICATES NEGATIVE NUMBERS.
R  INDICATES RECORD WAS SET OR TIED.
MM INDICATES DATA IS MISSING.
T  INDICATES TRACE AMOUNT.




$$
