651
CDUS46 KSEW 170831
CLIBLI


CLIMATE REPORT
NATIONAL WEATHER SERVICE SEATTLE WA
1231 AM PST WED JAN 17 2018


...................................

...THE BELLINGHAM WA AIRPORT CLIMATE SUMMARY FOR JANUARY 16 2018...

CLIMATE NORMAL PERIOD 1981 TO 2010
CLIMATE RECORD PERIOD 1949 TO 2018


WEATHER ITEM   OBSERVED TIME   RECORD YEAR NORMAL DEPARTURE LAST
                VALUE   (LST)  VALUE       VALUE  FROM      YEAR
                                                  NORMAL
..................................................................
TEMPERATURE (F)
 YESTERDAY
  MAXIMUM         55    326 AM  58    1958  46      9       42
  MINIMUM         44   1159 PM   9    1950  33     11       30
  AVERAGE         50                        39     11       36

PRECIPITATION (IN)
  YESTERDAY        0.00          1.28 1975   0.16  -0.16     0.11
  MONTH TO DATE    2.59                      2.46   0.13     0.70
  SINCE OCT 1     20.21                     16.16   4.05    19.82
  SINCE JAN 1      2.59                      2.46   0.13     0.70

DEGREE DAYS
 HEATING
  YESTERDAY       15                        26    -11       29
  MONTH TO DATE  391                       422    -31      551
  SINCE DEC 1   1250                      1256     -6     1501

 COOLING
  YESTERDAY        0                         0      0        0
  MONTH TO DATE    0                         0      0        0
  SINCE DEC 1      0                         0      0        0
  SINCE JAN 1      0                         0      0        0
..................................................................


WIND (MPH)
  RESULTANT WIND SPEED  12   RESULTANT WIND DIRECTION  SE (150)
  HIGHEST WIND SPEED    26   HIGHEST WIND DIRECTION     S (160)
  HIGHEST GUST SPEED    39   HIGHEST GUST DIRECTION     S (160)
  AVERAGE WIND SPEED    14.3


SKY COVER
  AVERAGE SKY COVER 0.6


WEATHER CONDITIONS
 THE FOLLOWING WEATHER WAS RECORDED YESTERDAY.
  NO SIGNIFICANT WEATHER WAS OBSERVED.


RELATIVE HUMIDITY (PERCENT)
 HIGHEST    76          1200 AM
 LOWEST     59           700 PM
 AVERAGE    68

..........................................................


THE BELLINGHAM WA AIRPORT CLIMATE NORMALS FOR TODAY
                         NORMAL    RECORD    YEAR
 MAXIMUM TEMPERATURE (F)   46        59      1977
 MINIMUM TEMPERATURE (F)   33         7      1950


SUNRISE AND SUNSET
JANUARY 17 2018.......SUNRISE   756 AM PST   SUNSET   445 PM PST
JANUARY 18 2018.......SUNRISE   755 AM PST   SUNSET   446 PM PST


-  INDICATES NEGATIVE NUMBERS.
R  INDICATES RECORD WAS SET OR TIED.
MM INDICATES DATA IS MISSING.
T  INDICATES TRACE AMOUNT.




$$
