000
CDUS46 KSEW 060118
CLIBLI


CLIMATE REPORT
NATIONAL WEATHER SERVICE SEATTLE WA
518 PM PST FRI FEB 5 2016


...................................

...THE BELLINGHAM WA AIRPORT CLIMATE SUMMARY FOR FEBRUARY 5 2016...
VALID TODAY AS OF 0500 PM LOCAL TIME.

CLIMATE NORMAL PERIOD 1981 TO 2010
CLIMATE RECORD PERIOD 1949 TO 2016


WEATHER ITEM   OBSERVED TIME   RECORD YEAR NORMAL DEPARTURE LAST
                VALUE   (LST)  VALUE       VALUE  FROM      YEAR
                                                  NORMAL
..................................................................
TEMPERATURE (F)
 TODAY
  MAXIMUM         60R   234 PM  60    2015  48     12       60
                                      1963
                                      1961
  MINIMUM         41    558 AM  10    1949  33      8       44
  AVERAGE         51                        40     11       52

PRECIPITATION (IN)
  TODAY            0.01          1.07 1965   0.11  -0.10     0.32
  MONTH TO DATE    0.44                      0.58  -0.14     0.83
  SINCE OCT 1     17.62                     18.95  -1.33    21.05
  SINCE JAN 1      3.55                      5.25  -1.70     6.32

DEGREE DAYS
 HEATING
  TODAY           14                        25    -11       13
  MONTH TO DATE  104                       125    -21       92
  SINCE DEC 1   1542                      1759   -217     1479

 COOLING
  TODAY            0                         0      0        0
  MONTH TO DATE    0                         0      0        0
  SINCE DEC 1      0                         0      0        0
  SINCE JAN 1      0                         0      0        0
..................................................................


WIND (MPH)
  RESULTANT WIND SPEED   6   RESULTANT WIND DIRECTION  SE (140)
  HIGHEST WIND SPEED    41   HIGHEST WIND DIRECTION    SE (150)
  HIGHEST GUST SPEED    60   HIGHEST GUST DIRECTION    SE (150)
  AVERAGE WIND SPEED    10.7


SKY COVER
  AVERAGE SKY COVER 0.8


WEATHER CONDITIONS
 THE FOLLOWING WEATHER WAS RECORDED TODAY.
  LIGHT RAIN


RELATIVE HUMIDITY (PERCENT)
 HIGHEST    89          1200 AM
 LOWEST     33           200 PM
 AVERAGE    61

..........................................................


THE BELLINGHAM WA AIRPORT CLIMATE NORMALS FOR TOMORROW
                         NORMAL    RECORD    YEAR
 MAXIMUM TEMPERATURE (F)   48        62      1963
 MINIMUM TEMPERATURE (F)   33        20      2014
                                             1989


SUNRISE AND SUNSET
FEBRUARY  5 2016......SUNRISE   735 AM PST   SUNSET   514 PM PST
FEBRUARY  6 2016......SUNRISE   733 AM PST   SUNSET   516 PM PST


-  INDICATES NEGATIVE NUMBERS.
R  INDICATES RECORD WAS SET OR TIED.
MM INDICATES DATA IS MISSING.
T  INDICATES TRACE AMOUNT.




$$
