000
CDUS46 KSEW 290833
CLIBLI


CLIMATE REPORT
NATIONAL WEATHER SERVICE SEATTLE WA
133 AM PDT FRI APR 29 2016


...................................

...THE BELLINGHAM WA AIRPORT CLIMATE SUMMARY FOR APRIL 28 2016...

CLIMATE NORMAL PERIOD 1981 TO 2010
CLIMATE RECORD PERIOD 1949 TO 2016


WEATHER ITEM   OBSERVED TIME   RECORD YEAR NORMAL DEPARTURE LAST
                VALUE   (LST)  VALUE       VALUE  FROM      YEAR
                                                  NORMAL
..................................................................
TEMPERATURE (F)
 YESTERDAY
  MAXIMUM         61    207 PM  73    1976  59      2       59
  MINIMUM         50    308 AM  30    1955  42      8       48
  AVERAGE         56                        50      6       54

PRECIPITATION (IN)
  YESTERDAY        T             0.76 1951   0.08  -0.08     0.01
  MONTH TO DATE    2.39                      2.53  -0.14     1.21
  SINCE OCT 1     28.96                     27.14   1.82    28.68
  SINCE JAN 1     14.89                     13.44   1.45    13.95

DEGREE DAYS
 HEATING
  YESTERDAY        9                        15     -6       11
  MONTH TO DATE  301                       468   -167      450
  SINCE MAR 1    797                      1111   -314      953

 COOLING
  YESTERDAY        0                         0      0        0
  MONTH TO DATE    0                         0      0        0
  SINCE MAR 1      0                         0      0        0
  SINCE JAN 1      0                         0      0        0
..................................................................


WIND (MPH)
  RESULTANT WIND SPEED   7   RESULTANT WIND DIRECTION   S (170)
  HIGHEST WIND SPEED    15   HIGHEST WIND DIRECTION     S (170)
  HIGHEST GUST SPEED    20   HIGHEST GUST DIRECTION     S (160)
  AVERAGE WIND SPEED     7.1


SKY COVER
  AVERAGE SKY COVER 0.8


WEATHER CONDITIONS
 THE FOLLOWING WEATHER WAS RECORDED YESTERDAY.
  LIGHT RAIN


RELATIVE HUMIDITY (PERCENT)
 HIGHEST    80           300 AM
 LOWEST     55           200 PM
 AVERAGE    68

..........................................................


THE BELLINGHAM WA AIRPORT CLIMATE NORMALS FOR TODAY
                         NORMAL    RECORD    YEAR
 MAXIMUM TEMPERATURE (F)   59        75      1976
 MINIMUM TEMPERATURE (F)   42        29      1975
                                             1955


SUNRISE AND SUNSET
APRIL 29 2016.........SUNRISE   552 AM PDT   SUNSET   824 PM PDT
APRIL 30 2016.........SUNRISE   550 AM PDT   SUNSET   825 PM PDT


-  INDICATES NEGATIVE NUMBERS.
R  INDICATES RECORD WAS SET OR TIED.
MM INDICATES DATA IS MISSING.
T  INDICATES TRACE AMOUNT.




$$
