000
CDUS46 KSEW 020828
CLIBLI


CLIMATE REPORT
NATIONAL WEATHER SERVICE SEATTLE WA
1228 AM PST MON MAR 2 2015


...................................

...THE BELLINGHAM WA AIRPORT CLIMATE SUMMARY FOR MARCH 1 2015...

CLIMATE NORMAL PERIOD 1981 TO 2010
CLIMATE RECORD PERIOD 1949 TO 2015


WEATHER ITEM   OBSERVED TIME   RECORD YEAR NORMAL DEPARTURE LAST
                VALUE   (LST)  VALUE       VALUE  FROM      YEAR
                                                  NORMAL
..................................................................
TEMPERATURE (F)
 YESTERDAY
  MAXIMUM         50    212 PM  60    1994  50      0       40
  MINIMUM         27    627 AM  20    1989  34     -7       29
                                      1976
                                      1971
  AVERAGE         39                        42     -3       35

PRECIPITATION (IN)
  YESTERDAY        T             0.59 1974   0.11  -0.11      T
  MONTH TO DATE    T                         0.11  -0.11      T
  SINCE OCT 1     22.70                     21.50   1.20    15.89
  SINCE JAN 1      7.97                      7.80   0.17     5.58

DEGREE DAYS
 HEATING
  YESTERDAY       26                        23      3       30
  MONTH TO DATE   26                        23      3       30
  SINCE MAR 1     26                        23      3       30

 COOLING
  YESTERDAY        0                         0      0        0
  MONTH TO DATE    0                         0      0        0
  SINCE MAR 1      0                         0      0        0
  SINCE JAN 1      0                         0      0        0
..................................................................


WIND (MPH)
  RESULTANT WIND SPEED   0   RESULTANT WIND DIRECTION  NW (300)
  HIGHEST WIND SPEED     8   HIGHEST WIND DIRECTION    NW (310)
  HIGHEST GUST SPEED    12   HIGHEST GUST DIRECTION    NW (300)
  AVERAGE WIND SPEED     2.4


SKY COVER
  AVERAGE SKY COVER 0.4


WEATHER CONDITIONS
 THE FOLLOWING WEATHER WAS RECORDED YESTERDAY.
  LIGHT RAIN


RELATIVE HUMIDITY (PERCENT)
 HIGHEST    92           700 AM
 LOWEST     46           200 PM
 AVERAGE    69

..........................................................


THE BELLINGHAM WA AIRPORT CLIMATE NORMALS FOR TODAY
                         NORMAL    RECORD    YEAR
 MAXIMUM TEMPERATURE (F)   50        61      1992
                                             1990
 MINIMUM TEMPERATURE (F)   34        20      1989


SUNRISE AND SUNSET
MARCH  2 2015.........SUNRISE   650 AM PST   SUNSET   555 PM PST
MARCH  3 2015.........SUNRISE   648 AM PST   SUNSET   557 PM PST


-  INDICATES NEGATIVE NUMBERS.
R  INDICATES RECORD WAS SET OR TIED.
MM INDICATES DATA IS MISSING.
T  INDICATES TRACE AMOUNT.




$$
