000
CDUS46 KSEW 200124
CLIBLI


CLIMATE REPORT
NATIONAL WEATHER SERVICE SEATTLE WA
524 PM PST SUN NOV 19 2017


...................................

...THE BELLINGHAM WA AIRPORT CLIMATE SUMMARY FOR NOVEMBER 19 2017...
VALID TODAY AS OF 0500 PM LOCAL TIME.

CLIMATE NORMAL PERIOD 1981 TO 2010
CLIMATE RECORD PERIOD 1949 TO 2017


WEATHER ITEM   OBSERVED TIME   RECORD YEAR NORMAL DEPARTURE LAST
                VALUE   (LST)  VALUE       VALUE  FROM      YEAR
                                                  NORMAL
..................................................................
TEMPERATURE (F)
 TODAY
  MAXIMUM         51    951 AM  63    2006  49      2       57
                                      2001
  MINIMUM         45    459 PM  23    1956  36      9       45
  AVERAGE         48                        42      6       51

PRECIPITATION (IN)
  TODAY            0.10          1.50 2002   0.20  -0.10      T
  MONTH TO DATE    2.56                      3.75  -1.19     4.62
  SINCE OCT 1      7.89                      7.43   0.46    12.02
  SINCE JAN 1     26.56                     29.56  -3.00    31.43

DEGREE DAYS
 HEATING
  TODAY           17                        23     -6       14
  MONTH TO DATE  404                       390     14      240
  SINCE SEP 1    999                      1097    -98      808

 COOLING
  TODAY            0                         0      0        0
  MONTH TO DATE    0                         0      0        0
  SINCE SEP 1     31                         2     29        0
  SINCE JAN 1     97                        42     55      101
..................................................................


WIND (MPH)
  RESULTANT WIND SPEED  22   RESULTANT WIND DIRECTION  SE (150)
  HIGHEST WIND SPEED    39   HIGHEST WIND DIRECTION    SE (150)
  HIGHEST GUST SPEED    54   HIGHEST GUST DIRECTION    SE (150)
  AVERAGE WIND SPEED    22.6


SKY COVER
  AVERAGE SKY COVER 1.0


WEATHER CONDITIONS
 THE FOLLOWING WEATHER WAS RECORDED TODAY.
  LIGHT RAIN


RELATIVE HUMIDITY (PERCENT)
 HIGHEST    76           400 PM
 LOWEST     46           800 AM
 AVERAGE    61

..........................................................


THE BELLINGHAM WA AIRPORT CLIMATE NORMALS FOR TOMORROW
                         NORMAL    RECORD    YEAR
 MAXIMUM TEMPERATURE (F)   49        62      2002
 MINIMUM TEMPERATURE (F)   36        20      1977


SUNRISE AND SUNSET
NOVEMBER 19 2017......SUNRISE   726 AM PST   SUNSET   425 PM PST
NOVEMBER 20 2017......SUNRISE   727 AM PST   SUNSET   424 PM PST


-  INDICATES NEGATIVE NUMBERS.
R  INDICATES RECORD WAS SET OR TIED.
MM INDICATES DATA IS MISSING.
T  INDICATES TRACE AMOUNT.




$$
