932
CDUS46 KSEW 250847
CLIBLI


CLIMATE REPORT
NATIONAL WEATHER SERVICE SEATTLE WA
147 AM PDT MON SEP 25 2017


...................................

...THE BELLINGHAM WA AIRPORT CLIMATE SUMMARY FOR SEPTEMBER 24 2017...

CLIMATE NORMAL PERIOD 1981 TO 2010
CLIMATE RECORD PERIOD 1949 TO 2017


WEATHER ITEM   OBSERVED TIME   RECORD YEAR NORMAL DEPARTURE LAST
                VALUE   (LST)  VALUE       VALUE  FROM      YEAR
                                                  NORMAL
..................................................................
TEMPERATURE (F)
 YESTERDAY
  MAXIMUM         67    401 PM  82    1974  65      2       65
  MINIMUM         45    335 AM  34    2000  46     -1       50
                                      1955
  AVERAGE         56                        55      1       58

PRECIPITATION (IN)
  YESTERDAY        0.00          1.76 1959   0.07  -0.07     0.03
  MONTH TO DATE    1.19                      1.36  -0.17     1.62
  SINCE OCT 1     37.22                     35.41   1.81    33.48
  SINCE JAN 1     18.10                     21.71  -3.61    19.41

DEGREE DAYS
 HEATING
  YESTERDAY        9                        10     -1        7
  MONTH TO DATE  110                       166    -56      150
  SINCE SEP 1    110                       166    -56      150

 COOLING
  YESTERDAY        0                         0      0        0
  MONTH TO DATE   29                         0     29        0
  SINCE SEP 1     29                         0     29        0
  SINCE JAN 1     95                        40     55      101
..................................................................


WIND (MPH)
  RESULTANT WIND SPEED   3   RESULTANT WIND DIRECTION   S (170)
  HIGHEST WIND SPEED    10   HIGHEST WIND DIRECTION     S (160)
  HIGHEST GUST SPEED    17   HIGHEST GUST DIRECTION     S (170)
  AVERAGE WIND SPEED     3.5


SKY COVER
  AVERAGE SKY COVER 0.3


WEATHER CONDITIONS
 THE FOLLOWING WEATHER WAS RECORDED YESTERDAY.
  NO SIGNIFICANT WEATHER WAS OBSERVED.


RELATIVE HUMIDITY (PERCENT)
 HIGHEST   100           100 AM
 LOWEST     52           300 PM
 AVERAGE    76

..........................................................


THE BELLINGHAM WA AIRPORT CLIMATE NORMALS FOR TODAY
                         NORMAL    RECORD    YEAR
 MAXIMUM TEMPERATURE (F)   65        76      1991
 MINIMUM TEMPERATURE (F)   45        31      1972


SUNRISE AND SUNSET
SEPTEMBER 25 2017.....SUNRISE   702 AM PDT   SUNSET   701 PM PDT
SEPTEMBER 26 2017.....SUNRISE   703 AM PDT   SUNSET   659 PM PDT


-  INDICATES NEGATIVE NUMBERS.
R  INDICATES RECORD WAS SET OR TIED.
MM INDICATES DATA IS MISSING.
T  INDICATES TRACE AMOUNT.




$$
