000
CDUS46 KSEW 270828
CLIBLI


CLIMATE REPORT
NATIONAL WEATHER SERVICE SEATTLE WA
127 AM PDT SAT AUG 27 2016


...................................

...THE BELLINGHAM WA AIRPORT CLIMATE SUMMARY FOR AUGUST 26 2016...

CLIMATE NORMAL PERIOD 1981 TO 2010
CLIMATE RECORD PERIOD 1949 TO 2016


WEATHER ITEM   OBSERVED TIME   RECORD YEAR NORMAL DEPARTURE LAST
                VALUE   (LST)  VALUE       VALUE  FROM      YEAR
                                                  NORMAL
..................................................................
TEMPERATURE (F)
 YESTERDAY
  MAXIMUM         87R   408 PM  84    2014  71     16       78
  MINIMUM         54    526 AM  42    1949  52      2       49
  AVERAGE         71                        61     10       64

PRECIPITATION (IN)
  YESTERDAY        0.00          0.60 1960   0.04  -0.04     0.00
  MONTH TO DATE    0.02                      0.98  -0.96     0.22
  SINCE OCT 1     31.66                     33.80  -2.14    30.52
  SINCE JAN 1     17.59                     20.10  -2.51    15.79

DEGREE DAYS
 HEATING
  YESTERDAY        0                         4     -4        1
  MONTH TO DATE   30                        60    -30       21
  SINCE JUN 1    217                       362   -145      103

 COOLING
  YESTERDAY        6                         0      6        0
  MONTH TO DATE   53                         0     53       51
  SINCE JUN 1     99                        23     76      189
  SINCE JAN 1    100                        23     77      189
..................................................................


WIND (MPH)
  RESULTANT WIND SPEED   3   RESULTANT WIND DIRECTION   S (180)
  HIGHEST WIND SPEED    14   HIGHEST WIND DIRECTION     S (170)
  HIGHEST GUST SPEED    19   HIGHEST GUST DIRECTION     S (180)
  AVERAGE WIND SPEED     4.0


SKY COVER
  AVERAGE SKY COVER 0.0


WEATHER CONDITIONS
 THE FOLLOWING WEATHER WAS RECORDED YESTERDAY.
  NO SIGNIFICANT WEATHER WAS OBSERVED.


RELATIVE HUMIDITY (PERCENT)
 HIGHEST    93           500 AM
 LOWEST     27           300 PM
 AVERAGE    60

..........................................................


THE BELLINGHAM WA AIRPORT CLIMATE NORMALS FOR TODAY
                         NORMAL    RECORD    YEAR
 MAXIMUM TEMPERATURE (F)   71        85      1994
 MINIMUM TEMPERATURE (F)   52        41      1954


SUNRISE AND SUNSET
AUGUST 27 2016........SUNRISE   621 AM PDT   SUNSET   801 PM PDT
AUGUST 28 2016........SUNRISE   622 AM PDT   SUNSET   759 PM PDT


-  INDICATES NEGATIVE NUMBERS.
R  INDICATES RECORD WAS SET OR TIED.
MM INDICATES DATA IS MISSING.
T  INDICATES TRACE AMOUNT.




$$
