000
CDUS46 KSEW 230144
CLIBLI


CLIMATE REPORT
NATIONAL WEATHER SERVICE SEATTLE WA
543 PM PST SUN JAN 22 2017


...................................

...THE BELLINGHAM WA AIRPORT CLIMATE SUMMARY FOR JANUARY 22 2017...
VALID TODAY AS OF 0500 PM LOCAL TIME.

CLIMATE NORMAL PERIOD 1981 TO 2010
CLIMATE RECORD PERIOD 1949 TO 2017


WEATHER ITEM   OBSERVED TIME   RECORD YEAR NORMAL DEPARTURE LAST
                VALUE   (LST)  VALUE       VALUE  FROM      YEAR
                                                  NORMAL
..................................................................
TEMPERATURE (F)
 TODAY
  MAXIMUM         46    336 PM  65    1981  46      0       59
  MINIMUM         33    457 AM  11    1969  33      0       41
  AVERAGE         40                        40      0       50

PRECIPITATION (IN)
  TODAY            0.03          1.06 1953   0.14  -0.11     0.44
  MONTH TO DATE    1.66                      3.39  -1.73     1.85
  SINCE OCT 1     20.78                     17.09   3.69    15.92
  SINCE JAN 1      1.66                      3.39  -1.73     1.85

DEGREE DAYS
 HEATING
  TODAY           25                        25      0       15
  MONTH TO DATE  667                       573     94      551
  SINCE DEC 1   1617                      1407    210     1259

 COOLING
  TODAY            0                         0      0        0
  MONTH TO DATE    0                         0      0        0
  SINCE DEC 1      0                         0      0        0
  SINCE JAN 1      0                         0      0        0
..................................................................


WIND (MPH)
  RESULTANT WIND SPEED   4   RESULTANT WIND DIRECTION  NE (50)
  HIGHEST WIND SPEED     9   HIGHEST WIND DIRECTION     E (110)
  HIGHEST GUST SPEED    MM   HIGHEST GUST DIRECTION    MM
  AVERAGE WIND SPEED     5.4


SKY COVER
  AVERAGE SKY COVER 0.6


WEATHER CONDITIONS
 THE FOLLOWING WEATHER WAS RECORDED TODAY.
  LIGHT RAIN


RELATIVE HUMIDITY (PERCENT)
 HIGHEST   100           400 AM
 LOWEST     65          1000 AM
 AVERAGE    83

..........................................................


THE BELLINGHAM WA AIRPORT CLIMATE NORMALS FOR TOMORROW
                         NORMAL    RECORD    YEAR
 MAXIMUM TEMPERATURE (F)   46        60      2005
 MINIMUM TEMPERATURE (F)   33         9      1969


SUNRISE AND SUNSET
JANUARY 22 2017.......SUNRISE   752 AM PST   SUNSET   453 PM PST
JANUARY 23 2017.......SUNRISE   750 AM PST   SUNSET   454 PM PST


-  INDICATES NEGATIVE NUMBERS.
R  INDICATES RECORD WAS SET OR TIED.
MM INDICATES DATA IS MISSING.
T  INDICATES TRACE AMOUNT.




$$
