000
CDUS46 KSEW 070128
CLIBLI


CLIMATE REPORT
NATIONAL WEATHER SERVICE SEATTLE WA
628 PM PDT MON JUL 6 2015


...................................

...THE BELLINGHAM WA AIRPORT CLIMATE SUMMARY FOR JULY 6 2015...
VALID TODAY AS OF 0600 PM LOCAL TIME.

CLIMATE NORMAL PERIOD 1981 TO 2010
CLIMATE RECORD PERIOD 1949 TO 2015


WEATHER ITEM   OBSERVED TIME   RECORD YEAR NORMAL DEPARTURE LAST
                VALUE   (LST)  VALUE       VALUE  FROM      YEAR
                                                  NORMAL
..................................................................
TEMPERATURE (F)
 TODAY
  MAXIMUM         74    245 PM  87    1958  70      4       75
  MINIMUM         58    322 AM  40    1952  53      5       60
  AVERAGE         66                        61      5       68

PRECIPITATION (IN)
  TODAY            0.00          0.38 2004   0.05  -0.05      T
  MONTH TO DATE    0.00                      0.28  -0.28     0.01
  SINCE OCT 1     29.63                     31.92  -2.29    28.28
  SINCE JAN 1     14.90                     18.22  -3.32    17.97

DEGREE DAYS
 HEATING
  TODAY            0                         4     -4        0
  MONTH TO DATE    0                        24    -24       11
  SINCE JUN 1     69                       225   -156      147

 COOLING
  TODAY            1                         0      1        3
  MONTH TO DATE   34                         0     34        7
  SINCE JUN 1     82                         4     78        8
  SINCE JAN 1     82                         4     78        9
..................................................................


WIND (MPH)
  RESULTANT WIND SPEED   7   RESULTANT WIND DIRECTION   S (170)
  HIGHEST WIND SPEED    16   HIGHEST WIND DIRECTION     S (160)
  HIGHEST GUST SPEED    25   HIGHEST GUST DIRECTION     S (200)
  AVERAGE WIND SPEED     7.1


SKY COVER
  AVERAGE SKY COVER 0.2


WEATHER CONDITIONS
 THE FOLLOWING WEATHER WAS RECORDED TODAY.
  HAZE


RELATIVE HUMIDITY (PERCENT)
 HIGHEST    84           300 AM
 LOWEST     53           200 PM
 AVERAGE    69

..........................................................


THE BELLINGHAM WA AIRPORT CLIMATE NORMALS FOR TOMORROW
                         NORMAL    RECORD    YEAR
 MAXIMUM TEMPERATURE (F)   70        88      1953
 MINIMUM TEMPERATURE (F)   53        40      1957


SUNRISE AND SUNSET
JULY  6 2015..........SUNRISE   514 AM PDT   SUNSET   915 PM PDT
JULY  7 2015..........SUNRISE   515 AM PDT   SUNSET   914 PM PDT


-  INDICATES NEGATIVE NUMBERS.
R  INDICATES RECORD WAS SET OR TIED.
MM INDICATES DATA IS MISSING.
T  INDICATES TRACE AMOUNT.




$$
