000
CDUS43 KIND 230636
CLIBMG


CLIMATE REPORT
NATIONAL WEATHER SERVICE INDIANAPOLIS IN
135 AM EST FRI FEB 23 2018


...................................

...THE BLOOMINGTON IN CLIMATE SUMMARY FOR FEBRUARY 22 2018...

CLIMATE NORMAL PERIOD 1981 TO 2010
CLIMATE RECORD PERIOD 9999 TO 9999


WEATHER ITEM   OBSERVED TIME   NORMAL DEPARTURE LAST
                VALUE   (LST)  VALUE  FROM      YEAR
                                      NORMAL
......................................................
TEMPERATURE (F)
 YESTERDAY
  MAXIMUM         45    626 PM  45      0       70
  MINIMUM         39    116 AM  25     14       51
  AVERAGE         42            35      7       61

PRECIPITATION (IN)
  YESTERDAY        0.36          0.08   0.28     0.00
  MONTH TO DATE    3.18          2.27   0.91     0.67
  SINCE DEC 1      7.12          9.12  -2.00     7.05
  SINCE JAN 1      5.93          5.58   0.35     4.57

DEGREE DAYS
 HEATING
  YESTERDAY       23            30     -7        4
  MONTH TO DATE  624           720    -96      491
  SINCE DEC 1   2832          2839     -7     2410
  SINCE JUL 1   3749          3895   -146     3093

 COOLING
  YESTERDAY        0             0      0        0
  MONTH TO DATE    6             0      6        0
  SINCE DEC 1      6             0      6        0
  SINCE JAN 1      6             0      6        0
......................................................


WIND (MPH)
  HIGHEST WIND SPEED    20   HIGHEST WIND DIRECTION     E (80)
  HIGHEST GUST SPEED    26   HIGHEST GUST DIRECTION     E (90)
  AVERAGE WIND SPEED    10.3


SKY COVER
  AVERAGE SKY COVER 1.0


WEATHER CONDITIONS
 THE FOLLOWING WEATHER WAS RECORDED YESTERDAY.
  RAIN
  LIGHT RAIN
  FOG


RELATIVE HUMIDITY (PERCENT)
 HIGHEST   100           800 PM
 LOWEST     83           100 PM
 AVERAGE    92

..........................................................


THE BLOOMINGTON IN CLIMATE NORMALS FOR TODAY
                         NORMAL
 MAXIMUM TEMPERATURE (F)   46
 MINIMUM TEMPERATURE (F)   25


SUNRISE AND SUNSET
FEBRUARY 23 2018......SUNRISE   728 AM EST   SUNSET   633 PM EST
FEBRUARY 24 2018......SUNRISE   726 AM EST   SUNSET   634 PM EST


-  INDICATES NEGATIVE NUMBERS.
R  INDICATES RECORD WAS SET OR TIED.
MM INDICATES DATA IS MISSING.
T  INDICATES TRACE AMOUNT.




$$
