000
CDUS43 KIND 210532
CLIBMG


CLIMATE REPORT
NATIONAL WEATHER SERVICE INDIANAPOLIS IN
131 AM EDT SUN SEP 21 2014


...................................

...THE BLOOMINGTON IN CLIMATE SUMMARY FOR SEPTEMBER 20 2014...

CLIMATE NORMAL PERIOD 1981 TO 2010
CLIMATE RECORD PERIOD 9999 TO 9999


WEATHER ITEM   OBSERVED TIME   NORMAL DEPARTURE LAST
                VALUE   (LST)  VALUE  FROM      YEAR
                                      NORMAL
......................................................
TEMPERATURE (F)
 YESTERDAY
  MAXIMUM         81    405 PM  77      4       79
  MINIMUM         51    656 AM  51      0       65
  AVERAGE         66            64      2       72

PRECIPITATION (IN)
  YESTERDAY        T             0.10  -0.10     0.27
  MONTH TO DATE    4.03          2.16   1.87     1.37
  SINCE SEP 1      4.03          2.16   1.87     1.37
  SINCE JAN 1     34.66         35.35  -0.69    31.69

DEGREE DAYS
 HEATING
  YESTERDAY        0             3     -3        0
  MONTH TO DATE   68            27     41       22
  SINCE SEP 1     68            27     41       22
  SINCE JUL 1     74            34     40       36

 COOLING
  YESTERDAY        1             2     -1        7
  MONTH TO DATE   57            80    -23      131
  SINCE SEP 1     57            80    -23      131
  SINCE JAN 1    887           897    -10      972
......................................................


WIND (MPH)
  HIGHEST WIND SPEED    17   HIGHEST WIND DIRECTION    SW (220)
  HIGHEST GUST SPEED    24   HIGHEST GUST DIRECTION    SW (220)
  AVERAGE WIND SPEED     5.8


SKY COVER
  AVERAGE SKY COVER 0.2


WEATHER CONDITIONS
 THE FOLLOWING WEATHER WAS RECORDED YESTERDAY.
  FOG


RELATIVE HUMIDITY (PERCENT)
 HIGHEST    96           600 AM
 LOWEST     62           200 PM
 AVERAGE    79

..........................................................


THE BLOOMINGTON IN CLIMATE NORMALS FOR TODAY
                         NORMAL
 MAXIMUM TEMPERATURE (F)   76
 MINIMUM TEMPERATURE (F)   51


SUNRISE AND SUNSET
SEPTEMBER 21 2014.....SUNRISE   733 AM EDT   SUNSET   745 PM EDT
SEPTEMBER 22 2014.....SUNRISE   734 AM EDT   SUNSET   744 PM EDT


-  INDICATES NEGATIVE NUMBERS.
R  INDICATES RECORD WAS SET OR TIED.
MM INDICATES DATA IS MISSING.
T  INDICATES TRACE AMOUNT.




$$
