000
CDUS43 KIND 210549
CLIBMG


CLIMATE REPORT
NATIONAL WEATHER SERVICE INDIANAPOLIS IN
1245 AM EST TUE FEB 21 2017


...................................

...THE BLOOMINGTON IN CLIMATE SUMMARY FOR FEBRUARY 20 2017...

CLIMATE NORMAL PERIOD 1981 TO 2010
CLIMATE RECORD PERIOD 9999 TO 9999


WEATHER ITEM   OBSERVED TIME   NORMAL DEPARTURE LAST
                VALUE   (LST)  VALUE  FROM      YEAR
                                      NORMAL
......................................................
TEMPERATURE (F)
 YESTERDAY
  MAXIMUM         69    507 PM  44     25       72
  MINIMUM         35    134 AM  24     11       42
  AVERAGE         52            34     18       57

PRECIPITATION (IN)
  YESTERDAY        0.00          0.09  -0.09     0.05
  MONTH TO DATE    0.64          2.10  -1.46     0.69
  SINCE DEC 1      7.02          8.95  -1.93     7.46
  SINCE JAN 1      4.54          5.41  -0.87     2.20

DEGREE DAYS
 HEATING
  YESTERDAY       13            31    -18        8
  MONTH TO DATE  479           660   -181      600
  SINCE DEC 1   2398          2779   -381     2324
  SINCE JUL 1   3081          3835   -754     3116

 COOLING
  YESTERDAY        0             0      0        0
  MONTH TO DATE    0             0      0        0
  SINCE DEC 1      0             0      0        0
  SINCE JAN 1      0             0      0        0
......................................................


WIND (MPH)
  HIGHEST WIND SPEED    13   HIGHEST WIND DIRECTION    SE (150)
  HIGHEST GUST SPEED    17   HIGHEST GUST DIRECTION    SE (130)
  AVERAGE WIND SPEED     4.7


SKY COVER
  AVERAGE SKY COVER 0.4


WEATHER CONDITIONS
 THE FOLLOWING WEATHER WAS RECORDED YESTERDAY.
  FOG
  FOG W/VISIBILITY <= 1/4 MILE
  HAZE


RELATIVE HUMIDITY (PERCENT)
 HIGHEST   100           300 AM
 LOWEST     45           300 PM
 AVERAGE    73

..........................................................


THE BLOOMINGTON IN CLIMATE NORMALS FOR TODAY
                         NORMAL
 MAXIMUM TEMPERATURE (F)   45
 MINIMUM TEMPERATURE (F)   24


SUNRISE AND SUNSET
FEBRUARY 21 2017......SUNRISE   730 AM EST   SUNSET   631 PM EST
FEBRUARY 22 2017......SUNRISE   729 AM EST   SUNSET   632 PM EST


-  INDICATES NEGATIVE NUMBERS.
R  INDICATES RECORD WAS SET OR TIED.
MM INDICATES DATA IS MISSING.
T  INDICATES TRACE AMOUNT.




$$
