000
CDUS43 KIND 210537
CLIBMG


CLIMATE REPORT
NATIONAL WEATHER SERVICE INDIANAPOLIS IN
136 AM EDT TUE OCT 21 2014


...................................

...THE BLOOMINGTON IN CLIMATE SUMMARY FOR OCTOBER 20 2014...

CLIMATE NORMAL PERIOD 1981 TO 2010
CLIMATE RECORD PERIOD 9999 TO 9999


WEATHER ITEM   OBSERVED TIME   NORMAL DEPARTURE LAST
                VALUE   (LST)  VALUE  FROM      YEAR
                                      NORMAL
......................................................
TEMPERATURE (F)
 YESTERDAY
  MAXIMUM         70    444 PM  66      4       63
  MINIMUM         46   1251 AM  41      5       38
  AVERAGE         58            54      4       51

PRECIPITATION (IN)
  YESTERDAY        0.00          0.12  -0.12     0.00
  MONTH TO DATE    4.32          2.32   2.00     4.92
  SINCE SEP 1      8.43          5.67   2.76     6.78
  SINCE JAN 1     39.06         38.86   0.20    37.10

DEGREE DAYS
 HEATING
  YESTERDAY        7            12     -5       14
  MONTH TO DATE  184           186     -2      139
  SINCE SEP 1    282           264     18      189
  SINCE JUL 1    288           271     17      203

 COOLING
  YESTERDAY        0             0      0        0
  MONTH TO DATE   10            11     -1       30
  SINCE SEP 1     73           107    -34      165
  SINCE JAN 1    903           924    -21     1006
......................................................


WIND (MPH)
  HIGHEST WIND SPEED    20   HIGHEST WIND DIRECTION    SW (210)
  HIGHEST GUST SPEED    26   HIGHEST GUST DIRECTION    SW (210)
  AVERAGE WIND SPEED     7.1


SKY COVER
  AVERAGE SKY COVER 0.5


WEATHER CONDITIONS
 THE FOLLOWING WEATHER WAS RECORDED YESTERDAY.
  HAZE


RELATIVE HUMIDITY (PERCENT)
 HIGHEST    92          1200 AM
 LOWEST     42           500 PM
 AVERAGE    67

..........................................................


THE BLOOMINGTON IN CLIMATE NORMALS FOR TODAY
                         NORMAL
 MAXIMUM TEMPERATURE (F)   66
 MINIMUM TEMPERATURE (F)   41


SUNRISE AND SUNSET
OCTOBER 21 2014.......SUNRISE   802 AM EDT   SUNSET   659 PM EDT
OCTOBER 22 2014.......SUNRISE   803 AM EDT   SUNSET   658 PM EDT


-  INDICATES NEGATIVE NUMBERS.
R  INDICATES RECORD WAS SET OR TIED.
MM INDICATES DATA IS MISSING.
T  INDICATES TRACE AMOUNT.




$$
