000
CDUS43 KIND 010535
CLIBMG


CLIMATE REPORT
NATIONAL WEATHER SERVICE INDIANAPOLIS IN
135 AM EDT WED JUN 1 2016


...................................

...THE BLOOMINGTON IN CLIMATE SUMMARY FOR MAY 31 2016...

CLIMATE NORMAL PERIOD 1981 TO 2010
CLIMATE RECORD PERIOD 9999 TO 9999


WEATHER ITEM   OBSERVED TIME   NORMAL DEPARTURE LAST
                VALUE   (LST)  VALUE  FROM      YEAR
                                      NORMAL
......................................................
TEMPERATURE (F)
 YESTERDAY
  MAXIMUM         86    446 PM  79      7       68
  MINIMUM         63    616 AM  56      7       54
  AVERAGE         75            67      8       61

PRECIPITATION (IN)
  YESTERDAY        0.00          0.19  -0.19    MM
  MONTH TO DATE    3.33          5.24  -1.91     1.55
  SINCE MAR 1     13.39         13.82  -0.43    10.99
  SINCE JAN 1     18.60         19.89  -1.29    14.56

DEGREE DAYS
 HEATING
  YESTERDAY        0             2     -2        4
  MONTH TO DATE  148           137     11       78
  SINCE MAR 1    955          1183   -228     1118
  SINCE JUL 1   4275          5251   -976     5689

 COOLING
  YESTERDAY       10             4      6        0
  MONTH TO DATE   76            63     13      121
  SINCE MAR 1     90            82      8      127
  SINCE JAN 1     90            82      8      127
......................................................


WIND (MPH)
  HIGHEST WIND SPEED    14   HIGHEST WIND DIRECTION     S (200)
  HIGHEST GUST SPEED    20   HIGHEST GUST DIRECTION    SE (140)
  AVERAGE WIND SPEED     3.1


SKY COVER
  AVERAGE SKY COVER 0.1


WEATHER CONDITIONS
 THE FOLLOWING WEATHER WAS RECORDED YESTERDAY.
  NO SIGNIFICANT WEATHER WAS OBSERVED.


RELATIVE HUMIDITY (PERCENT)
 HIGHEST    93           300 AM
 LOWEST     34           600 PM
 AVERAGE    64

..........................................................


THE BLOOMINGTON IN CLIMATE NORMALS FOR TODAY
                         NORMAL
 MAXIMUM TEMPERATURE (F)   79
 MINIMUM TEMPERATURE (F)   56


SUNRISE AND SUNSET
JUNE  1 2016..........SUNRISE   622 AM EDT   SUNSET   907 PM EDT
JUNE  2 2016..........SUNRISE   622 AM EDT   SUNSET   908 PM EDT


-  INDICATES NEGATIVE NUMBERS.
R  INDICATES RECORD WAS SET OR TIED.
MM INDICATES DATA IS MISSING.
T  INDICATES TRACE AMOUNT.




$$
