000
CDUS43 KIND 020532
CLIBMG


CLIMATE REPORT
NATIONAL WEATHER SERVICE INDIANAPOLIS IN
131 AM EDT THU JUL 2 2015


...................................

...THE BLOOMINGTON IN CLIMATE SUMMARY FOR JULY 1 2015...

CLIMATE NORMAL PERIOD 1981 TO 2010
CLIMATE RECORD PERIOD 9999 TO 9999


WEATHER ITEM   OBSERVED TIME   NORMAL DEPARTURE LAST
                VALUE   (LST)  VALUE  FROM      YEAR
                                      NORMAL
......................................................
TEMPERATURE (F)
 YESTERDAY
  MAXIMUM         78    259 PM  84     -6       88
  MINIMUM         59    518 AM  64     -5       67
  AVERAGE         69            74     -5       78

PRECIPITATION (IN)
  YESTERDAY        0.02          0.15  -0.13     0.08
  MONTH TO DATE    0.02          0.15  -0.13     0.08
  SINCE JUN 1     10.59          5.04   5.55     5.25
  SINCE JAN 1     25.15         24.93   0.22    23.85

DEGREE DAYS
 HEATING
  YESTERDAY        0             0      0        0
  MONTH TO DATE    0             0      0        0
  SINCE JUN 1     17            15      2        3
  SINCE JUL 1      0             0      0        0

 COOLING
  YESTERDAY        4             9     -5       13
  MONTH TO DATE    4             9     -5       13
  SINCE JUN 1    253           217     36      286
  SINCE JAN 1    380           299     81      412
......................................................


WIND (MPH)
  HIGHEST WIND SPEED    12   HIGHEST WIND DIRECTION    SW (220)
  HIGHEST GUST SPEED    14   HIGHEST GUST DIRECTION    SW (230)
  AVERAGE WIND SPEED     2.3


SKY COVER
  AVERAGE SKY COVER 0.6


WEATHER CONDITIONS
 THE FOLLOWING WEATHER WAS RECORDED YESTERDAY.
  LIGHT RAIN
  FOG
  FOG W/VISIBILITY <= 1/4 MILE


RELATIVE HUMIDITY (PERCENT)
 HIGHEST   100           100 AM
 LOWEST     67           200 PM
 AVERAGE    84

..........................................................


THE BLOOMINGTON IN CLIMATE NORMALS FOR TODAY
                         NORMAL
 MAXIMUM TEMPERATURE (F)   84
 MINIMUM TEMPERATURE (F)   64


SUNRISE AND SUNSET
JULY  2 2015..........SUNRISE   624 AM EDT   SUNSET   916 PM EDT
JULY  3 2015..........SUNRISE   625 AM EDT   SUNSET   916 PM EDT


-  INDICATES NEGATIVE NUMBERS.
R  INDICATES RECORD WAS SET OR TIED.
MM INDICATES DATA IS MISSING.
T  INDICATES TRACE AMOUNT.




$$
