000
CDUS44 KOHX 221218
CLIBNA

CLIMATE REPORT
NATIONAL WEATHER SERVICE NASHVILLE TN
715 AM CDT MON SEP 22 2014


...................................

...THE NASHVILLE CLIMATE SUMMARY FOR SEPTEMBER 21 2014...

CLIMATE NORMAL PERIOD 1981 TO 2010
CLIMATE RECORD PERIOD 1871 TO 2014


WEATHER ITEM   OBSERVED TIME   RECORD YEAR NORMAL DEPARTURE
                VALUE   (LST)  VALUE       VALUE  FROM
                                                  NORMAL
...............................................................
TEMPERATURE (F)
 YESTERDAY
  MAXIMUM         88    254 PM  97    1955  81      7
  MINIMUM         63   1159 PM  41    1918  59      4
  AVERAGE         76                        70      6

PRECIPITATION (IN)
  YESTERDAY        0.00          2.18 1979   0.12  -0.12
  MONTH TO DATE    0.21                      2.33  -2.12
  SINCE SEP 1      0.21                      2.33  -2.12
  SINCE JAN 1     35.61                     34.58   1.03

SNOWFALL (IN)
  YESTERDAY        0.0           0.0  2002   0.0    0.0
                                      2001
                                      2000
  MONTH TO DATE    0.0                       0.0    0.0
  SINCE SEP 1      0.0                       0.0    0.0
  SINCE JUL 1      0.0                       0.0    0.0
  SNOW DEPTH       0

DEGREE DAYS
 HEATING
  YESTERDAY        0                               -1
  MONTH TO DATE    2                               -4
  SINCE SEP 1      2                               -4
  SINCE JUL 1      2                               -4

 COOLING
  YESTERDAY       11                                5
  MONTH TO DATE  203                               22
  SINCE SEP 1    203                               22
  SINCE JAN 1   1692                              137
...............................................................


WIND (MPH)
  HIGHEST WIND SPEED    20   HIGHEST WIND DIRECTION     N (340)
  HIGHEST GUST SPEED    28   HIGHEST GUST DIRECTION    NW (320)
  AVERAGE WIND SPEED     7.7




RELATIVE HUMIDITY (PERCENT)
 HIGHEST    93
 LOWEST     41
 AVERAGE    67

..........................................................
LOW SINCE MIDNIGHT......................................55
RAIN SINCE MIDNIGHT...................................0.00

THE NASHVILLE CLIMATE NORMALS FOR TODAY
                         NORMAL    RECORD    YEAR
 MAXIMUM TEMPERATURE (F)   80        97      1955
 MINIMUM TEMPERATURE (F)   58        36      1983


SUNRISE AND SUNSET
SEPTEMBER 22 2014.....SUNRISE   635 AM CDT   SUNSET   644 PM CDT
SEPTEMBER 23 2014.....SUNRISE   635 AM CDT   SUNSET   642 PM CDT


-  INDICATES NEGATIVE NUMBERS.
R  INDICATES RECORD WAS SET OR TIED.
MM INDICATES DATA IS MISSING.
T  INDICATES TRACE AMOUNT.




$$
