000
CDUS44 KOHX 231257
CLIBNA

CLIMATE REPORT
NATIONAL WEATHER SERVICE NASHVILLE TN
745 AM CDT SAT MAY 23 2015


...................................

...THE NASHVILLE CLIMATE SUMMARY FOR MAY 22 2015...

CLIMATE NORMAL PERIOD 1981 TO 2010
CLIMATE RECORD PERIOD 1871 TO 2015


WEATHER ITEM   OBSERVED TIME   RECORD YEAR NORMAL DEPARTURE
                VALUE   (LST)  VALUE       VALUE  FROM
                                                  NORMAL
...............................................................
TEMPERATURE (F)
 YESTERDAY
  MAXIMUM         76    416 PM  95    1941  80     -4
  MINIMUM         44    437 AM  41    2002  59    -15
  AVERAGE         60                        69     -9

PRECIPITATION (IN)
  YESTERDAY        0.00          2.56 1974   0.16  -0.16
  MONTH TO DATE    1.28                      4.04  -2.76
  SINCE MAR 1     11.90                     12.15  -0.25
  SINCE JAN 1     18.72                     19.84  -1.12

SNOWFALL (IN)
  YESTERDAY        0.0           0.0  2002   0.0    0.0
                                      2001
  MONTH TO DATE    0.0                       0.0    0.0
  SINCE MAR 1      2.9                       0.9    2.0
  SINCE JUL 1      6.1                       6.3   -0.2
  SNOW DEPTH       0

DEGREE DAYS
 HEATING
  YESTERDAY        5                                4
  MONTH TO DATE   24                              -25
  SINCE MAR 1    588                             -151
  SINCE JUL 1   3778                              101

 COOLING
  YESTERDAY        0                               -5
  MONTH TO DATE  138                               61
  SINCE MAR 1    180                               58
  SINCE JAN 1    180                               58
...............................................................


WIND (MPH)
  HIGHEST WIND SPEED    12   HIGHEST WIND DIRECTION    NE (40)
  HIGHEST GUST SPEED    17   HIGHEST GUST DIRECTION     W (280)
  AVERAGE WIND SPEED     2.9




RELATIVE HUMIDITY (PERCENT)
 HIGHEST    93
 LOWEST     31
 AVERAGE    62

..........................................................
LOW SINCE MIDNIGHT......................................51
PRECIPITATION SINCE MIDNIGHT..........................0.00

THE NASHVILLE CLIMATE NORMALS FOR TODAY
                         NORMAL    RECORD    YEAR
 MAXIMUM TEMPERATURE (F)   80        91      2010
                                             1970
                                             1921
 MINIMUM TEMPERATURE (F)   59        42      1917


SUNRISE AND SUNSET
MAY 23 2015...........SUNRISE   535 AM CDT   SUNSET   752 PM CDT
MAY 24 2015...........SUNRISE   535 AM CDT   SUNSET   753 PM CDT


-  INDICATES NEGATIVE NUMBERS.
R  INDICATES RECORD WAS SET OR TIED.
MM INDICATES DATA IS MISSING.
T  INDICATES TRACE AMOUNT.




$$
