000
CDUS44 KOHX 250656
CLIBNA


CLIMATE REPORT
NATIONAL WEATHER SERVICE NASHVILLE TN
155 AM CDT FRI APR 25 2014


...................................

...THE NASHVILLE CLIMATE SUMMARY FOR APRIL 24 2014...

CLIMATE NORMAL PERIOD 1981 TO 2010
CLIMATE RECORD PERIOD 1871 TO 2014


WEATHER ITEM   OBSERVED TIME   RECORD YEAR NORMAL DEPARTURE LAST
                VALUE   (LST)  VALUE       VALUE  FROM      YEAR
                                                  NORMAL
..................................................................
TEMPERATURE (F)
 YESTERDAY
  MAXIMUM         82    244 PM  90    1925  73      9       67
  MINIMUM         41    526 AM  34    1986  50     -9       46
                                      1910
  AVERAGE         62                        62      0       57

PRECIPITATION (IN)
  YESTERDAY        0.30          2.82 2010   0.16   0.14     0.71
  MONTH TO DATE    3.08                      3.07   0.01     4.09
  SINCE MAR 1      7.44                      7.18   0.26     8.41
  SINCE JAN 1     15.14                     14.87   0.27    18.13

SNOWFALL (IN)
  YESTERDAY        0.0           0.0  2002   0.0    0.0      0.0
                                      2001
  MONTH TO DATE    0.0                       0.1   -0.1      0.0
  SINCE MAR 1      0.2                       1.0   -0.8      0.3
  SINCE JUL 1      1.6                       6.4   -4.8      1.3
  SNOW DEPTH       0

DEGREE DAYS
 HEATING
  YESTERDAY        3                         5     -2        8
  MONTH TO DATE  137                       192    -55      173
  SINCE MAR 1    679                       665     14      789
  SINCE JUL 1   3864                      3603    261     3421

 COOLING
  YESTERDAY        0                         2     -2        0
  MONTH TO DATE   28                        28      0       47
  SINCE MAR 1     28                        36     -8       48
  SINCE JAN 1     28                        36     -8       52
..................................................................


WIND (MPH)
  HIGHEST WIND SPEED    17   HIGHEST WIND DIRECTION     S (190)
  HIGHEST GUST SPEED    24   HIGHEST GUST DIRECTION     W (290)
  AVERAGE WIND SPEED     7.2


SKY COVER
  POSSIBLE SUNSHINE  MM
  AVERAGE SKY COVER 0.7


WEATHER CONDITIONS
 THE FOLLOWING WEATHER WAS RECORDED YESTERDAY.
  RAIN
  LIGHT RAIN
  FOG


RELATIVE HUMIDITY (PERCENT)
 HIGHEST    90
 LOWEST     23
 AVERAGE    57

..........................................................


THE NASHVILLE CLIMATE NORMALS FOR TODAY
                         NORMAL    RECORD    YEAR
 MAXIMUM TEMPERATURE (F)   73        89      1989
 MINIMUM TEMPERATURE (F)   51        32      1910


SUNRISE AND SUNSET
APRIL 25 2014.........SUNRISE   601 AM CDT   SUNSET   729 PM CDT
APRIL 26 2014.........SUNRISE   600 AM CDT   SUNSET   730 PM CDT


-  INDICATES NEGATIVE NUMBERS.
R  INDICATES RECORD WAS SET OR TIED.
MM INDICATES DATA IS MISSING.
T  INDICATES TRACE AMOUNT.




$$
