000
CDUS44 KOHX 300623
CLIBNA


CLIMATE REPORT
NATIONAL WEATHER SERVICE NASHVILLE TN
123 AM CDT SUN AUG 30 2015


...................................

...THE NASHVILLE CLIMATE SUMMARY FOR AUGUST 29 2015...

CLIMATE NORMAL PERIOD 1981 TO 2010
CLIMATE RECORD PERIOD 1871 TO 2015


WEATHER ITEM   OBSERVED TIME   RECORD YEAR NORMAL DEPARTURE
                VALUE   (LST)  VALUE       VALUE  FROM
                                                  NORMAL
...............................................................
TEMPERATURE (F)
 YESTERDAY
  MAXIMUM         89    103 PM 100    1897  88      1
  MINIMUM         70   1159 PM  49    1986  67      3
  AVERAGE         80                        77      3

PRECIPITATION (IN)
  YESTERDAY        0.10          2.47 1919   0.10   0.00
  MONTH TO DATE    2.99                      2.98   0.01
  SINCE JUN 1     13.44                     10.76   2.68
  SINCE JAN 1     34.44                     32.06   2.38

SNOWFALL (IN)
  YESTERDAY        0.0           0.0  2002   0.0    0.0
                                      2001
                                      2000
  MONTH TO DATE    0.0                       0.0    0.0
  SINCE JUN 1      0.0                       0.0    0.0
  SINCE JUL 1      0.0                       0.0    0.0
  SNOW DEPTH       0

DEGREE DAYS
 HEATING
  YESTERDAY        0                                0
  MONTH TO DATE    0                                0
  SINCE JUN 1      0                               -3
  SINCE JUL 1      0                                0

 COOLING
  YESTERDAY       15                                3
  MONTH TO DATE  365                              -31
  SINCE JUN 1   1257                               91
  SINCE JAN 1   1513                              168
...............................................................


WIND (MPH)
  HIGHEST WIND SPEED    20   HIGHEST WIND DIRECTION     S (190)
  HIGHEST GUST SPEED    28   HIGHEST GUST DIRECTION     S (190)
  AVERAGE WIND SPEED     6.2




RELATIVE HUMIDITY (PERCENT)
 HIGHEST    84
 LOWEST     53
 AVERAGE    69

..........................................................


THE NASHVILLE CLIMATE NORMALS FOR TODAY
                         NORMAL    RECORD    YEAR
 MAXIMUM TEMPERATURE (F)   88       100      1951
 MINIMUM TEMPERATURE (F)   67        53      1891


SUNRISE AND SUNSET
AUGUST 30 2015........SUNRISE   617 AM CDT   SUNSET   718 PM CDT
AUGUST 31 2015........SUNRISE   617 AM CDT   SUNSET   716 PM CDT


-  INDICATES NEGATIVE NUMBERS.
R  INDICATES RECORD WAS SET OR TIED.
MM INDICATES DATA IS MISSING.
T  INDICATES TRACE AMOUNT.




$$
