000
CDUS44 KOHX 070815
CLIBNA

CLIMATE REPORT
NATIONAL WEATHER SERVICE NASHVILLE TN
215 AM CST SUN FEB 7 2016

...THE NASHVILLE CLIMATE SUMMARY FOR FEBRUARY 6 2016...

CLIMATE NORMAL PERIOD 1981 TO 2010
CLIMATE RECORD PERIOD 1871 TO 2016


WEATHER ITEM   OBSERVED TIME   RECORD YEAR NORMAL DEPARTURE
                VALUE   (LST)  VALUE       VALUE  FROM
                                                  NORMAL
...............................................................
TEMPERATURE (F)
 YESTERDAY
  MAXIMUM         54    214 PM  71    2008  50      4
  MINIMUM         27    705 AM   5    1988  30     -3
  AVERAGE         41                        40      1

PRECIPITATION (IN)
  YESTERDAY        0.00          1.73 1884   0.14  -0.14
  MONTH TO DATE    1.24                      0.85   0.39
  SINCE JAN 1      3.41                      4.60  -1.19

SNOWFALL (IN)
  YESTERDAY        0.0           3.4  1979
  MONTH TO DATE    0.0
  SINCE DEC 1      8.2
  SINCE JUL 1      8.2

DEGREE DAYS
 HEATING
  YESTERDAY       24                               -1
  MONTH TO DATE  108                              -47
  SINCE DEC 1   1328                             -438
  SINCE JUL 1   1751                             -689

 COOLING
  YESTERDAY        0                                0
  MONTH TO DATE    0                                0
  SINCE DEC 1      8                                7
  SINCE JAN 1      0                                0
...............................................................

WIND (MPH)
  HIGHEST WIND SPEED     9   HIGHEST WIND DIRECTION     W (290)
  HIGHEST GUST SPEED    16   HIGHEST GUST DIRECTION     W (290)
  AVERAGE WIND SPEED   1.3


WEATHER CONDITIONS
 THE FOLLOWING WEATHER WAS RECORDED YESTERDAY.
  NO SIGNIFICANT WEATHER WAS OBSERVED.


RELATIVE HUMIDITY (PERCENT)
 HIGHEST    81
 LOWEST     24

..........................................................

THE NASHVILLE CLIMATE NORMALS FOR TODAY
                         NORMAL    RECORD    YEAR
 MAXIMUM TEMPERATURE (F)   50        70      2001
                                             1904
 MINIMUM TEMPERATURE (F)   30         3      1984


SUNRISE AND SUNSET
FEBRUARY  7 2016......SUNRISE   643 AM CST   SUNSET   519 PM CST
FEBRUARY  8 2016......SUNRISE   642 AM CST   SUNSET   520 PM CST


-  INDICATES NEGATIVE NUMBERS.
R  INDICATES RECORD WAS SET OR TIED.
MM INDICATES DATA IS MISSING.
T  INDICATES TRACE AMOUNT.
$$
31
