000
CDUS44 KOHX 290034
CLIBNA


CLIMATE REPORT
NATIONAL WEATHER SERVICE NASHVILLE TN
734 PM CDT THU JUL 28 2016


...................................

...THE NASHVILLE CLIMATE SUMMARY FOR JULY 28 2016...
VALID TODAY AS OF 0700 PM LOCAL TIME.

CLIMATE NORMAL PERIOD 1981 TO 2010
CLIMATE RECORD PERIOD 1871 TO 2016


WEATHER ITEM   OBSERVED TIME   RECORD YEAR NORMAL DEPARTURE
                VALUE   (LST)  VALUE       VALUE  FROM
                                                  NORMAL
...............................................................
TEMPERATURE (F)
 TODAY
  MAXIMUM         87    350 PM 107    1952  89     -2
  MINIMUM         75    946 AM  55    1962  70      5
  AVERAGE         81                        80      1

PRECIPITATION (IN)
  TODAY            0.76          2.52 1997   0.10   0.66
  MONTH TO DATE    5.91                      3.32   2.59
  SINCE JAN 1     24.81                     28.76  -3.95

SNOWFALL (IN)
  TODAY            0.0           0.0  2002
                                      2001
  MONTH TO DATE    0.0
  SINCE JUN 1      0.0
  SINCE JUL 1      0.0

DEGREE DAYS
 HEATING
  TODAY            0                                0
  MONTH TO DATE    0                                0
  SINCE JUN 1      0                               -3
  SINCE JUL 1      0                                0

 COOLING
  TODAY           16                                1
  MONTH TO DATE  498                               90
  SINCE JUN 1    936                              204
  SINCE JAN 1   1173                              262
...............................................................


WIND (MPH)
  HIGHEST WIND SPEED    13   HIGHEST WIND DIRECTION     S (200)
  HIGHEST GUST SPEED    17   HIGHEST GUST DIRECTION    NW (300)
  AVERAGE WIND SPEED     4.6



WEATHER CONDITIONS
 THE FOLLOWING WEATHER WAS RECORDED TODAY.
  RAIN
  LIGHT RAIN
  FOG


RELATIVE HUMIDITY (PERCENT)
 HIGHEST    94
 LOWEST     61
 AVERAGE    78

..........................................................


THE NASHVILLE CLIMATE NORMALS FOR TOMORROW
                         NORMAL    RECORD    YEAR
 MAXIMUM TEMPERATURE (F)   89       105      1952
 MINIMUM TEMPERATURE (F)   70        58      1925


SUNRISE AND SUNSET
JULY 28 2016..........SUNRISE   551 AM CDT   SUNSET   755 PM CDT
JULY 29 2016..........SUNRISE   552 AM CDT   SUNSET   754 PM CDT


-  INDICATES NEGATIVE NUMBERS.
R  INDICATES RECORD WAS SET OR TIED.
MM INDICATES DATA IS MISSING.
T  INDICATES TRACE AMOUNT.




$$
