000
CDUS44 KOHX 180843
CLIBNA


CLIMATE REPORT
NATIONAL WEATHER SERVICE NASHVILLE TN
242 AM CST WED JAN 18 2017


...................................

...THE NASHVILLE CLIMATE SUMMARY FOR JANUARY 17 2017...

CLIMATE NORMAL PERIOD 1981 TO 2010
CLIMATE RECORD PERIOD 1871 TO 2017


WEATHER ITEM   OBSERVED TIME   RECORD YEAR NORMAL DEPARTURE
                VALUE   (LST)  VALUE       VALUE  FROM
                                                  NORMAL
...............................................................
TEMPERATURE (F)
 YESTERDAY
  MAXIMUM         66    304 AM  71    1937  47     19
                                      1907
  MINIMUM         51   1159 PM -11    1982  28     23
  AVERAGE         59                        37     22

PRECIPITATION (IN)
  YESTERDAY        0.63          2.09 1937   0.12   0.51
  MONTH TO DATE    1.97                      2.00  -0.03
  SINCE JAN 1      1.97                      2.00  -0.03

SNOWFALL (IN)
  YESTERDAY        0.0           2.2  1994
  MONTH TO DATE    0.4
  SINCE DEC 1      0.7
  SINCE JUL 1      0.7

DEGREE DAYS
 HEATING
  YESTERDAY        6                              -22
  MONTH TO DATE  332                             -139
  SINCE DEC 1   1015                             -219
  SINCE JUL 1   1369                             -539

 COOLING
  YESTERDAY        0                                0
  MONTH TO DATE    0                                0
  SINCE DEC 1      4                                3
  SINCE JAN 1      0                                0
...............................................................


WIND (MPH)
  HIGHEST WIND SPEED    22   HIGHEST WIND DIRECTION    SW (210)
  HIGHEST GUST SPEED    32   HIGHEST GUST DIRECTION     S (200)
  AVERAGE WIND SPEED     9.6




RELATIVE HUMIDITY (PERCENT)
 HIGHEST   100
 LOWEST     61

..........................................................


THE NASHVILLE CLIMATE NORMALS FOR TODAY
                         NORMAL    RECORD    YEAR
 MAXIMUM TEMPERATURE (F)   47        76      1907
 MINIMUM TEMPERATURE (F)   28        -2      1930


SUNRISE AND SUNSET
JANUARY 18 2017.......SUNRISE   656 AM CST   SUNSET   459 PM CST
JANUARY 19 2017.......SUNRISE   655 AM CST   SUNSET   500 PM CST


-  INDICATES NEGATIVE NUMBERS.
R  INDICATES RECORD WAS SET OR TIED.
MM INDICATES DATA IS MISSING.
T  INDICATES TRACE AMOUNT.




$$
