000
CDUS44 KOHX 231454
CLIBNA


CLIMATE REPORT
NATIONAL WEATHER SERVICE NASHVILLE TN
854 AM CST FRI FEB 23 2018


...................................

...THE NASHVILLE CLIMATE SUMMARY FOR FEBRUARY 23 2018...
VALID AS OF 0800 AM LOCAL TIME.

CLIMATE NORMAL PERIOD 1981 TO 2010
CLIMATE RECORD PERIOD 1871 TO 2018


WEATHER ITEM   OBSERVED TIME   RECORD YEAR NORMAL DEPARTURE
                VALUE   (LST)  VALUE       VALUE  FROM
                                                  NORMAL
...............................................................
TEMPERATURE (F)
 TODAY
  MINIMUM         56    521 AM  12    1963  34     22
                                      1929

PRECIPITATION (IN)
  TODAY            0.00          3.69 1909   0.14  -0.14
  MONTH TO DATE    8.64                      3.23   5.41
  SINCE JAN 1     10.27                      6.98   3.29

SNOWFALL (IN)
  TODAY            0.0           3.8  1947
  MONTH TO DATE    0.0
  SINCE DEC 1      2.4
  SINCE JUL 1      2.4

DEGREE DAYS
 HEATING
  TODAY            4                              -17
  MONTH TO DATE  390                             -161
  SINCE DEC 1   2034                             -128
  SINCE JUL 1   2608                             -228

 COOLING
  TODAY            0                                0
  MONTH TO DATE   14                               14
  SINCE DEC 1     14                               13
  SINCE JAN 1     14                               14
...............................................................


WIND (MPH)
  HIGHEST WIND SPEED     8   HIGHEST WIND DIRECTION    SE (150)
  HIGHEST GUST SPEED    11   HIGHEST GUST DIRECTION     S (170)
  AVERAGE WIND SPEED     2.2




RELATIVE HUMIDITY (PERCENT)
 HIGHEST   100
 LOWEST     90
 AVERAGE    95

..........................................................


THE NASHVILLE CLIMATE NORMALS FOR TOMORROW
                         NORMAL    RECORD    YEAR
 MAXIMUM TEMPERATURE (F)   55        81      2017
 MINIMUM TEMPERATURE (F)   34        10      1967


SUNRISE AND SUNSET
FEBRUARY 23 2018......SUNRISE   625 AM CST   SUNSET   536 PM CST
FEBRUARY 24 2018......SUNRISE   623 AM CST   SUNSET   537 PM CST


-  INDICATES NEGATIVE NUMBERS.
R  INDICATES RECORD WAS SET OR TIED.
MM INDICATES DATA IS MISSING.
T  INDICATES TRACE AMOUNT.




$$
