000
CDUS45 KBOI 080129
CLIBNO


CLIMATE REPORT
NATIONAL WEATHER SERVICE BOISE ID
623 PM MST WED DEC 7 2016


...................................

...THE BURNS OR CLIMATE SUMMARY FOR DECEMBER 7 2016...
VALID TODAY AS OF 0600 PM LOCAL TIME.

CLIMATE NORMAL PERIOD 1981 TO 2010
CLIMATE RECORD PERIOD 1938 TO 2016


WEATHER ITEM   OBSERVED TIME   RECORD YEAR NORMAL DEPARTURE LAST
                VALUE   (LST)  VALUE       VALUE  FROM      YEAR
                                                  NORMAL
..................................................................
TEMPERATURE (F)
 TODAY
  MAXIMUM         24    301 PM  60    1938  35    -11       47
  MINIMUM         -1    735 AM -20    2013  15    -16       35
  AVERAGE         12                        25    -13       41

PRECIPITATION (IN)
  TODAY            0.00          0.62 1948   0.05  -0.05     0.08
  MONTH TO DATE    0.02                      0.35  -0.33     0.50
  SINCE OCT 1      1.81                      2.30  -0.49     1.99
  SINCE JAN 1      6.33                      9.72  -3.39     7.36

DEGREE DAYS
 HEATING
  TODAY           53                        40     13       24
  MONTH TO DATE  291                       273     18      262
  SINCE DEC 1    291                       273     18      262
  SINCE JUL 1   2104                      2274   -170     2123

 COOLING
  TODAY            0                         0      0        0
  MONTH TO DATE    0                         0      0        0
  SINCE DEC 1      0                         0      0        0
  SINCE JAN 1    226                       215     11      330
..................................................................


WIND (MPH)
  HIGHEST WIND SPEED    12   HIGHEST WIND DIRECTION    NE (50)
  HIGHEST GUST SPEED    17   HIGHEST GUST DIRECTION     E (90)
  AVERAGE WIND SPEED     4.5



WEATHER CONDITIONS
 THE FOLLOWING WEATHER WAS RECORDED TODAY.
  FOG


RELATIVE HUMIDITY (PERCENT)
 HIGHEST    91           400 AM
 LOWEST     50           300 PM
 AVERAGE    71

..........................................................


THE BURNS OR CLIMATE NORMALS FOR TOMORROW
                         NORMAL    RECORD    YEAR
 MAXIMUM TEMPERATURE (F)   35        57      1940
 MINIMUM TEMPERATURE (F)   15       -30      2013


SUNRISE AND SUNSET
DECEMBER  7 2016......SUNRISE   716 AM PST   SUNSET   419 PM PST
DECEMBER  8 2016......SUNRISE   717 AM PST   SUNSET   419 PM PST


-  INDICATES NEGATIVE NUMBERS.
R  INDICATES RECORD WAS SET OR TIED.
MM INDICATES DATA IS MISSING.
T  INDICATES TRACE AMOUNT.




$$
