000
CDUS45 KBOI 220933
CLIBNO


CLIMATE REPORT
NATIONAL WEATHER SERVICE BOISE ID
232 AM MST MON DEC 22 2014


...................................

...THE BURNS OR CLIMATE SUMMARY FOR DECEMBER 21 2014...

CLIMATE NORMAL PERIOD 1981 TO 2010
CLIMATE RECORD PERIOD 1939 TO 2014


WEATHER ITEM   OBSERVED TIME   RECORD YEAR NORMAL DEPARTURE LAST
                VALUE   (LST)  VALUE       VALUE  FROM      YEAR
                                                  NORMAL
..................................................................
TEMPERATURE (F)
 YESTERDAY
  MAXIMUM         49   1223 PM  51    1972  33     16       44
  MINIMUM         37    935 PM -24    1990  13     24       24
  AVERAGE         43                        23     20       34

PRECIPITATION (IN)
  YESTERDAY        0.02          0.35 1945   0.06  -0.04      T
  MONTH TO DATE    1.88                      1.06   0.82     0.21
  SINCE OCT 1      4.09                      3.01   1.08     0.97
  SINCE JAN 1     10.34                     10.43  -0.09     6.90

DEGREE DAYS
 HEATING
  YESTERDAY       22                        42    -20       31
  MONTH TO DATE  601                       850   -249     1042
  SINCE DEC 1    601                       850   -249     1042
  SINCE JUL 1   2331                      2851   -520     2965

 COOLING
  YESTERDAY        0                         0      0        0
  MONTH TO DATE    0                         0      0        0
  SINCE DEC 1      0                         0      0        0
  SINCE JAN 1    318                       215    103      372
..................................................................


WIND (MPH)
  HIGHEST WIND SPEED    28   HIGHEST WIND DIRECTION     W (260)
  HIGHEST GUST SPEED    35   HIGHEST GUST DIRECTION     W (260)
  AVERAGE WIND SPEED    12.4


SKY COVER
  POSSIBLE SUNSHINE  MM
  AVERAGE SKY COVER 0.6


WEATHER CONDITIONS
 THE FOLLOWING WEATHER WAS RECORDED YESTERDAY.
  LIGHT RAIN


RELATIVE HUMIDITY (PERCENT)
 HIGHEST    92           900 PM
 LOWEST     71          1200 PM
 AVERAGE    82

..........................................................


THE BURNS OR CLIMATE NORMALS FOR TODAY
                         NORMAL    RECORD    YEAR
 MAXIMUM TEMPERATURE (F)   33        53      1964
                                             1955
                                             1946
 MINIMUM TEMPERATURE (F)   13       -28      1990


SUNRISE AND SUNSET
DECEMBER 22 2014......SUNRISE   726 AM PST   SUNSET   423 PM PST
DECEMBER 23 2014......SUNRISE   727 AM PST   SUNSET   423 PM PST


-  INDICATES NEGATIVE NUMBERS.
R  INDICATES RECORD WAS SET OR TIED.
MM INDICATES DATA IS MISSING.
T  INDICATES TRACE AMOUNT.




$$
