000
CDUS45 KBOI 250931
CLIBNO


CLIMATE REPORT
NATIONAL WEATHER SERVICE BOISE ID
331 AM MDT MON SEP 25 2017


...................................

...THE BURNS OR CLIMATE SUMMARY FOR SEPTEMBER 24 2017...

CLIMATE NORMAL PERIOD 1981 TO 2010
CLIMATE RECORD PERIOD 1938 TO 2017


WEATHER ITEM   OBSERVED TIME   RECORD YEAR NORMAL DEPARTURE LAST
                VALUE   (LST)  VALUE       VALUE  FROM      YEAR
                                                  NORMAL
..................................................................
TEMPERATURE (F)
 YESTERDAY
  MAXIMUM         65    155 PM  91    2011  72     -7       71
  MINIMUM         24    600 AM  21    1984  33     -9       29
  AVERAGE         45                        53     -8       50

PRECIPITATION (IN)
  YESTERDAY        0.00          0.27 1948   0.01  -0.01     0.00
  MONTH TO DATE    0.25                      0.34  -0.09     0.13
  SINCE OCT 1     12.15                     10.82   1.33     9.39
  SINCE JAN 1      8.64                      7.32   1.32     4.52

DEGREE DAYS
 HEATING
  YESTERDAY       20                        12      8       15
  MONTH TO DATE  219                       200     19      272
  SINCE SEP 1    219                       200     19      272
  SINCE JUL 1    234                       337   -103      388

 COOLING
  YESTERDAY        0                         0      0        0
  MONTH TO DATE   50                         7     43        0
  SINCE SEP 1     50                         7     43        0
  SINCE JAN 1    343                       213    130      226
..................................................................


WIND (MPH)
  HIGHEST WIND SPEED    17   HIGHEST WIND DIRECTION    NW (330)
  HIGHEST GUST SPEED    24   HIGHEST GUST DIRECTION    NW (320)
  AVERAGE WIND SPEED     6.9


SKY COVER
  POSSIBLE SUNSHINE  MM
  AVERAGE SKY COVER 0.2


WEATHER CONDITIONS
 THE FOLLOWING WEATHER WAS RECORDED YESTERDAY.
  NO SIGNIFICANT WEATHER WAS OBSERVED.


RELATIVE HUMIDITY (PERCENT)
 HIGHEST   100           600 AM
 LOWEST     26           200 PM
 AVERAGE    63

..........................................................


THE BURNS OR CLIMATE NORMALS FOR TODAY
                         NORMAL    RECORD    YEAR
 MAXIMUM TEMPERATURE (F)   72        90      2009
 MINIMUM TEMPERATURE (F)   33        17      1984
                                             1972


SUNRISE AND SUNSET
SEPTEMBER 25 2017.....SUNRISE   647 AM PDT   SUNSET   647 PM PDT
SEPTEMBER 26 2017.....SUNRISE   648 AM PDT   SUNSET   645 PM PDT


-  INDICATES NEGATIVE NUMBERS.
R  INDICATES RECORD WAS SET OR TIED.
MM INDICATES DATA IS MISSING.
T  INDICATES TRACE AMOUNT.




$$
