707
CDUS45 KBOI 160931
CLIBNO


CLIMATE REPORT
NATIONAL WEATHER SERVICE BOISE ID
231 AM MST MON JAN 16 2017


...................................

...THE BURNS OR CLIMATE SUMMARY FOR JANUARY 15 2017...

CLIMATE NORMAL PERIOD 1981 TO 2010
CLIMATE RECORD PERIOD 1938 TO 2017


WEATHER ITEM   OBSERVED TIME   RECORD YEAR NORMAL DEPARTURE LAST
                VALUE   (LST)  VALUE       VALUE  FROM      YEAR
                                                  NORMAL
..................................................................
TEMPERATURE (F)
 YESTERDAY
  MAXIMUM          9    237 PM  51    1974  35    -26       25
  MINIMUM        -15R  1040 PM -10    1947  15    -30        5
  AVERAGE         -3                        25    -28       15

PRECIPITATION (IN)
  YESTERDAY        0.00          0.31 2011   0.03  -0.03     0.00
  MONTH TO DATE    2.01                      0.64   1.37     0.31
  SINCE OCT 1      5.52                      4.14   1.38     5.18
  SINCE JAN 1      2.01                      0.64   1.37     0.31

DEGREE DAYS
 HEATING
  YESTERDAY       68                        40     28       50
  MONTH TO DATE  846                       611    235      664
  SINCE DEC 1   2195                      1877    318     1923
  SINCE JUL 1   4008                      3878    130     3784

 COOLING
  YESTERDAY        0                         0      0        0
  MONTH TO DATE    0                         0      0        0
  SINCE DEC 1      0                         0      0        0
  SINCE JAN 1      0                         0      0        0
..................................................................


WIND (MPH)
  HIGHEST WIND SPEED     8   HIGHEST WIND DIRECTION     W (260)
  HIGHEST GUST SPEED     9   HIGHEST GUST DIRECTION     W (290)
  AVERAGE WIND SPEED     1.8


SKY COVER
  POSSIBLE SUNSHINE  MM
  AVERAGE SKY COVER 0.0


WEATHER CONDITIONS
 THE FOLLOWING WEATHER WAS RECORDED YESTERDAY.
  FOG
  HAZE


RELATIVE HUMIDITY (PERCENT)
 HIGHEST    92          1200 AM
 LOWEST     75           800 AM
 AVERAGE    84

..........................................................


THE BURNS OR CLIMATE NORMALS FOR TODAY
                         NORMAL    RECORD    YEAR
 MAXIMUM TEMPERATURE (F)   35        50      2014
 MINIMUM TEMPERATURE (F)   15       -18      1987


SUNRISE AND SUNSET
JANUARY 16 2017.......SUNRISE   725 AM PST   SUNSET   447 PM PST
JANUARY 17 2017.......SUNRISE   725 AM PST   SUNSET   448 PM PST


-  INDICATES NEGATIVE NUMBERS.
R  INDICATES RECORD WAS SET OR TIED.
MM INDICATES DATA IS MISSING.
T  INDICATES TRACE AMOUNT.




$$
