000
CDUS45 KBOI 260931
CLIBNO


CLIMATE REPORT
NATIONAL WEATHER SERVICE BOISE ID
331 AM MDT MON JUN 26 2017


...................................

...THE BURNS OR CLIMATE SUMMARY FOR JUNE 25 2017...

CLIMATE NORMAL PERIOD 1981 TO 2010
CLIMATE RECORD PERIOD 1938 TO 2017


WEATHER ITEM   OBSERVED TIME   RECORD YEAR NORMAL DEPARTURE LAST
                VALUE   (LST)  VALUE       VALUE  FROM      YEAR
                                                  NORMAL
..................................................................
TEMPERATURE (F)
 YESTERDAY
  MAXIMUM         93    327 PM  95    1970  79     14       79
                                      1961
  MINIMUM         44    437 AM  30    2007  44      0       31
  AVERAGE         69                        61      8       55

PRECIPITATION (IN)
  YESTERDAY        0.00          1.07 1992   0.02  -0.02     0.00
  MONTH TO DATE    0.10                      0.68  -0.58     0.40
  SINCE OCT 1     11.85                      9.64   2.21     9.12
  SINCE JAN 1      8.34                      6.14   2.20     4.25

DEGREE DAYS
 HEATING
  YESTERDAY        0                         5     -5       10
  MONTH TO DATE  169                       197    -28      180
  SINCE JUN 1    169                       197    -28      180
  SINCE JUL 1   7951                      7667    284     6959

 COOLING
  YESTERDAY        4                         1      3        0
  MONTH TO DATE   22                        11     11       25
  SINCE JUN 1     22                        11     11       25
  SINCE JAN 1     23                        14      9       25
..................................................................


WIND (MPH)
  HIGHEST WIND SPEED    21   HIGHEST WIND DIRECTION     W (250)
  HIGHEST GUST SPEED    26   HIGHEST GUST DIRECTION     W (250)
  AVERAGE WIND SPEED     6.7


SKY COVER
  POSSIBLE SUNSHINE  MM
  AVERAGE SKY COVER 0.0


WEATHER CONDITIONS
 THE FOLLOWING WEATHER WAS RECORDED YESTERDAY.
  NO SIGNIFICANT WEATHER WAS OBSERVED.


RELATIVE HUMIDITY (PERCENT)
 HIGHEST    60           200 AM
 LOWEST      9           500 PM
 AVERAGE    35

..........................................................


THE BURNS OR CLIMATE NORMALS FOR TODAY
                         NORMAL    RECORD    YEAR
 MAXIMUM TEMPERATURE (F)   79        99      2015
 MINIMUM TEMPERATURE (F)   44        29      1976


SUNRISE AND SUNSET
JUNE 26 2017..........SUNRISE   516 AM PDT   SUNSET   841 PM PDT
JUNE 27 2017..........SUNRISE   517 AM PDT   SUNSET   841 PM PDT


-  INDICATES NEGATIVE NUMBERS.
R  INDICATES RECORD WAS SET OR TIED.
MM INDICATES DATA IS MISSING.
T  INDICATES TRACE AMOUNT.




$$
