000
CDUS45 KBOI 060930
CLIBNO


CLIMATE REPORT
NATIONAL WEATHER SERVICE BOISE ID
330 AM MDT MON JUL 6 2015


...................................

...THE BURNS OR CLIMATE SUMMARY FOR JULY 5 2015...

CLIMATE NORMAL PERIOD 1981 TO 2010
CLIMATE RECORD PERIOD 1938 TO 2015


WEATHER ITEM   OBSERVED TIME   RECORD YEAR NORMAL DEPARTURE LAST
                VALUE   (LST)  VALUE       VALUE  FROM      YEAR
                                                  NORMAL
..................................................................
TEMPERATURE (F)
 YESTERDAY
  MAXIMUM         88   1207 PM 102    2007  83      5       94
  MINIMUM         54    406 AM  25    1986  46      8       49
  AVERAGE         71                        64      7       72

PRECIPITATION (IN)
  YESTERDAY        0.00          0.34 1961   0.02  -0.02     0.00
  MONTH TO DATE    0.00                      0.07  -0.07      T
  SINCE OCT 1      8.56                      9.79  -1.23     6.37
  SINCE JAN 1      4.06                      6.29  -2.23     5.40

DEGREE DAYS
 HEATING
  YESTERDAY        0                         3     -3        0
  MONTH TO DATE    0                        16    -16        0
  SINCE JUN 1     49                       234   -185      185
  SINCE JUL 1      0                        16    -16        0

 COOLING
  YESTERDAY        6                         2      4        7
  MONTH TO DATE   59                        10     49       28
  SINCE JUN 1    169                        30    139       36
  SINCE JAN 1    172                        33    139       36
..................................................................


WIND (MPH)
  HIGHEST WIND SPEED    26   HIGHEST WIND DIRECTION     S (170)
  HIGHEST GUST SPEED    34   HIGHEST GUST DIRECTION     S (180)
  AVERAGE WIND SPEED    10.0


SKY COVER
  POSSIBLE SUNSHINE  MM
  AVERAGE SKY COVER 0.1


WEATHER CONDITIONS
 THE FOLLOWING WEATHER WAS RECORDED YESTERDAY.
  NO SIGNIFICANT WEATHER WAS OBSERVED.


RELATIVE HUMIDITY (PERCENT)
 HIGHEST    56          1100 PM
 LOWEST     31          1200 PM
 AVERAGE    44

..........................................................


THE BURNS OR CLIMATE NORMALS FOR TODAY
                         NORMAL    RECORD    YEAR
 MAXIMUM TEMPERATURE (F)   83        97      2014
                                             2007
 MINIMUM TEMPERATURE (F)   46        30      1988
                                             1986


SUNRISE AND SUNSET
JULY  6 2015..........SUNRISE   521 AM PDT   SUNSET   840 PM PDT
JULY  7 2015..........SUNRISE   522 AM PDT   SUNSET   839 PM PDT


-  INDICATES NEGATIVE NUMBERS.
R  INDICATES RECORD WAS SET OR TIED.
MM INDICATES DATA IS MISSING.
T  INDICATES TRACE AMOUNT.




$$
