000
CDUS45 KBOI 040931
CLIBNO


CLIMATE REPORT
NATIONAL WEATHER SERVICE BOISE ID
231 AM MST WED MAR 4 2015


...................................

...THE BURNS OR CLIMATE SUMMARY FOR MARCH 3 2015...

CLIMATE NORMAL PERIOD 1981 TO 2010
CLIMATE RECORD PERIOD 1939 TO 2015


WEATHER ITEM   OBSERVED TIME   RECORD YEAR NORMAL DEPARTURE LAST
                VALUE   (LST)  VALUE       VALUE  FROM      YEAR
                                                  NORMAL
..................................................................
TEMPERATURE (F)
 YESTERDAY
  MAXIMUM         42    346 PM  64    1968  45     -3       53
  MINIMUM         19    641 AM   4    2001  23     -4       33
  AVERAGE         31                        34     -3       43

PRECIPITATION (IN)
  YESTERDAY       MM             0.50 1983   0.04  MM        0.13
  MONTH TO DATE   MM                         0.12  MM        0.21
  SINCE OCT 1      5.65                      5.83  -0.18     3.30
  SINCE JAN 1      1.15                      2.33  -1.18     2.33

DEGREE DAYS
 HEATING
  YESTERDAY       34                        31      3       22
  MONTH TO DATE  103                        95      8       71
  SINCE MAR 1    103                        95      8       71
  SINCE JUL 1   4577                      5623  -1046     5354

 COOLING
  YESTERDAY        0                         0      0        0
  MONTH TO DATE    0                         0      0        0
  SINCE MAR 1      0                         0      0        0
  SINCE JAN 1      0                         0      0        0
..................................................................


WIND (MPH)
  HIGHEST WIND SPEED    20   HIGHEST WIND DIRECTION     W (290)
  HIGHEST GUST SPEED    24   HIGHEST GUST DIRECTION     W (270)
  AVERAGE WIND SPEED     9.6


SKY COVER
  POSSIBLE SUNSHINE  MM
  AVERAGE SKY COVER 0.2


WEATHER CONDITIONS
 THE FOLLOWING WEATHER WAS RECORDED YESTERDAY.
  NO SIGNIFICANT WEATHER WAS OBSERVED.


RELATIVE HUMIDITY (PERCENT)
 HIGHEST    77           500 AM
 LOWEST     33           300 PM
 AVERAGE    55

..........................................................


THE BURNS OR CLIMATE NORMALS FOR TODAY
                         NORMAL    RECORD    YEAR
 MAXIMUM TEMPERATURE (F)   45        67      1968
 MINIMUM TEMPERATURE (F)   23         5      1985


SUNRISE AND SUNSET
MARCH  4 2015.........SUNRISE   627 AM PST   SUNSET   548 PM PST
MARCH  5 2015.........SUNRISE   626 AM PST   SUNSET   549 PM PST


-  INDICATES NEGATIVE NUMBERS.
R  INDICATES RECORD WAS SET OR TIED.
MM INDICATES DATA IS MISSING.
T  INDICATES TRACE AMOUNT.




$$
