000
CDUS45 KBOI 290122
CLIBNO


CLIMATE REPORT
NATIONAL WEATHER SERVICE BOISE ID
621 PM MST FRI NOV 28 2014


...................................

...THE BURNS OR CLIMATE SUMMARY FOR NOVEMBER 28 2014...
VALID TODAY AS OF 0600 PM LOCAL TIME.

CLIMATE NORMAL PERIOD 1981 TO 2010
CLIMATE RECORD PERIOD 1939 TO 2014


WEATHER ITEM   OBSERVED TIME   RECORD YEAR NORMAL DEPARTURE LAST
                VALUE   (LST)  VALUE       VALUE  FROM      YEAR
                                                  NORMAL
..................................................................
TEMPERATURE (F)
 TODAY
  MAXIMUM         52    220 PM  54    1959  39     13       49
  MINIMUM         34    228 AM  -6    2006  18     16       14
  AVERAGE         43                        28     15       32

PRECIPITATION (IN)
  TODAY            0.00          0.52 1966   0.04  -0.04     0.00
  MONTH TO DATE    1.05                      1.08  -0.03     0.45
  SINCE OCT 1      2.20                      1.86   0.34     0.75
  SINCE JAN 1      8.45                      9.28  -0.83     6.68

DEGREE DAYS
 HEATING
  TODAY           22                        37    -15       33
  MONTH TO DATE  896                       876     20      841
  SINCE SEP 1   1591                      1789   -198     1826
  SINCE JUL 1   1656                      1926   -270     1862

 COOLING
  TODAY            0                         0      0        0
  MONTH TO DATE    0                         0      0        0
  SINCE SEP 1      5                         9     -4       21
  SINCE JAN 1    318                       215    103      372
..................................................................


WIND (MPH)
  HIGHEST WIND SPEED    28   HIGHEST WIND DIRECTION     S (200)
  HIGHEST GUST SPEED    35   HIGHEST GUST DIRECTION    SW (210)
  AVERAGE WIND SPEED     5.4



WEATHER CONDITIONS
 THE FOLLOWING WEATHER WAS RECORDED TODAY.
  NO SIGNIFICANT WEATHER WAS OBSERVED.


RELATIVE HUMIDITY (PERCENT)
 HIGHEST    92          1200 AM
 LOWEST     44           200 PM
 AVERAGE    68

..........................................................


THE BURNS OR CLIMATE NORMALS FOR TOMORROW
                         NORMAL    RECORD    YEAR
 MAXIMUM TEMPERATURE (F)   38        58      2008
 MINIMUM TEMPERATURE (F)   17       -15      2006


SUNRISE AND SUNSET
NOVEMBER 28 2014......SUNRISE   706 AM PST   SUNSET   422 PM PST
NOVEMBER 29 2014......SUNRISE   707 AM PST   SUNSET   421 PM PST


-  INDICATES NEGATIVE NUMBERS.
R  INDICATES RECORD WAS SET OR TIED.
MM INDICATES DATA IS MISSING.
T  INDICATES TRACE AMOUNT.




$$
