000
CDUS45 KBOI 120936
CLIBNO


CLIMATE REPORT
NATIONAL WEATHER SERVICE BOISE ID
235 AM MST FRI FEB 12 2016


...................................

...THE BURNS OR CLIMATE SUMMARY FOR FEBRUARY 11 2016...

CLIMATE NORMAL PERIOD 1981 TO 2010
CLIMATE RECORD PERIOD 1938 TO 2016


WEATHER ITEM   OBSERVED TIME   RECORD YEAR NORMAL DEPARTURE LAST
                VALUE   (LST)  VALUE       VALUE  FROM      YEAR
                                                  NORMAL
..................................................................
TEMPERATURE (F)
 YESTERDAY
  MAXIMUM         40    346 PM  59    1971  38      2       52
  MINIMUM         20    328 AM -11    1999  17      3       27
  AVERAGE         30                        28      2       40

PRECIPITATION (IN)
  YESTERDAY        0.00          0.63 1958   0.04  -0.04     0.00
  MONTH TO DATE    0.12                      0.39  -0.27     0.75
  SINCE OCT 1      6.47                      5.08   1.39     5.65
  SINCE JAN 1      1.60                      1.58   0.02     1.15

DEGREE DAYS
 HEATING
  YESTERDAY       35                        37     -2       25
  MONTH TO DATE  343                       421    -78      230
  SINCE DEC 1   2742                      2933   -191     2277
  SINCE JUL 1   4603                      4934   -331     4007

 COOLING
  YESTERDAY        0                         0      0        0
  MONTH TO DATE    0                         0      0        0
  SINCE DEC 1      0                         0      0        0
  SINCE JAN 1      0                         0      0        0
..................................................................


WIND (MPH)
  HIGHEST WIND SPEED     8   HIGHEST WIND DIRECTION     W (270)
  HIGHEST GUST SPEED     9   HIGHEST GUST DIRECTION     W (270)
  AVERAGE WIND SPEED     3.0


SKY COVER
  POSSIBLE SUNSHINE  MM
  AVERAGE SKY COVER 0.3


WEATHER CONDITIONS
 THE FOLLOWING WEATHER WAS RECORDED YESTERDAY.
  FOG
  FOG W/VISIBILITY <= 1/4 MILE


RELATIVE HUMIDITY (PERCENT)
 HIGHEST    92           100 AM
 LOWEST     76           200 PM
 AVERAGE    84

..........................................................


THE BURNS OR CLIMATE NORMALS FOR TODAY
                         NORMAL    RECORD    YEAR
 MAXIMUM TEMPERATURE (F)   38        61      1977
 MINIMUM TEMPERATURE (F)   17        -4      1948


SUNRISE AND SUNSET
FEBRUARY 12 2016......SUNRISE   659 AM PST   SUNSET   522 PM PST
FEBRUARY 13 2016......SUNRISE   658 AM PST   SUNSET   523 PM PST


-  INDICATES NEGATIVE NUMBERS.
R  INDICATES RECORD WAS SET OR TIED.
MM INDICATES DATA IS MISSING.
T  INDICATES TRACE AMOUNT.




$$
