000
CDUS45 KBOI 240931
CLIBNO


CLIMATE REPORT
NATIONAL WEATHER SERVICE BOISE ID
231 AM MST MON NOV 24 2014


...................................

...THE BURNS OR CLIMATE SUMMARY FOR NOVEMBER 23 2014...

CLIMATE NORMAL PERIOD 1981 TO 2010
CLIMATE RECORD PERIOD 1939 TO 2014


WEATHER ITEM   OBSERVED TIME   RECORD YEAR NORMAL DEPARTURE LAST
                VALUE   (LST)  VALUE       VALUE  FROM      YEAR
                                                  NORMAL
..................................................................
TEMPERATURE (F)
 YESTERDAY
  MAXIMUM         41    339 PM  63    1954  41      0       48
  MINIMUM         22    649 AM  -8    1985  19      3       10
  AVERAGE         32                        30      2       29

PRECIPITATION (IN)
  YESTERDAY        0.00          0.76 1955   0.05  -0.05     0.00
  MONTH TO DATE    1.00                      0.87   0.13     0.45
  SINCE OCT 1      2.15                      1.65   0.50     0.75
  SINCE JAN 1      8.40                      9.07  -0.67     6.68

DEGREE DAYS
 HEATING
  YESTERDAY       33                        35     -2       36
  MONTH TO DATE  766                       696     70      673
  SINCE SEP 1   1461                      1609   -148     1658
  SINCE JUL 1   1526                      1746   -220     1694

 COOLING
  YESTERDAY        0                         0      0        0
  MONTH TO DATE    0                         0      0        0
  SINCE SEP 1      5                         9     -4       21
  SINCE JAN 1    318                       215    103      372
..................................................................


WIND (MPH)
  HIGHEST WIND SPEED    13   HIGHEST WIND DIRECTION     W (270)
  HIGHEST GUST SPEED    16   HIGHEST GUST DIRECTION    SW (210)
  AVERAGE WIND SPEED     6.4


SKY COVER
  POSSIBLE SUNSHINE  MM
  AVERAGE SKY COVER 0.2


WEATHER CONDITIONS
 THE FOLLOWING WEATHER WAS RECORDED YESTERDAY.
  NO SIGNIFICANT WEATHER WAS OBSERVED.


RELATIVE HUMIDITY (PERCENT)
 HIGHEST    88           600 AM
 LOWEST     55           200 PM
 AVERAGE    72

..........................................................


THE BURNS OR CLIMATE NORMALS FOR TODAY
                         NORMAL    RECORD    YEAR
 MAXIMUM TEMPERATURE (F)   40        67      1959
 MINIMUM TEMPERATURE (F)   19       -12      1993


SUNRISE AND SUNSET
NOVEMBER 24 2014......SUNRISE   701 AM PST   SUNSET   424 PM PST
NOVEMBER 25 2014......SUNRISE   702 AM PST   SUNSET   423 PM PST


-  INDICATES NEGATIVE NUMBERS.
R  INDICATES RECORD WAS SET OR TIED.
MM INDICATES DATA IS MISSING.
T  INDICATES TRACE AMOUNT.




$$
