000
CDUS45 KBOI 270931
CLIBOI


CLIMATE REPORT
NATIONAL WEATHER SERVICE BOISE ID
331 AM MDT WED MAY 27 2015


...................................

...THE BOISE ID CLIMATE SUMMARY FOR MAY 26 2015...

CLIMATE NORMAL PERIOD 1981 TO 2010
CLIMATE RECORD PERIOD 1878 TO 2015


WEATHER ITEM   OBSERVED TIME   RECORD YEAR NORMAL DEPARTURE LAST
                VALUE   (LST)  VALUE       VALUE  FROM      YEAR
                                                  NORMAL
..................................................................
TEMPERATURE (F)
 YESTERDAY
  MAXIMUM         78    352 PM  98    1966  75      3       81
  MINIMUM         51    552 AM  33    1973  49      2       53
                                      1922
  AVERAGE         65                        62      3       67

PRECIPITATION (IN)
  YESTERDAY        0.01          0.97 1998   0.04  -0.03     0.00
  MONTH TO DATE    1.43                      1.18   0.25     0.60
  SINCE OCT 1     10.63                      9.68   0.95    11.01
  SINCE JAN 1      4.72                      6.03  -1.31     8.10

SNOWFALL (IN)
  YESTERDAY        0.0           0.1  1922   0.0    0.0      0.0
  MONTH TO DATE    0.0                       0.0    0.0      0.0
  SINCE OCT 1     13.3                      19.2   -5.9     14.4
  SINCE JUL 1     13.3                      19.2   -5.9     14.4
  SNOW DEPTH       0

DEGREE DAYS
 HEATING
  YESTERDAY        0                         5     -5        0
  MONTH TO DATE  116                       203    -87      134
  SINCE MAR 1    990                      1268   -278     1153
  SINCE JUL 1   4585                      5427   -842     5493

 COOLING
  YESTERDAY        0                         2     -2        2
  MONTH TO DATE    8                        31    -23       21
  SINCE MAR 1      8                        34    -26       21
  SINCE JAN 1      8                        34    -26       21
..................................................................


WIND (MPH)
  HIGHEST WIND SPEED    16   HIGHEST WIND DIRECTION    NW (320)
  HIGHEST GUST SPEED    21   HIGHEST GUST DIRECTION    NW (310)
  AVERAGE WIND SPEED     3.9


SKY COVER
  POSSIBLE SUNSHINE  MM
  AVERAGE SKY COVER 0.1


WEATHER CONDITIONS
 THE FOLLOWING WEATHER WAS RECORDED YESTERDAY.
  THUNDERSTORM


RELATIVE HUMIDITY (PERCENT)
 HIGHEST    89           200 AM
 LOWEST     26           400 PM
 AVERAGE    58

..........................................................


THE BOISE ID CLIMATE NORMALS FOR TODAY
                         NORMAL    RECORD    YEAR
 MAXIMUM TEMPERATURE (F)   75        94      1983
 MINIMUM TEMPERATURE (F)   49        32      1991


SUNRISE AND SUNSET
MAY 27 2015...........SUNRISE   610 AM MDT   SUNSET   915 PM MDT
MAY 28 2015...........SUNRISE   609 AM MDT   SUNSET   916 PM MDT


-  INDICATES NEGATIVE NUMBERS.
R  INDICATES RECORD WAS SET OR TIED.
MM INDICATES DATA IS MISSING.
T  INDICATES TRACE AMOUNT.




$$
