000
CDUS45 KBOI 230933
CLIBOI


CLIMATE REPORT
NATIONAL WEATHER SERVICE BOISE ID
232 AM MST FRI FEB 23 2018


...................................

...THE BOISE ID CLIMATE SUMMARY FOR FEBRUARY 22 2018...

CLIMATE NORMAL PERIOD 1981 TO 2010
CLIMATE RECORD PERIOD 1875 TO 2018


WEATHER ITEM   OBSERVED TIME   RECORD YEAR NORMAL DEPARTURE LAST
                VALUE   (LST)  VALUE       VALUE  FROM      YEAR
                                                  NORMAL
..................................................................
TEMPERATURE (F)
 YESTERDAY
  MAXIMUM         33    403 PM  67    1958  47    -14       41
  MINIMUM         14   1123 PM   4    1894  30    -16       30
  AVERAGE         24                        38    -14       36

PRECIPITATION (IN)
  YESTERDAY        0.24          0.68 1890   0.03   0.21      T
  MONTH TO DATE    0.48                      0.76  -0.28     1.13
  SINCE OCT 1      5.23                      5.65  -0.42     7.59
  SINCE JAN 1      1.84                      2.00  -0.16     4.09

SNOWFALL (IN)
  YESTERDAY        4.9 R         4.0  1912   0.1    4.8       T
  MONTH TO DATE    5.5                       2.4    3.1      2.1
  SINCE OCT 1     15.4                      17.2   -1.8     37.6
  SINCE JUL 1     15.4                      17.2   -1.8     37.6
  SNOW DEPTH       2

DEGREE DAYS
 HEATING
  YESTERDAY       41                        27     14       29
  MONTH TO DATE  590                       645    -55      557
  SINCE DEC 1   2545                      2752   -207     3186
  SINCE JUL 1   3769                      4006   -237     4091

 COOLING
  YESTERDAY        0                         0      0        0
  MONTH TO DATE    0                         0      0        0
  SINCE DEC 1      0                         0      0        0
  SINCE JAN 1      0                         0      0        0
..................................................................


WIND (MPH)
  HIGHEST WIND SPEED    13   HIGHEST WIND DIRECTION     S (160)
  HIGHEST GUST SPEED    17   HIGHEST GUST DIRECTION    SE (150)
  AVERAGE WIND SPEED     5.2


SKY COVER
  POSSIBLE SUNSHINE  MM
  AVERAGE SKY COVER 0.6


WEATHER CONDITIONS
 THE FOLLOWING WEATHER WAS RECORDED YESTERDAY.
  SNOW
  LIGHT SNOW
  FOG


RELATIVE HUMIDITY (PERCENT)
 HIGHEST    92           200 AM
 LOWEST     51           400 PM
 AVERAGE    72

..........................................................


THE BOISE ID CLIMATE NORMALS FOR TODAY
                         NORMAL    RECORD    YEAR
 MAXIMUM TEMPERATURE (F)   48        64      1995
 MINIMUM TEMPERATURE (F)   30         7      1894


SUNRISE AND SUNSET
FEBRUARY 23 2018......SUNRISE   731 AM MST   SUNSET   626 PM MST
FEBRUARY 24 2018......SUNRISE   729 AM MST   SUNSET   627 PM MST


-  INDICATES NEGATIVE NUMBERS.
R  INDICATES RECORD WAS SET OR TIED.
MM INDICATES DATA IS MISSING.
T  INDICATES TRACE AMOUNT.




$$
