183
CDUS45 KBOI 230932
CLIBOI


CLIMATE REPORT
NATIONAL WEATHER SERVICE BOISE ID
232 AM MST THU FEB 23 2017


...................................

...THE BOISE ID CLIMATE SUMMARY FOR FEBRUARY 22 2017...

CLIMATE NORMAL PERIOD 1981 TO 2010
CLIMATE RECORD PERIOD 1875 TO 2017


WEATHER ITEM   OBSERVED TIME   RECORD YEAR NORMAL DEPARTURE LAST
                VALUE   (LST)  VALUE       VALUE  FROM      YEAR
                                                  NORMAL
..................................................................
TEMPERATURE (F)
 YESTERDAY
  MAXIMUM         41   1231 AM  67    1958  47     -6       49
  MINIMUM         30    749 AM   4    1894  30      0       30
  AVERAGE         36                        38     -2       40

PRECIPITATION (IN)
  YESTERDAY        T             0.68 1890   0.03  -0.03     0.00
  MONTH TO DATE    1.13                      0.76   0.37     0.49
  SINCE OCT 1      7.59                      5.65   1.94     5.66
  SINCE JAN 1      4.09                      2.00   2.09     1.32

SNOWFALL (IN)
  YESTERDAY        T             4.0  1912   0.1   -0.1      0.0
  MONTH TO DATE    2.1                       2.4   -0.3      0.7
  SINCE OCT 1     37.6                      17.2   20.4     10.9
  SINCE JUL 1     37.6                      17.2   20.4     10.9
  SNOW DEPTH       0

DEGREE DAYS
 HEATING
  YESTERDAY       29                        27      2       25
  MONTH TO DATE  557                       645    -88      545
  SINCE DEC 1   3186                      2752    434     2534
  SINCE JUL 1   4091                      4006     85     3606

 COOLING
  YESTERDAY        0                         0      0        0
  MONTH TO DATE    0                         0      0        0
  SINCE DEC 1      0                         0      0        0
  SINCE JAN 1      0                         0      0        0
..................................................................


WIND (MPH)
  HIGHEST WIND SPEED    22   HIGHEST WIND DIRECTION    NW (310)
  HIGHEST GUST SPEED    25   HIGHEST GUST DIRECTION    NW (310)
  AVERAGE WIND SPEED     7.7


SKY COVER
  POSSIBLE SUNSHINE  MM
  AVERAGE SKY COVER 0.5


WEATHER CONDITIONS
 THE FOLLOWING WEATHER WAS RECORDED YESTERDAY.
  LIGHT SNOW
  FOG


RELATIVE HUMIDITY (PERCENT)
 HIGHEST    92          1100 PM
 LOWEST     55          1200 AM
 AVERAGE    74

..........................................................


THE BOISE ID CLIMATE NORMALS FOR TODAY
                         NORMAL    RECORD    YEAR
 MAXIMUM TEMPERATURE (F)   48        64      1995
 MINIMUM TEMPERATURE (F)   30         7      1894


SUNRISE AND SUNSET
FEBRUARY 23 2017......SUNRISE   731 AM MST   SUNSET   626 PM MST
FEBRUARY 24 2017......SUNRISE   729 AM MST   SUNSET   628 PM MST


-  INDICATES NEGATIVE NUMBERS.
R  INDICATES RECORD WAS SET OR TIED.
MM INDICATES DATA IS MISSING.
T  INDICATES TRACE AMOUNT.




$$
