000
CDUS45 KBOI 290931
CLIBOI


CLIMATE REPORT
NATIONAL WEATHER SERVICE BOISE ID
331 AM MDT SAT AUG 29 2015


...................................

...THE BOISE ID CLIMATE SUMMARY FOR AUGUST 28 2015...

CLIMATE NORMAL PERIOD 1981 TO 2010
CLIMATE RECORD PERIOD 1878 TO 2015


WEATHER ITEM   OBSERVED TIME   RECORD YEAR NORMAL DEPARTURE LAST
                VALUE   (LST)  VALUE       VALUE  FROM      YEAR
                                                  NORMAL
..................................................................
TEMPERATURE (F)
 YESTERDAY
  MAXIMUM         92    243 PM 102    2009  86      6       91
  MINIMUM         69    733 AM  39    1960  57     12       61
  AVERAGE         81                        72      9       76

PRECIPITATION (IN)
  YESTERDAY        0.00          0.32 1922   0.01  -0.01     0.00
  MONTH TO DATE    0.18                      0.21  -0.03     0.14
  SINCE OCT 1     12.02                     11.12   0.90    11.50
  SINCE JAN 1      6.11                      7.47  -1.36     8.59

SNOWFALL (IN)
  YESTERDAY        0.0           0.0  2006   0.0    0.0      0.0
  MONTH TO DATE    0.0                       0.0    0.0      0.0
  SINCE OCT 1     13.3                      19.2   -5.9     14.4
  SINCE JUL 1      0.0                       0.0    0.0      0.0
  SNOW DEPTH       0

DEGREE DAYS
 HEATING
  YESTERDAY        0                         1     -1        0
  MONTH TO DATE    0                         3     -3        0
  SINCE JUN 1      2                        75    -73       36
  SINCE JUL 1      0                        11    -11        0

 COOLING
  YESTERDAY       16                         7      9       11
  MONTH TO DATE  370                       286     84      328
  SINCE JUN 1   1077                       767    310      944
  SINCE JAN 1   1112                       811    301      968
..................................................................


WIND (MPH)
  HIGHEST WIND SPEED    20   HIGHEST WIND DIRECTION     S (180)
  HIGHEST GUST SPEED    24   HIGHEST GUST DIRECTION     S (190)
  AVERAGE WIND SPEED     7.9


SKY COVER
  POSSIBLE SUNSHINE  MM
  AVERAGE SKY COVER 0.0


WEATHER CONDITIONS
 THE FOLLOWING WEATHER WAS RECORDED YESTERDAY.
  HAZE


RELATIVE HUMIDITY (PERCENT)
 HIGHEST    33           900 AM
 LOWEST     16           100 PM
 AVERAGE    25

..........................................................


THE BOISE ID CLIMATE NORMALS FOR TODAY
                         NORMAL    RECORD    YEAR
 MAXIMUM TEMPERATURE (F)   86        98      1998
                                             1915
                                             1890
 MINIMUM TEMPERATURE (F)   57        37      1980


SUNRISE AND SUNSET
AUGUST 29 2015........SUNRISE   705 AM MDT   SUNSET   826 PM MDT
AUGUST 30 2015........SUNRISE   706 AM MDT   SUNSET   824 PM MDT


-  INDICATES NEGATIVE NUMBERS.
R  INDICATES RECORD WAS SET OR TIED.
MM INDICATES DATA IS MISSING.
T  INDICATES TRACE AMOUNT.




$$
