000
CDUS45 KBOI 260931
CLIBOI


CLIMATE REPORT
NATIONAL WEATHER SERVICE BOISE ID
330 AM MDT WED JUL 26 2017


...................................

...THE BOISE ID CLIMATE SUMMARY FOR JULY 25 2017...

CLIMATE NORMAL PERIOD 1981 TO 2010
CLIMATE RECORD PERIOD 1875 TO 2017


WEATHER ITEM   OBSERVED TIME   RECORD YEAR NORMAL DEPARTURE LAST
                VALUE   (LST)  VALUE       VALUE  FROM      YEAR
                                                  NORMAL
..................................................................
TEMPERATURE (F)
 YESTERDAY
  MAXIMUM         95    440 PM 109    1891  93      2      100
  MINIMUM         73    703 AM  46    1993  62     11       63
  AVERAGE         84                        77      7       82

PRECIPITATION (IN)
  YESTERDAY        0.00          0.50 1913   0.01  -0.01     0.00
  MONTH TO DATE    T                         0.27  -0.27     0.27
  SINCE OCT 1     14.69                     10.85   3.84     9.31
  SINCE JAN 1     11.19                      7.20   3.99     4.97

SNOWFALL (IN)
  YESTERDAY        0.0           0.0  2006   0.0    0.0      0.0
  MONTH TO DATE    0.0                       0.0    0.0      0.0
  SINCE OCT 1     39.1                      19.2   19.9     10.9
  SINCE JUL 1      0.0                       0.0    0.0      0.0
  SNOW DEPTH       0

DEGREE DAYS
 HEATING
  YESTERDAY        0                         0      0        0
  MONTH TO DATE    0                         4     -4        8
  SINCE JUN 1     45                        68    -23       45
  SINCE JUL 1      0                         4     -4        8

 COOLING
  YESTERDAY       19                        13      6       17
  MONTH TO DATE  415                       265    150      234
  SINCE JUN 1    586                       404    182      481
  SINCE JAN 1    648                       448    200      512
..................................................................


WIND (MPH)
  HIGHEST WIND SPEED    15   HIGHEST WIND DIRECTION    NW (310)
  HIGHEST GUST SPEED    20   HIGHEST GUST DIRECTION    NW (310)
  AVERAGE WIND SPEED     6.6


SKY COVER
  POSSIBLE SUNSHINE  MM
  AVERAGE SKY COVER 0.1


WEATHER CONDITIONS
 THE FOLLOWING WEATHER WAS RECORDED YESTERDAY.
  NO SIGNIFICANT WEATHER WAS OBSERVED.


RELATIVE HUMIDITY (PERCENT)
 HIGHEST    44           600 AM
 LOWEST     20           500 PM
 AVERAGE    32

..........................................................


THE BOISE ID CLIMATE NORMALS FOR TODAY
                         NORMAL    RECORD    YEAR
 MAXIMUM TEMPERATURE (F)   93       105      1978
 MINIMUM TEMPERATURE (F)   62        41      1894


SUNRISE AND SUNSET
JULY 26 2017..........SUNRISE   628 AM MDT   SUNSET   914 PM MDT
JULY 27 2017..........SUNRISE   629 AM MDT   SUNSET   913 PM MDT


-  INDICATES NEGATIVE NUMBERS.
R  INDICATES RECORD WAS SET OR TIED.
MM INDICATES DATA IS MISSING.
T  INDICATES TRACE AMOUNT.




$$
