000
CDUS45 KBOI 300931
CLIBOI


CLIMATE REPORT
NATIONAL WEATHER SERVICE BOISE ID
331 AM MDT THU MAR 30 2017


...................................

...THE BOISE ID CLIMATE SUMMARY FOR MARCH 29 2017...

CLIMATE NORMAL PERIOD 1981 TO 2010
CLIMATE RECORD PERIOD 1875 TO 2017


WEATHER ITEM   OBSERVED TIME   RECORD YEAR NORMAL DEPARTURE LAST
                VALUE   (LST)  VALUE       VALUE  FROM      YEAR
                                                  NORMAL
..................................................................
TEMPERATURE (F)
 YESTERDAY
  MAXIMUM         61    437 PM  81    1978  58      3       60
  MINIMUM         39    126 AM  20    1987  37      2       38
                                      1949
                                      1902
  AVERAGE         50                        47      3       49

PRECIPITATION (IN)
  YESTERDAY        0.34          2.46 1904   0.05   0.29     0.00
  MONTH TO DATE    1.46                      1.30   0.16     1.46
  SINCE OCT 1      9.14                      7.18   1.96     7.30
  SINCE JAN 1      5.64                      3.53   2.11     2.96

SNOWFALL (IN)
  YESTERDAY        0.0           3.0  1904   0.0    0.0      0.0
  MONTH TO DATE    0.2                       1.2   -1.0       T
  SINCE OCT 1     39.0                      18.8   20.2     10.9
  SINCE JUL 1     39.0                      18.8   20.2     10.9
  SNOW DEPTH       0

DEGREE DAYS
 HEATING
  YESTERDAY       15                        18     -3       16
  MONTH TO DATE  454                       602   -148      507
  SINCE MAR 1    454                       602   -148      507
  SINCE JUL 1   4741                      4761    -20     4256

 COOLING
  YESTERDAY        0                         0      0        0
  MONTH TO DATE    0                         0      0        0
  SINCE MAR 1      0                         0      0        0
  SINCE JAN 1      0                         0      0        0
..................................................................


WIND (MPH)
  HIGHEST WIND SPEED    20   HIGHEST WIND DIRECTION     E (110)
  HIGHEST GUST SPEED    23   HIGHEST GUST DIRECTION    SE (120)
  AVERAGE WIND SPEED     9.4


SKY COVER
  POSSIBLE SUNSHINE  MM
  AVERAGE SKY COVER 0.7


WEATHER CONDITIONS
 THE FOLLOWING WEATHER WAS RECORDED YESTERDAY.
  LIGHT RAIN
  FOG


RELATIVE HUMIDITY (PERCENT)
 HIGHEST    86           900 PM
 LOWEST     39           200 PM
 AVERAGE    63

..........................................................


THE BOISE ID CLIMATE NORMALS FOR TODAY
                         NORMAL    RECORD    YEAR
 MAXIMUM TEMPERATURE (F)   58        79      2004
 MINIMUM TEMPERATURE (F)   37        17      1954


SUNRISE AND SUNSET
MARCH 30 2017.........SUNRISE   730 AM MDT   SUNSET   810 PM MDT
MARCH 31 2017.........SUNRISE   728 AM MDT   SUNSET   811 PM MDT


-  INDICATES NEGATIVE NUMBERS.
R  INDICATES RECORD WAS SET OR TIED.
MM INDICATES DATA IS MISSING.
T  INDICATES TRACE AMOUNT.




$$
