000
CDUS41 KBOX 240548
CLIBOS


CLIMATE REPORT
NATIONAL WEATHER SERVICE TAUNTON MA
143 AM EDT SUN SEP 24 2017


...................................

...THE BOSTON MA CLIMATE SUMMARY FOR SEPTEMBER 23 2017...

CLIMATE NORMAL PERIOD 1981 TO 2010
CLIMATE RECORD PERIOD 1872 TO 2017


WEATHER ITEM   OBSERVED TIME   RECORD YEAR NORMAL DEPARTURE LAST
                VALUE   (LST)  VALUE       VALUE  FROM      YEAR
                                                  NORMAL
..................................................................
TEMPERATURE (F)
 YESTERDAY
  MAXIMUM         76   1235 PM  96    1895  70      6       82
  MINIMUM         60   1012 PM  35    1904  55      5       56
                                      1875
  AVERAGE         68                        62      6       69

PRECIPITATION (IN)
  YESTERDAY        0.03          2.64 1994   0.12  -0.09     0.34
  MONTH TO DATE    2.18                      2.56  -0.38     1.03
  SINCE SEP 1      2.18                      2.56  -0.38     1.03
  SINCE JAN 1     33.47                     31.18   2.29    21.29

SNOWFALL (IN)
  YESTERDAY        0.0           0.0  2002   0.0    0.0      0.0
                                      2001
                                      2000
  MONTH TO DATE    0.0                       0.0    0.0      0.0
  SINCE SEP 1      0.0                       0.0    0.0      0.0
  SINCE JUL 1      0.0                       0.0    0.0      0.0
  SNOW DEPTH      MM

DEGREE DAYS
 HEATING
  YESTERDAY        0                         4     -4        0
  MONTH TO DATE   22                        47    -25        6
  SINCE SEP 1     22                        47    -25        6
  SINCE JUL 1     34                        60    -26       13

 COOLING
  YESTERDAY        3                         1      2        4
  MONTH TO DATE   79                        73      6      127
  SINCE SEP 1     79                        73      6      127
  SINCE JAN 1    808                       732     76     1021
..................................................................


WIND (MPH)
  RESULTANT WIND SPEED   7   RESULTANT WIND DIRECTION  NE (40)
  HIGHEST WIND SPEED    22   HIGHEST WIND DIRECTION     N (20)
  HIGHEST GUST SPEED    27   HIGHEST GUST DIRECTION     N (10)
  AVERAGE WIND SPEED     9.0


SKY COVER
  POSSIBLE SUNSHINE  MM
  AVERAGE SKY COVER 0.7


WEATHER CONDITIONS
 THE FOLLOWING WEATHER WAS RECORDED YESTERDAY.
  LIGHT RAIN
  FOG
  FOG W/VISIBILITY <= 1/4 MILE


RELATIVE HUMIDITY (PERCENT)
 HIGHEST   100           500 AM
 LOWEST     61          1200 PM
 AVERAGE    81

..........................................................


THE BOSTON MA CLIMATE NORMALS FOR TODAY
                         NORMAL    RECORD    YEAR
 MAXIMUM TEMPERATURE (F)   70        90      1959
 MINIMUM TEMPERATURE (F)   54        39      1974
                                             1963
                                             1885


SUNRISE AND SUNSET
SEPTEMBER 24 2017.....SUNRISE   634 AM EDT   SUNSET   637 PM EDT
SEPTEMBER 25 2017.....SUNRISE   635 AM EDT   SUNSET   636 PM EDT


-  INDICATES NEGATIVE NUMBERS.
R  INDICATES RECORD WAS SET OR TIED.
MM INDICATES DATA IS MISSING.
T  INDICATES TRACE AMOUNT.




$$
