000
CDUS41 KBOX 280556
CLIBOS


CLIMATE REPORT
NATIONAL WEATHER SERVICE TAUNTON MA
153 AM EDT TUE MAR 28 2017


...................................

...THE BOSTON MA CLIMATE SUMMARY FOR MARCH 27 2017...

CLIMATE NORMAL PERIOD 1981 TO 2010
CLIMATE RECORD PERIOD 1872 TO 2017


WEATHER ITEM   OBSERVED TIME   RECORD YEAR NORMAL DEPARTURE LAST
                VALUE   (LST)  VALUE       VALUE  FROM      YEAR
                                                  NORMAL
..................................................................
TEMPERATURE (F)
 YESTERDAY
  MAXIMUM         44    503 PM  79    1998  49     -5       42
  MINIMUM         36    501 AM  16    1873  34      2       34
  AVERAGE         40                        41     -1       38

PRECIPITATION (IN)
  YESTERDAY        0.48          1.13 1913   0.15   0.33     0.00
  MONTH TO DATE    2.53                      3.76  -1.23     2.75
  SINCE MAR 1      2.53                      3.76  -1.23     2.75
  SINCE JAN 1     10.00                     10.37  -0.37    10.19

SNOWFALL (IN)
  YESTERDAY        0.0           2.6  1959   0.2   -0.2      0.0
  MONTH TO DATE    9.5                       7.2    2.3      4.1
  SINCE MAR 1      9.5                       7.2    2.3      4.1
  SINCE JUL 1     45.8                      41.3    4.5     29.5
  SNOW DEPTH       0

DEGREE DAYS
 HEATING
  YESTERDAY       25                        24      1       27
  MONTH TO DATE  849                       738    111      620
  SINCE MAR 1    849                       738    111      620
  SINCE JUL 1   4388                      4780   -392     3950

 COOLING
  YESTERDAY        0                         0      0        0
  MONTH TO DATE    0                         0      0        0
  SINCE MAR 1      0                         0      0        0
  SINCE JAN 1      0                         0      0        0
..................................................................


WIND (MPH)
  RESULTANT WIND SPEED   4   RESULTANT WIND DIRECTION  NE (40)
  HIGHEST WIND SPEED    14   HIGHEST WIND DIRECTION     E (110)
  HIGHEST GUST SPEED    17   HIGHEST GUST DIRECTION     E (100)
  AVERAGE WIND SPEED     8.4


SKY COVER
  POSSIBLE SUNSHINE  MM
  AVERAGE SKY COVER 1.0


WEATHER CONDITIONS
 THE FOLLOWING WEATHER WAS RECORDED YESTERDAY.
  RAIN
  LIGHT RAIN
  FOG


RELATIVE HUMIDITY (PERCENT)
 HIGHEST   100           600 AM
 LOWEST     82          1200 AM
 AVERAGE    91

..........................................................


THE BOSTON MA CLIMATE NORMALS FOR TODAY
                         NORMAL    RECORD    YEAR
 MAXIMUM TEMPERATURE (F)   49        85      1998
 MINIMUM TEMPERATURE (F)   35        11      1923


SUNRISE AND SUNSET
MARCH 28 2017.........SUNRISE   633 AM EDT   SUNSET   706 PM EDT
MARCH 29 2017.........SUNRISE   631 AM EDT   SUNSET   707 PM EDT


-  INDICATES NEGATIVE NUMBERS.
R  INDICATES RECORD WAS SET OR TIED.
MM INDICATES DATA IS MISSING.
T  INDICATES TRACE AMOUNT.




$$
