000
CDUS41 KBOX 220529
CLIBOS


CLIMATE REPORT
NATIONAL WEATHER SERVICE TAUNTON MA
1229 AM EST THU FEB 22 2018


...................................

...THE BOSTON MA CLIMATE SUMMARY FOR FEBRUARY 21 2018...

CLIMATE NORMAL PERIOD 1981 TO 2010
CLIMATE RECORD PERIOD 1872 TO 2018


WEATHER ITEM   OBSERVED TIME   RECORD YEAR NORMAL DEPARTURE LAST
                VALUE   (LST)  VALUE       VALUE  FROM      YEAR
                                                  NORMAL
..................................................................
TEMPERATURE (F)
 YESTERDAY
  MAXIMUM         72R   302 PM  63    1906  40     32       40
  MINIMUM         41    132 AM  -1    1950  26     15       30
  AVERAGE         57                        33     24       35

PRECIPITATION (IN)
  YESTERDAY        0.00          2.45 1898   0.12  -0.12     0.00
  MONTH TO DATE    3.05                      2.37   0.68     3.12
  SINCE DEC 1     10.46                      9.51   0.95    10.62
  SINCE JAN 1      7.97                      5.73   2.24     7.37

SNOWFALL (IN)
  YESTERDAY        0.0           8.5  1947   0.4   -0.4      0.0
  MONTH TO DATE    7.8                       8.2   -0.4     21.5
  SINCE DEC 1     34.8                      30.1    4.7     36.3
  SINCE JUL 1     34.8                      31.4    3.4     36.3
  SNOW DEPTH      MM

DEGREE DAYS
 HEATING
  YESTERDAY        8                        32    -24       30
  MONTH TO DATE  599                       711   -112      683
  SINCE DEC 1   2775                      2766      9     2518
  SINCE JUL 1   3602                      3821   -219     3433

 COOLING
  YESTERDAY        0                         0      0        0
  MONTH TO DATE    0                         0      0        0
  SINCE DEC 1      0                         0      0        0
  SINCE JAN 1      0                         0      0        0
..................................................................


WIND (MPH)
  RESULTANT WIND SPEED  10   RESULTANT WIND DIRECTION  SW (230)
  HIGHEST WIND SPEED    26   HIGHEST WIND DIRECTION    SW (230)
  HIGHEST GUST SPEED    32   HIGHEST GUST DIRECTION    SW (220)
  AVERAGE WIND SPEED    14.2


SKY COVER
  POSSIBLE SUNSHINE  MM
  AVERAGE SKY COVER 0.6


WEATHER CONDITIONS
 THE FOLLOWING WEATHER WAS RECORDED YESTERDAY.
  NO SIGNIFICANT WEATHER WAS OBSERVED.


RELATIVE HUMIDITY (PERCENT)
 HIGHEST   100           500 AM
 LOWEST     57           300 PM
 AVERAGE    79

..........................................................


THE BOSTON MA CLIMATE NORMALS FOR TODAY
                         NORMAL    RECORD    YEAR
 MAXIMUM TEMPERATURE (F)   40        66      1997
 MINIMUM TEMPERATURE (F)   26         2      1918


SUNRISE AND SUNSET
FEBRUARY 22 2018......SUNRISE   630 AM EST   SUNSET   525 PM EST
FEBRUARY 23 2018......SUNRISE   629 AM EST   SUNSET   527 PM EST


-  INDICATES NEGATIVE NUMBERS.
R  INDICATES RECORD WAS SET OR TIED.
MM INDICATES DATA IS MISSING.
T  INDICATES TRACE AMOUNT.




$$
