000
CDUS41 KBOX 040532
CLIBOS


CLIMATE REPORT
NATIONAL WEATHER SERVICE TAUNTON MA
131 AM EDT WED MAY 4 2016


...................................

...THE BOSTON MA CLIMATE SUMMARY FOR MAY 3 2016...

CLIMATE NORMAL PERIOD 1981 TO 2010
CLIMATE RECORD PERIOD 1872 TO 2016


WEATHER ITEM   OBSERVED TIME   RECORD YEAR NORMAL DEPARTURE LAST
                VALUE   (LST)  VALUE       VALUE  FROM      YEAR
                                                  NORMAL
..................................................................
TEMPERATURE (F)
 YESTERDAY
  MAXIMUM         49    155 PM  92    2001  62    -13       67
  MINIMUM         45   1156 PM  31    1882  46     -1       45
  AVERAGE         47                        54     -7       56

PRECIPITATION (IN)
  YESTERDAY        0.10          2.40 1900   0.11  -0.01     0.00
  MONTH TO DATE    0.59                      0.32   0.27     0.00
  SINCE MAR 1      6.66                      8.38  -1.72     5.33
  SINCE JAN 1     14.10                     14.99  -0.89    12.27

SNOWFALL (IN)
  YESTERDAY        0.0           0.0  2015   0.0    0.0      0.0
  MONTH TO DATE    0.0                       0.0    0.0      0.0
  SINCE MAR 1     10.7                       9.7    1.0      8.6
  SINCE JUL 1     36.1                      43.8   -7.7    110.6
  SNOW DEPTH      MM

DEGREE DAYS
 HEATING
  YESTERDAY       18                        11      7        9
  MONTH TO DATE   53                        35     18       50
  SINCE MAR 1   1276                      1374    -98     1529
  SINCE JUL 1   4606                      5416   -810     5844

 COOLING
  YESTERDAY        0                         0      0        0
  MONTH TO DATE    0                         0      0        0
  SINCE MAR 1      3                         3      0        0
  SINCE JAN 1      3                         3      0        0
..................................................................


WIND (MPH)
  RESULTANT WIND SPEED   3   RESULTANT WIND DIRECTION   E (70)
  HIGHEST WIND SPEED     9   HIGHEST WIND DIRECTION     E (90)
  HIGHEST GUST SPEED    12   HIGHEST GUST DIRECTION     E (90)
  AVERAGE WIND SPEED     5.0


SKY COVER
  POSSIBLE SUNSHINE  MM
  AVERAGE SKY COVER 0.9


WEATHER CONDITIONS
 THE FOLLOWING WEATHER WAS RECORDED YESTERDAY.
  LIGHT RAIN


RELATIVE HUMIDITY (PERCENT)
 HIGHEST    93           900 AM
 LOWEST     82           900 PM
 AVERAGE    88

..........................................................


THE BOSTON MA CLIMATE NORMALS FOR TODAY
                         NORMAL    RECORD    YEAR
 MAXIMUM TEMPERATURE (F)   62        90      2001
 MINIMUM TEMPERATURE (F)   46        33      1911


SUNRISE AND SUNSET
MAY  4 2016...........SUNRISE   535 AM EDT   SUNSET   748 PM EDT
MAY  5 2016...........SUNRISE   534 AM EDT   SUNSET   749 PM EDT


-  INDICATES NEGATIVE NUMBERS.
R  INDICATES RECORD WAS SET OR TIED.
MM INDICATES DATA IS MISSING.
T  INDICATES TRACE AMOUNT.




$$
