000
CDUS45 KRIW 230735
CLIBPI


CLIMATE REPORT
NATIONAL WEATHER SERVICE RIVERTON WY
127 AM MDT SAT AUG 23 2014


...................................

...THE BIG PINEY WY CLIMATE SUMMARY FOR AUGUST 22 2014...

CLIMATE NORMAL PERIOD 1981 TO 2010
CLIMATE RECORD PERIOD 1976 TO 2014


WEATHER ITEM   OBSERVED TIME   RECORD YEAR NORMAL DEPARTURE LAST
                VALUE   (LST)  VALUE       VALUE  FROM      YEAR
                                                  NORMAL
..................................................................
TEMPERATURE (F)
 YESTERDAY
  MAXIMUM         57   1025 AM  90    2009  78    -21       79
  MINIMUM         46   1159 PM  24    1988  39      7       46
  AVERAGE         52                        58     -6       63

PRECIPITATION (IN)
  YESTERDAY        0.26          0.52 1983   0.02   0.24     0.06
  MONTH TO DATE    1.32                      0.50   0.82     0.14
  SINCE JUN 1      1.94                      2.00  -0.06     1.03
  SINCE JAN 1      3.09                      4.47  -1.38     2.73

DEGREE DAYS
 HEATING
  YESTERDAY       13                         7      6        2
  MONTH TO DATE   73                       102    -29       55
  SINCE JUN 1    474                       524    -50      296
  SINCE JUL 1    127                       219    -92       79

 COOLING
  YESTERDAY        0                         0      0        0
  MONTH TO DATE    0                        12    -12        7
  SINCE JUN 1     26                        36    -10       84
  SINCE JAN 1     26                        36    -10       84
..................................................................


WIND (MPH)
  HIGHEST WIND SPEED    26   HIGHEST WIND DIRECTION     N (340)
  HIGHEST GUST SPEED    31   HIGHEST GUST DIRECTION     N (340)
  AVERAGE WIND SPEED    10.7


SKY COVER
  POSSIBLE SUNSHINE  MM
  AVERAGE SKY COVER 0.7


WEATHER CONDITIONS
 THE FOLLOWING WEATHER WAS RECORDED YESTERDAY.
  THUNDERSTORM
  HEAVY RAIN
  RAIN
  LIGHT RAIN
  FOG


RELATIVE HUMIDITY (PERCENT)
 HIGHEST    93           400 AM
 LOWEST     71          1000 AM
 AVERAGE    82

..........................................................


THE BIG PINEY WY CLIMATE NORMALS FOR TODAY
                         NORMAL    RECORD    YEAR
 MAXIMUM TEMPERATURE (F)   78        88      2011
 MINIMUM TEMPERATURE (F)   39        27      1988


SUNRISE AND SUNSET
AUGUST 23 2014........SUNRISE   636 AM MDT   SUNSET   809 PM MDT
AUGUST 24 2014........SUNRISE   637 AM MDT   SUNSET   808 PM MDT


-  INDICATES NEGATIVE NUMBERS.
R  INDICATES RECORD WAS SET OR TIED.
MM INDICATES DATA IS MISSING.
T  INDICATES TRACE AMOUNT.




$$
