000
CDUS45 KRIW 260732
CLIBPI


CLIMATE REPORT
NATIONAL WEATHER SERVICE RIVERTON WY
1231 AM MST SUN FEB 26 2017


...................................

...THE BIG PINEY WY CLIMATE SUMMARY FOR FEBRUARY 25 2017...

CLIMATE NORMAL PERIOD 1981 TO 2010
CLIMATE RECORD PERIOD 1976 TO 2017


WEATHER ITEM   OBSERVED TIME   RECORD YEAR NORMAL DEPARTURE LAST
                VALUE   (LST)  VALUE       VALUE  FROM      YEAR
                                                  NORMAL
..................................................................
TEMPERATURE (F)
 YESTERDAY
  MAXIMUM         12    306 PM  51    1981  32    -20       49
  MINIMUM        -11    735 AM -12    1997   4    -15       17
  AVERAGE          1                        18    -17       33

PRECIPITATION (IN)
  YESTERDAY        T             0.04 2011   0.01  -0.01     0.00
                                      1993
  MONTH TO DATE    0.68                      0.31   0.37     0.11
  SINCE DEC 1      2.22                      0.92   1.30     0.26
  SINCE JAN 1      1.67                      0.62   1.05     0.15

DEGREE DAYS
 HEATING
  YESTERDAY       64                        47     17       32
  MONTH TO DATE 1135                      1273   -138      996
  SINCE DEC 1   4787                      4571    216     4240
  SINCE JUL 1   7236                      7386   -150     6721

 COOLING
  YESTERDAY        0                         0      0        0
  MONTH TO DATE    0                         0      0        0
  SINCE DEC 1      0                         0      0        0
  SINCE JAN 1      0                         0      0        0
..................................................................


WIND (MPH)
  HIGHEST WIND SPEED    15   HIGHEST WIND DIRECTION     N (340)
  HIGHEST GUST SPEED    16   HIGHEST GUST DIRECTION     N (340)
  AVERAGE WIND SPEED     4.1


SKY COVER
  POSSIBLE SUNSHINE  MM
  AVERAGE SKY COVER 0.1


WEATHER CONDITIONS
 THE FOLLOWING WEATHER WAS RECORDED YESTERDAY.
  LIGHT SNOW


RELATIVE HUMIDITY (PERCENT)
 HIGHEST    91          1200 AM
 LOWEST     72          1000 AM
 AVERAGE    82

..........................................................


THE BIG PINEY WY CLIMATE NORMALS FOR TODAY
                         NORMAL    RECORD    YEAR
 MAXIMUM TEMPERATURE (F)   33        51      2016
 MINIMUM TEMPERATURE (F)    5       -22      1987


SUNRISE AND SUNSET
FEBRUARY 26 2017......SUNRISE   700 AM MST   SUNSET   607 PM MST
FEBRUARY 27 2017......SUNRISE   659 AM MST   SUNSET   608 PM MST


-  INDICATES NEGATIVE NUMBERS.
R  INDICATES RECORD WAS SET OR TIED.
MM INDICATES DATA IS MISSING.
T  INDICATES TRACE AMOUNT.




$$
