000
CDUS45 KRIW 280045
CLIBPI


CLIMATE REPORT
NATIONAL WEATHER SERVICE RIVERTON WY
536 PM MST FRI FEB 27 2015


...................................

...THE BIG PINEY WY CLIMATE SUMMARY FOR FEBRUARY 27 2015...
VALID TODAY AS OF 0500 PM LOCAL TIME.

CLIMATE NORMAL PERIOD 1981 TO 2010
CLIMATE RECORD PERIOD 1976 TO 2015


WEATHER ITEM   OBSERVED TIME   RECORD YEAR NORMAL DEPARTURE LAST
                VALUE   (LST)  VALUE       VALUE  FROM      YEAR
                                                  NORMAL
..................................................................
TEMPERATURE (F)
 TODAY
  MAXIMUM         25        MM  46    1989  33     -8       35
  MINIMUM          9    400 AM -28    1993   5      4       10
  AVERAGE         17

PRECIPITATION (IN)
  TODAY            T             0.13 2007   0.01  -0.01      T
  MONTH TO DATE    0.05                      0.34  -0.29     0.02
  SINCE DEC 1      0.18                      0.95  -0.77     0.23
  SINCE JAN 1      0.06                      0.65  -0.59     0.04

DEGREE DAYS
 HEATING
  TODAY           48                        46      2       42
  MONTH TO DATE 1018                      1365   -347     1307
  SINCE DEC 1   3829                      4663   -834     4445
  SINCE JUL 1   6057                      7478  -1421     6910

 COOLING
  TODAY            0                         0      0        0
  MONTH TO DATE    0                         0      0        0
  SINCE DEC 1      0                         0      0        0
  SINCE JAN 1      0                         0      0        0
..................................................................


WIND (MPH)
  HIGHEST WIND SPEED     8   HIGHEST WIND DIRECTION     S (180)
  HIGHEST GUST SPEED    MM   HIGHEST GUST DIRECTION    MM
  AVERAGE WIND SPEED     2.9


SKY COVER
  POSSIBLE SUNSHINE  MM
  AVERAGE SKY COVER 0.9


WEATHER CONDITIONS
 THE FOLLOWING WEATHER WAS RECORDED TODAY.
  LIGHT SNOW


RELATIVE HUMIDITY (PERCENT)
 HIGHEST    80           600 AM
 LOWEST     57           200 PM
 AVERAGE    69

..........................................................


THE BIG PINEY WY CLIMATE NORMALS FOR TOMORROW
                         NORMAL    RECORD    YEAR
 MAXIMUM TEMPERATURE (F)   34        45      1999
 MINIMUM TEMPERATURE (F)    6       -31      1993


SUNRISE AND SUNSET
FEBRUARY 27 2015......SUNRISE   659 AM MST   SUNSET   607 PM MST
FEBRUARY 28 2015......SUNRISE   658 AM MST   SUNSET   609 PM MST


-  INDICATES NEGATIVE NUMBERS.
R  INDICATES RECORD WAS SET OR TIED.
MM INDICATES DATA IS MISSING.
T  INDICATES TRACE AMOUNT.




$$
