000
CDUS45 KRIW 240738
CLIBPI


CLIMATE REPORT
NATIONAL WEATHER SERVICE RIVERTON WY
128 AM MDT TUE MAY 24 2016


...................................

...THE BIG PINEY WY CLIMATE SUMMARY FOR MAY 23 2016...

CLIMATE NORMAL PERIOD 1981 TO 2010
CLIMATE RECORD PERIOD 1976 TO 2016


WEATHER ITEM   OBSERVED TIME   RECORD YEAR NORMAL DEPARTURE LAST
                VALUE   (LST)  VALUE       VALUE  FROM      YEAR
                                                  NORMAL
..................................................................
TEMPERATURE (F)
 YESTERDAY
  MAXIMUM         56    457 PM  78    2003  64     -8       58
                                      2001
  MINIMUM         24    323 AM  18    1986  32     -8       40
  AVERAGE         40                        48     -8       49

PRECIPITATION (IN)
  YESTERDAY        0.00          0.58 1980   0.03  -0.03     0.13
  MONTH TO DATE    3.58                      0.62   2.96     1.82
  SINCE MAR 1      5.47                      1.59   3.88     2.44
  SINCE JAN 1      5.64                      2.25   3.39     2.50

DEGREE DAYS
 HEATING
  YESTERDAY       25                        17      8       16
  MONTH TO DATE  461                       469     -8      450
  SINCE MAR 1   2269                      2477   -208     2160
  SINCE JUL 1   9123                     10000   -877     8260

 COOLING
  YESTERDAY        0                         0      0        0
  MONTH TO DATE    0                         0      0        0
  SINCE MAR 1      0                         0      0        0
  SINCE JAN 1      0                         0      0        0
..................................................................


WIND (MPH)
  HIGHEST WIND SPEED    31   HIGHEST WIND DIRECTION     W (280)
  HIGHEST GUST SPEED    40   HIGHEST GUST DIRECTION     W (290)
  AVERAGE WIND SPEED     7.9


SKY COVER
  POSSIBLE SUNSHINE  MM
  AVERAGE SKY COVER 0.2


WEATHER CONDITIONS
 THE FOLLOWING WEATHER WAS RECORDED YESTERDAY.
  NO SIGNIFICANT WEATHER WAS OBSERVED.


RELATIVE HUMIDITY (PERCENT)
 HIGHEST    92           400 AM
 LOWEST     27           400 PM
 AVERAGE    60

..........................................................


THE BIG PINEY WY CLIMATE NORMALS FOR TODAY
                         NORMAL    RECORD    YEAR
 MAXIMUM TEMPERATURE (F)   64        80      2001
 MINIMUM TEMPERATURE (F)   32        20      2007


SUNRISE AND SUNSET
MAY 24 2016...........SUNRISE   550 AM MDT   SUNSET   845 PM MDT
MAY 25 2016...........SUNRISE   549 AM MDT   SUNSET   846 PM MDT


-  INDICATES NEGATIVE NUMBERS.
R  INDICATES RECORD WAS SET OR TIED.
MM INDICATES DATA IS MISSING.
T  INDICATES TRACE AMOUNT.




$$
