000
CDUS45 KRIW 270801
CLIBPI


CLIMATE REPORT
NATIONAL WEATHER SERVICE RIVERTON WY
200 AM MDT TUE JUN 27 2017


...................................

...THE BIG PINEY WY CLIMATE SUMMARY FOR JUNE 26 2017...

CLIMATE NORMAL PERIOD 1981 TO 2010
CLIMATE RECORD PERIOD 1976 TO 2017


WEATHER ITEM   OBSERVED TIME   RECORD YEAR NORMAL DEPARTURE LAST
                VALUE   (LST)  VALUE       VALUE  FROM      YEAR
                                                  NORMAL
..................................................................
TEMPERATURE (F)
 YESTERDAY
  MAXIMUM         83    443 PM  91    2002  76      7       80
  MINIMUM         38    444 AM  26    1976  40     -2       30
  AVERAGE         61                        58      3       55

PRECIPITATION (IN)
  YESTERDAY        0.00          0.34 2009   0.02  -0.02     0.00
  MONTH TO DATE    0.14                      0.71  -0.57     0.51
  SINCE JUN 1      0.14                      0.71  -0.57     0.51
  SINCE JAN 1      5.60                      3.18   2.42     6.56

DEGREE DAYS
 HEATING
  YESTERDAY        4                         7     -3       10
  MONTH TO DATE  227                       278    -51      170
  SINCE JUN 1    227                       278    -51      170
  SINCE JUL 1  10190                     10404   -214     9435

 COOLING
  YESTERDAY        0                         0      0        0
  MONTH TO DATE    1                         0      1        1
  SINCE JUN 1      1                         0      1        1
  SINCE JAN 1      1                         0      1        1
..................................................................


WIND (MPH)
  HIGHEST WIND SPEED    21   HIGHEST WIND DIRECTION    NE (40)
  HIGHEST GUST SPEED    26   HIGHEST GUST DIRECTION    NE (40)
  AVERAGE WIND SPEED     6.2


SKY COVER
  POSSIBLE SUNSHINE  MM
  AVERAGE SKY COVER 0.0


WEATHER CONDITIONS
 THE FOLLOWING WEATHER WAS RECORDED YESTERDAY.
  NO SIGNIFICANT WEATHER WAS OBSERVED.


RELATIVE HUMIDITY (PERCENT)
 HIGHEST    83           600 AM
 LOWEST     15           200 PM
 AVERAGE    49

..........................................................


THE BIG PINEY WY CLIMATE NORMALS FOR TODAY
                         NORMAL    RECORD    YEAR
 MAXIMUM TEMPERATURE (F)   76        90      2013
 MINIMUM TEMPERATURE (F)   40        27      1976


SUNRISE AND SUNSET
JUNE 27 2017..........SUNRISE   545 AM MDT   SUNSET   902 PM MDT
JUNE 28 2017..........SUNRISE   545 AM MDT   SUNSET   902 PM MDT


-  INDICATES NEGATIVE NUMBERS.
R  INDICATES RECORD WAS SET OR TIED.
MM INDICATES DATA IS MISSING.
T  INDICATES TRACE AMOUNT.




$$
