758
CDUS45 KRIW 180729
CLIBPI


CLIMATE REPORT
NATIONAL WEATHER SERVICE RIVERTON WY
129 AM MDT FRI AUG 18 2017


...................................

...THE BIG PINEY WY CLIMATE SUMMARY FOR AUGUST 17 2017...

CLIMATE NORMAL PERIOD 1981 TO 2010
CLIMATE RECORD PERIOD 1976 TO 2017


WEATHER ITEM   OBSERVED TIME   RECORD YEAR NORMAL DEPARTURE LAST
                VALUE   (LST)  VALUE       VALUE  FROM      YEAR
                                                  NORMAL
..................................................................
TEMPERATURE (F)
 YESTERDAY
  MAXIMUM         79    327 PM  91    2003  79      0       82
  MINIMUM         37    554 AM  26    1987  40     -3       42
  AVERAGE         58                        60     -2       62

PRECIPITATION (IN)
  YESTERDAY        0.00          0.46 1998   0.02  -0.02      T
  MONTH TO DATE    0.60                      0.39   0.21     0.37
  SINCE JUN 1      1.60                      1.89  -0.29     1.35
  SINCE JAN 1      7.06                      4.36   2.70     7.40

DEGREE DAYS
 HEATING
  YESTERDAY        7                         6      1        3
  MONTH TO DATE   86                        71     15       64
  SINCE JUN 1    389                       493   -104      346
  SINCE JUL 1    118                       188    -70      168

 COOLING
  YESTERDAY        0                         0      0        0
  MONTH TO DATE    2                        12    -10        2
  SINCE JUN 1     27                        36     -9       23
  SINCE JAN 1     27                        36     -9       23
..................................................................


WIND (MPH)
  HIGHEST WIND SPEED    22   HIGHEST WIND DIRECTION    NW (310)
  HIGHEST GUST SPEED    28   HIGHEST GUST DIRECTION    NW (330)
  AVERAGE WIND SPEED     7.8


SKY COVER
  POSSIBLE SUNSHINE  MM
  AVERAGE SKY COVER 0.1


WEATHER CONDITIONS
 THE FOLLOWING WEATHER WAS RECORDED YESTERDAY.
  NO SIGNIFICANT WEATHER WAS OBSERVED.


RELATIVE HUMIDITY (PERCENT)
 HIGHEST    85           400 AM
 LOWEST     15           400 PM
 AVERAGE    50

..........................................................


THE BIG PINEY WY CLIMATE NORMALS FOR TODAY
                         NORMAL    RECORD    YEAR
 MAXIMUM TEMPERATURE (F)   79        87      2013
                                             2010
 MINIMUM TEMPERATURE (F)   40        26      1987


SUNRISE AND SUNSET
AUGUST 18 2017........SUNRISE   631 AM MDT   SUNSET   817 PM MDT
AUGUST 19 2017........SUNRISE   632 AM MDT   SUNSET   815 PM MDT


-  INDICATES NEGATIVE NUMBERS.
R  INDICATES RECORD WAS SET OR TIED.
MM INDICATES DATA IS MISSING.
T  INDICATES TRACE AMOUNT.




$$
