000
CDUS45 KRIW 070742
CLIBPI


CLIMATE REPORT
NATIONAL WEATHER SERVICE RIVERTON WY
130 AM MDT TUE JUL 7 2015


...................................

...THE BIG PINEY WY CLIMATE SUMMARY FOR JULY 6 2015...

CLIMATE NORMAL PERIOD 1981 TO 2010
CLIMATE RECORD PERIOD 1976 TO 2015


WEATHER ITEM   OBSERVED TIME   RECORD YEAR NORMAL DEPARTURE LAST
                VALUE   (LST)  VALUE       VALUE  FROM      YEAR
                                                  NORMAL
..................................................................
TEMPERATURE (F)
 YESTERDAY
  MAXIMUM         73    130 PM  90    2007  79     -6       89
  MINIMUM         53    303 PM  28    2000  42     11       42
  AVERAGE         63                        61      2       66

PRECIPITATION (IN)
  YESTERDAY        0.90R         0.13 2013   0.02   0.88     0.00
  MONTH TO DATE    0.92                      0.12   0.80     0.11
  SINCE JUN 1      1.15                      0.91   0.24     0.29
  SINCE JAN 1      4.13                      3.38   0.75     1.44

DEGREE DAYS
 HEATING
  YESTERDAY        2                         5     -3        0
  MONTH TO DATE    5                        32    -27       21
  SINCE JUN 1    140                       337   -197      368
  SINCE JUL 1      5                        32    -27       21

 COOLING
  YESTERDAY        0                         0      0        1
  MONTH TO DATE   18                         0     18        2
  SINCE JUN 1     42                         2     40        2
  SINCE JAN 1     42                         2     40        2
..................................................................


WIND (MPH)
  HIGHEST WIND SPEED    31   HIGHEST WIND DIRECTION     W (290)
  HIGHEST GUST SPEED    37   HIGHEST GUST DIRECTION     W (290)
  AVERAGE WIND SPEED     5.1


SKY COVER
  POSSIBLE SUNSHINE  MM
  AVERAGE SKY COVER 0.8


WEATHER CONDITIONS
 THE FOLLOWING WEATHER WAS RECORDED YESTERDAY.
  THUNDERSTORM
  HEAVY RAIN
  LIGHT RAIN
  FOG


RELATIVE HUMIDITY (PERCENT)
 HIGHEST    93          1100 PM
 LOWEST     47          1100 AM
 AVERAGE    70

..........................................................


THE BIG PINEY WY CLIMATE NORMALS FOR TODAY
                         NORMAL    RECORD    YEAR
 MAXIMUM TEMPERATURE (F)   79        89      2007
                                             2002
                                             1989
 MINIMUM TEMPERATURE (F)   43        28      1993
                                             1986


SUNRISE AND SUNSET
JULY  7 2015..........SUNRISE   550 AM MDT   SUNSET   900 PM MDT
JULY  8 2015..........SUNRISE   551 AM MDT   SUNSET   900 PM MDT


-  INDICATES NEGATIVE NUMBERS.
R  INDICATES RECORD WAS SET OR TIED.
MM INDICATES DATA IS MISSING.
T  INDICATES TRACE AMOUNT.




$$
