000
CDUS44 KLCH 280908
CLIBPT


CLIMATE REPORT
NATIONAL WEATHER SERVICE LAKE CHARLES, LA
408 AM CDT FRI JUL 28 2017


...................................

...THE BEAUMONT PORT ARTHUR CLIMATE SUMMARY FOR JULY 27 2017...

CLIMATE NORMAL PERIOD 1981 TO 2010
CLIMATE RECORD PERIOD 1901 TO 2017


WEATHER ITEM   OBSERVED TIME   RECORD YEAR NORMAL DEPARTURE LAST
                VALUE   (LST)  VALUE       VALUE  FROM      YEAR
                                                  NORMAL
..................................................................
TEMPERATURE (F)
 YESTERDAY
  MAXIMUM         94    338 PM  99    1937  92      2       84
                                      1925
                                      1915
  MINIMUM         75    217 AM  67    1911  74      1       73
  AVERAGE         85                        83      2       79

PRECIPITATION (IN)
  YESTERDAY        T             2.25 2007   0.18  -0.18     1.54
  MONTH TO DATE    4.11                      5.25  -1.14     7.35
  SINCE JUN 1     16.36                     12.34   4.02    17.15
  SINCE JAN 1     34.54                     33.15   1.39    46.65

SNOWFALL (IN)
  YESTERDAY        0.0           0.0    MM   0.0    0.0      0.0
  MONTH TO DATE    0.0                       0.0    0.0      0.0
  SINCE JUN 1      0.0                       0.0    0.0      0.0
  SINCE JUL 1      0.0                       0.0    0.0      0.0
  SNOW DEPTH       0

DEGREE DAYS
 HEATING
  YESTERDAY        0                         0      0        0
  MONTH TO DATE    0                         0      0        0
  SINCE JUN 1      0                         0      0        0
  SINCE JUL 1      0                         0      0        0

 COOLING
  YESTERDAY       20                        18      2       14
  MONTH TO DATE  363                       486   -123      549
  SINCE JUN 1    816                       970   -154     1078
  SINCE JAN 1   1701                      1536    165     1785
..................................................................


WIND (MPH)
  HIGHEST WIND SPEED    13   HIGHEST WIND DIRECTION     S (190)
  HIGHEST GUST SPEED    21   HIGHEST GUST DIRECTION     S (160)
  AVERAGE WIND SPEED     4.9


SKY COVER
  POSSIBLE SUNSHINE  MM
  AVERAGE SKY COVER 0.1


WEATHER CONDITIONS
 THE FOLLOWING WEATHER WAS RECORDED YESTERDAY.
  THUNDERSTORM


RELATIVE HUMIDITY (PERCENT)
 HIGHEST   100           500 AM
 LOWEST     49           300 PM
 AVERAGE    75

..........................................................


THE BEAUMONT PORT ARTHUR CLIMATE NORMALS FOR TODAY
                         NORMAL    RECORD    YEAR
 MAXIMUM TEMPERATURE (F)   92       100      1944
                                             1937
                                             1915
 MINIMUM TEMPERATURE (F)   74        69      1952
                                             1904


SUNRISE AND SUNSET
JULY 28 2017..........SUNRISE   633 AM CDT   SUNSET   812 PM CDT
JULY 29 2017..........SUNRISE   634 AM CDT   SUNSET   811 PM CDT


-  INDICATES NEGATIVE NUMBERS.
R  INDICATES RECORD WAS SET OR TIED.
MM INDICATES DATA IS MISSING.
T  INDICATES TRACE AMOUNT.




$$
