000
CDUS44 KLCH 172204
CLIBPT


CLIMATE REPORT
NATIONAL WEATHER SERVICE LAKE CHARLES, LA
403 PM CST SAT FEB 17 2018


...................................

...THE BEAUMONT PORT ARTHUR CLIMATE SUMMARY FOR FEBRUARY 17 2018...
VALID TODAY AS OF 0400 PM LOCAL TIME.

CLIMATE NORMAL PERIOD 1981 TO 2010
CLIMATE RECORD PERIOD 1901 TO 2018


WEATHER ITEM   OBSERVED TIME   RECORD YEAR NORMAL DEPARTURE LAST
                VALUE   (LST)  VALUE       VALUE  FROM      YEAR
                                                  NORMAL
..................................................................
TEMPERATURE (F)
 TODAY
  MAXIMUM         80R   101 PM  79    2014  66     14       70
                                      2000
                                      1944
  MINIMUM         65    522 AM  20    1903  47     18       47
  AVERAGE         73                        56     17       59

PRECIPITATION (IN)
  TODAY            0.00          1.91 1932   0.14  -0.14     0.40
  MONTH TO DATE    3.13                      2.26   0.87     1.11
  SINCE DEC 1     19.07                     12.81   6.26    15.07
  SINCE JAN 1     13.46                      7.52   5.94     2.05

SNOWFALL (IN)
  TODAY            0.0           0.4  1973   0.0    0.0      0.0
  MONTH TO DATE    0.0                       0.0    0.0      0.0
  SINCE DEC 1      3.1                       T      3.1      0.0
  SINCE JUL 1      3.1                       T      3.1      0.0
  SNOW DEPTH       0

DEGREE DAYS
 HEATING
  TODAY            0                         9     -9        6
  MONTH TO DATE  103                       180    -77       57
  SINCE DEC 1    985                       928     57      477
  SINCE JUL 1   1115                      1123     -8      547

 COOLING
  TODAY            8                         0      8        0
  MONTH TO DATE   29                         6     23       65
  SINCE DEC 1     48                        39      9      211
  SINCE JAN 1     30                        17     13      141
..................................................................


WIND (MPH)
  HIGHEST WIND SPEED    20   HIGHEST WIND DIRECTION    SW (230)
  HIGHEST GUST SPEED    25   HIGHEST GUST DIRECTION     S (200)
  AVERAGE WIND SPEED     8.8


SKY COVER
  POSSIBLE SUNSHINE  MM
  AVERAGE SKY COVER 1.0


WEATHER CONDITIONS
 THE FOLLOWING WEATHER WAS RECORDED TODAY.
  FOG


RELATIVE HUMIDITY (PERCENT)
 HIGHEST   100           400 AM
 LOWEST     58           100 PM
 AVERAGE    79

..........................................................


THE BEAUMONT PORT ARTHUR CLIMATE NORMALS FOR TOMORROW
                         NORMAL    RECORD    YEAR
 MAXIMUM TEMPERATURE (F)   66        81      2017
                                             1906
 MINIMUM TEMPERATURE (F)   47        20      1903


SUNRISE AND SUNSET
FEBRUARY 17 2018......SUNRISE   654 AM CST   SUNSET   606 PM CST
FEBRUARY 18 2018......SUNRISE   653 AM CST   SUNSET   607 PM CST


-  INDICATES NEGATIVE NUMBERS.
R  INDICATES RECORD WAS SET OR TIED.
MM INDICATES DATA IS MISSING.
T  INDICATES TRACE AMOUNT.




$$
