000
CDUS44 KLCH 231005
CLIBPT


CLIMATE REPORT
NATIONAL WEATHER SERVICE LAKE CHARLES, LA
504 AM CDT SAT MAY 23 2015


...................................

...THE BEAUMONT PORT ARTHUR CLIMATE SUMMARY FOR MAY 22 2015...

CLIMATE NORMAL PERIOD 1981 TO 2010
CLIMATE RECORD PERIOD 1901 TO 2015


WEATHER ITEM   OBSERVED TIME   RECORD YEAR NORMAL DEPARTURE LAST
                VALUE   (LST)  VALUE       VALUE  FROM      YEAR
                                                  NORMAL
..................................................................
TEMPERATURE (F)
 YESTERDAY
  MAXIMUM         81    209 PM  98    2005  86     -5       87
                                      1905
  MINIMUM         63    742 AM  57    2001  69     -6       66
  AVERAGE         72                        77     -5       77

PRECIPITATION (IN)
  YESTERDAY        T             2.04 1916   0.17  -0.17     0.00
  MONTH TO DATE    2.36                      3.69  -1.33     0.37
  SINCE MAR 1     21.59                     10.43  11.16     4.68
  SINCE JAN 1     28.57                     19.27   9.30    11.40

SNOWFALL (IN)
  YESTERDAY        0.0           0.0    MM   0.0    0.0      0.0
  MONTH TO DATE    0.0                       0.0    0.0      0.0
  SINCE MAR 1      T                         0.0    0.0      0.0
  SINCE JUL 1      T                         T      0.0      0.3
  SNOW DEPTH       0

DEGREE DAYS
 HEATING
  YESTERDAY        0                         0      0        0
  MONTH TO DATE    0                         0      0        7
  SINCE MAR 1    105                       187    -82      248
  SINCE JUL 1   1362                      1400    -38     1717

 COOLING
  YESTERDAY        7                        12     -5       12
  MONTH TO DATE  285                       219     66      181
  SINCE MAR 1    596                       420    176      358
  SINCE JAN 1    604                       446    158      382
..................................................................


WIND (MPH)
  HIGHEST WIND SPEED    17   HIGHEST WIND DIRECTION    NE (40)
  HIGHEST GUST SPEED    23   HIGHEST GUST DIRECTION    NE (40)
  AVERAGE WIND SPEED     8.7


SKY COVER
  POSSIBLE SUNSHINE  MM
  AVERAGE SKY COVER 0.8


WEATHER CONDITIONS
 THE FOLLOWING WEATHER WAS RECORDED YESTERDAY.
  LIGHT RAIN
  FOG


RELATIVE HUMIDITY (PERCENT)
 HIGHEST    93           300 AM
 LOWEST     67           200 PM
 AVERAGE    80

..........................................................


THE BEAUMONT PORT ARTHUR CLIMATE NORMALS FOR TODAY
                         NORMAL    RECORD    YEAR
 MAXIMUM TEMPERATURE (F)   86        97      1905
 MINIMUM TEMPERATURE (F)   69        51      2001


SUNRISE AND SUNSET
MAY 23 2015...........SUNRISE   619 AM CDT   SUNSET   807 PM CDT
MAY 24 2015...........SUNRISE   618 AM CDT   SUNSET   808 PM CDT


-  INDICATES NEGATIVE NUMBERS.
R  INDICATES RECORD WAS SET OR TIED.
MM INDICATES DATA IS MISSING.
T  INDICATES TRACE AMOUNT.




$$
