934
CDUS44 KLCH 121245
CLIBPT


CLIMATE REPORT
NATIONAL WEATHER SERVICE LAKE CHARLES, LA
645 AM CST FRI FEB 12 2016


...................................

...THE BEAUMONT PORT ARTHUR CLIMATE SUMMARY FOR FEBRUARY 11 2016...

CLIMATE NORMAL PERIOD 1981 TO 2010
CLIMATE RECORD PERIOD 1901 TO 2016


WEATHER ITEM   OBSERVED TIME   RECORD YEAR NORMAL DEPARTURE LAST
                VALUE   (LST)  VALUE       VALUE  FROM      YEAR
                                                  NORMAL
..................................................................
TEMPERATURE (F)
 YESTERDAY
  MAXIMUM         78    304 PM  81    1916  65     13       74
  MINIMUM         49    337 AM  20    1981  46      3       44
  AVERAGE         64                        55      9       59

PRECIPITATION (IN)
  YESTERDAY        0.00          3.30 1959   0.13  -0.13     0.00
  MONTH TO DATE    0.12                      1.47  -1.35     0.42
  SINCE DEC 1      8.25                     12.02  -3.77     9.55
  SINCE JAN 1      4.11                      6.73  -2.62     6.41

SNOWFALL (IN)
  YESTERDAY        0.0           T    1981   0.0    0.0      0.0
                                      1958
  MONTH TO DATE    0.0                       0.0    0.0      0.0
  SINCE DEC 1      0.0                       T      0.0      0.0
  SINCE JUL 1      0.0                       T      0.0      0.0
  SNOW DEPTH       0

DEGREE DAYS
 HEATING
  YESTERDAY        1                        10     -9        6
  MONTH TO DATE  133                       122     11      108
  SINCE DEC 1    689                       870   -181      797
  SINCE JUL 1    753                      1065   -312     1034

 COOLING
  YESTERDAY        0                         1     -1        0
  MONTH TO DATE    5                         5      0        5
  SINCE DEC 1     79                        38     41       25
  SINCE JAN 1     11                        16     -5        5
..................................................................


WIND (MPH)
  HIGHEST WIND SPEED    23   HIGHEST WIND DIRECTION    SW (230)
  HIGHEST GUST SPEED    27   HIGHEST GUST DIRECTION    SW (230)
  AVERAGE WIND SPEED     9.2


SKY COVER
  POSSIBLE SUNSHINE  MM
  AVERAGE SKY COVER 0.0


WEATHER CONDITIONS
 THE FOLLOWING WEATHER WAS RECORDED YESTERDAY.
  FOG
  FOG W/VISIBILITY <= 1/4 MILE


RELATIVE HUMIDITY (PERCENT)
 HIGHEST   100           200 AM
 LOWEST     42           300 PM
 AVERAGE    71

..........................................................


THE BEAUMONT PORT ARTHUR CLIMATE NORMALS FOR TODAY
                         NORMAL    RECORD    YEAR
 MAXIMUM TEMPERATURE (F)   65        83      1922
 MINIMUM TEMPERATURE (F)   46        25      1981
                                             1963


SUNRISE AND SUNSET
FEBRUARY 12 2016......SUNRISE   659 AM CST   SUNSET   602 PM CST
FEBRUARY 13 2016......SUNRISE   658 AM CST   SUNSET   603 PM CST


-  INDICATES NEGATIVE NUMBERS.
R  INDICATES RECORD WAS SET OR TIED.
MM INDICATES DATA IS MISSING.
T  INDICATES TRACE AMOUNT.




$$
