000
CDUS44 KLCH 222214
CLIBPT


CLIMATE REPORT
NATIONAL WEATHER SERVICE LAKE CHARLES, LA
514 PM CDT FRI SEP 22 2017


...................................

...THE BEAUMONT PORT ARTHUR CLIMATE SUMMARY FOR SEPTEMBER 22 2017...
VALID TODAY AS OF 0500 PM LOCAL TIME.

CLIMATE NORMAL PERIOD 1981 TO 2010
CLIMATE RECORD PERIOD 1901 TO 2017


WEATHER ITEM   OBSERVED TIME   RECORD YEAR NORMAL DEPARTURE LAST
                VALUE   (LST)  VALUE       VALUE  FROM      YEAR
                                                  NORMAL
..................................................................
TEMPERATURE (F)
 TODAY
  MAXIMUM         90        MM 100    2005  87      3       92
                                      1904
  MINIMUM         71        MM  53    1983  68      3       75
  AVERAGE         81                        77      4       84

PRECIPITATION (IN)
  TODAY            0.00          4.00 1957   0.19  -0.19      T
  MONTH TO DATE    2.54                      4.53  -1.99     3.61
  SINCE SEP 1      2.54                      4.53  -1.99     3.61
  SINCE JAN 1     92.14                     43.76  48.38    61.13

SNOWFALL (IN)
  TODAY            0.0           0.0    MM   0.0    0.0      0.0
  MONTH TO DATE    0.0                       0.0    0.0      0.0
  SINCE SEP 1      0.0                       0.0    0.0      0.0
  SINCE JUL 1      0.0                       0.0    0.0      0.0
  SNOW DEPTH       0

DEGREE DAYS
 HEATING
  TODAY            0                         0      0        0
  MONTH TO DATE    0                         0      0        0
  SINCE SEP 1      0                         0      0        0
  SINCE JUL 1      0                         0      0        0

 COOLING
  TODAY           16                        12      4       19
  MONTH TO DATE  302                       330    -28      427
  SINCE SEP 1    302                       330    -28      427
  SINCE JAN 1   2595                      2497     98     2880
..................................................................


WIND (MPH)
  HIGHEST WIND SPEED    10   HIGHEST WIND DIRECTION    SE (130)
  HIGHEST GUST SPEED    MM   HIGHEST GUST DIRECTION    MM
  AVERAGE WIND SPEED     5.1


SKY COVER
  POSSIBLE SUNSHINE  MM
  AVERAGE SKY COVER 0.2


WEATHER CONDITIONS
 THE FOLLOWING WEATHER WAS RECORDED TODAY.
  FOG


RELATIVE HUMIDITY (PERCENT)
 HIGHEST   100           400 AM
 LOWEST     56          1200 PM
 AVERAGE    78

..........................................................


THE BEAUMONT PORT ARTHUR CLIMATE NORMALS FOR TOMORROW
                         NORMAL    RECORD    YEAR
 MAXIMUM TEMPERATURE (F)   87       100      1904
 MINIMUM TEMPERATURE (F)   68        52      1999
                                             1994


SUNRISE AND SUNSET
SEPTEMBER 22 2017.....SUNRISE   705 AM CDT   SUNSET   712 PM CDT
SEPTEMBER 23 2017.....SUNRISE   705 AM CDT   SUNSET   711 PM CDT


-  INDICATES NEGATIVE NUMBERS.
R  INDICATES RECORD WAS SET OR TIED.
MM INDICATES DATA IS MISSING.
T  INDICATES TRACE AMOUNT.




$$
