000
CDUS44 KLCH 242209
CLIBPT


CLIMATE REPORT
NATIONAL WEATHER SERVICE LAKE CHARLES, LA
509 PM CDT WED MAY 24 2017


...................................

...THE BEAUMONT PORT ARTHUR CLIMATE SUMMARY FOR MAY 24 2017...
VALID TODAY AS OF 0500 PM LOCAL TIME.

CLIMATE NORMAL PERIOD 1981 TO 2010
CLIMATE RECORD PERIOD 1901 TO 2017


WEATHER ITEM   OBSERVED TIME   RECORD YEAR NORMAL DEPARTURE LAST
                VALUE   (LST)  VALUE       VALUE  FROM      YEAR
                                                  NORMAL
..................................................................
TEMPERATURE (F)
 TODAY
  MAXIMUM         81    339 PM  98    1902  87     -6       86
  MINIMUM         59    605 AM  55    1910  69    -10       73
  AVERAGE         70                        78     -8       80

PRECIPITATION (IN)
  TODAY            0.00          2.25 1964   0.16  -0.16      T
  MONTH TO DATE    5.40                      4.01   1.39     8.90
  SINCE MAR 1     15.96                     10.75   5.21    22.14
  SINCE JAN 1     18.01                     19.59  -1.58    28.10

SNOWFALL (IN)
  TODAY            0.0           0.0    MM   0.0    0.0      0.0
  MONTH TO DATE    0.0                       0.0    0.0      0.0
  SINCE MAR 1      0.0                       0.0    0.0      0.0
  SINCE JUL 1      0.0                       T      0.0      0.0
  SNOW DEPTH       0

DEGREE DAYS
 HEATING
  TODAY            0                         0      0        0
  MONTH TO DATE    0                         0      0        0
  SINCE MAR 1     59                       187   -128       65
  SINCE JUL 1    614                      1400   -786      889

 COOLING
  TODAY            5                        13     -8       15
  MONTH TO DATE  216                       245    -29      250
  SINCE MAR 1    598                       446    152      575
  SINCE JAN 1    792                       472    320      606
..................................................................


WIND (MPH)
  HIGHEST WIND SPEED    26   HIGHEST WIND DIRECTION    NW (310)
  HIGHEST GUST SPEED    39   HIGHEST GUST DIRECTION    NW (320)
  AVERAGE WIND SPEED    13.7


SKY COVER
  POSSIBLE SUNSHINE  MM
  AVERAGE SKY COVER 0.2


WEATHER CONDITIONS
 THE FOLLOWING WEATHER WAS RECORDED TODAY.
  NO SIGNIFICANT WEATHER WAS OBSERVED.


RELATIVE HUMIDITY (PERCENT)
 HIGHEST    93           100 AM
 LOWEST     30           100 PM
 AVERAGE    62

..........................................................


THE BEAUMONT PORT ARTHUR CLIMATE NORMALS FOR TOMORROW
                         NORMAL    RECORD    YEAR
 MAXIMUM TEMPERATURE (F)   87        99      1905
 MINIMUM TEMPERATURE (F)   69        56      1979


SUNRISE AND SUNSET
MAY 24 2017...........SUNRISE   618 AM CDT   SUNSET   808 PM CDT
MAY 25 2017...........SUNRISE   618 AM CDT   SUNSET   809 PM CDT


-  INDICATES NEGATIVE NUMBERS.
R  INDICATES RECORD WAS SET OR TIED.
MM INDICATES DATA IS MISSING.
T  INDICATES TRACE AMOUNT.




$$
