000
CDUS44 KLCH 181245
CLIBPT


CLIMATE REPORT
NATIONAL WEATHER SERVICE LAKE CHARLES, LA
645 AM CST WED JAN 18 2017


...................................

...THE BEAUMONT PORT ARTHUR CLIMATE SUMMARY FOR JANUARY 17 2017...

CLIMATE NORMAL PERIOD 1981 TO 2010
CLIMATE RECORD PERIOD 1901 TO 2017


WEATHER ITEM   OBSERVED TIME   RECORD YEAR NORMAL DEPARTURE LAST
                VALUE   (LST)  VALUE       VALUE  FROM      YEAR
                                                  NORMAL
..................................................................
TEMPERATURE (F)
 YESTERDAY
  MAXIMUM         79    242 PM  81    1906  62     17       58
  MINIMUM         64    818 PM  20    1965  43     21       37
  AVERAGE         72                        52     20       48

PRECIPITATION (IN)
  YESTERDAY        0.00          4.26 1987   0.17  -0.17     0.00
  MONTH TO DATE    0.85                      2.99  -2.14     2.53
  SINCE DEC 1     13.87                      8.28   5.59     6.67
  SINCE JAN 1      0.85                      2.99  -2.14     2.53

SNOWFALL (IN)
  YESTERDAY        0.0           0.0    MM   0.0    0.0      0.0
  MONTH TO DATE    0.0                       0.0    0.0      0.0
  SINCE DEC 1      0.0                       T      0.0      0.0
  SINCE JUL 1      0.0                       T      0.0      0.0
  SNOW DEPTH       0

DEGREE DAYS
 HEATING
  YESTERDAY        0                        13    -13       17
  MONTH TO DATE  123                       221    -98      227
  SINCE DEC 1    344                       576   -232      412
  SINCE JUL 1    414                       771   -357      476

 COOLING
  YESTERDAY        7                         0      7        0
  MONTH TO DATE   53                         0     53        0
  SINCE DEC 1    123                        22    101       68
  SINCE JAN 1     53                         0     53        0
..................................................................


WIND (MPH)
  HIGHEST WIND SPEED    18   HIGHEST WIND DIRECTION     S (180)
  HIGHEST GUST SPEED    24   HIGHEST GUST DIRECTION     S (190)
  AVERAGE WIND SPEED    10.1


SKY COVER
  POSSIBLE SUNSHINE  MM
  AVERAGE SKY COVER 0.9


WEATHER CONDITIONS
 THE FOLLOWING WEATHER WAS RECORDED YESTERDAY.
  FOG


RELATIVE HUMIDITY (PERCENT)
 HIGHEST    97           200 AM
 LOWEST     69           200 PM
 AVERAGE    83

..........................................................


THE BEAUMONT PORT ARTHUR CLIMATE NORMALS FOR TODAY
                         NORMAL    RECORD    YEAR
 MAXIMUM TEMPERATURE (F)   62        81      1906
 MINIMUM TEMPERATURE (F)   43        11      1930


SUNRISE AND SUNSET
JANUARY 18 2017.......SUNRISE   712 AM CST   SUNSET   542 PM CST
JANUARY 19 2017.......SUNRISE   712 AM CST   SUNSET   542 PM CST


-  INDICATES NEGATIVE NUMBERS.
R  INDICATES RECORD WAS SET OR TIED.
MM INDICATES DATA IS MISSING.
T  INDICATES TRACE AMOUNT.




$$
