000
CDUS44 KLCH 210837
CLIBPT


CLIMATE REPORT
NATIONAL WEATHER SERVICE LAKE CHARLES, LA
236 AM CST SUN DEC 21 2014


...................................

...THE BEAUMONT PORT ARTHUR CLIMATE SUMMARY FOR DECEMBER 20 2014...

CLIMATE NORMAL PERIOD 1981 TO 2010
CLIMATE RECORD PERIOD 1901 TO 2014


WEATHER ITEM   OBSERVED TIME   RECORD YEAR NORMAL DEPARTURE LAST
                VALUE   (LST)  VALUE       VALUE  FROM      YEAR
                                                  NORMAL
..................................................................
TEMPERATURE (F)
 YESTERDAY
  MAXIMUM         60    335 PM  82    1916  63     -3       76
  MINIMUM         47   1159 PM  22    1909  44      3       68
  AVERAGE         54                        53      1       72

PRECIPITATION (IN)
  YESTERDAY        0.00          2.18 1911   0.18  -0.18      T
  MONTH TO DATE    2.25                      3.33  -1.08     0.59
  SINCE DEC 1      2.25                      3.33  -1.08     0.59
  SINCE JAN 1     50.96                     58.51  -7.55    55.42

SNOWFALL (IN)
  YESTERDAY        0.0           0.0    MM   0.0    0.0      0.0
  MONTH TO DATE    0.0                       0.0    0.0      0.0
  SINCE DEC 1      0.0                       0.0    0.0      0.0
  SINCE JUL 1      0.0                       0.0    0.0      0.0
  SNOW DEPTH       0

DEGREE DAYS
 HEATING
  YESTERDAY       11                        12     -1        0
  MONTH TO DATE  114                       215   -101      242
  SINCE DEC 1    114                       215   -101      242
  SINCE JUL 1    351                       410    -59      484

 COOLING
  YESTERDAY        0                         1     -1        7
  MONTH TO DATE   20                        20      0       24
  SINCE DEC 1     20                        20      0       24
  SINCE JAN 1   2931                      2875     56     3019
..................................................................


WIND (MPH)
  HIGHEST WIND SPEED    16   HIGHEST WIND DIRECTION     N (20)
  HIGHEST GUST SPEED    21   HIGHEST GUST DIRECTION     N (360)
  AVERAGE WIND SPEED     9.5


SKY COVER
  POSSIBLE SUNSHINE  MM
  AVERAGE SKY COVER 0.7


WEATHER CONDITIONS
 THE FOLLOWING WEATHER WAS RECORDED YESTERDAY.
  FOG


RELATIVE HUMIDITY (PERCENT)
 HIGHEST    96           900 AM
 LOWEST     64           300 PM
 AVERAGE    80

..........................................................


THE BEAUMONT PORT ARTHUR CLIMATE NORMALS FOR TODAY
                         NORMAL    RECORD    YEAR
 MAXIMUM TEMPERATURE (F)   63        80      1905
 MINIMUM TEMPERATURE (F)   44        20      1973


SUNRISE AND SUNSET
DECEMBER 21 2014......SUNRISE   708 AM CST   SUNSET   521 PM CST
DECEMBER 22 2014......SUNRISE   708 AM CST   SUNSET   521 PM CST


-  INDICATES NEGATIVE NUMBERS.
R  INDICATES RECORD WAS SET OR TIED.
MM INDICATES DATA IS MISSING.
T  INDICATES TRACE AMOUNT.




$$
