000
CDUS44 KLCH 282239
CLIBPT


CLIMATE REPORT
NATIONAL WEATHER SERVICE LAKE CHARLES, LA
538 PM CDT TUE JUL 28 2015


...................................

...THE BEAUMONT PORT ARTHUR CLIMATE SUMMARY FOR JULY 28 2015...
VALID TODAY AS OF 0500 PM LOCAL TIME.

CLIMATE NORMAL PERIOD 1981 TO 2010
CLIMATE RECORD PERIOD 1901 TO 2015


WEATHER ITEM   OBSERVED TIME   RECORD YEAR NORMAL DEPARTURE LAST
                VALUE   (LST)  VALUE       VALUE  FROM      YEAR
                                                  NORMAL
..................................................................
TEMPERATURE (F)
 TODAY
  MAXIMUM         97    335 PM 100    1944  92      5       95
                                      1937
                                      1915
  MINIMUM         75    253 AM  69    1952  74      1       77
                                      1904
  AVERAGE         86                        83      3       86

PRECIPITATION (IN)
  TODAY            0.00          2.01 1927   0.18  -0.18     0.00
  MONTH TO DATE    1.09                      5.43  -4.34    13.63
  SINCE JUN 1      7.70                     12.52  -4.82    17.52
  SINCE JAN 1     41.68                     33.33   8.35    29.97

SNOWFALL (IN)
  TODAY            0.0           0.0    MM   0.0    0.0      0.0
  MONTH TO DATE    0.0                       0.0    0.0      0.0
  SINCE JUN 1      0.0                       0.0    0.0      0.0
  SINCE JUL 1      0.0                       0.0    0.0      0.0
  SNOW DEPTH       0

DEGREE DAYS
 HEATING
  TODAY            0                         0      0        0
  MONTH TO DATE    0                         0      0        0
  SINCE JUN 1      0                         0      0        0
  SINCE JUL 1      0                         0      0        0

 COOLING
  TODAY           21                        18      3       21
  MONTH TO DATE  558                       504     54      497
  SINCE JUN 1   1067                       988     79     1007
  SINCE JAN 1   1792                      1554    238     1501
..................................................................


WIND (MPH)
  HIGHEST WIND SPEED    14   HIGHEST WIND DIRECTION     S (200)
  HIGHEST GUST SPEED    19   HIGHEST GUST DIRECTION     S (170)
  AVERAGE WIND SPEED     3.5


SKY COVER
  POSSIBLE SUNSHINE  MM
  AVERAGE SKY COVER 0.2


WEATHER CONDITIONS
 THE FOLLOWING WEATHER WAS RECORDED TODAY.
  FOG


RELATIVE HUMIDITY (PERCENT)
 HIGHEST   100           200 AM
 LOWEST     45           200 PM
 AVERAGE    73

..........................................................


THE BEAUMONT PORT ARTHUR CLIMATE NORMALS FOR TOMORROW
                         NORMAL    RECORD    YEAR
 MAXIMUM TEMPERATURE (F)   92       101      1944
                                             1915
 MINIMUM TEMPERATURE (F)   74        68      1994


SUNRISE AND SUNSET
JULY 28 2015..........SUNRISE   633 AM CDT   SUNSET   812 PM CDT
JULY 29 2015..........SUNRISE   633 AM CDT   SUNSET   811 PM CDT


-  INDICATES NEGATIVE NUMBERS.
R  INDICATES RECORD WAS SET OR TIED.
MM INDICATES DATA IS MISSING.
T  INDICATES TRACE AMOUNT.




$$
