000
CDUS43 KDVN 242132
CLIBRL


CLIMATE REPORT
NATIONAL WEATHER SERVICE QUAD CITIES IA IL
428 PM CDT WED AUG 24 2016


...................................

...THE BURLINGTON IA CLIMATE SUMMARY FOR AUGUST 24 2016...
VALID TODAY AS OF 0400 PM LOCAL TIME.

CLIMATE NORMAL PERIOD 1981 TO 2010
CLIMATE RECORD PERIOD 1897 TO 2016


WEATHER ITEM   OBSERVED TIME   RECORD YEAR NORMAL DEPARTURE LAST
                VALUE   (LST)  VALUE       VALUE  FROM      YEAR
                                                  NORMAL
..................................................................
TEMPERATURE (F)
 TODAY
  MAXIMUM         86    206 PM 103    1947  84      2       75
  MINIMUM         72    414 AM  49    1958  64      8       52
  AVERAGE         79                        74      5       64

PRECIPITATION (IN)
  TODAY            0.23         MM      MM   0.14  -0.13     0.00
  MONTH TO DATE    4.06                      3.27   0.79     3.47
  SINCE JUN 1     12.43                     11.99   0.44    19.63
  SINCE JAN 1     23.28                     26.25  -2.97    28.59

DEGREE DAYS
 HEATING
  TODAY            0                         0      0        1
  MONTH TO DATE    0                         0      0        1
  SINCE JUN 1      6                        14     -8       10
  SINCE JUL 1      6                         1      5        5

 COOLING
  TODAY           14                         9      5        0
  MONTH TO DATE  237                       253    -16      192
  SINCE JUN 1    855                       879    -24      728
  SINCE JAN 1    954                       982    -28      821
..................................................................


WIND (MPH)
  HIGHEST WIND SPEED    18   HIGHEST WIND DIRECTION     S (180)
  HIGHEST GUST SPEED    35   HIGHEST GUST DIRECTION     S (190)
  AVERAGE WIND SPEED     9.1


SKY COVER
  POSSIBLE SUNSHINE  MM
  AVERAGE SKY COVER 0.5


WEATHER CONDITIONS
 THE FOLLOWING WEATHER WAS RECORDED TODAY.
  THUNDERSTORM
  HEAVY RAIN
  RAIN
  LIGHT RAIN
  FOG


RELATIVE HUMIDITY (PERCENT)
 HIGHEST   100          1200 AM
 LOWEST     65          1200 PM
 AVERAGE    83

..........................................................


THE BURLINGTON IA CLIMATE NORMALS FOR TOMORROW
                         NORMAL    RECORD    YEAR
 MAXIMUM TEMPERATURE (F)   84       101      1936
 MINIMUM TEMPERATURE (F)   64        44      1958


SUNRISE AND SUNSET
AUGUST 24 2016........SUNRISE   624 AM CDT   SUNSET   748 PM CDT
AUGUST 25 2016........SUNRISE   625 AM CDT   SUNSET   747 PM CDT


-  INDICATES NEGATIVE NUMBERS.
R  INDICATES RECORD WAS SET OR TIED.
MM INDICATES DATA IS MISSING.
T  INDICATES TRACE AMOUNT.




$$
