000
CDUS43 KDVN 041048
CLIBRL


CLIMATE REPORT
NATIONAL WEATHER SERVICE QUAD CITIES IA IL
447 AM CST WED MAR 4 2015


...................................

...THE BURLINGTON IA CLIMATE SUMMARY FOR MARCH 3 2015...

CLIMATE NORMAL PERIOD 1981 TO 2010
CLIMATE RECORD PERIOD 1897 TO 2015


WEATHER ITEM   OBSERVED TIME   RECORD YEAR NORMAL DEPARTURE LAST
                VALUE   (LST)  VALUE       VALUE  FROM      YEAR
                                                  NORMAL
..................................................................
TEMPERATURE (F)
 YESTERDAY
  MAXIMUM         37    333 PM  78    1983  45     -8       15
  MINIMUM         23   1159 PM  -8    2014  27     -4       -8
  AVERAGE         30                        36     -6        4

PRECIPITATION (IN)
  YESTERDAY        0.03         MM      MM   0.09  -0.06     0.00
  MONTH TO DATE    0.11                      0.26  -0.15     0.21
  SINCE MAR 1      0.11                      0.26  -0.15     0.21
  SINCE JAN 1      2.53                      3.12  -0.59     4.58

DEGREE DAYS
 HEATING
  YESTERDAY       35                        29      6       61
  MONTH TO DATE  122                        89     33      169
  SINCE MAR 1    122                        89     33      169
  SINCE JUL 1   5053                      4467    586     5492

 COOLING
  YESTERDAY        0                         0      0        0
  MONTH TO DATE    0                         0      0        0
  SINCE MAR 1      0                         0      0        0
  SINCE JAN 1      0                         0      0        0
..................................................................


WIND (MPH)
  HIGHEST WIND SPEED    23   HIGHEST WIND DIRECTION     S (180)
  HIGHEST GUST SPEED    28   HIGHEST GUST DIRECTION     N (340)
  AVERAGE WIND SPEED    12.1


SKY COVER
  POSSIBLE SUNSHINE  MM
  AVERAGE SKY COVER 0.9


WEATHER CONDITIONS
 THE FOLLOWING WEATHER WAS RECORDED YESTERDAY.
  LT FREEZING RAIN
  FOG


RELATIVE HUMIDITY (PERCENT)
 HIGHEST   100           900 AM
 LOWEST     69          1200 AM
 AVERAGE    85

..........................................................


THE BURLINGTON IA CLIMATE NORMALS FOR TODAY
                         NORMAL    RECORD    YEAR
 MAXIMUM TEMPERATURE (F)   45        72      1992
 MINIMUM TEMPERATURE (F)   27        -6      2002
                                             1978


SUNRISE AND SUNSET
MARCH  4 2015.........SUNRISE   634 AM CST   SUNSET   559 PM CST
MARCH  5 2015.........SUNRISE   633 AM CST   SUNSET   600 PM CST


-  INDICATES NEGATIVE NUMBERS.
R  INDICATES RECORD WAS SET OR TIED.
MM INDICATES DATA IS MISSING.
T  INDICATES TRACE AMOUNT.




$$
