334
CDUS43 KDVN 040920
CLIBRL


CLIMATE REPORT
NATIONAL WEATHER SERVICE QUAD CITIES IA IL
418 AM CDT WED MAY 4 2016


...................................

...THE BURLINGTON IA CLIMATE SUMMARY FOR MAY 3 2016...

CLIMATE NORMAL PERIOD 1981 TO 2010
CLIMATE RECORD PERIOD 1897 TO 2016


WEATHER ITEM   OBSERVED TIME   RECORD YEAR NORMAL DEPARTURE LAST
                VALUE   (LST)  VALUE       VALUE  FROM      YEAR
                                                  NORMAL
..................................................................
TEMPERATURE (F)
 YESTERDAY
  MAXIMUM         67    403 PM  90    1928  70     -3       84
  MINIMUM         46    626 AM  28    2005  49     -3       58
  AVERAGE         57                        60     -3       71

PRECIPITATION (IN)
  YESTERDAY        0.00         MM      MM   0.17  -0.17     0.00
  MONTH TO DATE    0.02                      0.50  -0.48      T
  SINCE MAR 1      6.49                      7.05  -0.56     1.90
  SINCE JAN 1      7.87                      9.91  -2.04     4.32

DEGREE DAYS
 HEATING
  YESTERDAY        8                         7      1        0
  MONTH TO DATE   36                        21     15       12
  SINCE MAR 1    992                      1105   -113     1076
  SINCE JUL 1   4874                      5483   -609     6007

 COOLING
  YESTERDAY        0                         1     -1        6
  MONTH TO DATE    0                         3     -3        6
  SINCE MAR 1     18                        23     -5        9
  SINCE JAN 1     18                        23     -5        9
..................................................................


WIND (MPH)
  HIGHEST WIND SPEED    16   HIGHEST WIND DIRECTION    SW (240)
  HIGHEST GUST SPEED    21   HIGHEST GUST DIRECTION     W (250)
  AVERAGE WIND SPEED     8.4


SKY COVER
  POSSIBLE SUNSHINE  MM
  AVERAGE SKY COVER 0.4


WEATHER CONDITIONS
 THE FOLLOWING WEATHER WAS RECORDED YESTERDAY.
  NO SIGNIFICANT WEATHER WAS OBSERVED.


RELATIVE HUMIDITY (PERCENT)
 HIGHEST    93           400 AM
 LOWEST     40          1100 AM
 AVERAGE    67

..........................................................


THE BURLINGTON IA CLIMATE NORMALS FOR TODAY
                         NORMAL    RECORD    YEAR
 MAXIMUM TEMPERATURE (F)   71        90      1952
 MINIMUM TEMPERATURE (F)   49        26      1907


SUNRISE AND SUNSET
MAY  4 2016...........SUNRISE   559 AM CDT   SUNSET   804 PM CDT
MAY  5 2016...........SUNRISE   557 AM CDT   SUNSET   805 PM CDT


-  INDICATES NEGATIVE NUMBERS.
R  INDICATES RECORD WAS SET OR TIED.
MM INDICATES DATA IS MISSING.
T  INDICATES TRACE AMOUNT.




$$
