000
CDUS43 KDVN 201018
CLIBRL


CLIMATE REPORT
NATIONAL WEATHER SERVICE QUAD CITIES IA IL
416 AM CST SAT DEC 20 2014


...................................

...THE BURLINGTON IA CLIMATE SUMMARY FOR DECEMBER 19 2014...

CLIMATE NORMAL PERIOD 1981 TO 2010
CLIMATE RECORD PERIOD 1897 TO 2014


WEATHER ITEM   OBSERVED TIME   RECORD YEAR NORMAL DEPARTURE LAST
                VALUE   (LST)  VALUE       VALUE  FROM      YEAR
                                                  NORMAL
..................................................................
TEMPERATURE (F)
 YESTERDAY
  MAXIMUM         34    207 PM  59    1988  36     -2       46
  MINIMUM         27    923 AM -18    1983  20      7       37
  AVERAGE         31                        28      3       42

PRECIPITATION (IN)
  YESTERDAY        T            MM      MM   0.07  -0.07      T
  MONTH TO DATE    0.21                      1.38  -1.17     0.63
  SINCE DEC 1      0.21                      1.38  -1.17     0.63
  SINCE JAN 1     39.94                     37.77   2.17    33.02

DEGREE DAYS
 HEATING
  YESTERDAY       34                        37     -3       23
  MONTH TO DATE  619                       653    -34      770
  SINCE DEC 1    619                       653    -34      770
  SINCE JUL 1   1996                      1726    270     2007

 COOLING
  YESTERDAY        0                         0      0        0
  MONTH TO DATE    0                         0      0        0
  SINCE DEC 1      0                         0      0        0
  SINCE JAN 1    940                      1207   -267     1115
..................................................................


WIND (MPH)
  HIGHEST WIND SPEED     8   HIGHEST WIND DIRECTION    SE (130)
  HIGHEST GUST SPEED    11   HIGHEST GUST DIRECTION    SE (120)
  AVERAGE WIND SPEED     3.7


SKY COVER
  POSSIBLE SUNSHINE  MM
  AVERAGE SKY COVER 1.0


WEATHER CONDITIONS
 THE FOLLOWING WEATHER WAS RECORDED YESTERDAY.
  LIGHT SNOW


RELATIVE HUMIDITY (PERCENT)
 HIGHEST    85          1200 AM
 LOWEST     63           100 PM
 AVERAGE    74

..........................................................


THE BURLINGTON IA CLIMATE NORMALS FOR TODAY
                         NORMAL    RECORD    YEAR
 MAXIMUM TEMPERATURE (F)   36        62      1949
 MINIMUM TEMPERATURE (F)   20       -14      1901


SUNRISE AND SUNSET
DECEMBER 20 2014......SUNRISE   725 AM CST   SUNSET   440 PM CST
DECEMBER 21 2014......SUNRISE   725 AM CST   SUNSET   440 PM CST


-  INDICATES NEGATIVE NUMBERS.
R  INDICATES RECORD WAS SET OR TIED.
MM INDICATES DATA IS MISSING.
T  INDICATES TRACE AMOUNT.




$$
