000
CDUS43 KDVN 012129
CLIBRL


CLIMATE REPORT
NATIONAL WEATHER SERVICE QUAD CITIES IA IL
428 PM CDT SAT AUG 1 2015


...................................

...THE BURLINGTON IA CLIMATE SUMMARY FOR AUGUST 1 2015...
VALID TODAY AS OF 0400 PM LOCAL TIME.

CLIMATE NORMAL PERIOD 1981 TO 2010
CLIMATE RECORD PERIOD 1897 TO 2015


WEATHER ITEM   OBSERVED TIME   RECORD YEAR NORMAL DEPARTURE LAST
                VALUE   (LST)  VALUE       VALUE  FROM      YEAR
                                                  NORMAL
..................................................................
TEMPERATURE (F)
 TODAY
  MAXIMUM         85    259 PM 104    1987  86     -1       83
  MINIMUM         60    510 AM  54    1968  66     -6       62
  AVERAGE         73                        76     -3       73

PRECIPITATION (IN)
  TODAY            0.00         MM      MM   0.13  -0.13     0.50
  MONTH TO DATE    0.00                      0.13  -0.13     0.50
  SINCE JUN 1     16.16                      8.85   7.31    11.97
  SINCE JAN 1     25.12                     23.11   2.01    23.36

DEGREE DAYS
 HEATING
  TODAY            0                         0      0        0
  MONTH TO DATE    0                         0      0        0
  SINCE JUN 1      9                        14     -5        9
  SINCE JUL 1      4                         1      3        7

 COOLING
  TODAY            8                        11     -3        8
  MONTH TO DATE    8                        11     -3        8
  SINCE JUN 1    544                       637    -93      445
  SINCE JAN 1    637                       740   -103      583
..................................................................


WIND (MPH)
  HIGHEST WIND SPEED    13   HIGHEST WIND DIRECTION    SW (220)
  HIGHEST GUST SPEED    16   HIGHEST GUST DIRECTION    SW (220)
  AVERAGE WIND SPEED     4.6


SKY COVER
  POSSIBLE SUNSHINE  MM
  AVERAGE SKY COVER 0.0


WEATHER CONDITIONS
 THE FOLLOWING WEATHER WAS RECORDED TODAY.
  HAZE


RELATIVE HUMIDITY (PERCENT)
 HIGHEST    93           600 AM
 LOWEST     55          1200 PM
 AVERAGE    74

..........................................................


THE BURLINGTON IA CLIMATE NORMALS FOR TOMORROW
                         NORMAL    RECORD    YEAR
 MAXIMUM TEMPERATURE (F)   86       102      1947
 MINIMUM TEMPERATURE (F)   66        52      1907


SUNRISE AND SUNSET
AUGUST  1 2015........SUNRISE   601 AM CDT   SUNSET   820 PM CDT
AUGUST  2 2015........SUNRISE   602 AM CDT   SUNSET   819 PM CDT


-  INDICATES NEGATIVE NUMBERS.
R  INDICATES RECORD WAS SET OR TIED.
MM INDICATES DATA IS MISSING.
T  INDICATES TRACE AMOUNT.




$$
