000
CDUS43 KDVN 242121
CLIBRL


CLIMATE REPORT
NATIONAL WEATHER SERVICE QUAD CITIES IA IL
421 PM CDT TUE MAY 24 2016


...................................

...THE BURLINGTON IA CLIMATE SUMMARY FOR MAY 24 2016...
VALID TODAY AS OF 0400 PM LOCAL TIME.

CLIMATE NORMAL PERIOD 1981 TO 2010
CLIMATE RECORD PERIOD 1897 TO 2016


WEATHER ITEM   OBSERVED TIME   RECORD YEAR NORMAL DEPARTURE LAST
                VALUE   (LST)  VALUE       VALUE  FROM      YEAR
                                                  NORMAL
..................................................................
TEMPERATURE (F)
 TODAY
  MAXIMUM         85    215 PM  95    1939  77      8       79
  MINIMUM         60    535 AM  38    1925  56      4       60
  AVERAGE         73                        66      7       70

PRECIPITATION (IN)
  TODAY            0.00         MM      MM   0.15  -0.15     0.57
  MONTH TO DATE    1.49                      3.81  -2.32     2.78
  SINCE MAR 1      7.96                     10.36  -2.40     4.68
  SINCE JAN 1      9.34                     13.22  -3.88     7.10

DEGREE DAYS
 HEATING
  TODAY            0                         3     -3        0
  MONTH TO DATE  158                       112     46       90
  SINCE MAR 1   1114                      1196    -82     1154
  SINCE JUL 1   4996                      5574   -578     6085

 COOLING
  TODAY            8                         4      4        5
  MONTH TO DATE   25                        52    -27       58
  SINCE MAR 1     43                        72    -29       61
  SINCE JAN 1     43                        72    -29       61
..................................................................


WIND (MPH)
  HIGHEST WIND SPEED    16   HIGHEST WIND DIRECTION     S (180)
  HIGHEST GUST SPEED    21   HIGHEST GUST DIRECTION    SE (150)
  AVERAGE WIND SPEED     9.1


SKY COVER
  POSSIBLE SUNSHINE  MM
  AVERAGE SKY COVER 0.1


WEATHER CONDITIONS
 THE FOLLOWING WEATHER WAS RECORDED TODAY.
  NO SIGNIFICANT WEATHER WAS OBSERVED.


RELATIVE HUMIDITY (PERCENT)
 HIGHEST    78           400 AM
 LOWEST     51           200 PM
 AVERAGE    65

..........................................................


THE BURLINGTON IA CLIMATE NORMALS FOR TOMORROW
                         NORMAL    RECORD    YEAR
 MAXIMUM TEMPERATURE (F)   77        95      1911
 MINIMUM TEMPERATURE (F)   56        35      1925


SUNRISE AND SUNSET
MAY 24 2016...........SUNRISE   539 AM CDT   SUNSET   824 PM CDT
MAY 25 2016...........SUNRISE   539 AM CDT   SUNSET   825 PM CDT


-  INDICATES NEGATIVE NUMBERS.
R  INDICATES RECORD WAS SET OR TIED.
MM INDICATES DATA IS MISSING.
T  INDICATES TRACE AMOUNT.




$$
