000
CDUS43 KDVN 250929
CLIBRL


CLIMATE REPORT
NATIONAL WEATHER SERVICE QUAD CITIES IA IL
429 AM CDT MON MAY 25 2015


...................................

...THE BURLINGTON IA CLIMATE SUMMARY FOR MAY 24 2015...

CLIMATE NORMAL PERIOD 1981 TO 2010
CLIMATE RECORD PERIOD 1897 TO 2015


WEATHER ITEM   OBSERVED TIME   RECORD YEAR NORMAL DEPARTURE LAST
                VALUE   (LST)  VALUE       VALUE  FROM      YEAR
                                                  NORMAL
..................................................................
TEMPERATURE (F)
 YESTERDAY
  MAXIMUM         79    227 PM  95    1939  77      2       81
  MINIMUM         60    603 AM  38    1925  56      4       56
  AVERAGE         70                        66      4       69

PRECIPITATION (IN)
  YESTERDAY        0.57         MM      MM   0.15   0.42     0.00
  MONTH TO DATE    2.78                      3.81  -1.03     1.27
  SINCE MAR 1      4.68                     10.36  -5.68     6.48
  SINCE JAN 1      7.10                     13.22  -6.12    10.85

DEGREE DAYS
 HEATING
  YESTERDAY        0                         3     -3        0
  MONTH TO DATE   90                       112    -22      143
  SINCE MAR 1   1154                      1196    -42     1501
  SINCE JUL 1   6085                      5574    511     6824

 COOLING
  YESTERDAY        5                         4      1        4
  MONTH TO DATE   58                        52      6       61
  SINCE MAR 1     61                        72    -11       69
  SINCE JAN 1     61                        72    -11       69
..................................................................


WIND (MPH)
  HIGHEST WIND SPEED    29   HIGHEST WIND DIRECTION     S (180)
  HIGHEST GUST SPEED    39   HIGHEST GUST DIRECTION     S (180)
  AVERAGE WIND SPEED    10.2


SKY COVER
  POSSIBLE SUNSHINE  MM
  AVERAGE SKY COVER 0.8


WEATHER CONDITIONS
 THE FOLLOWING WEATHER WAS RECORDED YESTERDAY.
  THUNDERSTORM
  HEAVY RAIN
  RAIN
  LIGHT RAIN
  FOG


RELATIVE HUMIDITY (PERCENT)
 HIGHEST    93          1000 PM
 LOWEST     53          1200 AM
 AVERAGE    73

..........................................................


THE BURLINGTON IA CLIMATE NORMALS FOR TODAY
                         NORMAL    RECORD    YEAR
 MAXIMUM TEMPERATURE (F)   77        95      1911
 MINIMUM TEMPERATURE (F)   56        35      1925


SUNRISE AND SUNSET
MAY 25 2015...........SUNRISE   539 AM CDT   SUNSET   824 PM CDT
MAY 26 2015...........SUNRISE   539 AM CDT   SUNSET   825 PM CDT


-  INDICATES NEGATIVE NUMBERS.
R  INDICATES RECORD WAS SET OR TIED.
MM INDICATES DATA IS MISSING.
T  INDICATES TRACE AMOUNT.




$$
