000
CDUS43 KDVN 172225
CLIBRL


CLIMATE REPORT
NATIONAL WEATHER SERVICE QUAD CITIES IA IL
423 PM CST SUN DEC 17 2017


...................................

...THE BURLINGTON IA CLIMATE SUMMARY FOR DECEMBER 17 2017...
VALID TODAY AS OF 0400 PM LOCAL TIME.

CLIMATE NORMAL PERIOD 1981 TO 2010
CLIMATE RECORD PERIOD 1897 TO 2017


WEATHER ITEM   OBSERVED TIME   RECORD YEAR NORMAL DEPARTURE LAST
                VALUE   (LST)  VALUE       VALUE  FROM      YEAR
                                                  NORMAL
..................................................................
TEMPERATURE (F)
 TODAY
  MAXIMUM         48   1210 PM  59    1939  36     12       25
  MINIMUM         33    557 AM  -7    1945  20     13        5
  AVERAGE         41                        28     13       15

PRECIPITATION (IN)
  TODAY            0.01         MM      MM   0.06  -0.05     0.11
  MONTH TO DATE    0.03                      1.24  -1.21     0.73
  SINCE DEC 1      0.03                      1.24  -1.21     0.73
  SINCE JAN 1     31.49                     37.63  -6.14    32.35

DEGREE DAYS
 HEATING
  TODAY           24                        37    -13       50
  MONTH TO DATE  506                       579    -73      664
  SINCE DEC 1    506                       579    -73      664
  SINCE JUL 1   1557                      1652    -95     1420

 COOLING
  TODAY            0                         0      0        0
  MONTH TO DATE    0                         0      0        0
  SINCE DEC 1      0                         0      0        0
  SINCE JAN 1   1068                      1207   -139     1276
..................................................................


WIND (MPH)
  HIGHEST WIND SPEED    18   HIGHEST WIND DIRECTION    SW (230)
  HIGHEST GUST SPEED    23   HIGHEST GUST DIRECTION    SW (230)
  AVERAGE WIND SPEED     4.2


SKY COVER
  POSSIBLE SUNSHINE  MM
  AVERAGE SKY COVER 0.3


WEATHER CONDITIONS
 THE FOLLOWING WEATHER WAS RECORDED TODAY.
  LIGHT RAIN


RELATIVE HUMIDITY (PERCENT)
 HIGHEST    89           400 PM
 LOWEST     53          1100 AM
 AVERAGE    71

..........................................................


THE BURLINGTON IA CLIMATE NORMALS FOR TOMORROW
                         NORMAL    RECORD    YEAR
 MAXIMUM TEMPERATURE (F)   36        63      1939
 MINIMUM TEMPERATURE (F)   20       -15      1983


SUNRISE AND SUNSET
DECEMBER 17 2017......SUNRISE   723 AM CST   SUNSET   438 PM CST
DECEMBER 18 2017......SUNRISE   724 AM CST   SUNSET   439 PM CST


-  INDICATES NEGATIVE NUMBERS.
R  INDICATES RECORD WAS SET OR TIED.
MM INDICATES DATA IS MISSING.
T  INDICATES TRACE AMOUNT.




$$
