396
CDUS44 KBRO 180746
CLIBRO


CLIMATE REPORT
NATIONAL WEATHER SERVICE BROWNSVILLE TX
144 AM CST THU JAN 18 2018


...................................

...THE BROWNSVILLE CLIMATE SUMMARY FOR JANUARY 17 2018...

CLIMATE NORMAL PERIOD 1981 TO 2010
CLIMATE RECORD PERIOD 1878 TO 2018


WEATHER ITEM   OBSERVED TIME   RECORD YEAR NORMAL DEPARTURE LAST
                VALUE   (LST)  VALUE       VALUE  FROM      YEAR
                                                  NORMAL
..................................................................
TEMPERATURE (F)
 YESTERDAY
  MAXIMUM         40    456 PM  86    1999  71    -31       80
  MINIMUM         30    157 AM  27    1888  52    -22       68
                                      1885
  AVERAGE         35                        61    -26       74

PRECIPITATION (IN)
  YESTERDAY        T             0.35 1882   0.04  -0.04     0.01
  MONTH TO DATE    0.07                      0.63  -0.56     0.02
  SINCE DEC 1      1.22                      1.78  -0.56     1.69
  SINCE JAN 1      0.07                      0.63  -0.56     0.02

SNOWFALL (IN)
  YESTERDAY        0.0
  MONTH TO DATE    T                         0.0
  SINCE DEC 1      0.3                       0.0
  SINCE JUL 1      0.3                       0.0
  SNOW DEPTH       0

DEGREE DAYS
 HEATING
  YESTERDAY       30                         6     24        0
  MONTH TO DATE  173                       102     71       57
  SINCE DEC 1    349                       267     82      147
  SINCE JUL 1    365                       321     44      155

 COOLING
  YESTERDAY        0                         2     -2        9
  MONTH TO DATE   15                        34    -19       99
  SINCE DEC 1    122                       114      8      275
  SINCE JAN 1     15                        34    -19       99
..................................................................


WIND (MPH)
  HIGHEST WIND SPEED    22   HIGHEST WIND DIRECTION    NW (330)
  HIGHEST GUST SPEED    30   HIGHEST GUST DIRECTION    NW (330)
  AVERAGE WIND SPEED    14.2


SKY COVER
  POSSIBLE SUNSHINE  MM
  AVERAGE SKY COVER 1.0


WEATHER CONDITIONS
 THE FOLLOWING WEATHER WAS RECORDED YESTERDAY.
  LIGHT RAIN
  LT FREEZING RAIN


RELATIVE HUMIDITY (PERCENT)
 HIGHEST    69           800 AM
 LOWEST     59           400 PM
 AVERAGE    64

..........................................................


THE BROWNSVILLE CLIMATE NORMALS FOR TODAY
                         NORMAL    RECORD    YEAR
 MAXIMUM TEMPERATURE (F)   71        87      1971
 MINIMUM TEMPERATURE (F)   52        24      1930


SUNRISE AND SUNSET
JANUARY 18 2018.......SUNRISE   718 AM CST   SUNSET   603 PM CST
JANUARY 19 2018.......SUNRISE   718 AM CST   SUNSET   603 PM CST


-  INDICATES NEGATIVE NUMBERS.
R  INDICATES RECORD WAS SET OR TIED.
MM INDICATES DATA IS MISSING.
T  INDICATES TRACE AMOUNT.

$$
