000
CDUS44 KBRO 230626
CLIBRO


CLIMATE REPORT
NATIONAL WEATHER SERVICE BROWNSVILLE TX
126 AM CDT THU MAR 23 2017


...................................

...THE BROWNSVILLE CLIMATE SUMMARY FOR MARCH 22 2017...

CLIMATE NORMAL PERIOD 1981 TO 2010
CLIMATE RECORD PERIOD 1878 TO 2017


WEATHER ITEM   OBSERVED TIME   RECORD YEAR NORMAL DEPARTURE LAST
                VALUE   (LST)  VALUE       VALUE  FROM      YEAR
                                                  NORMAL
..................................................................
TEMPERATURE (F)
 YESTERDAY
  MAXIMUM         84   1251 PM  95    1901  80      4       79
  MINIMUM         66    410 AM  38    1989  61      5       54
  AVERAGE         75                        70      5       67

PRECIPITATION (IN)
  YESTERDAY        0.00          1.02 1925   0.05  -0.05     0.00
  MONTH TO DATE    1.84                      0.81   1.03     2.64
  SINCE MAR 1      1.84                      0.81   1.03     2.64
  SINCE JAN 1      3.38                      3.16   0.22     4.52

SNOWFALL (IN)
  YESTERDAY        0.0           0.0  2002   0.0
                                      2001
  MONTH TO DATE    0.0                       0.0
  SINCE MAR 1      0.0                       0.0
  SINCE JUL 1      0.0                       0.0

DEGREE DAYS
 HEATING
  YESTERDAY        0                         1     -1        0
  MONTH TO DATE    2                        35    -33       12
  SINCE MAR 1      2                        35    -33       12
  SINCE JUL 1    201                       538   -337      372

 COOLING
  YESTERDAY       10                         6      4        2
  MONTH TO DATE  183                       111     72      167
  SINCE MAR 1    183                       111     72      167
  SINCE JAN 1    570                       252    318      275
..................................................................


WIND (MPH)
  HIGHEST WIND SPEED    24   HIGHEST WIND DIRECTION    SE (140)
  HIGHEST GUST SPEED    30   HIGHEST GUST DIRECTION    SE (140)
  AVERAGE WIND SPEED    12.5


SKY COVER
  POSSIBLE SUNSHINE  MM
  AVERAGE SKY COVER 0.2


WEATHER CONDITIONS
 THE FOLLOWING WEATHER WAS RECORDED YESTERDAY.
  NO SIGNIFICANT WEATHER WAS OBSERVED.


RELATIVE HUMIDITY (PERCENT)
 HIGHEST   100           600 AM
 LOWEST     55           300 PM
 AVERAGE    78

..........................................................


THE BROWNSVILLE CLIMATE NORMALS FOR TODAY
                         NORMAL    RECORD    YEAR
 MAXIMUM TEMPERATURE (F)   80        98      1899
 MINIMUM TEMPERATURE (F)   61        40      1914


SUNRISE AND SUNSET
MARCH 23 2017.........SUNRISE   730 AM CDT   SUNSET   743 PM CDT
MARCH 24 2017.........SUNRISE   729 AM CDT   SUNSET   743 PM CDT


-  INDICATES NEGATIVE NUMBERS.
R  INDICATES RECORD WAS SET OR TIED.
MM INDICATES DATA IS MISSING.
T  INDICATES TRACE AMOUNT.




$$
