000
CDUS44 KBRO 200625
CLIBRO


CLIMATE REPORT
NATIONAL WEATHER SERVICE BROWNSVILLE TX
125 AM CDT WED AUG 20 2014


...................................

...THE BROWNSVILLE CLIMATE SUMMARY FOR AUGUST 19 2014...

CLIMATE NORMAL PERIOD 1981 TO 2010
CLIMATE RECORD PERIOD 1878 TO 2014


WEATHER ITEM   OBSERVED TIME   RECORD YEAR NORMAL DEPARTURE LAST
                VALUE   (LST)  VALUE       VALUE  FROM      YEAR
                                                  NORMAL
..................................................................
TEMPERATURE (F)
 YESTERDAY
  MAXIMUM         97    152 PM 100    1915  95      2       96
  MINIMUM         75    230 AM  70    1973  76     -1       73
                                      1913
                                      1910
  AVERAGE         86                        85      1       85

PRECIPITATION (IN)
  YESTERDAY        0.03          2.72 1992   0.08  -0.05     0.00
  MONTH TO DATE    0.21                      1.22  -1.01     0.09
  SINCE JUN 1      2.49                      5.83  -3.34     3.07
  SINCE JAN 1      7.82                     13.59  -5.77     8.67

SNOWFALL (IN)
  YESTERDAY        0.0           0.0  2002   0.0
                                      2001
  MONTH TO DATE    0.0                       0.0
  SINCE JUN 1      0.0                       0.0
  SINCE JUL 1      0.0                       0.0

DEGREE DAYS
 HEATING
  YESTERDAY        0                         0      0        0
  MONTH TO DATE    0                         0      0        0
  SINCE JUN 1      0                         0      0        0
  SINCE JUL 1      0                         0      0        0

 COOLING
  YESTERDAY       21                        20      1       20
  MONTH TO DATE  418                       396     22      421
  SINCE JUN 1   1639                      1581     58     1676
  SINCE JAN 1   2561                      2674   -113     2798
..................................................................


WIND (MPH)
  HIGHEST WIND SPEED    28   HIGHEST WIND DIRECTION    SE (150)
  HIGHEST GUST SPEED    35   HIGHEST GUST DIRECTION     S (160)
  AVERAGE WIND SPEED    14.9


SKY COVER
  POSSIBLE SUNSHINE  MM
  AVERAGE SKY COVER 0.1


WEATHER CONDITIONS
 THE FOLLOWING WEATHER WAS RECORDED YESTERDAY.
  NO SIGNIFICANT WEATHER WAS OBSERVED.


RELATIVE HUMIDITY (PERCENT)
 HIGHEST    97           600 AM
 LOWEST     42           200 PM
 AVERAGE    70

..........................................................


THE BROWNSVILLE CLIMATE NORMALS FOR TODAY
                         NORMAL    RECORD    YEAR
 MAXIMUM TEMPERATURE (F)   94       101      1986
 MINIMUM TEMPERATURE (F)   76        70      1910
                                             1893


SUNRISE AND SUNSET
AUGUST 20 2014........SUNRISE   705 AM CDT   SUNSET   801 PM CDT
AUGUST 21 2014........SUNRISE   705 AM CDT   SUNSET   800 PM CDT


-  INDICATES NEGATIVE NUMBERS.
R  INDICATES RECORD WAS SET OR TIED.
MM INDICATES DATA IS MISSING.
T  INDICATES TRACE AMOUNT.




$$
