000
CDUS44 KBRO 252132
CLIBRO


CLIMATE REPORT
NATIONAL WEATHER SERVICE BROWNSVILLE TX
431 PM CDT THU MAY 25 2017


...................................

...THE BROWNSVILLE CLIMATE SUMMARY FOR MAY 25 2017...
VALID TODAY AS OF 0400 PM LOCAL TIME.

CLIMATE NORMAL PERIOD 1981 TO 2010
CLIMATE RECORD PERIOD 1878 TO 2017


WEATHER ITEM   OBSERVED TIME   RECORD YEAR NORMAL DEPARTURE LAST
                VALUE   (LST)  VALUE       VALUE  FROM      YEAR
                                                  NORMAL
..................................................................
TEMPERATURE (F)
 TODAY
  MAXIMUM         91    152 PM  96    2011  90      1       90
                                      1919
  MINIMUM         67    244 AM  52    1901  74     -7       79
  AVERAGE         79                        82     -3       85

PRECIPITATION (IN)
  TODAY            0.00          1.76 2007   0.09  -0.09     0.01
  MONTH TO DATE    0.45                      2.09  -1.64     1.59
  SINCE MAR 1      2.92                      4.86  -1.94     7.52
  SINCE JAN 1      4.46                      7.21  -2.75     9.40

SNOWFALL (IN)
  TODAY            0.0           0.0  2002   0.0
                                      2001
                                      2000
  MONTH TO DATE    0.0                       0.0
  SINCE MAR 1      0.0                       0.0
  SINCE JUL 1      0.0                       0.0

DEGREE DAYS
 HEATING
  TODAY            0                         0      0        0
  MONTH TO DATE    0                         0      0        0
  SINCE MAR 1      2                        51    -49       14
  SINCE JUL 1    201                       554   -353      374

 COOLING
  TODAY           14                        17     -3       20
  MONTH TO DATE  418                       372     46      370
  SINCE MAR 1   1128                       848    280      938
  SINCE JAN 1   1515                       989    526     1046
..................................................................


WIND (MPH)
  HIGHEST WIND SPEED    26   HIGHEST WIND DIRECTION    SE (150)
  HIGHEST GUST SPEED    31   HIGHEST GUST DIRECTION     S (160)
  AVERAGE WIND SPEED    12.8


SKY COVER
  POSSIBLE SUNSHINE  MM
  AVERAGE SKY COVER 0.4


WEATHER CONDITIONS
 THE FOLLOWING WEATHER WAS RECORDED TODAY.
  NO SIGNIFICANT WEATHER WAS OBSERVED.


RELATIVE HUMIDITY (PERCENT)
 HIGHEST    84           400 AM
 LOWEST     57           900 AM
 AVERAGE    71

..........................................................


THE BROWNSVILLE CLIMATE NORMALS FOR TOMORROW
                         NORMAL    RECORD    YEAR
 MAXIMUM TEMPERATURE (F)   90        98      1928
 MINIMUM TEMPERATURE (F)   74        50      1901


SUNRISE AND SUNSET
MAY 25 2017...........SUNRISE   640 AM CDT   SUNSET   814 PM CDT
MAY 26 2017...........SUNRISE   639 AM CDT   SUNSET   815 PM CDT


-  INDICATES NEGATIVE NUMBERS.
R  INDICATES RECORD WAS SET OR TIED.
MM INDICATES DATA IS MISSING.
T  INDICATES TRACE AMOUNT.




$$
