000
CDUS44 KBRO 312125
CLIBRO


CLIMATE REPORT
NATIONAL WEATHER SERVICE BROWNSVILLE TX
425 PM CDT TUE MAY 31 2016


...................................

...THE BROWNSVILLE CLIMATE SUMMARY FOR MAY 31 2016...
VALID TODAY AS OF 0400 PM LOCAL TIME.

CLIMATE NORMAL PERIOD 1981 TO 2010
CLIMATE RECORD PERIOD 1878 TO 2016


WEATHER ITEM   OBSERVED TIME   RECORD YEAR NORMAL DEPARTURE LAST
                VALUE   (LST)  VALUE       VALUE  FROM      YEAR
                                                  NORMAL
..................................................................
TEMPERATURE (F)
 TODAY
  MAXIMUM         90   1244 PM 100    2005  91     -1       85
  MINIMUM         77    525 AM  56    1984  75      2       69
  AVERAGE         84                        83      1       77

PRECIPITATION (IN)
  TODAY            0.00          3.50 2015   0.09  -0.09     3.50
  MONTH TO DATE    2.18                      2.64  -0.46     9.72
  SINCE MAR 1      8.11                      5.41   2.70    16.17
  SINCE JAN 1      9.99                      7.76   2.23    20.49

SNOWFALL (IN)
  TODAY            0.0           0.0  2002   0.0
                                      2001
                                      2000
  MONTH TO DATE    0.0                       0.0
  SINCE MAR 1      0.0                       0.0
  SINCE JUL 1      0.0                       0.0

DEGREE DAYS
 HEATING
  TODAY            0                         0      0        0
  MONTH TO DATE    0                         0      0        0
  SINCE MAR 1     14                        51    -37       67
  SINCE JUL 1    374                       554   -180      690

 COOLING
  TODAY           19                        18      1       12
  MONTH TO DATE  484                       476      8      508
  SINCE MAR 1   1052                       952    100     1005
  SINCE JAN 1   1160                      1093     67     1062
..................................................................


WIND (MPH)
  HIGHEST WIND SPEED    23   HIGHEST WIND DIRECTION    SE (150)
  HIGHEST GUST SPEED    30   HIGHEST GUST DIRECTION     S (160)
  AVERAGE WIND SPEED    11.8


SKY COVER
  POSSIBLE SUNSHINE  MM
  AVERAGE SKY COVER 0.4


WEATHER CONDITIONS
 THE FOLLOWING WEATHER WAS RECORDED TODAY.
  NO SIGNIFICANT WEATHER WAS OBSERVED.


RELATIVE HUMIDITY (PERCENT)
 HIGHEST    91          1200 AM
 LOWEST     59           100 PM
 AVERAGE    75

..........................................................


THE BROWNSVILLE CLIMATE NORMALS FOR TOMORROW
                         NORMAL    RECORD    YEAR
 MAXIMUM TEMPERATURE (F)   91        97      1909
                                             1890
 MINIMUM TEMPERATURE (F)   75        60      1975


SUNRISE AND SUNSET
MAY 31 2016...........SUNRISE   638 AM CDT   SUNSET   817 PM CDT
JUNE  1 2016..........SUNRISE   638 AM CDT   SUNSET   818 PM CDT


-  INDICATES NEGATIVE NUMBERS.
R  INDICATES RECORD WAS SET OR TIED.
MM INDICATES DATA IS MISSING.
T  INDICATES TRACE AMOUNT.




$$
