000
CDUS44 KBRO 010637
CLIBRO


CLIMATE REPORT
NATIONAL WEATHER SERVICE BROWNSVILLE TX
137 AM CDT SAT AUG 1 2015


...................................

...THE BROWNSVILLE CLIMATE SUMMARY FOR JULY 31 2015...

CLIMATE NORMAL PERIOD 1981 TO 2010
CLIMATE RECORD PERIOD 1878 TO 2015


WEATHER ITEM   OBSERVED TIME   RECORD YEAR NORMAL DEPARTURE LAST
                VALUE   (LST)  VALUE       VALUE  FROM      YEAR
                                                  NORMAL
..................................................................
TEMPERATURE (F)
 YESTERDAY
  MAXIMUM         91   1149 AM 100    1918  95     -4       97
  MINIMUM         74    529 AM  67    1894  76     -2       78
  AVERAGE         83                        86     -3       88

PRECIPITATION (IN)
  YESTERDAY        0.00          0.84 1922   0.06  -0.06     0.00
  MONTH TO DATE    2.36                      2.04   0.32     1.64
  SINCE JUN 1      3.12                      4.61  -1.49     2.28
  SINCE JAN 1     23.61                     12.37  11.24     7.61

SNOWFALL (IN)
  YESTERDAY        0.0           0.0  2002   0.0
                                      2001
  MONTH TO DATE    0.0                       0.0
  SINCE JUN 1      0.0                       0.0
  SINCE JUL 1      0.0                       0.0

DEGREE DAYS
 HEATING
  YESTERDAY        0                         0      0        0
  MONTH TO DATE    0                         0      0        0
  SINCE JUN 1      0                         0      0        0
  SINCE JUL 1      0                         0      0        0

 COOLING
  YESTERDAY       18                        20     -2       23
  MONTH TO DATE  205                       618   -413      624
  SINCE JUN 1    778                      1185   -407     1221
  SINCE JAN 1   1840                      2278   -438     2143
..................................................................


WIND (MPH)
  HIGHEST WIND SPEED    14   HIGHEST WIND DIRECTION     E (100)
  HIGHEST GUST SPEED    18   HIGHEST GUST DIRECTION     E (100)
  AVERAGE WIND SPEED     4.3


SKY COVER
  POSSIBLE SUNSHINE  MM
  AVERAGE SKY COVER 0.0


WEATHER CONDITIONS
 THE FOLLOWING WEATHER WAS RECORDED YESTERDAY.
  FOG


RELATIVE HUMIDITY (PERCENT)
 HIGHEST   100           300 AM
 LOWEST     52          1200 PM
 AVERAGE    76

..........................................................


THE BROWNSVILLE CLIMATE NORMALS FOR TODAY
                         NORMAL    RECORD    YEAR
 MAXIMUM TEMPERATURE (F)   95        98      2013
                                             2012
                                             2009
 MINIMUM TEMPERATURE (F)   76        68      1918


SUNRISE AND SUNSET
AUGUST  1 2015........SUNRISE   656 AM CDT   SUNSET   816 PM CDT
AUGUST  2 2015........SUNRISE   656 AM CDT   SUNSET   815 PM CDT


-  INDICATES NEGATIVE NUMBERS.
R  INDICATES RECORD WAS SET OR TIED.
MM INDICATES DATA IS MISSING.
T  INDICATES TRACE AMOUNT.




$$
