426
CDUS44 KBRO 180726
CLIBRO


CLIMATE REPORT
NATIONAL WEATHER SERVICE BROWNSVILLE TX
126 AM CST SAT NOV 18 2017


...................................

...THE BROWNSVILLE CLIMATE SUMMARY FOR NOVEMBER 17 2017...

CLIMATE NORMAL PERIOD 1981 TO 2010
CLIMATE RECORD PERIOD 1878 TO 2017


WEATHER ITEM   OBSERVED TIME   RECORD YEAR NORMAL DEPARTURE LAST
                VALUE   (LST)  VALUE       VALUE  FROM      YEAR
                                                  NORMAL
..................................................................
TEMPERATURE (F)
 YESTERDAY
  MAXIMUM         88    222 PM  91    2015  79      9       84
  MINIMUM         69    705 AM  35    1920  59     10       63
  AVERAGE         79                        69     10       74

PRECIPITATION (IN)
  YESTERDAY        0.00          1.54 1975   0.06  -0.06     0.00
  MONTH TO DATE    0.66                      1.18  -0.52     3.21
  SINCE SEP 1      8.55                     10.84  -2.29     6.27
  SINCE JAN 1     21.59                     25.65  -4.06    19.93

SNOWFALL (IN)
  YESTERDAY        0.0           0.0  2002   0.0
                                      2001
  MONTH TO DATE    0.0                       0.0
  SINCE SEP 1      0.0                       0.0
  SINCE JUL 1      0.0                       0.0

DEGREE DAYS
 HEATING
  YESTERDAY        0                         2     -2        0
  MONTH TO DATE    6                        18    -12        0
  SINCE SEP 1     13                        22     -9        0
  SINCE JUL 1     13                        22     -9        0

 COOLING
  YESTERDAY       14                         6      8        9
  MONTH TO DATE  212                       121     91      162
  SINCE SEP 1   1120                       979    141     1259
  SINCE JAN 1   4647                      3886    761     4364
..................................................................


WIND (MPH)
  HIGHEST WIND SPEED    22   HIGHEST WIND DIRECTION     S (160)
  HIGHEST GUST SPEED    27   HIGHEST GUST DIRECTION    SE (150)
  AVERAGE WIND SPEED    10.1


SKY COVER
  POSSIBLE SUNSHINE  MM
  AVERAGE SKY COVER 0.2


WEATHER CONDITIONS
 THE FOLLOWING WEATHER WAS RECORDED YESTERDAY.
  NO SIGNIFICANT WEATHER WAS OBSERVED.


RELATIVE HUMIDITY (PERCENT)
 HIGHEST   100           200 AM
 LOWEST     59          1200 PM
 AVERAGE    80

..........................................................


THE BROWNSVILLE CLIMATE NORMALS FOR TODAY
                         NORMAL    RECORD    YEAR
 MAXIMUM TEMPERATURE (F)   79        91      1906
 MINIMUM TEMPERATURE (F)   59        34      1959


SUNRISE AND SUNSET
NOVEMBER 18 2017......SUNRISE   650 AM CST   SUNSET   540 PM CST
NOVEMBER 19 2017......SUNRISE   651 AM CST   SUNSET   539 PM CST


-  INDICATES NEGATIVE NUMBERS.
R  INDICATES RECORD WAS SET OR TIED.
MM INDICATES DATA IS MISSING.
T  INDICATES TRACE AMOUNT.




$$
