000
CDUS44 KBRO 250627
CLIBRO


CLIMATE REPORT
NATIONAL WEATHER SERVICE BROWNSVILLE TX
126 AM CDT TUE APR 25 2017


...................................

...THE BROWNSVILLE CLIMATE SUMMARY FOR APRIL 24 2017...

CLIMATE NORMAL PERIOD 1981 TO 2010
CLIMATE RECORD PERIOD 1878 TO 2017


WEATHER ITEM   OBSERVED TIME   RECORD YEAR NORMAL DEPARTURE LAST
                VALUE   (LST)  VALUE       VALUE  FROM      YEAR
                                                  NORMAL
..................................................................
TEMPERATURE (F)
 YESTERDAY
  MAXIMUM         84    204 PM  96    2003  85     -1       84
                                      1953
  MINIMUM         58    419 AM  52    2013  68    -10       67
  AVERAGE         71                        76     -5       76

PRECIPITATION (IN)
  YESTERDAY        0.00          1.17 1916   0.05  -0.05     0.72
  MONTH TO DATE    0.63                      1.24  -0.61     3.23
  SINCE MAR 1      2.47                      2.47   0.00     5.90
  SINCE JAN 1      4.01                      4.82  -0.81     7.78

SNOWFALL (IN)
  YESTERDAY        0.0           0.0  2002   0.0
                                      2001
  MONTH TO DATE    0.0                       0.0
  SINCE MAR 1      0.0                       0.0
  SINCE JUL 1      0.0                       0.0

DEGREE DAYS
 HEATING
  YESTERDAY        0                         0      0        0
  MONTH TO DATE    0                         6     -6        1
  SINCE MAR 1      2                        49    -47       14
  SINCE JUL 1    201                       552   -351      374

 COOLING
  YESTERDAY        6                        11     -5       11
  MONTH TO DATE  304                       229     75      224
  SINCE MAR 1    598                       403    195      467
  SINCE JAN 1    985                       544    441      575
..................................................................


WIND (MPH)
  HIGHEST WIND SPEED    17   HIGHEST WIND DIRECTION    SE (130)
  HIGHEST GUST SPEED    24   HIGHEST GUST DIRECTION    SE (150)
  AVERAGE WIND SPEED     7.6


SKY COVER
  POSSIBLE SUNSHINE  MM
  AVERAGE SKY COVER 0.0


WEATHER CONDITIONS
 THE FOLLOWING WEATHER WAS RECORDED YESTERDAY.
  NO SIGNIFICANT WEATHER WAS OBSERVED.


RELATIVE HUMIDITY (PERCENT)
 HIGHEST    84           700 AM
 LOWEST     43          1200 PM
 AVERAGE    64

..........................................................


THE BROWNSVILLE CLIMATE NORMALS FOR TODAY
                         NORMAL    RECORD    YEAR
 MAXIMUM TEMPERATURE (F)   85        98      2003
                                             1945
 MINIMUM TEMPERATURE (F)   68        53      1983
                                             1913


SUNRISE AND SUNSET
APRIL 25 2017.........SUNRISE   657 AM CDT   SUNSET   758 PM CDT
APRIL 26 2017.........SUNRISE   657 AM CDT   SUNSET   759 PM CDT


-  INDICATES NEGATIVE NUMBERS.
R  INDICATES RECORD WAS SET OR TIED.
MM INDICATES DATA IS MISSING.
T  INDICATES TRACE AMOUNT.




$$
