904
CDAK49 PABR 260905
CLIBRW

CLIMATE REPORT
NATIONAL WEATHER SERVICE BARROW, AK
106 AM AKDT TUE JUL 26 2016

...................................
...THE BARROW WSO AP CLIMATE SUMMARY FOR JULY 25 2016...

CLIMATE NORMAL PERIOD  1981 TO  2010
CLIMATE RECORD PERIOD  1915 TO  2016

WEATHER ITEM   OBSERVED TIME    RECORD YEAR NORMAL DEPARTURE LAST
               VALUE    (LST)   VALUE       VALUE  FROM      YEAR
                                                   NORMAL
...................................................................
TEMPERATURE
YESTERDAY
 MAXIMUM            57   559 PM    68  1932     47      10     40
 MINIMUM            38   207 AM    23  1931     35       3     34
 AVERAGE            48                          41       7     37

PRECIPITATION
(INCHES)
 YESTERDAY        0.00           0.52  1951   0.04   -0.04      T
 MONTH TO DATE    0.14                        0.77   -0.63   0.09
 SINCE JUN 1      0.84                        1.09   -0.25   0.93
 SINCE JAN 1      2.17                        1.79    0.38   2.89

SNOWFALL
(INCHES)
 YESTERDAY         0.0            0.3  2000    0.0     0.0    0.0
 MONTH TO DATE       T                         0.1    -0.1    0.0
 SINCE JUN 1       2.7                         0.8     1.9    1.0
 SINCE JUL 1         T                         0.1    -0.1    0.0
 SNOW DEPTH (IN)     0                                          0

DEGREE DAYS
 HEATING
  YESTERDAY         17                          24      -7     28
  MONTH TO DATE    516                         603     -87    592
  SINCE JUN 1     1326                        1483    -157   1334
  SINCE JUL 1      516                         603     -87    592

 COOLING
  YESTERDAY          0                           0       0      0
  MONTH TO DATE      0                           0       0      0
  SINCE JUN 1        0                           0       0      0
  SINCE JAN 1        0                           0       0      0
...................................................................

WIND (MPH)
 HIGHEST WIND SPEED    26     HIGHEST WIND DIRECTION    120
 HIGHEST GUST SPEED    31     HIGHEST GUST DIRECTION    120
 AVERAGE WIND SPEED  18.3

SKY COVER
  POSSIBLE SUNSHINE    MM          AVERAGE SKY COVER     MM

WEATHER CONDITIONS
 THE FOLLOWING WEATHER WAS RECORDED YESTERDAY.
  NO SIGNIFICANT WEATHER WAS OBSERVED.

...................................................................

THE BARROW CLIMATE NORMALS FOR TODAY
                           NORMAL    RECORD   YEAR
 MAXIMUM TEMPERATURE (F)     47        69     1930
 MINIMUM TEMPERATURE (F)     35        27     1953

SUNRISE AND SUNSET
 SUN ABOVE VISIBLE HORIZON

-  INDICATES NEGATIVE NUMBERS.
R  INDICATES RECORD HAS BEEN SET OR TIED.
MM INDICATES DATA IS MISSING.
T  INDICATES TRACE OF PRECIPITATION.

&&
-------------------------------------------------------------------

AMOUNT OF DAYLIGHT TODAY  (HOUR:MIN)........24 HOURS 00 MINUTES
GAIN/LOSS SINCE YESTERDAY (HOUR:MIN:SEC)....+0:00:00

$$
*** JUL 16
