000
CDAK49 PABR 191250
CLIBRW

CLIMATE REPORT
NATIONAL WEATHER SERVICE BARROW, AK
350 AM AKST FRI DEC 19 2014

...................................
...THE BARROW WSO AP CLIMATE SUMMARY FOR DECEMBER 18 2014...

CLIMATE NORMAL PERIOD  1981 TO  2010
CLIMATE RECORD PERIOD  1915 TO  2014

WEATHER ITEM   OBSERVED TIME    RECORD YEAR NORMAL DEPARTURE LAST
               VALUE    (LST)   VALUE       VALUE  FROM      YEAR
                                                   NORMAL
...................................................................
TEMPERATURE
YESTERDAY
 MAXIMUM            -6   525 PM    29  2008     -2      -4     -5
 MINIMUM           -12   549 AM   -44  1978    -14       2    -24
 AVERAGE            -9                          -8      -1    -15

PRECIPITATION
(INCHES)
 YESTERDAY        0.01           0.12  1939   0.00    0.01   0.00
 MONTH TO DATE    0.05                        0.08   -0.03   1.12
 SINCE DEC 1      0.05                        0.08   -0.03   1.12
 SINCE JAN 1      7.27                        4.47    2.80   8.34

SNOWFALL
(INCHES)
 YESTERDAY         0.3            1.8  1939    0.1     0.2    0.0
 MONTH TO DATE     1.0                         2.2    -1.2   12.7
 SINCE DEC 1       1.0                         2.2    -1.2   12.7
 SINCE JUL 1      32.1                        22.5     9.6   36.6
 SNOW DEPTH (IN)     4                                          8

DEGREE DAYS
 HEATING
  YESTERDAY         74                          73       1     80
  MONTH TO DATE   1349                        1285      64   1095
  SINCE DEC 1     1339                        1285      54   1089
  SINCE JUL 1     6941                        7235    -294   6468

 COOLING
  YESTERDAY          0                           0       0      0
  MONTH TO DATE      0                           0       0      0
  SINCE DEC 1        0                           0       0      0
  SINCE JAN 1        0                           0       0      0
...................................................................

WIND (MPH)
 HIGHEST WIND SPEED    18     HIGHEST WIND DIRECTION     60
 HIGHEST GUST SPEED    19     HIGHEST GUST DIRECTION     60
 AVERAGE WIND SPEED  11.9

SKY COVER
  POSSIBLE SUNSHINE    MM          AVERAGE SKY COVER     MM

WEATHER CONDITIONS
 THE FOLLOWING WEATHER WAS RECORDED YESTERDAY.
  SNOW


RELATIVE HUMIDITY
 HIGHEST RH     MM PERCENT       MM
 LOWEST  RH     MM PERCENT       MM
 AVERAGE RH     MM PERCENT       MM
...................................................................

THE BARROW CLIMATE NORMALS FOR TODAY
                           NORMAL    RECORD   YEAR
 MAXIMUM TEMPERATURE (F)     -2        29     1921
 MINIMUM TEMPERATURE (F)    -15       -43     1978

SUNRISE AND SUNSET
 SUN BELOW HORIZON

-  INDICATES NEGATIVE NUMBERS.
R  INDICATES RECORD HAS BEEN SET OR TIED.
MM INDICATES DATA IS MISSING.
T  INDICATES TRACE OF PRECIPITATION.

&&
-------------------------------------------------------------------

AMOUNT OF DAYLIGHT TODAY  (HOUR:MIN)........0 HOURS 00 MINUTES
GAIN/LOSS SINCE YESTERDAY (HOUR:MIN:SEC)....+0:00:00

$$
DPA DEC 14
