000
CDAK49 PABR 050907
CLIBRW

CLIMATE REPORT
NATIONAL WEATHER SERVICE BARROW, AK
107 AM AKDT SUN JUL 5 2015

...................................
...THE BARROW WSO AP CLIMATE SUMMARY FOR JULY 4 2015...

CLIMATE NORMAL PERIOD  1981 TO  2010
CLIMATE RECORD PERIOD  1915 TO  2015

WEATHER ITEM   OBSERVED TIME    RECORD YEAR NORMAL DEPARTURE LAST
               VALUE    (LST)   VALUE       VALUE  FROM      YEAR
                                                   NORMAL
...................................................................
TEMPERATURE
YESTERDAY
 MAXIMUM            62  0738 PM    68  1932     47      15     46
 MINIMUM            39  0335 AM    23  1924     35       4     35
 AVERAGE            51                          41      10     41

PRECIPITATION
(INCHES)
 YESTERDAY        0.00           0.63  2000   0.02   -0.02   0.04
 MONTH TO DATE    0.06                        0.09   -0.03   0.05
 SINCE JUN 1      0.90                        0.41    0.49   1.52
 SINCE JAN 1      2.86                        1.11    1.75   3.14

SNOWFALL
(INCHES)
 YESTERDAY         0.0            2.9  1963    0.0     0.0    0.0
 MONTH TO DATE     0.0                         0.0     0.0    0.0
 SINCE JUN 1       1.0                         0.7     0.3    0.9
 SINCE JUL 1       0.0                         0.0     0.0    0.0
 SNOW DEPTH (IN)     0                                          0

DEGREE DAYS
 HEATING
  YESTERDAY         14                          24     -10     24
  MONTH TO DATE     79                          99     -20     93
  SINCE JUN 1      821                         979    -158   1026
  SINCE JUL 1       79                          99     -20     93

 COOLING
  YESTERDAY          0                           0       0      0
  MONTH TO DATE      0                           0       0      0
  SINCE JUN 1        0                           0       0      0
  SINCE JAN 1        0                           0       0      0
...................................................................

WIND (MPH)
 HIGHEST WIND SPEED    12     HIGHEST WIND DIRECTION    150
 HIGHEST GUST SPEED    14     HIGHEST GUST DIRECTION    160
 AVERAGE WIND SPEED   6.9

WEATHER CONDITIONS
 THE FOLLOWING WEATHER WAS RECORDED YESTERDAY.
  NO SIGNIFICANT WEATHER WAS OBSERVED.

RELATIVE HUMIDITY
 HIGHEST RH     MM PERCENT       MM
 LOWEST  RH     MM PERCENT       MM
 AVERAGE RH     MM PERCENT       MM
...................................................................

THE BARROW CLIMATE NORMALS FOR TODAY
                           NORMAL    RECORD   YEAR
 MAXIMUM TEMPERATURE (F)     47        61     1940
 MINIMUM TEMPERATURE (F)     35        22     1936

SUNRISE AND SUNSET
 JUL 5 2015..........SUNRISE  **.**      SUNSET **.**
 JUL 6 2015..........SUNRISE  **.**      SUNSET **.**

-  INDICATES NEGATIVE NUMBERS.
R  INDICATES RECORD HAS BEEN SET OR TIED.
MM INDICATES DATA IS MISSING.
T  INDICATES TRACE OF PRECIPITATION.

&&
-------------------------------------------------------------------

AMOUNT OF DAYLIGHT TODAY  (HOUR:MIN)........24 HOURS 00 MINUTES
GAIN/LOSS SINCE YESTERDAY (HOUR:MIN:SEC)....+0:00:00

$$
DZB JUL 15
