000
CDAK49 PABR 210924
CLIBRW

CLIMATE REPORT
NATIONAL WEATHER SERVICE BARROW, AK
124 AM AKDT SUN SEP 21 2014

...................................
...THE BARROW WSO AP CLIMATE SUMMARY FOR SEPTEMBER 20 2014...

CLIMATE NORMAL PERIOD  1981 TO  2010
CLIMATE RECORD PERIOD  1915 TO  2014

WEATHER ITEM   OBSERVED TIME    RECORD YEAR NORMAL DEPARTURE LAST
               VALUE    (LST)   VALUE       VALUE  FROM      YEAR
                                                   NORMAL
...................................................................
TEMPERATURE
YESTERDAY
 MAXIMUM            33  1159 PM    47  1974     34      -1     33
 MINIMUM            30   518 AM    10  1996     27       3     29
 AVERAGE            32                          31       1     31

PRECIPITATION
(INCHES)
 YESTERDAY        0.08           0.22  1958   0.03    0.05   0.05
 MONTH TO DATE    0.75                        0.53    0.22   0.96
 SINCE SEP 1      0.75                        0.53    0.22   0.96
 SINCE JAN 1      5.30                        3.58    1.72   5.98

SNOWFALL
(INCHES)
 YESTERDAY         1.1            2.0  1988    0.2     0.9    0.5
 MONTH TO DATE     7.2                         2.4     4.8    2.3
 SINCE SEP 1       7.2                         2.4     4.8    2.3
 SINCE JUL 1       8.6                         3.5     5.1    3.4
 SNOW DEPTH (IN)     1                                          1

DEGREE DAYS
 HEATING
  YESTERDAY         33                          34      -1     34
  MONTH TO DATE    600                         620     -20    611
  SINCE SEP 1      600                         620     -20    611
  SINCE JUL 1     2266                        2174      92   2020

 COOLING
  YESTERDAY          0                           0       0      0
  MONTH TO DATE      0                           0       0      0
  SINCE SEP 1        0                           0       0      0
  SINCE JAN 1        0                           0       0      0
...................................................................

WIND (MPH)
 HIGHEST WIND SPEED    30     HIGHEST WIND DIRECTION     70
 HIGHEST GUST SPEED    35     HIGHEST GUST DIRECTION     80
 AVERAGE WIND SPEED  18.8

SKY COVER
  POSSIBLE SUNSHINE    MM          AVERAGE SKY COVER     MM

WEATHER CONDITIONS
 THE FOLLOWING WEATHER WAS RECORDED YESTERDAY.
  FOG
  SNOW


RELATIVE HUMIDITY
 HIGHEST RH     MM PERCENT       MM
 LOWEST  RH     MM PERCENT       MM
 AVERAGE RH     MM PERCENT       MM
...................................................................

THE BARROW CLIMATE NORMALS FOR TODAY
                           NORMAL    RECORD   YEAR
 MAXIMUM TEMPERATURE (F)     34        60     1995
 MINIMUM TEMPERATURE (F)     27        13     1948

SUNRISE AND SUNSET
 SEP 21 2014..........SUNRISE  804 AM      SUNSET  835 PM
 SEP 22 2014..........SUNRISE  808 AM      SUNSET  830 PM

-  INDICATES NEGATIVE NUMBERS.
R  INDICATES RECORD HAS BEEN SET OR TIED.
MM INDICATES DATA IS MISSING.
T  INDICATES TRACE OF PRECIPITATION.

&&
-------------------------------------------------------------------

AMOUNT OF DAYLIGHT TODAY  (HOUR:MIN)........12 HOURS 31 MINUTES
GAIN/LOSS SINCE YESTERDAY (HOUR:MIN:SEC)....-0:09:12

$$
DPA SEP 14
