000
CDAK49 PAFG 200949
CLIBRW

CLIMATE REPORT
NATIONAL WEATHER SERVICE FAIRBANKS AK
1249 AM AKST SAT JAN 20 2018


...................................

...THE BARROW AK CLIMATE SUMMARY FOR JANUARY 19 2018...

CLIMATE NORMAL PERIOD 1981 TO 2010
CLIMATE RECORD PERIOD 1920 TO 2018


WEATHER ITEM   OBSERVED TIME   RECORD YEAR NORMAL DEPARTURE LAST
                VALUE   (LST)  VALUE       VALUE  FROM      YEAR
                                                  NORMAL
..................................................................
TEMPERATURE (F)
 YESTERDAY
  MAXIMUM          7   1233 AM  33    1922  -8     15      -19
  MINIMUM        -13    740 PM -52    1925 -20      7      -36
  AVERAGE         -3                       -14     11      -27

PRECIPITATION (IN)
  YESTERDAY        0.00          0.14 1961   0.00   0.00      T
  MONTH TO DATE    0.16                      0.08   0.08     0.46
  SINCE DEC 1      0.54                      0.22   0.32     0.76
  SINCE JAN 1      0.16                      0.08   0.08     0.46

SNOWFALL (IN)
  YESTERDAY        0.0           2.1  2007   0.1   -0.1       T
  MONTH TO DATE    0.2                       1.6   -1.4      4.2
  SINCE DEC 1      6.8                       5.1    1.7      8.4
  SINCE JUL 1     23.5                      25.4   -1.9     21.5
  SNOW DEPTH       8

DEGREE DAYS
 HEATING
  YESTERDAY       68                        79    -11       92
  MONTH TO DATE 1243                      1481   -238     1163
  SINCE DEC 1   3075                      3738   -663     3167
  SINCE JUL 1   8003                      9690  -1687     8122

 COOLING
  YESTERDAY        0                         0      0        0
  MONTH TO DATE    0                         0      0        0
  SINCE DEC 1      0                         0      0        0
  SINCE JAN 1      0                         0      0        0
..................................................................


WIND (MPH)
  HIGHEST GUST SPEED    43   HIGHEST GUST DIRECTION     W (280)


SKY COVER
  AVERAGE SKY COVER 0.9


WEATHER CONDITIONS
 THE FOLLOWING WEATHER WAS RECORDED YESTERDAY.
  LIGHT SNOW
  FOG
  BLOWING SNOW


RELATIVE HUMIDITY (PERCENT)
 HIGHEST    87
 LOWEST     70
 AVERAGE    79

..........................................................


THE BARROW AK CLIMATE NORMALS FOR TODAY
                         NORMAL    RECORD    YEAR
 MAXIMUM TEMPERATURE (F)   -8        33      2008
 MINIMUM TEMPERATURE (F)  -20       -52      1925


SUNRISE AND SUNSET
JANUARY 20 2018.......SUN BELOW VISIBLE HORIZON.
JANUARY 21 2018.......SUN BELOW VISIBLE HORIZON.

-  INDICATES NEGATIVE NUMBERS.
R  INDICATES RECORD WAS SET OR TIED.
MM INDICATES DATA IS MISSING.
T  INDICATES TRACE AMOUNT.

&&

SNOW DEPTH IS MEASURED AT 3AM AKST/4AM AKDT.

----------------------------
AVAILABLE DAYLIGHT

AMOUNT OF DAYLIGHT TODAY  (HOUR:MIN)........0:00
GAIN/LOSS SINCE YESTERDAY (HOUR:MIN:SEC)....+0:00:00

$$
CCC JAN 18
