000
CDAK49 PABR 290912
CLIBRW

CLIMATE REPORT
NATIONAL WEATHER SERVICE BARROW, AK
112 AM AKDT SUN MAR 29 2015

...................................
...THE BARROW WSO AP CLIMATE SUMMARY FOR MARCH 28 2015...

CLIMATE NORMAL PERIOD  1981 TO  2010
CLIMATE RECORD PERIOD  1915 TO  2015

WEATHER ITEM   OBSERVED TIME    RECORD YEAR NORMAL DEPARTURE LAST
               VALUE    (LST)   VALUE       VALUE  FROM      YEAR
                                                   NORMAL
...................................................................
TEMPERATURE
YESTERDAY
 MAXIMUM            -4  0607 PM    29  1954     -3      -1      9
 MINIMUM           -10  0630 AM   -38  1938    -16       6     -2
 AVERAGE            -7                         -10       3      4

PRECIPITATION
(INCHES)
 YESTERDAY           T           0.05  1925   0.00       T      T
 MONTH TO DATE    0.26                        0.08    0.18   0.05
 SINCE MAR 1      0.26                        0.08    0.18   0.05
 SINCE JAN 1      0.83                        0.35    0.48   0.42

SNOWFALL
(INCHES)
 YESTERDAY           T            0.5  1925    0.1    -0.1      T
 MONTH TO DATE     3.0                         1.9     1.1    1.7
 SINCE MAR 1       3.0                         1.9     1.1    1.7
 SINCE JUL 1      46.1                        30.9    15.2   44.3
 SNOW DEPTH (IN)     6                                          7

DEGREE DAYS
 HEATING
  YESTERDAY         72                          75      -3     61
  MONTH TO DATE   2161                        2183     -22   1954
  SINCE MAR 1     2146                        2183     -37   1945
  SINCE JUL 1    14289                       15031    -742  13664

 COOLING
  YESTERDAY          0                           0       0      0
  MONTH TO DATE      0                           0       0      0
  SINCE MAR 1        0                           0       0      0
  SINCE JAN 1        0                           0       0      0
...................................................................

WIND (MPH)
 HIGHEST WIND SPEED    21     HIGHEST WIND DIRECTION     30
 HIGHEST GUST SPEED    17     HIGHEST GUST DIRECTION     30
 AVERAGE WIND SPEED  11.4

WEATHER CONDITIONS
 THE FOLLOWING WEATHER WAS RECORDED YESTERDAY.
  FOG
  SNOW WITH VISIBILITY AS LOW AS 4 MILES.

RELATIVE HUMIDITY
 HIGHEST RH     91 PERCENT   AT   653 AM AST
 LOWEST  RH     74 PERCENT   AT  1053 PM AST
 AVERAGE RH     83 PERCENT
...................................................................

THE BARROW CLIMATE NORMALS FOR TODAY
                           NORMAL    RECORD   YEAR
 MAXIMUM TEMPERATURE (F)     -2        27     1954
 MINIMUM TEMPERATURE (F)    -16       -36     1944

SUNRISE AND SUNSET
 MAR 29 2015..........SUNRISE  7:41 AM      SUNSET  9:26 PM
 MAR 30 2015..........SUNRISE  7:36 AM      SUNSET  9:31 PM

-  INDICATES NEGATIVE NUMBERS.
R  INDICATES RECORD HAS BEEN SET OR TIED.
MM INDICATES DATA IS MISSING.
T  INDICATES TRACE OF PRECIPITATION.

&&
-------------------------------------------------------------------

AMOUNT OF DAYLIGHT TODAY  (HOUR:MIN)........13 HOURS 45 MINUTES
GAIN/LOSS SINCE YESTERDAY (HOUR:MIN:SEC)....+0:09:28

$$
RFL MAR 15
