000
CDAK49 PABR 302200
CLIBRW

CLIMATE REPORT
NATIONAL WEATHER SERVICE BARROW, AK
200 PM AKDT SAT MAY 30 2015

...................................
...THE BARROW WSO AP CLIMATE SUMMARY FOR MAY 30 2015...
VALID TODAY AS OF 200 PM LOCAL TIME

CLIMATE NORMAL PERIOD  1981 TO  2010
CLIMATE RECORD PERIOD  1915 TO  2015

WEATHER ITEM   OBSERVED TIME    RECORD YEAR NORMAL DEPARTURE LAST
               VALUE    (LST)   VALUE       VALUE  FROM      YEAR
                                                   NORMAL
...................................................................
TEMPERATURE
TODAY
 MAXIMUM            37  1259 PM    44  1927     33       4     27
 MINIMUM            33   448 AM     7  1926     25       8     21
 AVERAGE            35                          29       6     24

PRECIPITATION
(INCHES)
 TODAY            0.00           0.18  2009   0.01   -0.01   0.06
 MONTH TO DATE    0.65                        0.17    0.48   0.89
 SINCE MAR 1      1.39                        0.42    0.97   1.24
 SINCE JAN 1      1.96                        0.69    1.27   1.61

SNOWFALL
(INCHES)
 TODAY             0.0            3.6  2009    0.0     0.0    0.7
 MONTH TO DATE     1.1                         2.6    -1.5    4.6
 SINCE MAR 1      11.7                         7.9     3.8   10.2
 SINCE JUL 1      54.8                        36.9    17.9   52.8
 SNOW DEPTH (IN)     0                                          T

DEGREE DAYS
 HEATING
  TODAY             30                          36      -6     41
  MONTH TO DATE   1104                        1324    -220   1153
  SINCE MAR 1     5193                        5623    -430   5137
  SINCE JUL 1    17336                       18471   -1135  16860

 COOLING
  TODAY              0                           0       0      0
  MONTH TO DATE      0                           0       0      0
  SINCE MAR 1        0                           0       0      0
  SINCE JAN 1        0                           0       0      0
...................................................................

WIND (MPH)
 HIGHEST WIND SPEED    13     HIGHEST WIND DIRECTION     40
 HIGHEST GUST SPEED    16     HIGHEST GUST DIRECTION     40
 AVERAGE WIND SPEED    MM

SKY COVER
  POSSIBLE SUNSHINE  MM            AVERAGE SKY COVER MM

WEATHER CONDITIONS
 THE FOLLOWING WEATHER WAS RECORDED TODAY.
 NO SIGNIFICANT WEATHER WAS OBSERVED.

RELATIVE HUMIDITY
 HIGHEST RH     MM PERCENT       MM
 LOWEST  RH     MM PERCENT       MM
 AVERAGE RH     MM PERCENT       MM
...................................................................

THE BARROW CLIMATE NORMALS FOR TOMORROW
                        NORMAL    RECORD   YEAR
 MAXIMUM TEMPERATURE      33        46     1992
 MINIMUM TEMPERATURE      25         8     1948

SUNRISE AND SUNSET
 MAY 30 2015..........SUNRISE  **.**      SUNSET **.**
 MAY 31 2015..........SUNRISE  **.**      SUNSET **.**

-  INDICATES NEGATIVE NUMBERS.
R  INDICATES RECORD HAS BEEN SET OR TIED.
MM INDICATES DATA IS MISSING.
T  INDICATES TRACE OF PRECIPITATION.

&&
-------------------------------------------------------------------

AMOUNT OF DAYLIGHT TODAY  (HOUR:MIN)........24 HOURS 00 MINUTES
GAIN/LOSS SINCE YESTERDAY (HOUR:MIN:SEC)....+0:00:00

$$
JML MAY 15
