000
CDAK49 PAFG 270953
CLIBRW

CLIMATE REPORT
NATIONAL WEATHER SERVICE FAIRBANKS AK
153 AM AKDT TUE JUN 27 2017


...................................

...THE BARROW AK CLIMATE SUMMARY FOR JUNE 26 2017...

CLIMATE NORMAL PERIOD 1981 TO 2010
CLIMATE RECORD PERIOD 1920 TO 2017


WEATHER ITEM   OBSERVED TIME   RECORD YEAR NORMAL DEPARTURE LAST
                VALUE   (LST)  VALUE       VALUE  FROM      YEAR
                                                  NORMAL
..................................................................
TEMPERATURE (F)
 YESTERDAY
  MAXIMUM         56    446 PM  62    1959  45     11       49
                                      1951
  MINIMUM         36    238 AM  26    1979  34      2       32
  AVERAGE         46                        39      7       41

PRECIPITATION (IN)
  YESTERDAY        T             0.82 1955   0.01  -0.01     0.09
  MONTH TO DATE    0.26                      0.25   0.01     0.69
  SINCE JUN 1      0.26                      0.25   0.01     0.69
  SINCE JAN 1      2.37                      0.95   1.42     4.04

SNOWFALL (IN)
  YESTERDAY        0.0           1.0  1979   0.0    0.0       T
  MONTH TO DATE    0.5                       0.7   -0.2      1.9
  SINCE JUN 1      0.5                       0.7   -0.2      1.9
  SINCE JUL 1     40.7                      37.7    3.0     12.2
  SNOW DEPTH       0

DEGREE DAYS
 HEATING
  YESTERDAY       19                        26     -7       24
  MONTH TO DATE  815                       779     36      719
  SINCE JUN 1    815                       779     36      719
  SINCE JUL 1  17001                     19298  -2297    16821

 COOLING
  YESTERDAY        0                         0      0        0
  MONTH TO DATE    0                         0      0        0
  SINCE JUN 1      0                         0      0        0
  SINCE JAN 1      0                         0      0        0
..................................................................


WIND (MPH)
  HIGHEST GUST SPEED    18   HIGHEST GUST DIRECTION     E (80)


SKY COVER
  AVERAGE SKY COVER 0.6


WEATHER CONDITIONS
 THE FOLLOWING WEATHER WAS RECORDED YESTERDAY.
  LIGHT RAIN
  FOG
  FOG W/VISIBILITY <= 1/4 MILE


RELATIVE HUMIDITY (PERCENT)
 HIGHEST   100
 LOWEST     77
 AVERAGE    89

..........................................................


THE BARROW AK CLIMATE NORMALS FOR TODAY
                         NORMAL    RECORD    YEAR
 MAXIMUM TEMPERATURE (F)   45        62      1986
 MINIMUM TEMPERATURE (F)   34        20      1931


SUNRISE AND SUNSET
JUNE 27 2017..........SUN ABOVE VISIBLE HORIZON.
JUNE 28 2017..........SUN ABOVE VISIBLE HORIZON.

-  INDICATES NEGATIVE NUMBERS.
R  INDICATES RECORD WAS SET OR TIED.
MM INDICATES DATA IS MISSING.
T  INDICATES TRACE AMOUNT.

&&

SNOW DEPTH IS MEASURED AT 3AM AKST/4AM AKDT.

----------------------------
AVAILABLE DAYLIGHT

AMOUNT OF DAYLIGHT TODAY  (HOUR:MIN)........24:00
GAIN/LOSS SINCE YESTERDAY (HOUR:MIN:SEC)....+0:00:00

$$
NTS JUN 17
