000
CDAK49 PAFG 210040
CLIBRW

CLIMATE REPORT
NATIONAL WEATHER SERVICE FAIRBANKS AK
440 PM AKDT WED SEP 20 2017


...................................

...THE BARROW AK CLIMATE SUMMARY FOR SEPTEMBER 20 2017...
VALID TODAY AS OF 0400 PM LOCAL TIME.

CLIMATE NORMAL PERIOD 1981 TO 2010
CLIMATE RECORD PERIOD 1920 TO 2017


WEATHER ITEM   OBSERVED TIME   RECORD YEAR NORMAL DEPARTURE LAST
                VALUE   (LST)  VALUE       VALUE  FROM      YEAR
                                                  NORMAL
..................................................................
TEMPERATURE (F)
 TODAY
  MAXIMUM         39    259 PM  47    1974  34      5       45
  MINIMUM         27    738 AM  10    1996  27      0       35
                                      1931
  AVERAGE         33                        31      2       40

PRECIPITATION (IN)
  TODAY            0.00          0.22 1958   0.03  -0.03     0.05
  MONTH TO DATE    0.50                      0.53  -0.03     0.33
  SINCE SEP 1      0.50                      0.53  -0.03     0.33
  SINCE JAN 1      6.17                      3.58   2.59     5.98

SNOWFALL (IN)
  TODAY            0.0           2.0  1988   0.2   -0.2      0.0
  MONTH TO DATE    T                         2.4   -2.4      1.3
  SINCE SEP 1      T                         2.4   -2.4      1.3
  SINCE JUL 1      0.8                       3.5   -2.7      3.1
  SNOW DEPTH       0

DEGREE DAYS
 HEATING
  TODAY           32                        34     -2       25
  MONTH TO DATE  572                       620    -48      605
  SINCE SEP 1    572                       620    -48      605
  SINCE JUL 1   1915                      2175   -260     2034

 COOLING
  TODAY            0                         0      0        0
  MONTH TO DATE    0                         0      0        0
  SINCE SEP 1      0                         0      0        0
  SINCE JAN 1      0                         0      0        0
..................................................................


WIND (MPH)
  HIGHEST GUST SPEED    11   HIGHEST GUST DIRECTION    SW (210)


SKY COVER
  AVERAGE SKY COVER 0.4


WEATHER CONDITIONS
 THE FOLLOWING WEATHER WAS RECORDED TODAY.
  NO SIGNIFICANT WEATHER WAS OBSERVED.


RELATIVE HUMIDITY (PERCENT)
 HIGHEST    92
 LOWEST     52
 AVERAGE    72

..........................................................


THE BARROW AK CLIMATE NORMALS FOR TOMORROW
                         NORMAL    RECORD    YEAR
 MAXIMUM TEMPERATURE (F)   34        60      1995
 MINIMUM TEMPERATURE (F)   27        13      1948


SUNRISE AND SUNSET
SEPTEMBER 20 2017.....SUNRISE   801 AM AKDT  SUNSET   839 PM AKDT
SEPTEMBER 21 2017.....SUNRISE   805 AM AKDT  SUNSET   834 PM AKDT

-  INDICATES NEGATIVE NUMBERS.
R  INDICATES RECORD WAS SET OR TIED.
MM INDICATES DATA IS MISSING.
T  INDICATES TRACE AMOUNT.

&&

SNOW DEPTH IS MEASURED AT 3AM AKST/4AM AKDT.

----------------------------
AVAILABLE DAYLIGHT

AMOUNT OF DAYLIGHT TODAY  (HOUR:MIN)........12:38
GAIN/LOSS SINCE YESTERDAY (HOUR:MIN:SEC)....-0:09:12

$$
SEP 17
