000
CDAK49 PAFG 200040
CLIBRW

CLIMATE REPORT
NATIONAL WEATHER SERVICE FAIRBANKS AK
340 PM AKST SUN NOV 19 2017


...................................

...THE BARROW AK CLIMATE SUMMARY FOR NOVEMBER 19 2017...
VALID TODAY AS OF 0300 PM LOCAL TIME.

CLIMATE NORMAL PERIOD 1981 TO 2010
CLIMATE RECORD PERIOD 1920 TO 2017


WEATHER ITEM   OBSERVED TIME   RECORD YEAR NORMAL DEPARTURE LAST
                VALUE   (LST)  VALUE       VALUE  FROM      YEAR
                                                  NORMAL
..................................................................
TEMPERATURE (F)
 TODAY
  MAXIMUM         11    201 AM  28    1964   4      7       23
                                      1946
  MINIMUM          5    259 PM -35    1939  -7     12        9
  AVERAGE          8                        -1      9       16

PRECIPITATION (IN)
  TODAY            T             0.15 1966   0.00   0.00      T
  MONTH TO DATE    0.69                      0.14   0.55     0.33
  SINCE SEP 1      2.06                      1.27   0.79     1.38
  SINCE JAN 1      7.73                      4.32   3.41     7.03

SNOWFALL (IN)
  TODAY            T             1.7  1966   0.2   -0.2       T
  MONTH TO DATE    4.9                       4.0    0.9      4.5
  SINCE SEP 1     12.0                      17.5   -5.5      9.5
  SINCE JUL 1     12.8                      18.6   -5.8     11.3
  SNOW DEPTH       5

DEGREE DAYS
 HEATING
  TODAY           57                        66     -9       49
  MONTH TO DATE  704                      1181   -477      888
  SINCE SEP 1   2861                      3649   -788     2871
  SINCE JUL 1   4204                      5204  -1000     4300

 COOLING
  TODAY            0                         0      0        0
  MONTH TO DATE    0                         0      0        0
  SINCE SEP 1      0                         0      0        0
  SINCE JAN 1      0                         0      0        0
..................................................................


WIND (MPH)
  HIGHEST GUST SPEED    33   HIGHEST GUST DIRECTION     E (70)


SKY COVER
  AVERAGE SKY COVER 0.9


WEATHER CONDITIONS
 THE FOLLOWING WEATHER WAS RECORDED TODAY.
  LIGHT SNOW
  FOG
  HAZE
  BLOWING SNOW


RELATIVE HUMIDITY (PERCENT)
 HIGHEST    83
 LOWEST     73
 AVERAGE    78

..........................................................


THE BARROW AK CLIMATE NORMALS FOR TOMORROW
                         NORMAL    RECORD    YEAR
 MAXIMUM TEMPERATURE (F)    4        32      1978
 MINIMUM TEMPERATURE (F)   -7       -38      1939


SUNRISE AND SUNSET
NOVEMBER 19 2017......SUN BELOW VISIBLE HORIZON.
NOVEMBER 20 2017......SUN BELOW VISIBLE HORIZON.

-  INDICATES NEGATIVE NUMBERS.
R  INDICATES RECORD WAS SET OR TIED.
MM INDICATES DATA IS MISSING.
T  INDICATES TRACE AMOUNT.

&&

SNOW DEPTH IS MEASURED AT 3AM AKST/4AM AKDT.

----------------------------
AVAILABLE DAYLIGHT

AMOUNT OF DAYLIGHT TODAY  (HOUR:MIN)........0:00
GAIN/LOSS SINCE YESTERDAY (HOUR:MIN:SEC)....-0:53:34

$$
AY NOV 17
