000
CDAK49 PABR 050957
CLIBRW

CLIMATE REPORT
NATIONAL WEATHER SERVICE BARROW, AK
1257 AM AKST THU MAR 5 2015

...................................
...THE BARROW WSO AP CLIMATE SUMMARY FOR MARCH 4 2015...

CLIMATE NORMAL PERIOD  1981 TO  2010
CLIMATE RECORD PERIOD  1915 TO  2015

WEATHER ITEM   OBSERVED TIME    RECORD YEAR NORMAL DEPARTURE LAST
               VALUE    (LST)   VALUE       VALUE  FROM      YEAR
                                                   NORMAL
...................................................................
TEMPERATURE
YESTERDAY
 MAXIMUM             2  1209 AM    29  1996     -8      10    -12
 MINIMUM           -10  1111 PM   -46  1961    -21      11    -21
 AVERAGE            -4                         -15      11    -17

PRECIPITATION
(INCHES)
 YESTERDAY        0.00           0.06  1968   0.00    0.00      T
 MONTH TO DATE    0.10                        0.01    0.09      T
 SINCE MAR 1      0.10                        0.01    0.09   0.00
 SINCE JAN 1      0.67                        0.28    0.39   0.37

SNOWFALL
(INCHES)
 YESTERDAY         0.0            0.7  1968    0.1    -0.1    0.1
 MONTH TO DATE     0.9                         0.3     0.6    0.1
 SINCE MAR 1       0.9                         0.3     0.6    0.1
 SINCE JUL 1      44.0                        29.3    14.7   42.7
 SNOW DEPTH (IN)     6                                          8

DEGREE DAYS
 HEATING
  YESTERDAY         69                          79     -10     82
  MONTH TO DATE    275                         316     -41    273
  SINCE MAR 1      274                         316     -42    271
  SINCE JUL 1    12417                       13164    -747  11983

 COOLING
  YESTERDAY          0                           0       0      0
  MONTH TO DATE      0                           0       0      0
  SINCE MAR 1        0                           0       0      0
  SINCE JAN 1        0                           0       0      0
...................................................................

WIND (MPH)
 HIGHEST WIND SPEED    28     HIGHEST WIND DIRECTION    270
 HIGHEST GUST SPEED    32     HIGHEST GUST DIRECTION    270
 AVERAGE WIND SPEED  13.1

WEATHER CONDITIONS
 THE FOLLOWING WEATHER WAS RECORDED YESTERDAY.
  FOG
  BLOWING SNOW WITH VISIBILITY AS LOW AS 2 1/2 MILES.

RELATIVE HUMIDITY
 HIGHEST RH     95 PERCENT   AT  728 PM AST
 LOWEST  RH     74 PERCENT   AT 1053 PM AST
 AVERAGE RH     86 PERCENT
...................................................................

THE BARROW CLIMATE NORMALS FOR TODAY
                           NORMAL    RECORD   YEAR
 MAXIMUM TEMPERATURE (F)     -8        25     1943
 MINIMUM TEMPERATURE (F)    -21       -45     1970

SUNRISE AND SUNSET
 MAR 5 2015..........SUNRISE  8:40 AM      SUNSET  6:40 PM
 MAR 6 2015..........SUNRISE  8:35 AM      SUNSET  6:45 PM

-  INDICATES NEGATIVE NUMBERS.
R  INDICATES RECORD HAS BEEN SET OR TIED.
MM INDICATES DATA IS MISSING.
T  INDICATES TRACE OF PRECIPITATION.

&&
-------------------------------------------------------------------

AMOUNT OF DAYLIGHT TODAY  (HOUR:MIN)........10 HOURS 0 MINUTES
GAIN/LOSS SINCE YESTERDAY (HOUR:MIN:SEC)....+0:09:33

$$
RFL MAR 15
