000
CDAK49 PAFG 270953
CLIBRW

CLIMATE REPORT
NATIONAL WEATHER SERVICE FAIRBANKS AK
1253 AM AKST MON FEB 27 2017


...................................

...THE BARROW AK CLIMATE SUMMARY FOR FEBRUARY 26 2017...

CLIMATE NORMAL PERIOD 1981 TO 2010
CLIMATE RECORD PERIOD 1920 TO 2017


WEATHER ITEM   OBSERVED TIME   RECORD YEAR NORMAL DEPARTURE LAST
                VALUE   (LST)  VALUE       VALUE  FROM      YEAR
                                                  NORMAL
..................................................................
TEMPERATURE (F)
 YESTERDAY
  MAXIMUM         -5    734 PM  29    2015  -8      3       14
                                      1962
  MINIMUM         -8   1159 PM -49    1938 -21     13        5
  AVERAGE         -6                       -14      8       10

PRECIPITATION (IN)
  YESTERDAY        0.05          0.08 2015   0.00   0.05     0.01
                                      1951
  MONTH TO DATE    0.40                      0.13   0.27     2.09
  SINCE DEC 1      1.17                      0.40   0.77     3.07
  SINCE JAN 1      0.87                      0.26   0.61     3.06

SNOWFALL (IN)
  YESTERDAY        0.5           0.8  2015   0.1    0.4     MM
                                      1951
  MONTH TO DATE    4.9                       2.4    2.5      3.0
  SINCE DEC 1     13.8                       8.5    5.3      5.3
  SINCE JUL 1     26.9                      28.8   -1.9      8.8
  SNOW DEPTH       9

DEGREE DAYS
 HEATING
  YESTERDAY       71                        79     -8       55
  MONTH TO DATE 1837                      2054   -217     1802
  SINCE DEC 1   5857                      6741   -884     6151
  SINCE JUL 1  10812                     12693  -1881    11212

 COOLING
  YESTERDAY        0                         0      0        0
  MONTH TO DATE    0                         0      0        0
  SINCE DEC 1      0                         0      0        0
  SINCE JAN 1      0                         0      0        0
..................................................................


WIND (MPH)
  HIGHEST GUST SPEED    43   HIGHEST GUST DIRECTION     E (80)


SKY COVER
  AVERAGE SKY COVER 1.0


WEATHER CONDITIONS
 THE FOLLOWING WEATHER WAS RECORDED YESTERDAY.
  HEAVY SNOW
  LIGHT SNOW
  BLOWING SNOW


RELATIVE HUMIDITY (PERCENT)
 HIGHEST    75
 LOWEST     71
 AVERAGE    73

..........................................................


THE BARROW AK CLIMATE NORMALS FOR TODAY
                         NORMAL    RECORD    YEAR
 MAXIMUM TEMPERATURE (F)   -8        30      2015
                                             1962
 MINIMUM TEMPERATURE (F)  -21       -50      1957


SUNRISE AND SUNSET
FEBRUARY 27 2017......SUNRISE   908 AM AKST  SUNSET   615 PM AKST
FEBRUARY 28 2017......SUNRISE   903 AM AKST  SUNSET   619 PM AKST

-  INDICATES NEGATIVE NUMBERS.
R  INDICATES RECORD WAS SET OR TIED.
MM INDICATES DATA IS MISSING.
T  INDICATES TRACE AMOUNT.

&&

SNOW DEPTH IS MEASURED AT 3AM AKST/4AM AKDT.

----------------------------
AVAILABLE DAYLIGHT

AMOUNT OF DAYLIGHT TODAY  (HOUR:MIN)........9:07
GAIN/LOSS SINCE YESTERDAY (HOUR:MIN:SEC)....+0:09:47

$$
CCC FEB 17
