000
CDUS43 KGRR 202131
CLIBTL


CLIMATE REPORT
NATIONAL WEATHER SERVICE GRAND RAPIDS, MI
530 PM EDT THU JUL 20 2017


...................................

...THE BATTLE CREEK MI CLIMATE SUMMARY FOR JULY 20 2017...
VALID TODAY AS OF 0500 PM LOCAL TIME.

CLIMATE NORMAL PERIOD 1981 TO 2010
CLIMATE RECORD PERIOD 1998 TO 2017


WEATHER ITEM   OBSERVED TIME   NORMAL DEPARTURE LAST
                VALUE   (LST)  VALUE  FROM      YEAR
                                      NORMAL
......................................................
TEMPERATURE (F)
 TODAY
  MAXIMUM         85    359 PM  83      2       86
  MINIMUM         70    655 AM  59     11       63
  AVERAGE         78            71      7       75

PRECIPITATION (IN)
  TODAY            0.00          0.11  -0.11     0.00
  MONTH TO DATE    2.54          2.14   0.40     1.53
  SINCE JUN 1      3.92          5.37  -1.45     2.93
  SINCE JAN 1     19.40         16.85   2.55    12.77

DEGREE DAYS
 HEATING
  TODAY            0             0      0        0
  MONTH TO DATE    0             6     -6        5
  SINCE JUN 1     23            63    -40       39
  SINCE JUL 1      0             6     -6        5

 COOLING
  TODAY           13             6      7       10
  MONTH TO DATE  164           132     32      124
  SINCE JUN 1    329           258     71      260
  SINCE JAN 1    366           296     70      315
......................................................


WIND (MPH)
  RESULTANT WIND SPEED   8   RESULTANT WIND DIRECTION   W (250)
  HIGHEST WIND SPEED    17   HIGHEST WIND DIRECTION     W (280)
  HIGHEST GUST SPEED    20   HIGHEST GUST DIRECTION     W (290)
  AVERAGE WIND SPEED     8.5


SKY COVER
  AVERAGE SKY COVER 0.3


WEATHER CONDITIONS
 THE FOLLOWING WEATHER WAS RECORDED TODAY.
  NO SIGNIFICANT WEATHER WAS OBSERVED.


RELATIVE HUMIDITY (PERCENT)
 HIGHEST    93          1200 AM
 LOWEST     65           200 PM
 AVERAGE    79

..........................................................


THE BATTLE CREEK MI CLIMATE NORMALS FOR TOMORROW
                         NORMAL
 MAXIMUM TEMPERATURE (F)   83
 MINIMUM TEMPERATURE (F)   59


SUNRISE AND SUNSET
JULY 20 2017..........SUNRISE   622 AM EDT   SUNSET   912 PM EDT
JULY 21 2017..........SUNRISE   623 AM EDT   SUNSET   911 PM EDT


-  INDICATES NEGATIVE NUMBERS.
R  INDICATES RECORD WAS SET OR TIED.
MM INDICATES DATA IS MISSING.
T  INDICATES TRACE AMOUNT.




$$

JAM
