000
CDUS43 KGRR 020519
CLIBTL


CLIMATE REPORT
NATIONAL WEATHER SERVICE GRAND RAPIDS, MI
118 AM EDT MON MAY 2 2016


...................................

...THE BATTLE CREEK MI CLIMATE SUMMARY FOR MAY 1 2016...

CLIMATE NORMAL PERIOD 1981 TO 2010
CLIMATE RECORD PERIOD 1998 TO 2016


WEATHER ITEM   OBSERVED TIME   NORMAL DEPARTURE LAST
                VALUE   (LST)  VALUE  FROM      YEAR
                                      NORMAL
......................................................
TEMPERATURE (F)
 YESTERDAY
  MAXIMUM         51    418 PM  66    -15       73
  MINIMUM         44   1159 PM  41      3       42
  AVERAGE         48            54     -6       58

PRECIPITATION (IN)
  YESTERDAY        0.07          0.11  -0.04     0.00
  MONTH TO DATE    0.07          0.11  -0.04     0.00
  SINCE MAR 1      5.51          4.82   0.69     2.07
  SINCE JAN 1      7.11          7.82  -0.71     3.08

DEGREE DAYS
 HEATING
  YESTERDAY       17            12      5        7
  MONTH TO DATE   17            12      5        7
  SINCE MAR 1   1276          1436   -160     1443
  SINCE JUL 1   5191          6401  -1210     6648

 COOLING
  YESTERDAY        0             0      0        0
  MONTH TO DATE    0             0      0        0
  SINCE MAR 1      2             7     -5        0
  SINCE JAN 1      2             7     -5        0
......................................................


WIND (MPH)
  RESULTANT WIND SPEED  10   RESULTANT WIND DIRECTION  NE (50)
  HIGHEST WIND SPEED    20   HIGHEST WIND DIRECTION     E (70)
  HIGHEST GUST SPEED    25   HIGHEST GUST DIRECTION     E (80)
  AVERAGE WIND SPEED     9.8


SKY COVER
  AVERAGE SKY COVER 1.0


WEATHER CONDITIONS
 THE FOLLOWING WEATHER WAS RECORDED YESTERDAY.
  HEAVY RAIN
  RAIN
  LIGHT RAIN
  FOG


RELATIVE HUMIDITY (PERCENT)
 HIGHEST    93          1200 AM
 LOWEST     86           100 PM
 AVERAGE    90

..........................................................


THE BATTLE CREEK MI CLIMATE NORMALS FOR TODAY
                         NORMAL
 MAXIMUM TEMPERATURE (F)   66
 MINIMUM TEMPERATURE (F)   42


SUNRISE AND SUNSET
MAY  2 2016...........SUNRISE   634 AM EDT   SUNSET   842 PM EDT
MAY  3 2016...........SUNRISE   633 AM EDT   SUNSET   843 PM EDT


-  INDICATES NEGATIVE NUMBERS.
R  INDICATES RECORD WAS SET OR TIED.
MM INDICATES DATA IS MISSING.
T  INDICATES TRACE AMOUNT.




$$
