000
CDUS43 KGRR 261431
CLIBTL


CLIMATE REPORT
NATIONAL WEATHER SERVICE GRAND RAPIDS, MI
931 AM EST FRI DEC 26 2014


...................................

...THE BATTLE CREEK MI CLIMATE SUMMARY FOR DECEMBER 26 2014...
VALID AS OF 0900 AM LOCAL TIME.

CLIMATE NORMAL PERIOD 1981 TO 2010
CLIMATE RECORD PERIOD 1998 TO 2014


WEATHER ITEM   OBSERVED TIME   RECORD YEAR NORMAL DEPARTURE LAST
                VALUE   (LST)  VALUE       VALUE  FROM      YEAR
                                                  NORMAL
..................................................................
TEMPERATURE (F)
 TODAY
  MAXIMUM         36    406 AM  MM      MM  33      3       30
  MINIMUM         34    829 AM  MM      MM  17     17       23
  AVERAGE         35                        25     10       27

PRECIPITATION (IN)
  TODAY            0.00         MM      MM   0.06  -0.06      T
  MONTH TO DATE    0.83                      1.68  -0.85     1.11
  SINCE DEC 1      0.83                      1.68  -0.85     1.11
  SINCE JAN 1     29.15                     32.84  -3.69    34.91

DEGREE DAYS
 HEATING
  TODAY           30                        40    -10       38
  MONTH TO DATE  801                       959   -158     1022
  SINCE DEC 1    801                       959   -158     1022

 COOLING
  TODAY            0                         0      0        0
  MONTH TO DATE    0                         0      0        0
  SINCE DEC 1      0                         0      0        0
..................................................................


WIND (MPH)
  HIGHEST WIND SPEED    16   HIGHEST WIND DIRECTION     S (180)
  HIGHEST GUST SPEED    20   HIGHEST GUST DIRECTION     S (180)



WEATHER CONDITIONS
 THE FOLLOWING WEATHER WAS RECORDED TODAY.
  NO SIGNIFICANT WEATHER WAS OBSERVED.


..........................................................




SUNRISE AND SUNSET
DECEMBER 26 2014......SUNRISE   809 AM EST   SUNSET   515 PM EST
DECEMBER 27 2014......SUNRISE   809 AM EST   SUNSET   515 PM EST


-  INDICATES NEGATIVE NUMBERS.
R  INDICATES RECORD WAS SET OR TIED.
MM INDICATES DATA IS MISSING.
T  INDICATES TRACE AMOUNT.




$$

CAS
