000
CDUS45 KMSO 272230
CLIBTM


CLIMATE REPORT
NATIONAL WEATHER SERVICE MISSOULA, MT
430 PM MDT WED AUG 27 2014


...................................

...THE BUTTE MT CLIMATE SUMMARY FOR AUGUST 27 2014...
VALID TODAY AS OF 0400 PM LOCAL TIME.

CLIMATE NORMAL PERIOD 1981 TO 2010
CLIMATE RECORD PERIOD 1895 TO 2014


WEATHER ITEM   OBSERVED TIME   RECORD YEAR NORMAL DEPARTURE LAST
                VALUE   (LST)  VALUE       VALUE  FROM      YEAR
                                                  NORMAL
..................................................................
TEMPERATURE (F)
 TODAY
  MAXIMUM         77    219 PM  93    1924  77      0       81
  MINIMUM         41    621 AM  29    1945  42     -1       44
  AVERAGE         59                        59      0       63

PRECIPITATION (IN)
  TODAY            0.00          0.76 1928   0.05  -0.05     0.01
  MONTH TO DATE    2.93                      1.19   1.74     1.17
  SINCE OCT 1     12.37                     11.60   0.77     8.47
  SINCE JAN 1     11.33                      9.71   1.62     6.84

SNOWFALL (IN)
  TODAY           MM
  MONTH TO DATE   MM
  SINCE JAN 1     MM
  SINCE JUL 1     MM
  SNOW DEPTH      MM

DEGREE DAYS
 HEATING
  TODAY            6                         6      0        2
  MONTH TO DATE  103                        99      4       43
  SINCE JUN 1    491                       486      5      304
  SINCE JUL 1    138                       199    -61       61

 COOLING
  TODAY            0                         0      0        0
  MONTH TO DATE   16                        24     -8       15
  SINCE JUN 1     77                        75      2       96
  SINCE JAN 1     77                        75      2       96
..................................................................


WIND (MPH)
  HIGHEST WIND SPEED    15   HIGHEST WIND DIRECTION     N (340)
  HIGHEST GUST SPEED    19   HIGHEST GUST DIRECTION     N (340)
  AVERAGE WIND SPEED     4.6


SKY COVER
  POSSIBLE SUNSHINE  MM
  AVERAGE SKY COVER 0.0


WEATHER CONDITIONS
 THE FOLLOWING WEATHER WAS RECORDED TODAY.
  NO SIGNIFICANT WEATHER WAS OBSERVED.


RELATIVE HUMIDITY (PERCENT)
 HIGHEST    92           200 AM
 LOWEST     27           100 PM
 AVERAGE    60

..........................................................


THE BUTTE MT CLIMATE NORMALS FOR TOMORROW
                         NORMAL    RECORD    YEAR
 MAXIMUM TEMPERATURE (F)   76        93      1934
 MINIMUM TEMPERATURE (F)   41        26      1960


SUNRISE AND SUNSET
AUGUST 27 2014........SUNRISE   645 AM MDT   SUNSET   817 PM MDT
AUGUST 28 2014........SUNRISE   646 AM MDT   SUNSET   816 PM MDT


-  INDICATES NEGATIVE NUMBERS.
R  INDICATES RECORD WAS SET OR TIED.
MM INDICATES DATA IS MISSING.
T  INDICATES TRACE AMOUNT.




$$
