000
CDUS45 KMSO 232235
CLIBTM


CLIMATE REPORT
NATIONAL WEATHER SERVICE MISSOULA, MT
435 PM MDT THU MAR 23 2017


...................................

...THE BUTTE MT CLIMATE SUMMARY FOR MARCH 23 2017...
VALID TODAY AS OF 0400 PM LOCAL TIME.

CLIMATE NORMAL PERIOD 1981 TO 2010
CLIMATE RECORD PERIOD 1895 TO 2017


WEATHER ITEM   OBSERVED TIME   RECORD YEAR NORMAL DEPARTURE LAST
                VALUE   (LST)  VALUE       VALUE  FROM      YEAR
                                                  NORMAL
..................................................................
TEMPERATURE (F)
 TODAY
  MAXIMUM         49    257 PM  66    2004  46      3       43
  MINIMUM         30    543 AM -15    1964  22      8       25
  AVERAGE         40                        34      6       34

PRECIPITATION (IN)
  TODAY            0.00          0.35 1904   0.02  -0.02      T
  MONTH TO DATE    0.86                      0.52   0.34     0.40
  SINCE OCT 1      4.87                      3.31   1.56     3.61
  SINCE JAN 1      1.65                      1.42   0.23     0.87

SNOWFALL (IN)
  TODAY           MM
  MONTH TO DATE    0.0
  SINCE JAN 1      0.0
  SINCE JUL 1      0.0
  SNOW DEPTH      MM

DEGREE DAYS
 HEATING
  TODAY           25                        31     -6       31
  MONTH TO DATE  633                       801   -168      714
  SINCE MAR 1    633                       801   -168      714
  SINCE JUL 1   7417                      7370     47     7111

 COOLING
  TODAY            0                         0      0        0
  MONTH TO DATE    0                         0      0        0
  SINCE MAR 1      0                         0      0        0
  SINCE JAN 1      0                         0      0        0
..................................................................


WIND (MPH)
  HIGHEST WIND SPEED    18   HIGHEST WIND DIRECTION     N (340)
  HIGHEST GUST SPEED    22   HIGHEST GUST DIRECTION     N (340)
  AVERAGE WIND SPEED     6.3


SKY COVER
  POSSIBLE SUNSHINE  MM
  AVERAGE SKY COVER 0.4


WEATHER CONDITIONS
 THE FOLLOWING WEATHER WAS RECORDED TODAY.
  NO SIGNIFICANT WEATHER WAS OBSERVED.


RELATIVE HUMIDITY (PERCENT)
 HIGHEST    85           600 AM
 LOWEST     34           300 PM
 AVERAGE    60

..........................................................


THE BUTTE MT CLIMATE NORMALS FOR TOMORROW
                         NORMAL    RECORD    YEAR
 MAXIMUM TEMPERATURE (F)   46        65      2007
 MINIMUM TEMPERATURE (F)   22       -20      1965


SUNRISE AND SUNSET
MARCH 23 2017.........SUNRISE   727 AM MDT   SUNSET   747 PM MDT
MARCH 24 2017.........SUNRISE   725 AM MDT   SUNSET   748 PM MDT


-  INDICATES NEGATIVE NUMBERS.
R  INDICATES RECORD WAS SET OR TIED.
MM INDICATES DATA IS MISSING.
T  INDICATES TRACE AMOUNT.




$$
