000
CDUS45 KMSO 272331
CLIBTM


CLIMATE REPORT
NATIONAL WEATHER SERVICE MISSOULA, MT
431 PM MST FRI FEB 27 2015


...................................

...THE BUTTE MT CLIMATE SUMMARY FOR FEBRUARY 27 2015...
VALID TODAY AS OF 0400 PM LOCAL TIME.

CLIMATE NORMAL PERIOD 1981 TO 2010
CLIMATE RECORD PERIOD 1895 TO 2015


WEATHER ITEM   OBSERVED TIME   RECORD YEAR NORMAL DEPARTURE LAST
                VALUE   (LST)  VALUE       VALUE  FROM      YEAR
                                                  NORMAL
..................................................................
TEMPERATURE (F)
 TODAY
  MAXIMUM         31    206 PM  60    1932  38     -7       35
  MINIMUM          4    729 AM -33    1962  13     -9        2
  AVERAGE         18                        25     -7       19

PRECIPITATION (IN)
  TODAY            0.00          0.40 1906   0.01  -0.01     0.01
  MONTH TO DATE    0.13                      0.41  -0.28     0.56
  SINCE OCT 1      2.69                      2.77  -0.08     1.83
  SINCE JAN 1      0.30                      0.88  -0.58     0.79

SNOWFALL (IN)
  TODAY           MM
  MONTH TO DATE   MM
  SINCE JAN 1     MM
  SINCE JUL 1     MM
  SNOW DEPTH      MM

DEGREE DAYS
 HEATING
  TODAY           47                        40      7       46
  MONTH TO DATE  935                      1160   -225     1360
  SINCE DEC 1   3500                      4041   -541     4066
  SINCE JUL 1   5830                      6531   -701     6326

 COOLING
  TODAY            0                         0      0        0
  MONTH TO DATE    0                         0      0        0
  SINCE DEC 1      0                         0      0        0
  SINCE JAN 1      0                         0      0        0
..................................................................


WIND (MPH)
  HIGHEST WIND SPEED    15   HIGHEST WIND DIRECTION    SE (120)
  HIGHEST GUST SPEED    19   HIGHEST GUST DIRECTION    SE (140)
  AVERAGE WIND SPEED     3.8


SKY COVER
  POSSIBLE SUNSHINE  MM
  AVERAGE SKY COVER 0.6


WEATHER CONDITIONS
 THE FOLLOWING WEATHER WAS RECORDED TODAY.
  NO SIGNIFICANT WEATHER WAS OBSERVED.


RELATIVE HUMIDITY (PERCENT)
 HIGHEST    87           700 AM
 LOWEST     43           200 PM
 AVERAGE    65

..........................................................


THE BUTTE MT CLIMATE NORMALS FOR TOMORROW
                         NORMAL    RECORD    YEAR
 MAXIMUM TEMPERATURE (F)   39        58      1992
 MINIMUM TEMPERATURE (F)   13       -33      1960


SUNRISE AND SUNSET
FEBRUARY 27 2015......SUNRISE   713 AM MST   SUNSET   613 PM MST
FEBRUARY 28 2015......SUNRISE   711 AM MST   SUNSET   615 PM MST


-  INDICATES NEGATIVE NUMBERS.
R  INDICATES RECORD WAS SET OR TIED.
MM INDICATES DATA IS MISSING.
T  INDICATES TRACE AMOUNT.




$$
